09-10 14:53:24.812 5944 5944 I WindowExtensionsImpl: Initializing Window Extensions, vendor API level=6, activity embedding enabled=true
09-10 14:53:24.814 382 382 D Zygote : Forked child process 5990
09-10 14:53:24.815 583 617 I ActivityManager: Start proc 5990:org.chromium.content_browsertests_apk:privileged_process0/u0a208 for service {org.chromium.content_browsertests_apk/org.chromium.content.app.PrivilegedProcessService0}
09-10 14:53:24.822 5944 5976 W cr_media: BLUETOOTH_CONNECT permission is missing.
09-10 14:53:24.824 1515 4568 W MediaProvider: isAppCloneUserPair for user 0: false
09-10 14:53:24.834 583 678 V GrammaticalInflectionUtils: AttributionSource: AttributionSource { uid = 99016, packageName = null, attributionTag = null, token = android.os.Binder@7b78a50, deviceId = 0, next = null } does not have READ_SYSTEM_GRAMMATICAL_GENDER permission.
09-10 14:53:24.842 5944 5976 W cr_media: getBluetoothAdapter() requires BLUETOOTH permission
09-10 14:53:24.842 5944 5976 W cr_media: registerBluetoothIntentsIfNeeded: Requires BLUETOOTH permission
09-10 14:53:24.849 382 382 D Zygote : Forked child process 5991
09-10 14:53:24.850 583 617 I ActivityManager: Start proc 5991:org.chromium.content_browsertests_apk:sandboxed_process0:org.chromium.content.app.SandboxedProcessService0:0/u0i15 for service {org.chromium.content_browsertests_apk/org.chromium.content.app.SandboxedProcessService0:0}
09-10 14:53:24.854 992 1139 D EGL_emulation: app_time_stats: avg=172.16ms min=5.62ms max=1283.75ms count=8
09-10 14:53:24.856 5990 5990 I ileged_process0: Using CollectorTypeCMC GC.
09-10 14:53:24.860 5990 5990 W ileged_process0: Unexpected CPU variant for x86: x86_64.
09-10 14:53:24.860 5990 5990 W ileged_process0: Known variants: atom, sandybridge, silvermont, goldmont, goldmont-plus, goldmont-without-sha-xsaves, tremont, kabylake, default
09-10 14:53:24.860 382 382 D Zygote : Forked child process 5992
09-10 14:53:24.861 583 2879 E TaskPersister: File error accessing recents directory (directory doesn't exist?).
09-10 14:53:24.867 5990 5990 E ileged_process0: Not starting debugger since process cannot load the jdwp agent.
09-10 14:53:24.868 5991 5991 I ocessService0:0: Using CollectorTypeCMC GC.
09-10 14:53:24.869 5991 5991 W ocessService0:0: Unexpected CPU variant for x86: x86_64.
09-10 14:53:24.869 5991 5991 W ocessService0:0: Known variants: atom, sandybridge, silvermont, goldmont, goldmont-plus, goldmont-without-sha-xsaves, tremont, kabylake, default
09-10 14:53:24.878 5992 5992 I ocessService0:1: Using CollectorTypeCMC GC.
09-10 14:53:24.880 5992 5992 W ocessService0:1: Unexpected CPU variant for x86: x86_64.
09-10 14:53:24.880 5992 5992 W ocessService0:1: Known variants: atom, sandybridge, silvermont, goldmont, goldmont-plus, goldmont-without-sha-xsaves, tremont, kabylake, default
09-10 14:53:24.883 5991 5991 E ocessService0:0: Not starting debugger since process cannot load the jdwp agent.
09-10 14:53:24.883 5992 5992 E ocessService0:1: Not starting debugger since process cannot load the jdwp agent.
09-10 14:53:24.888 583 617 W ActivityManager: Slow operation: 53ms so far, now at startProcess: done updating battery stats
09-10 14:53:24.888 583 617 W ActivityManager: Slow operation: 53ms so far, now at startProcess: building log message
09-10 14:53:24.888 583 617 I ActivityManager: Start proc 5992:org.chromium.content_browsertests_apk:sandboxed_process0:org.chromium.content.app.SandboxedProcessService0:1/u0i16 for service {org.chromium.content_browsertests_apk/org.chromium.content.app.SandboxedProcessService0:1}
09-10 14:53:24.888 583 617 W ActivityManager: Slow operation: 53ms so far, now at startProcess: starting to update pids map
09-10 14:53:24.894 583 617 W ActivityManager: Slow operation: 58ms so far, now at startProcess: done updating pids map
09-10 14:53:24.900 5991 5991 D nativeloader: Load libframework-connectivity-tiramisu-jni.so using APEX ns com_android_tethering for caller /apex/com.android.tethering/javalib/framework-connectivity-t.jar: ok
09-10 14:53:24.904 5992 5992 D nativeloader: Load libframework-connectivity-tiramisu-jni.so using APEX ns com_android_tethering for caller /apex/com.android.tethering/javalib/framework-connectivity-t.jar: ok
09-10 14:53:24.916 5990 5990 D nativeloader: Load libframework-connectivity-tiramisu-jni.so using APEX ns com_android_tethering for caller /apex/com.android.tethering/javalib/framework-connectivity-t.jar: ok
09-10 14:53:24.921 1515 5197 W MediaProvider: isAppCloneUserPair for user 0: false
09-10 14:53:24.968 5991 5991 D ApplicationLoaders: Returning zygote-cached class loader: /system/framework/android.test.base.jar
09-10 14:53:24.965 1515 4876 W MediaProvider: isAppCloneUserPair for user 0: false
09-10 14:53:21.434 0 0 W servicemanager: Isolated app with UID 99015 requested 'network_management', but the service is not allowed for isolated apps.
09-10 14:53:24.973 1515 5202 W MediaProvider: isAppCloneUserPair for user 0: false
09-10 14:53:24.978 1515 5201 W MediaProvider: isAppCloneUserPair for user 0: false
09-10 14:53:24.979 1515 5199 W MediaProvider: isAppCloneUserPair for user 0: false
09-10 14:53:24.983 1515 4876 W MediaProvider: isAppCloneUserPair for user 0: false
09-10 14:53:24.984 5991 5991 D nativeloader: Configuring clns-7 for other apk /system/framework/android.test.mock.jar. target_sdk_version=35, uses_libraries=ALL, library_path=/data/app/~~Qgn2wqEAvH79GiouluTyOA==/org.chromium.content_browsertests_apk-RchFo_8uzwLoY5jHIGStww==/lib/x86_64:/data/app/~~Qgn2wqEAvH79GiouluTyOA==/org.chromium.content_browsertests_apk-RchFo_8uzwLoY5jHIGStww==/base.apk!/lib/x86_64, permitted_path=/data:/mnt/expand:/data/user/0/org.chromium.content_browsertests_apk
09-10 14:53:24.985 5991 5991 D ApplicationLoaders: Returning zygote-cached class loader: /system/framework/android.test.base.jar
09-10 14:53:24.988 5991 5991 D nativeloader: Configuring clns-8 for other apk /system/framework/android.test.runner.jar. target_sdk_version=35, uses_libraries=ALL, library_path=/data/app/~~Qgn2wqEAvH79GiouluTyOA==/org.chromium.content_browsertests_apk-RchFo_8uzwLoY5jHIGStww==/lib/x86_64:/data/app/~~Qgn2wqEAvH79GiouluTyOA==/org.chromium.content_browsertests_apk-RchFo_8uzwLoY5jHIGStww==/base.apk!/lib/x86_64, permitted_path=/data:/mnt/expand:/data/user/0/org.chromium.content_browsertests_apk
09-10 14:53:24.989 5991 5991 D ApplicationLoaders: Returning zygote-cached class loader: /system_ext/framework/androidx.window.extensions.jar
09-10 14:53:24.990 5991 5991 D nativeloader: Configuring clns-9 for other apk /data/app/~~Qgn2wqEAvH79GiouluTyOA==/org.chromium.content_browsertests_apk-RchFo_8uzwLoY5jHIGStww==/base.apk. target_sdk_version=35, uses_libraries=, library_path=/data/app/~~Qgn2wqEAvH79GiouluTyOA==/org.chromium.content_browsertests_apk-RchFo_8uzwLoY5jHIGStww==/lib/x86_64:/data/app/~~Qgn2wqEAvH79GiouluTyOA==/org.chromium.content_browsertests_apk-RchFo_8uzwLoY5jHIGStww==/base.apk!/lib/x86_64, permitted_path=/data:/mnt/expand:/data/user/0/org.chromium.content_browsertests_apk
09-10 14:53:24.991 5991 5991 D CompatChangeReporter: Compat change id reported: 202956589; UID 99015; state: ENABLED
09-10 14:53:21.458 0 0 W servicemanager: Isolated app with UID 99016 requested 'network_management', but the service is not allowed for isolated apps.
09-10 14:53:25.002 1515 4568 W MediaProvider: isAppCloneUserPair for user 0: false
09-10 14:53:21.469 0 0 W servicemanager: Isolated app with UID 99015 requested 'connectivity', but the service is not allowed for isolated apps.
09-10 14:53:25.005 5992 5992 D ApplicationLoaders: Returning zygote-cached class loader: /system/framework/android.test.base.jar
09-10 14:53:25.008 5992 5992 D nativeloader: Configuring clns-7 for other apk /system/framework/android.test.mock.jar. target_sdk_version=35, uses_libraries=ALL, library_path=/data/app/~~Qgn2wqEAvH79GiouluTyOA==/org.chromium.content_browsertests_apk-RchFo_8uzwLoY5jHIGStww==/lib/x86_64:/data/app/~~Qgn2wqEAvH79GiouluTyOA==/org.chromium.content_browsertests_apk-RchFo_8uzwLoY5jHIGStww==/base.apk!/lib/x86_64, permitted_path=/data:/mnt/expand:/data/user/0/org.chromium.content_browsertests_apk
09-10 14:53:25.012 5992 5992 D ApplicationLoaders: Returning zygote-cached class loader: /system/framework/android.test.base.jar
09-10 14:53:25.016 5990 5990 D ApplicationLoaders: Returning zygote-cached class loader: /system/framework/android.test.base.jar
09-10 14:53:25.018 5992 5992 D nativeloader: Configuring clns-8 for other apk /system/framework/android.test.runner.jar. target_sdk_version=35, uses_libraries=ALL, library_path=/data/app/~~Qgn2wqEAvH79GiouluTyOA==/org.chromium.content_browsertests_apk-RchFo_8uzwLoY5jHIGStww==/lib/x86_64:/data/app/~~Qgn2wqEAvH79GiouluTyOA==/org.chromium.content_browsertests_apk-RchFo_8uzwLoY5jHIGStww==/base.apk!/lib/x86_64, permitted_path=/data:/mnt/expand:/data/user/0/org.chromium.content_browsertests_apk
09-10 14:53:21.484 0 0 W servicemanager: Isolated app with UID 99015 requested 'content_capture', but the service is not allowed for isolated apps.
09-10 14:53:25.018 5992 5992 D ApplicationLoaders: Returning zygote-cached class loader: /system_ext/framework/androidx.window.extensions.jar
09-10 14:53:25.019 5991 5991 I cr_ChildProcessService: Creating new ChildProcessService pid=5991
09-10 14:53:25.021 5992 5992 D nativeloader: Configuring clns-9 for other apk /data/app/~~Qgn2wqEAvH79GiouluTyOA==/org.chromium.content_browsertests_apk-RchFo_8uzwLoY5jHIGStww==/base.apk. target_sdk_version=35, uses_libraries=, library_path=/data/app/~~Qgn2wqEAvH79GiouluTyOA==/org.chromium.content_browsertests_apk-RchFo_8uzwLoY5jHIGStww==/lib/x86_64:/data/app/~~Qgn2wqEAvH79GiouluTyOA==/org.chromium.content_browsertests_apk-RchFo_8uzwLoY5jHIGStww==/base.apk!/lib/x86_64, permitted_path=/data:/mnt/expand:/data/user/0/org.chromium.content_browsertests_apk
09-10 14:53:25.024 5992 5992 D CompatChangeReporter: Compat change id reported: 202956589; UID 99016; state: ENABLED
09-10 14:53:25.025 1515 1802 W MediaProvider: isAppCloneUserPair for user 0: false
09-10 14:53:25.026 5990 5990 D nativeloader: Configuring clns-7 for other apk /system/framework/android.test.mock.jar. target_sdk_version=35, uses_libraries=ALL, library_path=/data/app/~~Qgn2wqEAvH79GiouluTyOA==/org.chromium.content_browsertests_apk-RchFo_8uzwLoY5jHIGStww==/lib/x86_64:/data/app/~~Qgn2wqEAvH79GiouluTyOA==/org.chromium.content_browsertests_apk-RchFo_8uzwLoY5jHIGStww==/base.apk!/lib/x86_64, permitted_path=/data:/mnt/expand:/data/user/0/org.chromium.content_browsertests_apk
09-10 14:53:25.026 5990 5990 D ApplicationLoaders: Returning zygote-cached class loader: /system/framework/android.test.base.jar
09-10 14:53:25.030 5990 5990 D nativeloader: Configuring clns-8 for other apk /system/framework/android.test.runner.jar. target_sdk_version=35, uses_libraries=ALL, library_path=/data/app/~~Qgn2wqEAvH79GiouluTyOA==/org.chromium.content_browsertests_apk-RchFo_8uzwLoY5jHIGStww==/lib/x86_64:/data/app/~~Qgn2wqEAvH79GiouluTyOA==/org.chromium.content_browsertests_apk-RchFo_8uzwLoY5jHIGStww==/base.apk!/lib/x86_64, permitted_path=/data:/mnt/expand:/data/user/0/org.chromium.content_browsertests_apk
09-10 14:53:25.031 5990 5990 D ApplicationLoaders: Returning zygote-cached class loader: /system_ext/framework/androidx.window.extensions.jar
09-10 14:53:25.037 5990 5990 D nativeloader: Configuring clns-9 for other apk /data/app/~~Qgn2wqEAvH79GiouluTyOA==/org.chromium.content_browsertests_apk-RchFo_8uzwLoY5jHIGStww==/base.apk. target_sdk_version=35, uses_libraries=, library_path=/data/app/~~Qgn2wqEAvH79GiouluTyOA==/org.chromium.content_browsertests_apk-RchFo_8uzwLoY5jHIGStww==/lib/x86_64:/data/app/~~Qgn2wqEAvH79GiouluTyOA==/org.chromium.content_browsertests_apk-RchFo_8uzwLoY5jHIGStww==/base.apk!/lib/x86_64, permitted_path=/data:/mnt/expand:/data/user/0/org.chromium.content_browsertests_apk
09-10 14:53:21.506 0 0 W servicemanager: Isolated app with UID 99016 requested 'connectivity', but the service is not allowed for isolated apps.
09-10 14:53:25.039 5990 5990 D CompatChangeReporter: Compat change id reported: 202956589; UID 10208; state: ENABLED
09-10 14:53:25.047 5990 5990 V GraphicsEnvironment: Currently set values for:
09-10 14:53:25.047 5990 5990 V GraphicsEnvironment: angle_gl_driver_selection_pkgs=[]
09-10 14:53:25.047 5990 5990 V GraphicsEnvironment: angle_gl_driver_selection_values=[]
09-10 14:53:25.047 5990 5990 V GraphicsEnvironment: Global.Settings values are invalid: number of packages: 0, number of values: 0
09-10 14:53:25.047 5990 5990 V GraphicsEnvironment: Neither updatable production driver nor prerelease driver is supported.
09-10 14:53:25.049 5991 6022 D nativeloader: Load /data/app/~~Qgn2wqEAvH79GiouluTyOA==/org.chromium.content_browsertests_apk-RchFo_8uzwLoY5jHIGStww==/lib/x86_64/libtest_trace_processor.so using ns clns-9 from class loader (caller=/data/app/~~Qgn2wqEAvH79GiouluTyOA==/org.chromium.content_browsertests_apk-RchFo_8uzwLoY5jHIGStww==/base.apk): ok
09-10 14:53:21.521 0 0 W servicemanager: Isolated app with UID 99016 requested 'content_capture', but the service is not allowed for isolated apps.
09-10 14:53:25.057 5992 5992 I cr_ChildProcessService: Creating new ChildProcessService pid=5992
09-10 14:53:25.064 5990 5990 I cr_ChildProcessService: Creating new ChildProcessService pid=5990
09-10 14:53:25.064 1515 5199 W MediaProvider: isAppCloneUserPair for user 0: false
09-10 14:53:25.067 5992 6025 D nativeloader: Load /data/app/~~Qgn2wqEAvH79GiouluTyOA==/org.chromium.content_browsertests_apk-RchFo_8uzwLoY5jHIGStww==/lib/x86_64/libtest_trace_processor.so using ns clns-9 from class loader (caller=/data/app/~~Qgn2wqEAvH79GiouluTyOA==/org.chromium.content_browsertests_apk-RchFo_8uzwLoY5jHIGStww==/base.apk): ok
09-10 14:53:25.072 5990 6027 D nativeloader: Load /data/app/~~Qgn2wqEAvH79GiouluTyOA==/org.chromium.content_browsertests_apk-RchFo_8uzwLoY5jHIGStww==/lib/x86_64/libtest_trace_processor.so using ns clns-9 from class loader (caller=/data/app/~~Qgn2wqEAvH79GiouluTyOA==/org.chromium.content_browsertests_apk-RchFo_8uzwLoY5jHIGStww==/base.apk): ok
09-10 14:53:25.076 1515 5202 W MediaProvider: isAppCloneUserPair for user 0: false
09-10 14:53:25.081 1515 4876 W MediaProvider: isAppCloneUserPair for user 0: false
09-10 14:53:25.091 1515 5199 W MediaProvider: isAppCloneUserPair for user 0: false
09-10 14:53:25.098 1515 2614 W MediaProvider: isAppCloneUserPair for user 0: false
09-10 14:53:25.113 5992 6025 D nativeloader: Load /data/app/~~Qgn2wqEAvH79GiouluTyOA==/org.chromium.content_browsertests_apk-RchFo_8uzwLoY5jHIGStww==/lib/x86_64/libcontent_browsertests__library.so using ns clns-9 from class loader (caller=/data/app/~~Qgn2wqEAvH79GiouluTyOA==/org.chromium.content_browsertests_apk-RchFo_8uzwLoY5jHIGStww==/base.apk): ok
09-10 14:53:25.117 5992 6025 I cr_LibraryLoader: Successfully loaded native library
09-10 14:53:25.118 5992 6025 I cr_CachingUmaRecorder: Flushed 2 samples from 2 histograms, 0 samples were dropped.
09-10 14:53:25.121 1515 5202 W MediaProvider: isAppCloneUserPair for user 0: false
09-10 14:53:25.122 5990 6027 D nativeloader: Load /data/app/~~Qgn2wqEAvH79GiouluTyOA==/org.chromium.content_browsertests_apk-RchFo_8uzwLoY5jHIGStww==/lib/x86_64/libcontent_browsertests__library.so using ns clns-9 from class loader (caller=/data/app/~~Qgn2wqEAvH79GiouluTyOA==/org.chromium.content_browsertests_apk-RchFo_8uzwLoY5jHIGStww==/base.apk): ok
09-10 14:53:25.125 5990 6027 I cr_LibraryLoader: Successfully loaded native library
09-10 14:53:25.126 5990 6027 I cr_CachingUmaRecorder: Flushed 2 samples from 2 histograms, 0 samples were dropped.
09-10 14:53:25.129 5991 6022 D nativeloader: Load /data/app/~~Qgn2wqEAvH79GiouluTyOA==/org.chromium.content_browsertests_apk-RchFo_8uzwLoY5jHIGStww==/lib/x86_64/libcontent_browsertests__library.so using ns clns-9 from class loader (caller=/data/app/~~Qgn2wqEAvH79GiouluTyOA==/org.chromium.content_browsertests_apk-RchFo_8uzwLoY5jHIGStww==/base.apk): ok
09-10 14:53:25.133 5991 6022 I cr_LibraryLoader: Successfully loaded native library
09-10 14:53:25.134 5991 6022 I cr_CachingUmaRecorder: Flushed 2 samples from 2 histograms, 0 samples were dropped.
09-10 14:53:21.611 0 0 W servicemanager: Isolated app with UID 99016 requested 'uimode', but the service is not allowed for isolated apps.
09-10 14:53:25.148 5992 6025 W SystemServiceRegistry: No service published for: uimode
09-10 14:53:25.152 1515 5201 W MediaProvider: isAppCloneUserPair for user 0: false
09-10 14:53:25.153 1515 2614 W MediaProvider: isAppCloneUserPair for user 0: false
09-10 14:53:21.632 0 0 W servicemanager: Isolated app with UID 99015 requested 'uimode', but the service is not allowed for isolated apps.
09-10 14:53:25.166 5991 6022 W SystemServiceRegistry: No service published for: uimode
09-10 14:53:25.183 5992 6025 W chromium: [5992:6025:0910/145325.183075:WARNING:runtime_features.cc(608)] Fenced frames cannot be enabled in this configuration. Use --enable-features=FencedFrames instead.
09-10 14:53:25.183 5992 6025 W chromium: [5992:6025:0910/145325.183356:WARNING:runtime_features.cc(620)] Fenced frames must be enabled in order to enable local unpartitioned data access. Use --enable-features=FencedFrames in addition.
09-10 14:53:25.192 5991 6022 W chromium: [5991:6022:0910/145325.192399:WARNING:runtime_features.cc(608)] Fenced frames cannot be enabled in this configuration. Use --enable-features=FencedFrames instead.
09-10 14:53:25.192 5991 6022 W chromium: [5991:6022:0910/145325.192601:WARNING:runtime_features.cc(620)] Fenced frames must be enabled in order to enable local unpartitioned data access. Use --enable-features=FencedFrames in addition.
09-10 14:53:25.197 3670 3766 I FontLog : Received query name=Google Sans&weight=700&besteffort=false, URI content://com.google.android.gms.fonts [CONTEXT service_id=132 ]
09-10 14:53:25.197 3670 3766 I FontLog : Query [name=Google Sans&weight=700&besteffort=false] resolved to {Google Sans, wdth 100.0, wght 700, ital 0.0, bestEffort false} [CONTEXT service_id=132 ]
09-10 14:53:25.203 3670 3766 I FontLog : Font PFD returned from cache for {Google Sans, wdth 100.0, wght 700, ital 0.0, bestEffort false} [CONTEXT service_id=132 ]
09-10 14:53:25.203 3670 3766 I FontLog : Fetch {Google Sans, wdth 100.0, wght 700, ital 0.0, bestEffort false} end status Status{statusCode=SUCCESS, resolution=null} [CONTEXT service_id=132 ]
09-10 14:53:25.207 1515 5199 W MediaProvider: isAppCloneUserPair for user 0: false
09-10 14:53:25.214 5990 6027 I EGL_emulation: Opening libGLESv1_CM_emulation.so
09-10 14:53:25.214 5990 6027 I EGL_emulation: Opening libGLESv2_emulation.so
09-10 14:53:25.215 1515 5197 W MediaProvider: isAppCloneUserPair for user 0: false
09-10 14:53:25.223 3670 4141 I FontLog : Pulling font file for id = 24, cache size = 23 [CONTEXT service_id=132 ]
09-10 14:53:25.229 3670 4141 I FontLog : Received query name=Noto Color Emoji Compat&weight=400&besteffort=false, URI content://com.google.android.gms.fonts [CONTEXT service_id=132 ]
09-10 14:53:25.229 5990 6027 E EGL_emulation: eglCreateContext: EGL_BAD_CONFIG: no ES 3.2 support
09-10 14:53:25.229 5990 6027 E EGL_emulation: tid 6027: eglCreateContext(1830): error 0x3005 (EGL_BAD_CONFIG)
09-10 14:53:25.229 5990 6027 E EGL_emulation: eglCreateContext: EGL_BAD_CONFIG: no ES 3.1 support
09-10 14:53:25.229 5990 6027 E EGL_emulation: tid 6027: eglCreateContext(1824): error 0x3005 (EGL_BAD_CONFIG)
09-10 14:53:25.231 3670 4141 I FontLog : Query [name=Noto Color Emoji Compat&weight=400&besteffort=false] resolved to {Noto Color Emoji Compat, wdth 100.0, wght 400, ital 0.0, bestEffort false} [CONTEXT service_id=132 ]
09-10 14:53:25.248 1515 2614 W MediaProvider: isAppCloneUserPair for user 0: false
09-10 14:53:25.269 1515 5888 W MediaProvider: isAppCloneUserPair for user 0: false
09-10 14:53:25.279 583 1151 V AutofillSession: Primary service component name: ComponentInfo{com.google.android.gms/com.google.android.gms.autofill.service.AutofillService}, secondary service component name: ComponentInfo{com.android.credentialmanager/com.android.credentialmanager.autofill.CredentialAutofillService}
09-10 14:53:25.280 583 1151 V SecondaryProviderHandler: Creating a secondary provider handler with component name, ComponentInfo{com.android.credentialmanager/com.android.credentialmanager.autofill.CredentialAutofillService}
09-10 14:53:25.281 583 1151 D RequestId: nextId(): requestId = 476
09-10 14:53:25.282 583 1151 W FillRequestEventLogger: Couldn't find packageName: com.google.android.inputmethod.latin
09-10 14:53:25.285 583 1151 W PresentationStatsEventLogger: Bad view state for: -1
09-10 14:53:25.285 5990 6027 E platform: Failed to open rendernode: No such file or directory
09-10 14:53:25.286 381 6056 I resolv : GetAddrInfoHandler::run: {0 786432 0 983040 10144 0}
09-10 14:53:25.292 583 583 D AutofillInlineSuggestionsRequestSession: onCreateInlineSuggestionsRequestLocked called: 1073741824@1635174558
09-10 14:53:25.294 583 1151 D AutofillInlineSuggestionsRequestSession: onInlineSuggestionsSessionInvalidated() called.
09-10 14:53:25.297 5944 5944 I AssistStructure: Flattened final assist data: 1188 bytes, containing 1 windows, 6 views
09-10 14:53:25.298 583 1818 D AutofillSession: createPendingIntent for request 476
09-10 14:53:25.298 583 1818 D ContentCapturePerUserService: Notified activity assist data for activity: Token{3a263c8 ActivityRecord{d2576e5 u0 org.chromium.content_browsertests_apk/.ContentBrowserTestsActivity t15}} without a session Id
09-10 14:53:25.302 381 6057 I resolv : GetAddrInfoHandler::run: {0 786432 0 983040 10144 0}
09-10 14:53:25.314 5990 6027 D vulkan : searching for layers in '/data/app/~~Qgn2wqEAvH79GiouluTyOA==/org.chromium.content_browsertests_apk-RchFo_8uzwLoY5jHIGStww==/lib/x86_64'
09-10 14:53:25.314 5990 6027 D vulkan : searching for layers in '/data/app/~~Qgn2wqEAvH79GiouluTyOA==/org.chromium.content_browsertests_apk-RchFo_8uzwLoY5jHIGStww==/base.apk!/lib/x86_64'
09-10 14:53:25.316 1515 1803 W MediaProvider: isAppCloneUserPair for user 0: false
09-10 14:53:25.319 3670 3790 I FontLog : Download failed for https://fonts.gstatic.com/s/a/directory025.pb [ERROR: UNUSED LOG ARGUMENTS] [CONTEXT service_id=132 ]
09-10 14:53:25.325 3670 3771 W FontLog : Connection failure for https://fonts.gstatic.com/s/a/directory025.pb [CONTEXT service_id=132 ]
09-10 14:53:25.325 3670 3771 W FontLog : java.util.concurrent.ExecutionException: bpsy: Failed to process request
09-10 14:53:25.325 3670 3771 W FontLog : at hkh.n(:com.google.android.gms@242632041@24.26.32 (190800-650348549):21)
09-10 14:53:25.325 3670 3771 W FontLog : at hkh.get(:com.google.android.gms@242632041@24.26.32 (190800-650348549):28)
09-10 14:53:25.325 3670 3771 W FontLog : at hkn.get(:com.google.android.gms@242632041@24.26.32 (190800-650348549):2)
09-10 14:53:25.325 3670 3771 W FontLog : at bbvj.run(:com.google.android.gms@242632041@24.26.32 (190800-650348549):13)
09-10 14:53:25.325 3670 3771 W FontLog : at anzz.c(:com.google.android.gms@242632041@24.26.32 (190800-650348549):50)
09-10 14:53:25.325 3670 3771 W FontLog : at anzz.run(:com.google.android.gms@242632041@24.26.32 (190800-650348549):76)
09-10 14:53:25.325 3670 3771 W FontLog : at java.util.concurrent.ThreadPoolExecutor.runWorker(ThreadPoolExecutor.java:1145)
09-10 14:53:25.325 3670 3771 W FontLog : at java.util.concurrent.ThreadPoolExecutor$Worker.run(ThreadPoolExecutor.java:644)
09-10 14:53:25.325 3670 3771 W FontLog : at aofk.run(:com.google.android.gms@242632041@24.26.32 (190800-650348549):8)
09-10 14:53:25.325 3670 3771 W FontLog : at java.lang.Thread.run(Thread.java:1012)
09-10 14:53:25.325 3670 3771 W FontLog : Caused by: bpsy: Failed to process request
09-10 14:53:25.325 3670 3771 W FontLog : at bpwp.b(:com.google.android.gms@242632041@24.26.32 (190800-650348549):19)
09-10 14:53:25.325 3670 3771 W FontLog : at bpxd.onFailed(:com.google.android.gms@242632041@24.26.32 (190800-650348549):15)
09-10 14:53:25.325 3670 3771 W FontLog : at m.ms.onFailed(:com.google.android.gms.dynamite_cronetdynamite@242632041@24.26.32 (190800-0):3)
09-10 14:53:25.325 3670 3771 W FontLog : at m.lt.run(:com.google.android.gms.dynamite_cronetdynamite@242632041@24.26.32 (190800-0):9)
09-10 14:53:25.325 3670 3771 W FontLog : ... 6 more
09-10 14:53:25.325 3670 3771 W FontLog : Caused by: m.mc: Exception in CronetUrlRequest: net::ERR_INTERNET_DISCONNECTED, ErrorCode=2, InternalErrorCode=-106, Retryable=false
09-10 14:53:25.325 3670 3771 W FontLog : at org.chromium.net.impl.CronetUrlRequest.onError(:com.google.android.gms.dynamite_cronetdynamite@242632041@24.26.32 (190800-0):4)
09-10 14:53:25.325 3670 3771 W FontLog : No resolver, short-circuit {Noto Color Emoji Compat, wdth 100.0, wght 400, ital 0.0, bestEffort false} for org.chromium.content_browsertests_apk to failure [CONTEXT service_id=132 ]
09-10 14:53:25.325 3670 4141 I FontLog : Fetch {Noto Color Emoji Compat, wdth 100.0, wght 400, ital 0.0, bestEffort false} end status Status{statusCode=Unavailable, resolution=null} [CONTEXT service_id=132 ]
09-10 14:53:25.326 3670 4141 I FontLog : Received query name=Google Sans Flex&weight=400&besteffort=false, URI content://com.google.android.gms.fonts [CONTEXT service_id=132 ]
09-10 14:53:25.326 3670 4141 I FontLog : Query [name=Google Sans Flex&weight=400&besteffort=false] resolved to {Google Sans Flex, wdth 100.0, wght 400, ital 0.0, bestEffort false} [CONTEXT service_id=132 ]
09-10 14:53:25.328 3670 4141 I FontLog : Font PFD returned from cache for {Google Sans Flex, wdth 100.0, wght 400, ital 0.0, bestEffort false} [CONTEXT service_id=132 ]
09-10 14:53:25.328 3670 4141 I FontLog : Fetch {Google Sans Flex, wdth 100.0, wght 400, ital 0.0, bestEffort false} end status Status{statusCode=SUCCESS, resolution=null} [CONTEXT service_id=132 ]
09-10 14:53:25.330 3670 4141 I FontLog : Pulling font file for id = 25, cache size = 24 [CONTEXT service_id=132 ]
09-10 14:53:25.332 3670 4141 I FontLog : Received query name=Google Sans&weight=400&besteffort=false, URI content://com.google.android.gms.fonts [CONTEXT service_id=132 ]
09-10 14:53:25.332 3670 4141 I FontLog : Query [name=Google Sans&weight=400&besteffort=false] resolved to {Google Sans, wdth 100.0, wght 400, ital 0.0, bestEffort false} [CONTEXT service_id=132 ]
09-10 14:53:25.332 3670 4141 I FontLog : Font PFD returned from cache for {Google Sans, wdth 100.0, wght 400, ital 0.0, bestEffort false} [CONTEXT service_id=132 ]
09-10 14:53:25.332 3670 4141 I FontLog : Fetch {Google Sans, wdth 100.0, wght 400, ital 0.0, bestEffort false} end status Status{statusCode=SUCCESS, resolution=null} [CONTEXT service_id=132 ]
09-10 14:53:25.335 3670 4141 I FontLog : Pulling font file for id = 26, cache size = 25 [CONTEXT service_id=132 ]
09-10 14:53:25.337 3670 4141 I FontLog : Received query name=Google Sans&weight=500&besteffort=false, URI content://com.google.android.gms.fonts [CONTEXT service_id=132 ]
09-10 14:53:25.337 3670 4141 I FontLog : Query [name=Google Sans&weight=500&besteffort=false] resolved to {Google Sans, wdth 100.0, wght 500, ital 0.0, bestEffort false} [CONTEXT service_id=132 ]
09-10 14:53:25.338 3670 4141 I FontLog : Font PFD returned from cache for {Google Sans, wdth 100.0, wght 500, ital 0.0, bestEffort false} [CONTEXT service_id=132 ]
09-10 14:53:25.338 3670 4141 I FontLog : Fetch {Google Sans, wdth 100.0, wght 500, ital 0.0, bestEffort false} end status Status{statusCode=SUCCESS, resolution=null} [CONTEXT service_id=132 ]
09-10 14:53:25.339 3670 4141 I FontLog : Pulling font file for id = 27, cache size = 26 [CONTEXT service_id=132 ]
09-10 14:53:25.359 5990 6027 W chromium: [5990:6027:0910/145325.359470:WARNING:viz_main_impl.cc(85)] VizNullHypothesis is disabled (not a warning)
09-10 14:53:25.360 1515 2614 W MediaProvider: isAppCloneUserPair for user 0: false
09-10 14:53:25.373 1515 5199 W MediaProvider: isAppCloneUserPair for user 0: false
09-10 14:53:25.383 1515 1803 W MediaProvider: isAppCloneUserPair for user 0: false
09-10 14:53:25.360 5944 5944 W ThreadPoolForeg: type=1400 audit(0.0:50): avc: denied { ioctl } for path="/storage/emulated/0/chromium_tests_root/content_shell/InterestGroups" dev="fuse" ino=148246 ioctlcmd=0xf50c scontext=u:r:untrusted_app:s0:c208,c256,c512,c768 tcontext=u:object_r:fuse:s0 tclass=file permissive=0 app=org.chromium.content_browsertests_apk
09-10 14:53:25.424 1515 4568 W MediaProvider: Ignoring param:deletedata post U for external apps
09-10 14:53:25.429 1515 4568 I MediaProvider: Deleted 1 0 0 0 0 0 0 items on external_primary due to org.chromium.content_browsertests_apk
09-10 14:53:25.432 1515 5199 W MediaProvider: isAppCloneUserPair for user 0: false
09-10 14:53:25.443 5990 6068 E EGL_emulation: eglCreateContext: EGL_BAD_CONFIG: no ES 3.2 support
09-10 14:53:25.444 5990 6068 E EGL_emulation: tid 6068: eglCreateContext(1830): error 0x3005 (EGL_BAD_CONFIG)
09-10 14:53:25.444 5990 6068 E EGL_emulation: eglCreateContext: EGL_BAD_CONFIG: no ES 3.1 support
09-10 14:53:25.444 5990 6068 E EGL_emulation: tid 6068: eglCreateContext(1824): error 0x3005 (EGL_BAD_CONFIG)
09-10 14:53:25.481 583 1151 V GrammaticalInflectionUtils: AttributionSource: AttributionSource { uid = 99017, packageName = null, attributionTag = null, token = android.os.Binder@7b78a50, deviceId = 0, next = null } does not have READ_SYSTEM_GRAMMATICAL_GENDER permission.
09-10 14:53:25.495 382 382 D Zygote : Forked child process 6076
09-10 14:53:25.502 583 617 I ActivityManager: Start proc 6076:org.chromium.content_browsertests_apk:sandboxed_process0:org.chromium.content.app.SandboxedProcessService0:2/u0i17 for service {org.chromium.content_browsertests_apk/org.chromium.content.app.SandboxedProcessService0:2}
09-10 14:53:21.986 0 0 I servicemanager: Caller(pid=5990,uid=10208,sid=u:r:untrusted_app:s0:c208,c256,c512,c768) Could not find android.hardware.graphics.allocator.IAllocator/default in the VINTF manifest. No alternative instances declared in VINTF.
09-10 14:53:25.536 164 164 I hwservicemanager: getTransport: Cannot find entry android.hardware.graphics.mapper@4.0::IMapper/default in either framework or device VINTF manifest.
09-10 14:53:25.537 5990 6068 I Gralloc4: mapper 4.x is not supported
09-10 14:53:25.542 6076 6076 I ocessService0:2: Using CollectorTypeCMC GC.
09-10 14:53:25.543 6076 6076 W ocessService0:2: Unexpected CPU variant for x86: x86_64.
09-10 14:53:25.543 6076 6076 W ocessService0:2: Known variants: atom, sandybridge, silvermont, goldmont, goldmont-plus, goldmont-without-sha-xsaves, tremont, kabylake, default
09-10 14:53:25.615 6076 6076 E ocessService0:2: Not starting debugger since process cannot load the jdwp agent.
09-10 14:53:25.650 583 1818 W PresentationStatsEventLogger: Bad view state for: -1
09-10 14:53:25.659 6076 6076 D nativeloader: Load libframework-connectivity-tiramisu-jni.so using APEX ns com_android_tethering for caller /apex/com.android.tethering/javalib/framework-connectivity-t.jar: ok
09-10 14:53:25.665 1515 5197 W MediaProvider: isAppCloneUserPair for user 0: false
09-10 14:53:25.675 1515 5199 W MediaProvider: isAppCloneUserPair for user 0: false
09-10 14:53:25.687 1515 5197 W MediaProvider: isAppCloneUserPair for user 0: false
09-10 14:53:25.700 1515 1803 W MediaProvider: isAppCloneUserPair for user 0: false
09-10 14:53:25.729 381 381 I netd : tetherGetStats() -> {[]} <2.04ms>
09-10 14:53:25.749 6076 6076 D ApplicationLoaders: Returning zygote-cached class loader: /system/framework/android.test.base.jar
09-10 14:53:22.217 0 0 W servicemanager: Isolated app with UID 99017 requested 'network_management', but the service is not allowed for isolated apps.
09-10 14:53:25.753 6076 6076 D nativeloader: Configuring clns-7 for other apk /system/framework/android.test.mock.jar. target_sdk_version=35, uses_libraries=ALL, library_path=/data/app/~~Qgn2wqEAvH79GiouluTyOA==/org.chromium.content_browsertests_apk-RchFo_8uzwLoY5jHIGStww==/lib/x86_64:/data/app/~~Qgn2wqEAvH79GiouluTyOA==/org.chromium.content_browsertests_apk-RchFo_8uzwLoY5jHIGStww==/base.apk!/lib/x86_64, permitted_path=/data:/mnt/expand:/data/user/0/org.chromium.content_browsertests_apk
09-10 14:53:25.754 6076 6076 D ApplicationLoaders: Returning zygote-cached class loader: /system/framework/android.test.base.jar
09-10 14:53:25.756 6076 6076 D nativeloader: Configuring clns-8 for other apk /system/framework/android.test.runner.jar. target_sdk_version=35, uses_libraries=ALL, library_path=/data/app/~~Qgn2wqEAvH79GiouluTyOA==/org.chromium.content_browsertests_apk-RchFo_8uzwLoY5jHIGStww==/lib/x86_64:/data/app/~~Qgn2wqEAvH79GiouluTyOA==/org.chromium.content_browsertests_apk-RchFo_8uzwLoY5jHIGStww==/base.apk!/lib/x86_64, permitted_path=/data:/mnt/expand:/data/user/0/org.chromium.content_browsertests_apk
09-10 14:53:25.757 6076 6076 D ApplicationLoaders: Returning zygote-cached class loader: /system_ext/framework/androidx.window.extensions.jar
09-10 14:53:25.759 6076 6076 D nativeloader: Configuring clns-9 for other apk /data/app/~~Qgn2wqEAvH79GiouluTyOA==/org.chromium.content_browsertests_apk-RchFo_8uzwLoY5jHIGStww==/base.apk. target_sdk_version=35, uses_libraries=, library_path=/data/app/~~Qgn2wqEAvH79GiouluTyOA==/org.chromium.content_browsertests_apk-RchFo_8uzwLoY5jHIGStww==/lib/x86_64:/data/app/~~Qgn2wqEAvH79GiouluTyOA==/org.chromium.content_browsertests_apk-RchFo_8uzwLoY5jHIGStww==/base.apk!/lib/x86_64, permitted_path=/data:/mnt/expand:/data/user/0/org.chromium.content_browsertests_apk
09-10 14:53:25.760 6076 6076 D CompatChangeReporter: Compat change id reported: 202956589; UID 99017; state: ENABLED
09-10 14:53:22.237 0 0 W servicemanager: Isolated app with UID 99017 requested 'connectivity', but the service is not allowed for isolated apps.
09-10 14:53:25.778 6076 6076 I cr_ChildProcessService: Creating new ChildProcessService pid=6076
09-10 14:53:22.246 0 0 W servicemanager: Isolated app with UID 99017 requested 'content_capture', but the service is not allowed for isolated apps.
09-10 14:53:25.796 6076 6087 D nativeloader: Load /data/app/~~Qgn2wqEAvH79GiouluTyOA==/org.chromium.content_browsertests_apk-RchFo_8uzwLoY5jHIGStww==/lib/x86_64/libtest_trace_processor.so using ns clns-9 from class loader (caller=/data/app/~~Qgn2wqEAvH79GiouluTyOA==/org.chromium.content_browsertests_apk-RchFo_8uzwLoY5jHIGStww==/base.apk): ok
09-10 14:53:25.903 6076 6087 W SystemServiceRegistry: No service published for: uimode
09-10 14:53:22.372 0 0 W servicemanager: Isolated app with UID 99017 requested 'uimode', but the service is not allowed for isolated apps.
09-10 14:53:25.910 583 1151 I ActivityManager: Killing 6076:org.chromium.content_browsertests_apk:sandboxed_process0:org.chromium.content.app.SandboxedProcessService0:2/u0a208i17 (adj 0): isolated not needed
09-10 14:53:25.911 6076 6076 I cr_ChildProcessService: Destroying ChildProcessService pid=6076
09-10 14:53:25.919 583 1151 I ActivityManager: Killing 5992:org.chromium.content_browsertests_apk:sandboxed_process0:org.chromium.content.app.SandboxedProcessService0:1/u0a208i16 (adj 0): isolated not needed
09-10 14:53:25.924 5944 6036 E pk:test_process: associateClass: Cannot associate class 'ReceiverInterface:../../mojo/core/channel_binder.h:35' to dead binder with cached descriptor ''.
09-10 14:53:25.926 583 605 D DisplayManagerService: Drop pending events for gone uid 99017
09-10 14:53:25.927 382 382 I Zygote : Process 6076 exited due to signal 9 (Killed)
09-10 14:53:25.930 583 618 I libprocessgroup: Removed cgroup /sys/fs/cgroup/uid_99017/pid_6076
09-10 14:53:25.934 583 605 D DisplayManagerService: Drop pending events for gone uid 99016
09-10 14:53:25.935 583 618 I libprocessgroup: Removed cgroup /sys/fs/cgroup/uid_99016/pid_5992
09-10 14:53:25.938 382 382 I Zygote : Process 5992 exited cleanly (0)
09-10 14:53:26.040 5944 5944 I ImeTracker: org.chromium.content_browsertests_apk:test_process:f843662a: onRequestHide at ORIGIN_CLIENT reason HIDE_SOFT_INPUT_CLOSE_CURRENT_SESSION fromUser false
09-10 14:53:26.041 583 726 I ImeTracker: org.chromium.content_browsertests_apk:test_process:f843662a: onCancelled at PHASE_SERVER_SHOULD_HIDE
09-10 14:53:26.049 583 1151 E ProcessStats: Executing service ServiceState{1ae6484 org.chromium.content.app.SandboxedProcessService0 pkg=org.chromium.content_browsertests_apk proc=2239cf7} without owner
09-10 14:53:26.058 1515 5199 W MediaProvider: isAppCloneUserPair for user 0: false
09-10 14:53:26.073 1515 5199 W MediaProvider: Database update failed while renaming /storage/emulated/0/chromium_tests_root/content_shell/GPUCache/index-dir/temp-index
09-10 14:53:26.073 1515 5199 W MediaProvider: android.database.sqlite.SQLiteConstraintException: UNIQUE constraint failed: files._data (code 2067 SQLITE_CONSTRAINT_UNIQUE)
09-10 14:53:26.073 1515 5199 W MediaProvider: at android.database.sqlite.SQLiteConnection.nativeExecuteForChangedRowCount(Native Method)
09-10 14:53:26.073 1515 5199 W MediaProvider: at android.database.sqlite.SQLiteConnection.executeForChangedRowCount(SQLiteConnection.java:926)
09-10 14:53:26.073 1515 5199 W MediaProvider: at android.database.sqlite.SQLiteSession.executeForChangedRowCount(SQLiteSession.java:780)
09-10 14:53:26.073 1515 5199 W MediaProvider: at android.database.sqlite.SQLiteStatement.executeUpdateDelete(SQLiteStatement.java:67)
09-10 14:53:26.073 1515 5199 W MediaProvider: at com.android.providers.media.util.DatabaseUtils.executeUpdateDelete(DatabaseUtils.java:499)
09-10 14:53:26.073 1515 5199 W MediaProvider: at com.android.providers.media.util.SQLiteQueryBuilder.update(SQLiteQueryBuilder.java:726)
09-10 14:53:26.073 1515 5199 W MediaProvider: at com.android.providers.media.util.SQLiteQueryBuilder.lambda$update$2(SQLiteQueryBuilder.java:648)
09-10 14:53:26.073 1515 5199 W MediaProvider: at com.android.providers.media.util.SQLiteQueryBuilder.$r8$lambda$V5i8aaD8hBMOL_-PCdDrUiXRenE(SQLiteQueryBuilder.java:0)
09-10 14:53:26.073 1515 5199 W MediaProvider: at com.android.providers.media.util.SQLiteQueryBuilder$$ExternalSyntheticLambda1.apply(R8$$SyntheticClass:0)
09-10 14:53:26.073 1515 5199 W MediaProvider: at com.android.providers.media.DatabaseHelper.runWithTransaction(DatabaseHelper.java:891)
09-10 14:53:26.073 1515 5199 W MediaProvider: at com.android.providers.media.util.SQLiteQueryBuilder.update(SQLiteQueryBuilder.java:647)
09-10 14:53:26.073 1515 5199 W MediaProvider: at com.android.providers.media.MediaProvider.lambda$updateDatabaseForFuseRename$18(MediaProvider.java:3084)
09-10 14:53:26.073 1515 5199 W MediaProvider: at com.android.providers.media.MediaProvider.$r8$lambda$SsJLM9omZuZqR6R57GeVw8lP7d0(MediaProvider.java:0)
09-10 14:53:26.073 1515 5199 W MediaProvider: at com.android.providers.media.MediaProvider$$ExternalSyntheticLambda36.apply(R8$$SyntheticClass:0)
09-10 14:53:26.073 1515 5199 W MediaProvider: at com.android.providers.media.DatabaseHelper.runWithTransaction(DatabaseHelper.java:891)
09-10 14:53:26.073 1515 5199 W MediaProvider: at com.android.providers.media.MediaProvider.updateDatabaseForFuseRename(MediaProvider.java:3076)
09-10 14:53:26.073 1515 5199 W MediaProvider: at com.android.providers.media.MediaProvider.updateDatabaseForFuseRename(MediaProvider.java:3043)
09-10 14:53:26.073 1515 5199 W MediaProvider: at com.android.providers.media.MediaProvider.updateDatabaseForFuseRename(MediaProvider.java:3037)
09-10 14:53:26.073 1515 5199 W MediaProvider: at com.android.providers.media.MediaProvider.renameFileForFuse(MediaProvider.java:3408)
09-10 14:53:26.073 1515 5199 W MediaProvider: at com.android.providers.media.MediaProvider.renameFileUncheckedForFuse(MediaProvider.java:3388)
09-10 14:53:26.073 1515 5199 W MediaProvider: at com.android.providers.media.MediaProvider.renameUncheckedForFuse(MediaProvider.java:3475)
09-10 14:53:26.073 1515 5199 W MediaProvider: at com.android.providers.media.MediaProvider.renameForFuse(MediaProvider.java:3523)
09-10 14:53:26.074 1515 5199 I MediaProvider: Retrying database update after deleting conflicting entry
09-10 14:53:26.083 382 382 I Zygote : Process 5991 exited cleanly (0)
09-10 14:53:26.084 583 1151 E IPCThreadState: Binder transaction failure. id: 310271, BR_*: 29189, error: -3 (No such process)
09-10 14:53:26.084 583 1151 W ActivityManager: pid 583 system sent binder code 12 with flags 1 to frozen apps and got error -32
09-10 14:53:26.084 583 1151 D ActivityManager: Too many transaction errors, throttling freezer binder callback.
09-10 14:53:26.085 583 1151 W ActivityManager: Exception when unbinding service org.chromium.content_browsertests_apk/org.chromium.content.app.SandboxedProcessService0:0
09-10 14:53:26.085 583 1151 W ActivityManager: android.os.DeadObjectException
09-10 14:53:26.085 583 1151 W ActivityManager: at android.os.BinderProxy.transactNative(Native Method)
09-10 14:53:26.085 583 1151 W ActivityManager: at android.os.BinderProxy.transact(BinderProxy.java:586)
09-10 14:53:26.085 583 1151 W ActivityManager: at android.app.IApplicationThread$Stub$Proxy.scheduleUnbindService(IApplicationThread.java:1463)
09-10 14:53:26.085 583 1151 W ActivityManager: at com.android.server.am.ActiveServices.removeConnectionLocked(ActiveServices.java:6646)
09-10 14:53:26.085 583 1151 W ActivityManager: at com.android.server.am.ActiveServices.unbindServiceLocked(ActiveServices.java:4564)
09-10 14:53:26.085 583 1151 W ActivityManager: at com.android.server.am.ActivityManagerService.unbindService(ActivityManagerService.java:14253)
09-10 14:53:26.085 583 1151 W ActivityManager: at android.app.IActivityManager$Stub.onTransact(IActivityManager.java:3096)
09-10 14:53:26.085 583 1151 W ActivityManager: at com.android.server.am.ActivityManagerService.onTransact(ActivityManagerService.java:2812)
09-10 14:53:26.085 583 1151 W ActivityManager: at android.os.Binder.execTransactInternal(Binder.java:1500)
09-10 14:53:26.085 583 1151 W ActivityManager: at android.os.Binder.execTransact(Binder.java:1444)
09-10 14:53:26.085 583 1151 E ProcessStats: Executing service ServiceState{1ae6484 org.chromium.content.app.SandboxedProcessService0 pkg=org.chromium.content_browsertests_apk proc=2239cf7} without owner
09-10 14:53:26.085 583 1151 E ProcessStats: Foregrounding service ServiceState{1ae6484 org.chromium.content.app.SandboxedProcessService0 pkg=org.chromium.content_browsertests_apk proc=2239cf7} without owner
09-10 14:53:26.085 583 1151 E ProcessStats: Binding service ServiceState{1ae6484 org.chromium.content.app.SandboxedProcessService0 pkg=org.chromium.content_browsertests_apk proc=2239cf7} without owner
09-10 14:53:26.085 583 1151 E ProcessStats: Starting service ServiceState{1ae6484 org.chromium.content.app.SandboxedProcessService0 pkg=org.chromium.content_browsertests_apk proc=2239cf7} without owner
09-10 14:53:26.085 583 1151 E ProcessStats: Executing service ServiceState{1ae6484 org.chromium.content.app.SandboxedProcessService0 pkg=org.chromium.content_browsertests_apk proc=2239cf7} without owner
09-10 14:53:22.554 0 0 I binder_alloc: 5991: binder_alloc_buf, no vma
09-10 14:53:26.087 583 1151 E ProcessStats: Foregrounding service ServiceState{1ae6484 org.chromium.content.app.SandboxedProcessService0 pkg=org.chromium.content_browsertests_apk proc=2239cf7} without owner
09-10 14:53:26.088 583 601 I ActivityManager: Process org.chromium.content_browsertests_apk:sandboxed_process0:org.chromium.content.app.SandboxedProcessService0:0 (pid 5991) has died: vis BTOP
09-10 14:53:26.089 583 618 I libprocessgroup: Removed cgroup /sys/fs/cgroup/uid_99015/pid_5991
09-10 14:53:26.107 583 605 D DisplayManagerService: Drop pending events for gone uid 99015
09-10 14:53:26.127 992 1046 V WindowManagerShell: Transition requested (#25): android.os.BinderProxy@1234f0d TransitionRequestInfo { type = CLOSE, triggerTask = TaskInfo{userId=0 taskId=15 displayId=0 isRunning=false baseIntent=Intent { act=android.intent.action.MAIN flg=0x10000000 cmp=org.chromium.content_browsertests_apk/.ContentBrowserTestsActivity } baseActivity=null topActivity=null origActivity=null realActivity=ComponentInfo{org.chromium.content_browsertests_apk/org.chromium.content_browsertests_apk.ContentBrowserTestsActivity} numActivities=0 lastActiveTime=243185 supportsMultiWindow=true resizeMode=1 isResizeable=true minWidth=-1 minHeight=-1 defaultMinSize=220 token=WCT{android.window.IWindowContainerToken$Stub$Proxy@f2ccec2} topActivityType=1 pictureInPictureParams=null shouldDockBigOverlays=false launchIntoPipHostTaskId=-1 lastParentTaskIdBeforePip=-1 displayCutoutSafeInsets=null topActivityInfo=null launchCookies=[] positionInParent=Point(0, 0) parentTaskId=-1 isFocused=true isVisible=true isVisibleRequested=true isSleeping=false locusId=null displayAreaFeatureId=1 isTopActivityTransparent=false appCompatTaskInfo=AppCompatTaskInfo { topActivityInSizeCompat=false topActivityEligibleForLetterboxEducation= falseisLetterboxEducationEnabled= false isLetterboxDoubleTapEnabled= false topActivityEligibleForUserAspectRatioButton= false topActivityBoundsLetterboxed= false isFromLetterboxDoubleTap= false topActivityLetterboxVerticalPosition= -1 topActivityLetterboxHorizontalPosition= -1 topActivityLetterboxWidth=-1 topActivityLetterboxHeight=-1 isUserFullscreenOverrideEnabled=false isSystemFullscreenOverrideEnabled=false cameraCompatTaskInfo=CameraCompatTaskInfo { cameraCompatControlState=hidden freeformCameraCompatMode=inactive}}}, pipTask = null, remoteTransition = null, displayChange = null, flags = 0, debugId = 25 }
09-10 14:53:26.128 1255 1255 I TopTaskTracker: onTaskMovedToFront: (moved taskInfo to front) taskId=7, baseIntent=Intent { act=android.intent.action.MAIN cat=[android.intent.category.HOME] flg=0x10000100 cmp=com.google.android.apps.nexuslauncher/.NexusLauncherActivity }
09-10 14:53:26.129 5120 5120 I Process : Sending signal. PID: 5944 SIG: 9
09-10 14:53:26.130 453 453 I BpBinder: onLastStrongRef automatically unlinking death recipients:
09-10 14:53:26.163 583 600 I ActivityManager: Process org.chromium.content_browsertests_apk:test_process (pid 5944) has died: fg TOP
09-10 14:53:26.163 382 382 I Zygote : Process 5944 exited due to signal 9 (Killed)
09-10 14:53:26.163 583 1151 D AutofillSession: handling death of Token{3a263c8 ActivityRecord{d2576e5 u0 org.chromium.content_browsertests_apk/.ContentBrowserTestsActivity t15 f}}} when saving=false
09-10 14:53:26.165 5990 5990 I cr_ChildProcessService: Destroying ChildProcessService pid=5990
09-10 14:53:26.167 583 605 D AutofillUI: destroySaveUiUiThread(): already destroyed
09-10 14:53:26.167 583 917 D ConnectivityService: releasing NetworkRequest [ REQUEST id=173, [ Capabilities: INTERNET&NOT_RESTRICTED&TRUSTED&NOT_VCN_MANAGED&NOT_BANDWIDTH_CONSTRAINED Uid: 10208 RequestorUid: 10208 RequestorPkg: org.chromium.content_browsertests_apk UnderlyingNetworks: Null] ] (release request)
09-10 14:53:26.167 583 1818 I ImeTracker: org.chromium.content_browsertests_apk:97abf034: onRequestHide at ORIGIN_SERVER reason HIDE_REMOVE_CLIENT fromUser false
09-10 14:53:26.167 583 1818 I ImeTracker: org.chromium.content_browsertests_apk:97abf034: onCancelled at PHASE_SERVER_SHOULD_HIDE
09-10 14:53:26.173 583 1495 I WindowManager: WIN DEATH: Window{4eb676e u0 org.chromium.content_browsertests_apk/org.chromium.content_browsertests_apk.ContentBrowserTestsActivity}
09-10 14:53:26.173 583 1495 W InputManager-JNI: Input channel object '4eb676e org.chromium.content_browsertests_apk/org.chromium.content_browsertests_apk.ContentBrowserTestsActivity (client)' was disposed without first being removed with the input manager!
09-10 14:53:26.175 583 607 W ActivityManager: setHasOverlayUi called on unknown pid: 5944
09-10 14:53:26.176 583 1494 W OptProp : Cannot read opt property android.window.PROPERTY_COMPAT_ALLOW_USER_ASPECT_RATIO_OVERRIDE
09-10 14:53:26.176 583 1494 W OptProp : Cannot read opt property android.window.PROPERTY_COMPAT_ALLOW_USER_ASPECT_RATIO_FULLSCREEN_OVERRIDE
09-10 14:53:26.176 583 1494 W OptProp : Cannot read opt property android.window.PROPERTY_COMPAT_ALLOW_ORIENTATION_OVERRIDE
09-10 14:53:26.177 583 1494 V GrammaticalInflectionUtils: AttributionSource: AttributionSource { uid = 10208, packageName = null, attributionTag = null, token = android.os.Binder@7b78a50, deviceId = 0, next = null } does not have READ_SYSTEM_GRAMMATICAL_GENDER permission.
09-10 14:53:26.177 583 1494 W OptProp : Cannot read opt property android.window.PROPERTY_COMPAT_ALLOW_RESIZEABLE_ACTIVITY_OVERRIDES
09-10 14:53:26.177 583 1494 W OptProp : Cannot read opt property android.window.PROPERTY_COMPAT_ALLOW_MIN_ASPECT_RATIO_OVERRIDE
09-10 14:53:26.181 583 1495 I AppWidgetServiceImpl: startListening() 0
09-10 14:53:26.183 583 618 I libprocessgroup: Removed cgroup /sys/fs/cgroup/uid_10208/pid_5944
09-10 14:53:26.184 1255 1255 D NexusLauncherModelDelegate: notifySmartspaceEvent: SmartspaceTargetEvent{mSmartspaceTarget=null, mSmartspaceActionId='null', mEventType=6}
09-10 14:53:26.190 992 1046 D WindowManagerShell: setLauncherKeepClearAreaHeight: visible=true, height=525
09-10 14:53:26.192 583 1494 V SplashScreenExceptionList: SplashScreen checking exception for package org.chromium.content_browsertests_apk (target sdk:35) -> false
09-10 14:53:26.194 583 1822 I ActivityManager: Process org.chromium.content_browsertests_apk:privileged_process0 (pid 5990) has died: fg SVC
09-10 14:53:26.195 583 618 I libprocessgroup: Removed cgroup /sys/fs/cgroup/uid_10208/pid_5990
09-10 14:53:26.195 382 382 I Zygote : Process 5990 exited cleanly (0)
09-10 14:53:26.196 583 1494 I ActivityTaskManager: Add Task{8a99c6b #15 type=standard A=10208:org.chromium.content_browsertests_apk} to hidden list because adding Task{13bc523 #16 type=standard A=10208:org.chromium.content_browsertests_apk}
09-10 14:53:26.198 992 1092 D SplashScreenView: Build android.window.SplashScreenView{c619810 V.E...... ......ID 0,0-0,0}
09-10 14:53:26.198 992 1092 D SplashScreenView: Icon: view: null drawable: null size: 0
09-10 14:53:26.198 992 1092 D SplashScreenView: Branding: view: android.view.View{e42cf09 G.ED..... ......I. 0,0-0,0 #1020503 android:id/splashscreen_branding_view} drawable: null size w: 0 h: 0
