09-10 14:53:10.921 3670 3766 I FontLog : Received query name=Google Sans Flex&weight=400&besteffort=false, URI content://com.google.android.gms.fonts [CONTEXT service_id=132 ]
09-10 14:53:10.921 3670 3766 I FontLog : Query [name=Google Sans Flex&weight=400&besteffort=false] resolved to {Google Sans Flex, wdth 100.0, wght 400, ital 0.0, bestEffort false} [CONTEXT service_id=132 ]
09-10 14:53:10.925 3670 3766 I FontLog : Font PFD returned from cache for {Google Sans Flex, wdth 100.0, wght 400, ital 0.0, bestEffort false} [CONTEXT service_id=132 ]
09-10 14:53:10.925 3670 3766 I FontLog : Fetch {Google Sans Flex, wdth 100.0, wght 400, ital 0.0, bestEffort false} end status Status{statusCode=SUCCESS, resolution=null} [CONTEXT service_id=132 ]
09-10 14:53:10.930 3670 3766 I FontLog : Pulling font file for id = 9, cache size = 8 [CONTEXT service_id=132 ]
09-10 14:53:10.938 3670 3766 I FontLog : Received query name=Google Sans&weight=400&besteffort=false, URI content://com.google.android.gms.fonts [CONTEXT service_id=132 ]
09-10 14:53:10.938 3670 3766 I FontLog : Query [name=Google Sans&weight=400&besteffort=false] resolved to {Google Sans, wdth 100.0, wght 400, ital 0.0, bestEffort false} [CONTEXT service_id=132 ]
09-10 14:53:10.938 3670 3766 I FontLog : Font PFD returned from cache for {Google Sans, wdth 100.0, wght 400, ital 0.0, bestEffort false} [CONTEXT service_id=132 ]
09-10 14:53:10.938 3670 3766 I FontLog : Fetch {Google Sans, wdth 100.0, wght 400, ital 0.0, bestEffort false} end status Status{statusCode=SUCCESS, resolution=null} [CONTEXT service_id=132 ]
09-10 14:53:10.944 3670 3766 I FontLog : Pulling font file for id = 10, cache size = 9 [CONTEXT service_id=132 ]
09-10 14:53:10.946 3670 3766 I FontLog : Received query name=Google Sans&weight=500&besteffort=false, URI content://com.google.android.gms.fonts [CONTEXT service_id=132 ]
09-10 14:53:10.946 3670 3766 I FontLog : Query [name=Google Sans&weight=500&besteffort=false] resolved to {Google Sans, wdth 100.0, wght 500, ital 0.0, bestEffort false} [CONTEXT service_id=132 ]
09-10 14:53:10.947 3670 3766 I FontLog : Font PFD returned from cache for {Google Sans, wdth 100.0, wght 500, ital 0.0, bestEffort false} [CONTEXT service_id=132 ]
09-10 14:53:10.947 3670 3766 I FontLog : Fetch {Google Sans, wdth 100.0, wght 500, ital 0.0, bestEffort false} end status Status{statusCode=SUCCESS, resolution=null} [CONTEXT service_id=132 ]
09-10 14:53:10.950 3670 3766 I FontLog : Pulling font file for id = 11, cache size = 10 [CONTEXT service_id=132 ]
09-10 14:53:07.472 0 0 I servicemanager: Caller(pid=5423,uid=10208,sid=u:r:untrusted_app:s0:c208,c256,c512,c768) Could not find android.hardware.graphics.allocator.IAllocator/default in the VINTF manifest. No alternative instances declared in VINTF.
09-10 14:53:11.012 381 381 I netd : tetherGetStats() -> {[]} <1.52ms>
09-10 14:53:07.488 0 0 W binder_debug: 9 callbacks suppressed
09-10 14:53:11.015 164 164 I hwservicemanager: getTransport: Cannot find entry android.hardware.graphics.mapper@4.0::IMapper/default in either framework or device VINTF manifest.
09-10 14:53:07.488 0 0 I binder : release 5426:5455 transaction 270343 in, still active
09-10 14:53:07.526 0 0 I binder : send failed reply for transaction 270343 to 5380:5410
09-10 14:53:11.016 5423 5513 I Gralloc4: mapper 4.x is not supported
09-10 14:53:07.531 0 0 I binder : undelivered transaction 270408, process died.
09-10 14:53:07.533 0 0 I binder : undelivered transaction 270412, process died.
09-10 14:53:11.064 382 382 I Zygote : Process 5426 exited due to signal 9 (Killed)
09-10 14:53:11.083 583 605 D DisplayManagerService: Drop pending events for gone uid 99006
09-10 14:53:11.091 583 618 I libprocessgroup: Removed cgroup /sys/fs/cgroup/uid_99006/pid_5426
09-10 14:53:11.123 1515 5197 W MediaProvider: isAppCloneUserPair for user 0: false
09-10 14:53:11.139 1515 5202 W MediaProvider: isAppCloneUserPair for user 0: false
09-10 14:53:11.229 1515 5197 W MediaProvider: isAppCloneUserPair for user 0: false
09-10 14:53:11.239 1515 5198 W MediaProvider: isAppCloneUserPair for user 0: false
09-10 14:53:11.239 3670 3893 I NetworkScheduler: ignoring stale queue check message
09-10 14:53:11.247 583 601 W PresentationStatsEventLogger: Bad view state for: -1
09-10 14:53:11.670 5380 5380 D AutofillManager: notifyViewReadyInner:1073741830
09-10 14:53:11.702 1515 2614 W MediaProvider: isAppCloneUserPair for user 0: false
09-10 14:53:11.729 5380 5395 D EGL_emulation: app_time_stats: avg=255.79ms min=18.38ms max=963.28ms count=8
09-10 14:53:11.732 3955 3955 I GoogleInputMethodService: GoogleInputMethodService.onFinishInput():3157
09-10 14:53:11.742 3955 3955 I GoogleInputMethodService: GoogleInputMethodService.updateDeviceLockedStatus():2248 repeatCheckTimes = 0, locked = false
09-10 14:53:11.744 3955 3955 I GoogleInputMethodService: GoogleInputMethodService.onStartInput():1986 onStartInput(EditorInfo{EditorInfo{packageName=org.chromium.content_browsertests_apk, inputType=0, inputTypeString=NULL, enableLearning=false, autoCorrection=false, autoComplete=false, imeOptions=12000000, privateImeOptions=null, actionName=UNSPECIFIED, actionLabel=null, initialSelStart=-1, initialSelEnd=-1, initialCapsMode=0, label=null, fieldId=0, fieldName=null, extras=null, hintText=null, hintLocales=[]}}, false)
09-10 14:53:11.745 3955 3955 I GoogleInputMethodService: GoogleInputMethodService.updateDeviceLockedStatus():2248 repeatCheckTimes = 1, locked = false
09-10 14:53:11.745 583 1818 V GrammaticalInflectionUtils: AttributionSource: AttributionSource { uid = 99008, packageName = null, attributionTag = null, token = android.os.Binder@7b78a50, deviceId = 0, next = null } does not have READ_SYSTEM_GRAMMATICAL_GENDER permission.
09-10 14:53:11.748 3955 3955 I AndroidIME: InputBundleManager.loadActiveInputBundleId():450 loadActiveInputBundleId: und-Latn-x-password, password
09-10 14:53:11.749 583 2323 W PackageConfigPersister: App-specific configuration not found for packageName: org.chromium.content_browsertests_apk and userId: 0
09-10 14:53:11.755 1515 5201 W MediaProvider: isAppCloneUserPair for user 0: false
09-10 14:53:11.778 382 382 D Zygote : Forked child process 5532
09-10 14:53:11.788 583 617 I ActivityManager: Start proc 5532:org.chromium.content_browsertests_apk:sandboxed_process0:org.chromium.content.app.SandboxedProcessService0:3/u0i8 for service {org.chromium.content_browsertests_apk/org.chromium.content.app.SandboxedProcessService0:3}
09-10 14:53:11.796 5532 5532 I ocessService0:3: Using CollectorTypeCMC GC.
09-10 14:53:11.800 5532 5532 W ocessService0:3: Unexpected CPU variant for x86: x86_64.
09-10 14:53:11.800 5532 5532 W ocessService0:3: Known variants: atom, sandybridge, silvermont, goldmont, goldmont-plus, goldmont-without-sha-xsaves, tremont, kabylake, default
09-10 14:53:11.809 5532 5532 E ocessService0:3: Not starting debugger since process cannot load the jdwp agent.
09-10 14:53:11.822 5532 5532 D nativeloader: Load libframework-connectivity-tiramisu-jni.so using APEX ns com_android_tethering for caller /apex/com.android.tethering/javalib/framework-connectivity-t.jar: ok
09-10 14:53:11.844 583 1818 W PresentationStatsEventLogger: Bad view state for: -1
09-10 14:53:11.867 5532 5532 D ApplicationLoaders: Returning zygote-cached class loader: /system/framework/android.test.base.jar
09-10 14:53:08.332 0 0 W servicemanager: Isolated app with UID 99008 requested 'network_management', but the service is not allowed for isolated apps.
09-10 14:53:11.870 5532 5532 D nativeloader: Configuring clns-7 for other apk /system/framework/android.test.mock.jar. target_sdk_version=35, uses_libraries=ALL, library_path=/data/app/~~Qgn2wqEAvH79GiouluTyOA==/org.chromium.content_browsertests_apk-RchFo_8uzwLoY5jHIGStww==/lib/x86_64:/data/app/~~Qgn2wqEAvH79GiouluTyOA==/org.chromium.content_browsertests_apk-RchFo_8uzwLoY5jHIGStww==/base.apk!/lib/x86_64, permitted_path=/data:/mnt/expand:/data/user/0/org.chromium.content_browsertests_apk
09-10 14:53:11.871 5532 5532 D ApplicationLoaders: Returning zygote-cached class loader: /system/framework/android.test.base.jar
09-10 14:53:11.873 5532 5532 D nativeloader: Configuring clns-8 for other apk /system/framework/android.test.runner.jar. target_sdk_version=35, uses_libraries=ALL, library_path=/data/app/~~Qgn2wqEAvH79GiouluTyOA==/org.chromium.content_browsertests_apk-RchFo_8uzwLoY5jHIGStww==/lib/x86_64:/data/app/~~Qgn2wqEAvH79GiouluTyOA==/org.chromium.content_browsertests_apk-RchFo_8uzwLoY5jHIGStww==/base.apk!/lib/x86_64, permitted_path=/data:/mnt/expand:/data/user/0/org.chromium.content_browsertests_apk
09-10 14:53:11.873 5532 5532 D ApplicationLoaders: Returning zygote-cached class loader: /system_ext/framework/androidx.window.extensions.jar
09-10 14:53:11.876 5532 5532 D nativeloader: Configuring clns-9 for other apk /data/app/~~Qgn2wqEAvH79GiouluTyOA==/org.chromium.content_browsertests_apk-RchFo_8uzwLoY5jHIGStww==/base.apk. target_sdk_version=35, uses_libraries=, library_path=/data/app/~~Qgn2wqEAvH79GiouluTyOA==/org.chromium.content_browsertests_apk-RchFo_8uzwLoY5jHIGStww==/lib/x86_64:/data/app/~~Qgn2wqEAvH79GiouluTyOA==/org.chromium.content_browsertests_apk-RchFo_8uzwLoY5jHIGStww==/base.apk!/lib/x86_64, permitted_path=/data:/mnt/expand:/data/user/0/org.chromium.content_browsertests_apk
09-10 14:53:11.876 5532 5532 D CompatChangeReporter: Compat change id reported: 202956589; UID 99008; state: ENABLED
09-10 14:53:11.887 583 2323 I ActivityManager: Killing 5472:org.chromium.content_browsertests_apk:sandboxed_process0:org.chromium.content.app.SandboxedProcessService0:2/u0a208i7 (adj 0): isolated not needed
09-10 14:53:08.358 0 0 W servicemanager: Isolated app with UID 99008 requested 'connectivity', but the service is not allowed for isolated apps.
09-10 14:53:08.367 0 0 W servicemanager: Isolated app with UID 99008 requested 'content_capture', but the service is not allowed for isolated apps.
09-10 14:53:11.899 5532 5532 I cr_ChildProcessService: Creating new ChildProcessService pid=5532
09-10 14:53:11.914 583 618 I libprocessgroup: Removed cgroup /sys/fs/cgroup/uid_99007/pid_5472
09-10 14:53:08.383 0 0 I binder : send failed reply for transaction 273204 to 5380:5380
09-10 14:53:08.387 0 0 I binder : undelivered TRANSACTION_COMPLETE
09-10 14:53:11.920 382 382 I Zygote : Process 5472 exited due to signal 9 (Killed)
09-10 14:53:08.393 0 0 I binder : undelivered transaction 273235, process died.
09-10 14:53:11.924 5532 5544 D nativeloader: Load /data/app/~~Qgn2wqEAvH79GiouluTyOA==/org.chromium.content_browsertests_apk-RchFo_8uzwLoY5jHIGStww==/lib/x86_64/libtest_trace_processor.so using ns clns-9 from class loader (caller=/data/app/~~Qgn2wqEAvH79GiouluTyOA==/org.chromium.content_browsertests_apk-RchFo_8uzwLoY5jHIGStww==/base.apk): ok
09-10 14:53:11.925 583 605 D DisplayManagerService: Drop pending events for gone uid 99007
09-10 14:53:11.930 583 2323 I ActivityManager: Killing 5424:org.chromium.content_browsertests_apk:sandboxed_process0:org.chromium.content.app.SandboxedProcessService0:0/u0a208i5 (adj 0): isolated not needed
09-10 14:53:11.942 382 382 I Zygote : Process 5424 exited cleanly (0)
09-10 14:53:11.944 583 618 I libprocessgroup: Removed cgroup /sys/fs/cgroup/uid_99005/pid_5424
09-10 14:53:08.415 0 0 I binder : send failed reply for transaction 273340 to 5380:5410
09-10 14:53:08.418 0 0 I binder : undelivered transaction 273380, process died.
09-10 14:53:11.953 583 605 D DisplayManagerService: Drop pending events for gone uid 99005
09-10 14:53:11.957 5380 5380 I ImeTracker: org.chromium.content_browsertests_apk:test_process:56af0da7: onRequestHide at ORIGIN_CLIENT reason HIDE_SOFT_INPUT_CLOSE_CURRENT_SESSION fromUser false
09-10 14:53:11.958 583 726 I ImeTracker: org.chromium.content_browsertests_apk:test_process:56af0da7: onCancelled at PHASE_SERVER_SHOULD_HIDE
09-10 14:53:11.978 583 706 D ActivityManager: freezing 5082 com.google.android.webview:webview_service
09-10 14:53:11.985 1515 5197 W MediaProvider: isAppCloneUserPair for user 0: false
09-10 14:53:11.991 583 917 D InetDiagMessage: Destroyed 0 sockets, proto=IPPROTO_TCP, family=AF_INET, states=14
09-10 14:53:11.992 583 2412 I ActivityManager: Killing 5532:org.chromium.content_browsertests_apk:sandboxed_process0:org.chromium.content.app.SandboxedProcessService0:3/u0a208i8 (adj 0): isolated not needed
09-10 14:53:11.992 583 917 D InetDiagMessage: Destroyed 0 sockets, proto=IPPROTO_TCP, family=AF_INET6, states=14
09-10 14:53:11.993 583 917 D InetDiagMessage: Destroyed live tcp sockets for uids={10155} in 8ms
09-10 14:53:12.006 1515 2614 W MediaProvider: Database update failed while renaming /storage/emulated/0/chromium_tests_root/content_shell/GPUCache/index-dir/temp-index
09-10 14:53:12.006 1515 2614 W MediaProvider: android.database.sqlite.SQLiteConstraintException: UNIQUE constraint failed: files._data (code 2067 SQLITE_CONSTRAINT_UNIQUE)
09-10 14:53:12.006 1515 2614 W MediaProvider: at android.database.sqlite.SQLiteConnection.nativeExecuteForChangedRowCount(Native Method)
09-10 14:53:12.006 1515 2614 W MediaProvider: at android.database.sqlite.SQLiteConnection.executeForChangedRowCount(SQLiteConnection.java:926)
09-10 14:53:12.006 1515 2614 W MediaProvider: at android.database.sqlite.SQLiteSession.executeForChangedRowCount(SQLiteSession.java:780)
09-10 14:53:12.006 1515 2614 W MediaProvider: at android.database.sqlite.SQLiteStatement.executeUpdateDelete(SQLiteStatement.java:67)
09-10 14:53:12.006 1515 2614 W MediaProvider: at com.android.providers.media.util.DatabaseUtils.executeUpdateDelete(DatabaseUtils.java:499)
09-10 14:53:12.006 1515 2614 W MediaProvider: at com.android.providers.media.util.SQLiteQueryBuilder.update(SQLiteQueryBuilder.java:726)
09-10 14:53:12.006 1515 2614 W MediaProvider: at com.android.providers.media.util.SQLiteQueryBuilder.lambda$update$2(SQLiteQueryBuilder.java:648)
09-10 14:53:12.006 1515 2614 W MediaProvider: at com.android.providers.media.util.SQLiteQueryBuilder.$r8$lambda$V5i8aaD8hBMOL_-PCdDrUiXRenE(SQLiteQueryBuilder.java:0)
09-10 14:53:12.006 1515 2614 W MediaProvider: at com.android.providers.media.util.SQLiteQueryBuilder$$ExternalSyntheticLambda1.apply(R8$$SyntheticClass:0)
09-10 14:53:12.006 1515 2614 W MediaProvider: at com.android.providers.media.DatabaseHelper.runWithTransaction(DatabaseHelper.java:891)
09-10 14:53:12.006 1515 2614 W MediaProvider: at com.android.providers.media.util.SQLiteQueryBuilder.update(SQLiteQueryBuilder.java:647)
09-10 14:53:12.006 1515 2614 W MediaProvider: at com.android.providers.media.MediaProvider.lambda$updateDatabaseForFuseRename$18(MediaProvider.java:3084)
09-10 14:53:12.006 1515 2614 W MediaProvider: at com.android.providers.media.MediaProvider.$r8$lambda$SsJLM9omZuZqR6R57GeVw8lP7d0(MediaProvider.java:0)
09-10 14:53:12.006 1515 2614 W MediaProvider: at com.android.providers.media.MediaProvider$$ExternalSyntheticLambda36.apply(R8$$SyntheticClass:0)
09-10 14:53:12.006 1515 2614 W MediaProvider: at com.android.providers.media.DatabaseHelper.runWithTransaction(DatabaseHelper.java:891)
09-10 14:53:12.006 1515 2614 W MediaProvider: at com.android.providers.media.MediaProvider.updateDatabaseForFuseRename(MediaProvider.java:3076)
09-10 14:53:12.006 1515 2614 W MediaProvider: at com.android.providers.media.MediaProvider.updateDatabaseForFuseRename(MediaProvider.java:3043)
09-10 14:53:12.006 1515 2614 W MediaProvider: at com.android.providers.media.MediaProvider.updateDatabaseForFuseRename(MediaProvider.java:3037)
09-10 14:53:12.006 1515 2614 W MediaProvider: at com.android.providers.media.MediaProvider.renameFileForFuse(MediaProvider.java:3408)
09-10 14:53:12.006 1515 2614 W MediaProvider: at com.android.providers.media.MediaProvider.renameFileUncheckedForFuse(MediaProvider.java:3388)
09-10 14:53:12.006 1515 2614 W MediaProvider: at com.android.providers.media.MediaProvider.renameUncheckedForFuse(MediaProvider.java:3475)
09-10 14:53:12.006 1515 2614 W MediaProvider: at com.android.providers.media.MediaProvider.renameForFuse(MediaProvider.java:3523)
09-10 14:53:12.007 1515 2614 I MediaProvider: Retrying database update after deleting conflicting entry
09-10 14:53:12.011 583 605 D DisplayManagerService: Drop pending events for gone uid 99008
09-10 14:53:12.011 382 382 I Zygote : Process 5532 exited due to signal 9 (Killed)
09-10 14:53:12.021 583 618 I libprocessgroup: Removed cgroup /sys/fs/cgroup/uid_99008/pid_5532
09-10 14:53:12.021 992 1046 V WindowManagerShell: Transition requested (#21): android.os.BinderProxy@4b96f8c TransitionRequestInfo { type = CLOSE, triggerTask = TaskInfo{userId=0 taskId=11 displayId=0 isRunning=false baseIntent=Intent { act=android.intent.action.MAIN flg=0x10000000 cmp=org.chromium.content_browsertests_apk/.ContentBrowserTestsActivity } baseActivity=null topActivity=null origActivity=null realActivity=ComponentInfo{org.chromium.content_browsertests_apk/org.chromium.content_browsertests_apk.ContentBrowserTestsActivity} numActivities=0 lastActiveTime=228782 supportsMultiWindow=true resizeMode=1 isResizeable=true minWidth=-1 minHeight=-1 defaultMinSize=220 token=WCT{android.window.IWindowContainerToken$Stub$Proxy@53956d5} topActivityType=1 pictureInPictureParams=null shouldDockBigOverlays=false launchIntoPipHostTaskId=-1 lastParentTaskIdBeforePip=-1 displayCutoutSafeInsets=null topActivityInfo=null launchCookies=[] positionInParent=Point(0, 0) parentTaskId=-1 isFocused=true isVisible=true isVisibleRequested=true isSleeping=false locusId=null displayAreaFeatureId=1 isTopActivityTransparent=false appCompatTaskInfo=AppCompatTaskInfo { topActivityInSizeCompat=false topActivityEligibleForLetterboxEducation= falseisLetterboxEducationEnabled= false isLetterboxDoubleTapEnabled= false topActivityEligibleForUserAspectRatioButton= false topActivityBoundsLetterboxed= false isFromLetterboxDoubleTap= false topActivityLetterboxVerticalPosition= -1 topActivityLetterboxHorizontalPosition= -1 topActivityLetterboxWidth=-1 topActivityLetterboxHeight=-1 isUserFullscreenOverrideEnabled=false isSystemFullscreenOverrideEnabled=false cameraCompatTaskInfo=CameraCompatTaskInfo { cameraCompatControlState=hidden freeformCameraCompatMode=inactive}}}, pipTask = null, remoteTransition = null, displayChange = null, flags = 0, debugId = 21 }
09-10 14:53:12.028 381 381 I netd : tetherGetStats() -> {[]} <0.99ms>
09-10 14:53:12.032 5120 5120 I Process : Sending signal. PID: 5380 SIG: 9
09-10 14:53:12.032 1255 1255 I TopTaskTracker: onTaskMovedToFront: (moved taskInfo to front) taskId=7, baseIntent=Intent { act=android.intent.action.MAIN cat=[android.intent.category.HOME] flg=0x10000100 cmp=com.google.android.apps.nexuslauncher/.NexusLauncherActivity }
09-10 14:53:12.047 453 453 I BpBinder: onLastStrongRef automatically unlinking death recipients:
09-10 14:53:12.062 583 601 I ImeTracker: org.chromium.content_browsertests_apk:4482655b: onRequestHide at ORIGIN_SERVER reason HIDE_REMOVE_CLIENT fromUser false
09-10 14:53:12.063 382 382 I Zygote : Process 5380 exited due to signal 9 (Killed)
09-10 14:53:12.063 583 601 I ImeTracker: org.chromium.content_browsertests_apk:4482655b: onCancelled at PHASE_SERVER_SHOULD_HIDE
09-10 14:53:12.074 583 1832 I ActivityManager: Process org.chromium.content_browsertests_apk:test_process (pid 5380) has died: fg TOP
09-10 14:53:12.075 583 618 I libprocessgroup: Removed cgroup /sys/fs/cgroup/uid_10208/pid_5380
09-10 14:53:12.075 583 1151 I WindowManager: WIN DEATH: Window{2db57a0 u0 org.chromium.content_browsertests_apk/org.chromium.content_browsertests_apk.ContentBrowserTestsActivity}
09-10 14:53:12.076 583 1151 W InputManager-JNI: Input channel object '2db57a0 org.chromium.content_browsertests_apk/org.chromium.content_browsertests_apk.ContentBrowserTestsActivity (client)' was disposed without first being removed with the input manager!
09-10 14:53:12.076 583 1822 D AutofillSession: handling death of Token{5b0ef4b ActivityRecord{21716c5 u0 org.chromium.content_browsertests_apk/.ContentBrowserTestsActivity t11 f}}} when saving=false
09-10 14:53:12.077 583 607 V WindowManager: Unknown focus tokens, dropping reportFocusChanged
09-10 14:53:12.078 583 605 D AutofillUI: destroySaveUiUiThread(): already destroyed
09-10 14:53:12.080 583 917 D ConnectivityService: releasing NetworkRequest [ REQUEST id=161, [ Capabilities: INTERNET&NOT_RESTRICTED&TRUSTED&NOT_VCN_MANAGED&NOT_BANDWIDTH_CONSTRAINED Uid: 10208 RequestorUid: 10208 RequestorPkg: org.chromium.content_browsertests_apk UnderlyingNetworks: Null] ] (release request)
09-10 14:53:12.086 382 382 I Zygote : Process 5423 exited cleanly (0)
09-10 14:53:12.086 583 607 W ActivityManager: setHasOverlayUi called on unknown pid: 5380
09-10 14:53:12.086 583 1494 I ActivityManager: Process org.chromium.content_browsertests_apk:privileged_process0 (pid 5423) has died: fg SVC
09-10 14:53:12.087 583 1832 I AppWidgetServiceImpl: startListening() 0
09-10 14:53:12.089 583 618 I libprocessgroup: Removed cgroup /sys/fs/cgroup/uid_10208/pid_5423
09-10 14:53:12.090 583 1151 W OptProp : Cannot read opt property android.window.PROPERTY_COMPAT_ALLOW_USER_ASPECT_RATIO_OVERRIDE
09-10 14:53:12.090 1255 1255 D StatsLog: LAUNCHER_ONRESUME
09-10 14:53:12.090 992 1046 D WindowManagerShell: setLauncherKeepClearAreaHeight: visible=true, height=525
09-10 14:53:12.091 583 1151 W OptProp : Cannot read opt property android.window.PROPERTY_COMPAT_ALLOW_USER_ASPECT_RATIO_FULLSCREEN_OVERRIDE
09-10 14:53:12.091 583 1151 W OptProp : Cannot read opt property android.window.PROPERTY_COMPAT_ALLOW_ORIENTATION_OVERRIDE
09-10 14:53:12.091 583 1151 V GrammaticalInflectionUtils: AttributionSource: AttributionSource { uid = 10208, packageName = null, attributionTag = null, token = android.os.Binder@7b78a50, deviceId = 0, next = null } does not have READ_SYSTEM_GRAMMATICAL_GENDER permission.
09-10 14:53:12.092 583 1151 W OptProp : Cannot read opt property android.window.PROPERTY_COMPAT_ALLOW_RESIZEABLE_ACTIVITY_OVERRIDES
09-10 14:53:12.093 583 1614 W AppSearchIcing: icing-search-engine.cc:321: Error: 5, Message: Document (com.google.android.googlequicksearchbox$OneSearchZeroStateGoogleSuggestions/default, zp) not found.
09-10 14:53:12.093 583 1151 W OptProp : Cannot read opt property android.window.PROPERTY_COMPAT_ALLOW_MIN_ASPECT_RATIO_OVERRIDE
09-10 14:53:12.094 1255 2183 D OneSearchSuggestProvider: AppSearch 0-state cache not available, fallback to AGA
09-10 14:53:12.094 1255 2183 D OneSearchSuggestProvider: java.util.concurrent.CompletionException: java.util.NoSuchElementException: No value present
09-10 14:53:12.094 1255 2183 D OneSearchSuggestProvider: at java.util.concurrent.CompletableFuture.encodeThrowable(CompletableFuture.java:308)
09-10 14:53:12.094 1255 2183 D OneSearchSuggestProvider: at java.util.concurrent.CompletableFuture.completeThrowable(CompletableFuture.java:323)
09-10 14:53:12.094 1255 2183 D OneSearchSuggestProvider: at java.util.concurrent.CompletableFuture$UniAccept.tryFire(CompletableFuture.java:684)
09-10 14:53:12.094 1255 2183 D OneSearchSuggestProvider: at java.util.concurrent.CompletableFuture.postComplete(CompletableFuture.java:486)
09-10 14:53:12.094 1255 2183 D OneSearchSuggestProvider: at java.util.concurrent.CompletableFuture.completeExceptionally(CompletableFuture.java:2138)
09-10 14:53:12.094 1255 2183 D OneSearchSuggestProvider: at com.google.android.apps.nexuslauncher.allapps.E0.onResult(go/retraceme 31f9979659277bb965985aff1272c33e3c3c9e755b77166d20a2465454178f2c:67)
09-10 14:53:12.094 1255 2183 D OneSearchSuggestProvider: at android.app.appsearch.SearchSessionUtil$1.lambda$onResult$0(go/retraceme 64eee9e9f568ff45978879ad2ff83146f2618ee8a88278736fbdf5fae931976e:144)
09-10 14:53:12.094 1255 2183 D OneSearchSuggestProvider: at android.app.appsearch.SearchSessionUtil$1.$r8$lambda$CEk3q8sDAQVhU3rQwVueB8FAj_M(go/retraceme 64eee9e9f568ff45978879ad2ff83146f2618ee8a88278736fbdf5fae931976e:1)
09-10 14:53:12.094 1255 2183 D OneSearchSuggestProvider: at android.app.appsearch.SearchSessionUtil$1$$ExternalSyntheticLambda0.run(go/retraceme 64eee9e9f568ff45978879ad2ff83146f2618ee8a88278736fbdf5fae931976e:22)
09-10 14:53:12.094 1255 2183 D OneSearchSuggestProvider: at android.os.Handler.handleCallback(Handler.java:959)
09-10 14:53:12.094 1255 2183 D OneSearchSuggestProvider: at android.os.Handler.dispatchMessage(Handler.java:100)
09-10 14:53:12.094 1255 2183 D OneSearchSuggestProvider: at android.os.Looper.loopOnce(Looper.java:232)
09-10 14:53:12.094 1255 2183 D OneSearchSuggestProvider: at android.os.Looper.loop(Looper.java:317)
09-10 14:53:12.094 1255 2183 D OneSearchSuggestProvider: at android.os.HandlerThread.run(HandlerThread.java:85)
09-10 14:53:12.094 1255 2183 D OneSearchSuggestProvider: Caused by: java.util.NoSuchElementException: No value present
09-10 14:53:12.094 1255 2183 D OneSearchSuggestProvider: at java.util.Optional.get(Optional.java:143)
09-10 14:53:12.094 1255 2183 D OneSearchSuggestProvider: at com.google.android.apps.nexuslauncher.allapps.E0.onResult(go/retraceme 31f9979659277bb965985aff1272c33e3c3c9e755b77166d20a2465454178f2c:28)
09-10 14:53:12.094 1255 2183 D OneSearchSuggestProvider: ... 8 more
09-10 14:53:12.097 1255 1255 D NexusLauncherModelDelegate: notifySmartspaceEvent: SmartspaceTargetEvent{mSmartspaceTarget=null, mSmartspaceActionId='null', mEventType=6}
09-10 14:53:12.101 1255 2183 D OneSearchSuggestProvider: Created the binder channel successfully for end point service =com.google.android.apps.search.googleapp.search.suggest.plugins.onesearch.server.OneSearchSuggestService , mChannel=i1{delegate=f{logId=11, target=directaddress:///AndroidComponentAddress%5BIntent%20%7B%20act=grpc.io.action.BIND%20cmp=com.google.android.googlequicksearchbox/com.google.android.apps.search.googleapp.search.suggest.plugins.onesearch.server.OneSearchSuggestService%20%7D%5D}} , mOneSearchConnection=l2.Z@138bbad
09-10 14:53:12.103 583 1151 V SplashScreenExceptionList: SplashScreen checking exception for package org.chromium.content_browsertests_apk (target sdk:35) -> false
09-10 14:53:12.104 583 1151 I ActivityTaskManager: Add Task{e22e81a #11 type=standard A=10208:org.chromium.content_browsertests_apk} to hidden list because adding Task{daf66f1 #12 type=standard A=10208:org.chromium.content_browsertests_apk}
09-10 14:53:12.104 1255 1303 D QuickstepModelDelegate: notifyAppTargetEvent action=1 launchLocation=workspace/0/[-1,-1]/[1,1]
09-10 14:53:12.105 583 1151 I ActivityTaskManager: START u0 {act=android.intent.action.MAIN flg=0x10000000 cmp=org.chromium.content_browsertests_apk/.ContentBrowserTestsActivity (has extras)} with LAUNCH_SINGLE_TASK from uid 10208 (BAL_ALLOW_PERMISSION) result code=0
09-10 14:53:12.108 583 1494 D CompatChangeReporter: Compat change id reported: 309578419; UID 10208; state: ENABLED
09-10 14:53:12.112 992 1092 D SplashScreenView: Build android.window.SplashScreenView{366d5db V.E...... ......ID 0,0-0,0}
09-10 14:53:12.112 992 1092 D SplashScreenView: Icon: view: null drawable: null size: 0
09-10 14:53:12.112 992 1092 D SplashScreenView: Branding: view: android.view.View{a53f878 G.ED..... ......I. 0,0-0,0 #1020503 android:id/splashscreen_branding_view} drawable: null size w: 0 h: 0
09-10 14:53:12.120 583 607 V GrammaticalInflectionUtils: AttributionSource: AttributionSource { uid = 10208, packageName = null, attributionTag = null, token = android.os.Binder@7b78a50, deviceId = 0, next = null } does not have READ_SYSTEM_GRAMMATICAL_GENDER permission.
09-10 14:53:12.123 1255 1255 D BaseDepthController: setSurface:
09-10 14:53:12.123 1255 1255 D BaseDepthController: mWaitingOnSurfaceValidity: false
09-10 14:53:12.123 1255 1255 D BaseDepthController: mSurface: Surface(name=com.google.android.apps.nexuslauncher/com.google.android.apps.nexuslauncher.NexusLauncherActivity)/@0x668f0d3
09-10 14:53:12.123 583 608 W ActivityTaskManager: Unable to send transaction to client proc org.chromium.content_browsertests_apk:test_process: no app thread
09-10 14:53:12.125 4025 4025 I A : (REDACTED) Created gRPC endpoint for service %s
09-10 14:53:12.131 583 601 D CoreBackPreview: Window{58fa8e5 u0 Splash Screen org.chromium.content_browsertests_apk}: Setting back callback OnBackInvokedCallbackInfo{mCallback=android.window.IOnBackInvokedCallback$Stub$Proxy@d6fbdc8, mPriority=0, mIsAnimationCallback=false}
09-10 14:53:12.133 382 382 D Zygote : Forked child process 5547
09-10 14:53:12.146 583 617 I ActivityManager: Start proc 5547:org.chromium.content_browsertests_apk:test_process/u0a208 for next-top-activity {org.chromium.content_browsertests_apk/org.chromium.content_browsertests_apk.ContentBrowserTestsActivity}
09-10 14:53:12.156 5547 5547 I pk:test_process: Using CollectorTypeCMC GC.
09-10 14:53:12.157 5547 5547 W pk:test_process: Unexpected CPU variant for x86: x86_64.
09-10 14:53:12.157 5547 5547 W pk:test_process: Known variants: atom, sandybridge, silvermont, goldmont, goldmont-plus, goldmont-without-sha-xsaves, tremont, kabylake, default
09-10 14:53:12.157 1255 1255 W SplitSelectStateCtor: Missing session instanceIds
09-10 14:53:12.157 1255 1255 D StatsLog: LAUNCHER_SPLIT_SELECTION_EXIT_INTERRUPTED
09-10 14:53:12.161 5547 5547 E pk:test_process: Not starting debugger since process cannot load the jdwp agent.
09-10 14:53:12.167 1255 1255 I TopTaskTracker: onTaskMovedToFront: (moved taskInfo to front) taskId=12, baseIntent=Intent { act=android.intent.action.MAIN flg=0x10000000 cmp=org.chromium.content_browsertests_apk/.ContentBrowserTestsActivity }
09-10 14:53:12.168 5547 5547 D nativeloader: Load libframework-connectivity-tiramisu-jni.so using APEX ns com_android_tethering for caller /apex/com.android.tethering/javalib/framework-connectivity-t.jar: ok
09-10 14:53:12.170 992 1046 D WindowManagerShell: setLauncherKeepClearAreaHeight: visible=false, height=525
09-10 14:53:12.177 1537 1886 I AiAiEcho: Predicting[0]: [CONTEXT sampling_count=5 ]
09-10 14:53:12.177 1537 1886 I AiAiEcho: EchoTargets:
09-10 14:53:12.177 1537 1886 I AiAiEcho: Filtered by AiAi flag check:
09-10 14:53:12.177 1537 1886 I AiAiEcho: [CONTEXT ratelimit_period="10 SECONDS" ]
09-10 14:53:12.178 1537 1886 I AiAiEcho: Ranked targets strategy: SORT, count: 0, ranking metadata: [CONTEXT ratelimit_period="10 SECONDS" ]
09-10 14:53:12.179 1537 1886 I AiAiEcho: #remoteViewsTwiddler: feature disabled.
09-10 14:53:12.179 1537 1886 I AiAiEcho: #postPredictionTargets: Sending updates to UISurface home with targets# 0 (types=[])
09-10 14:53:12.183 1255 1255 D SsBaseTemplateCard: No text view can be set up
09-10 14:53:12.183 1255 1255 D SsBaseTemplateCard: Passed-in item info is null
09-10 14:53:12.183 1255 1255 D SsBaseTemplateCard: Passed-in item info is null
09-10 14:53:12.183 1255 1255 D SsBaseTemplateCard: Passed-in item info is null
09-10 14:53:12.183 1255 1255 I SsBaseTemplateCard: Secondary card pane is null
09-10 14:53:12.188 505 505 W IPCThreadState: Sending oneway calls to frozen process.
09-10 14:53:12.192 5547 5547 D ApplicationLoaders: Returning zygote-cached class loader: /system/framework/android.test.base.jar
09-10 14:53:12.194 5547 5547 D nativeloader: Configuring clns-7 for other apk /system/framework/android.test.mock.jar. target_sdk_version=35, uses_libraries=ALL, library_path=/data/app/~~Qgn2wqEAvH79GiouluTyOA==/org.chromium.content_browsertests_apk-RchFo_8uzwLoY5jHIGStww==/lib/x86_64:/data/app/~~Qgn2wqEAvH79GiouluTyOA==/org.chromium.content_browsertests_apk-RchFo_8uzwLoY5jHIGStww==/base.apk!/lib/x86_64, permitted_path=/data:/mnt/expand:/data/user/0/org.chromium.content_browsertests_apk
09-10 14:53:12.195 5547 5547 D ApplicationLoaders: Returning zygote-cached class loader: /system/framework/android.test.base.jar
09-10 14:53:12.197 5547 5547 D nativeloader: Configuring clns-8 for other apk /system/framework/android.test.runner.jar. target_sdk_version=35, uses_libraries=ALL, library_path=/data/app/~~Qgn2wqEAvH79GiouluTyOA==/org.chromium.content_browsertests_apk-RchFo_8uzwLoY5jHIGStww==/lib/x86_64:/data/app/~~Qgn2wqEAvH79GiouluTyOA==/org.chromium.content_browsertests_apk-RchFo_8uzwLoY5jHIGStww==/base.apk!/lib/x86_64, permitted_path=/data:/mnt/expand:/data/user/0/org.chromium.content_browsertests_apk
09-10 14:53:12.198 5547 5547 D ApplicationLoaders: Returning zygote-cached class loader: /system_ext/framework/androidx.window.extensions.jar
09-10 14:53:12.201 5547 5547 D nativeloader: Configuring clns-9 for other apk /data/app/~~Qgn2wqEAvH79GiouluTyOA==/org.chromium.content_browsertests_apk-RchFo_8uzwLoY5jHIGStww==/base.apk. target_sdk_version=35, uses_libraries=, library_path=/data/app/~~Qgn2wqEAvH79GiouluTyOA==/org.chromium.content_browsertests_apk-RchFo_8uzwLoY5jHIGStww==/lib/x86_64:/data/app/~~Qgn2wqEAvH79GiouluTyOA==/org.chromium.content_browsertests_apk-RchFo_8uzwLoY5jHIGStww==/base.apk!/lib/x86_64, permitted_path=/data:/mnt/expand:/data/user/0/org.chromium.content_browsertests_apk
09-10 14:53:12.201 5547 5547 D CompatChangeReporter: Compat change id reported: 202956589; UID 10208; state: ENABLED
09-10 14:53:12.210 5547 5547 V GraphicsEnvironment: Currently set values for:
09-10 14:53:12.210 5547 5547 V GraphicsEnvironment: angle_gl_driver_selection_pkgs=[]
09-10 14:53:12.210 5547 5547 V GraphicsEnvironment: angle_gl_driver_selection_values=[]
09-10 14:53:12.210 5547 5547 V GraphicsEnvironment: Global.Settings values are invalid: number of packages: 0, number of values: 0
09-10 14:53:12.212 5547 5547 V GraphicsEnvironment: Neither updatable production driver nor prerelease driver is supported.
09-10 14:53:12.218 583 1832 W OptProp : Cannot read opt property android.window.PROPERTY_COMPAT_ENABLE_FAKE_FOCUS
09-10 14:53:12.226 381 5564 I resolv : GetAddrInfoHandler::run: {0 262144 0 983040 10143 0}
09-10 14:53:12.226 992 1020 V WindowManagerShell: onTransitionReady(transaction=2503965934288)
09-10 14:53:12.227 381 5565 I resolv : GetAddrInfoHandler::run: {0 262144 0 983040 10143 0}
09-10 14:53:12.231 992 1046 V WindowManagerShell: onTransitionReady (#21) android.os.BinderProxy@4b96f8c: {id=21 t=CLOSE f=0x0 trk=0 r=[0@Point(0, 0)] c=[{WCT{android.window.IWindowContainerToken$Stub$Proxy@b15c3af} m=OPEN f=MOVE_TO_TOP leash=Surface(name=Task=12)/@0xef95e90 sb=Rect(0, 0 - 1080, 1920) eb=Rect(0, 0 - 1080, 1920) d=0 taskParent=-1},{WCT{android.window.IWindowContainerToken$Stub$Proxy@23dd3bc} m=CLOSE f=NONE leash=Surface(name=Task=11)/@0xe5d5389 sb=Rect(0, 0 - 1080, 1920) eb=Rect(0, 0 - 1080, 1920) d=0 taskParent=-1}]}
09-10 14:53:12.231 992 1046 V WindowManagerShell: Playing animation for (#21) android.os.BinderProxy@4b96f8c@0
09-10 14:53:12.231 992 1046 V WindowManagerShell: try handler com.android.wm.shell.transition.DefaultMixedHandler@f3e5596
09-10 14:53:12.231 992 1046 V WindowManagerShell: try handler com.android.wm.shell.keyguard.KeyguardTransitionHandler@3a25517
09-10 14:53:12.231 992 1046 V WindowManagerShell: try handler com.android.wm.shell.pip.PipTransition@8d56d04
09-10 14:53:12.231 992 1046 V WindowManagerShell: try handler com.android.wm.shell.activityembedding.ActivityEmbeddingController@f2ed2ed
09-10 14:53:12.231 992 1046 V WindowManagerShell: try handler com.android.wm.shell.recents.RecentsTransitionHandler@b823522
09-10 14:53:12.231 992 1046 V ShellRecents: RecentsTransitionHandler.startAnimation: no controller found
09-10 14:53:12.231 992 1046 V WindowManagerShell: try handler com.android.wm.shell.splitscreen.StageCoordinator@ced2bb3
09-10 14:53:12.231 992 1046 V WindowManagerShell: try handler com.android.wm.shell.transition.RemoteTransitionHandler@3be5570
09-10 14:53:12.231 992 1046 V WindowManagerShell: Transition doesn't have explicit remote, search filters for match for {id=21 t=CLOSE f=0x0 trk=0 r=[0@Point(0, 0)] c=[{WCT{android.window.IWindowContainerToken$Stub$Proxy@b15c3af} m=OPEN f=MOVE_TO_TOP leash=Surface(name=Task=12)/@0xef95e90 sb=Rect(0, 0 - 1080, 1920) eb=Rect(0, 0 - 1080, 1920) d=0 taskParent=-1},{WCT{android.window.IWindowContainerToken$Stub$Proxy@23dd3bc} m=CLOSE f=NONE leash=Surface(name=Task=11)/@0xe5d5389 sb=Rect(0, 0 - 1080, 1920) eb=Rect(0, 0 - 1080, 1920) d=0 taskParent=-1}]}
09-10 14:53:12.232 992 1046 V WindowManagerShell: Checking filter Pair{{types=[] flags=0x0] notFlags=0x0 checks=[{atype=undefined independent=true modes=[OPEN,TO_FRONT] flags=IN_TASK_WITH_EMBEDDED_ACTIVITY mustBeTask=false order=ANY topActivity=ComponentInfo{com.google.android.apps.nexuslauncher/com.google.android.apps.nexuslauncher.NexusLauncherActivity} launchCookie=null},{atype=undefined independent=true modes=[CLOSE,TO_BACK] flags=IN_TASK_WITH_EMBEDDED_ACTIVITY mustBeTask=false order=ANY topActivity=null launchCookie=null}]} RemoteTransition { remoteTransition = android.window.IRemoteTransition$Stub$Proxy@dc63f4e, appThread = android.app.IApplicationThread$Stub$Proxy@906e86f, debugName = OverlaySwipeBack }}
09-10 14:53:12.232 992 1046 V WindowManagerShell: Checking filter Pair{{types=[] flags=0x0] notFlags=0x0 checks=[{atype=dream independent=true modes=[OPEN,TO_FRONT] flags=NONE mustBeTask=false order=ANY topActivity=null launchCookie=null},{atype=home independent=true modes=[CLOSE,TO_BACK] flags=NONE mustBeTask=false order=ANY topActivity=null launchCookie=null}]} RemoteTransition { remoteTransition = android.window.IRemoteTransition$Stub$Proxy@79cf97c, appThread = android.app.IApplicationThread$Stub$Proxy@3c23205, debugName = LauncherToDream }}
09-10 14:53:12.232 992 1046 V WindowManagerShell: Checking filter Pair{{types=[] flags=0x0] notFlags=0x100 checks=[{atype=home independent=true modes=[OPEN,TO_FRONT] flags=NONE mustBeTask=false order=TOP topActivity=ComponentInfo{com.google.android.apps.nexuslauncher/com.google.android.apps.nexuslauncher.NexusLauncherActivity} launchCookie=null},{atype=standard independent=true modes=[CLOSE,TO_BACK] flags=NONE mustBeTask=false order=ANY topActivity=null launchCookie=null}]} RemoteTransition { remoteTransition = android.window.IRemoteTransition$Stub$Proxy@9cb025a, appThread = android.app.IApplicationThread$Stub$Proxy@1c39c8b, debugName = QuickstepLaunchHome }}
09-10 14:53:12.232 992 1046 V WindowManagerShell: Delegate animation for (#21) to null
09-10 14:53:12.232 992 1046 V WindowManagerShell: try handler com.android.wm.shell.transition.DefaultTransitionHandler@ab2b0e9
09-10 14:53:12.232 992 1046 V WindowManagerShell: start default transition animation, info = {id=21 t=CLOSE f=0x0 trk=0 r=[0@Point(0, 0)] c=[{WCT{android.window.IWindowContainerToken$Stub$Proxy@b15c3af} m=OPEN f=MOVE_TO_TOP leash=Surface(name=Task=12)/@0xef95e90 sb=Rect(0, 0 - 1080, 1920) eb=Rect(0, 0 - 1080, 1920) d=0 taskParent=-1},{WCT{android.window.IWindowContainerToken$Stub$Proxy@23dd3bc} m=CLOSE f=NONE leash=Surface(name=Task=11)/@0xe5d5389 sb=Rect(0, 0 - 1080, 1920) eb=Rect(0, 0 - 1080, 1920) d=0 taskParent=-1}]}
09-10 14:53:12.232 992 1046 V WindowManagerShell: loadAnimation: anim=android.view.animation.AnimationSet@a3e9f45 animAttr=0xb type=CLOSE isEntrance=false
09-10 14:53:12.234 992 1046 V WindowManagerShell: loadAnimation: anim=android.view.animation.AnimationSet@58f069a animAttr=0xa type=CLOSE isEntrance=true
09-10 14:53:12.235 992 1046 V WindowManagerShell: animated by com.android.wm.shell.transition.DefaultTransitionHandler@ab2b0e9
09-10 14:53:12.238 583 604 V WindowManager: Sent Transition (#21) createdAt=09-10 07:53:12.019 via request=TransitionRequestInfo { type = CLOSE, triggerTask = TaskInfo{userId=0 taskId=11 displayId=0 isRunning=false baseIntent=Intent { act=android.intent.action.MAIN flg=0x10000000 cmp=org.chromium.content_browsertests_apk/.ContentBrowserTestsActivity } baseActivity=null topActivity=null origActivity=null realActivity=ComponentInfo{org.chromium.content_browsertests_apk/org.chromium.content_browsertests_apk.ContentBrowserTestsActivity} numActivities=0 lastActiveTime=228782 supportsMultiWindow=true resizeMode=1 isResizeable=true minWidth=-1 minHeight=-1 defaultMinSize=220 token=WCT{RemoteToken{835510f Task{e22e81a #11 type=standard A=10208:org.chromium.content_browsertests_apk}}} topActivityType=1 pictureInPictureParams=null shouldDockBigOverlays=false launchIntoPipHostTaskId=-1 lastParentTaskIdBeforePip=-1 displayCutoutSafeInsets=null topActivityInfo=null launchCookies=[] positionInParent=Point(0, 0) parentTaskId=-1 isFocused=true isVisible=true isVisibleRequested=true isSleeping=false locusId=null displayAreaFeatureId=1 isTopActivityTransparent=false appCompatTaskInfo=AppCompatTaskInfo { topActivityInSizeCompat=false topActivityEligibleForLetterboxEducation= falseisLetterboxEducationEnabled= false isLetterboxDoubleTapEnabled= false topActivityEligibleForUserAspectRatioButton= false topActivityBoundsLetterboxed= false isFromLetterboxDoubleTap= false topActivityLetterboxVerticalPosition= -1 topActivityLetterboxHorizontalPosition= -1 topActivityLetterboxWidth=-1 topActivityLetterboxHeight=-1 isUserFullscreenOverrideEnabled=false isSystemFullscreenOverrideEnabled=false cameraCompatTaskInfo=CameraCompatTaskInfo { cameraCompatControlState=hidden freeformCameraCompatMode=inactive}}}, pipTask = null, remoteTransition = null, displayChange = null, flags = 0, debugId = 21 }
09-10 14:53:12.238 583 604 V WindowManager: startWCT=WindowContainerTransaction { changes = {} hops = [] errorCallbackToken=null taskFragmentOrganizer=null }
09-10 14:53:12.238 583 604 V WindowManager: info={id=21 t=CLOSE f=0x0 trk=0 r=[0@Point(0, 0)] c=[
09-10 14:53:12.238 583 604 V WindowManager: {WCT{RemoteToken{f55785b Task{daf66f1 #12 type=standard A=10208:org.chromium.content_browsertests_apk}}} m=OPEN f=MOVE_TO_TOP leash=Surface(name=Task=12)/@0x5159555 sb=Rect(0, 0 - 1080, 1920) eb=Rect(0, 0 - 1080, 1920) d=0 taskParent=-1},
09-10 14:53:12.238 583 604 V WindowManager: {WCT{RemoteToken{835510f Task{e22e81a #11 type=standard A=10208:org.chromium.content_browsertests_apk}}} m=CLOSE f=NONE leash=Surface(name=Task=11)/@0xe679cb3 sb=Rect(0, 0 - 1080, 1920) eb=Rect(0, 0 - 1080, 1920) d=0 taskParent=-1}
09-10 14:53:12.238 583 604 V WindowManager: ]}
09-10 14:53:12.239 992 1082 W Looper : Drained
09-10 14:53:12.240 4025 4086 W A : CompleteServer request has failed and can't show offline suggestions.
09-10 14:53:12.240 4025 4086 W A : com.google.frameworks.client.data.android.ac: Http networking stack error
09-10 14:53:12.240 4025 4086 W A : at com.google.frameworks.client.data.android.x.run(PG:36)
09-10 14:53:12.240 4025 4086 W A : at com.google.android.libraries.k.x.run(PG:3)
09-10 14:53:12.240 4025 4086 W A : at com.google.common.n.c.c.run(PG:50)
09-10 14:53:12.240 4025 4086 W A : at com.google.android.libraries.k.e.run(PG:8)
09-10 14:53:12.240 4025 4086 W A : at java.lang.Thread.run(Thread.java:1012)
09-10 14:53:12.240 4025 4086 W A : at com.google.android.libraries.k.d.b.run(PG:74)
09-10 14:53:12.240 4025 4086 W A : Caused by: m.mc: Exception in CronetUrlRequest: net::ERR_INTERNET_DISCONNECTED, ErrorCode=2, InternalErrorCode=-106, Retryable=false
09-10 14:53:12.240 4025 4086 W A : at org.chromium.net.impl.CronetUrlRequest.onError(:com.google.android.gms.dynamite_cronetdynamite@242632041@24.26.32 (190800-0):4)
09-10 14:53:12.240 4025 4086 W A : #getSuggestions failed
09-10 14:53:12.240 4025 4086 W A : com.google.frameworks.client.data.android.ac: Http networking stack error
09-10 14:53:12.240 4025 4086 W A : at com.google.frameworks.client.data.android.x.run(PG:36)
09-10 14:53:12.240 4025 4086 W A : at com.google.android.libraries.k.x.run(PG:3)
09-10 14:53:12.240 4025 4086 W A : at com.google.common.n.c.c.run(PG:50)
09-10 14:53:12.240 4025 4086 W A : at com.google.android.libraries.k.e.run(PG:8)
09-10 14:53:12.240 4025 4086 W A : at java.lang.Thread.run(Thread.java:1012)
09-10 14:53:12.240 4025 4086 W A : at com.google.android.libraries.k.d.b.run(PG:74)
09-10 14:53:12.240 4025 4086 W A : Caused by: m.mc: Exception in CronetUrlRequest: net::ERR_INTERNET_DISCONNECTED, ErrorCode=2, InternalErrorCode=-106, Retryable=false
09-10 14:53:12.240 4025 4086 W A : at org.chromium.net.impl.CronetUrlRequest.onError(:com.google.android.gms.dynamite_cronetdynamite@242632041@24.26.32 (190800-0):4)
09-10 14:53:12.241 583 608 W ActivityTaskManager: Unable to send transaction to client proc org.chromium.content_browsertests_apk:test_process: no app thread
09-10 14:53:12.242 1255 5560 E OneSearchSuggestProvider: Unable to get suggestions from AGA
09-10 14:53:12.242 1255 5560 E OneSearchSuggestProvider: io.grpc.StatusRuntimeException: UNKNOWN
09-10 14:53:12.242 1255 5560 E OneSearchSuggestProvider: at k3.e.a(go/retraceme 31f9979659277bb965985aff1272c33e3c3c9e755b77166d20a2465454178f2c:77)
09-10 14:53:12.242 1255 5560 E OneSearchSuggestProvider: at i3.l.b(go/retraceme 31f9979659277bb965985aff1272c33e3c3c9e755b77166d20a2465454178f2c:43)
09-10 14:53:12.242 1255 5560 E OneSearchSuggestProvider: at i3.l.a(go/retraceme 31f9979659277bb965985aff1272c33e3c3c9e755b77166d20a2465454178f2c:27)
09-10 14:53:12.242 1255 5560 E OneSearchSuggestProvider: at i3.z.run(go/retraceme 31f9979659277bb965985aff1272c33e3c3c9e755b77166d20a2465454178f2c:7)
09-10 14:53:12.242 1255 5560 E OneSearchSuggestProvider: at i3.m2.run(go/retraceme 31f9979659277bb965985aff1272c33e3c3c9e755b77166d20a2465454178f2c:19)
09-10 14:53:12.242 1255 5560 E OneSearchSuggestProvider: at java.util.concurrent.ThreadPoolExecutor.runWorker(ThreadPoolExecutor.java:1145)
09-10 14:53:12.242 1255 5560 E OneSearchSuggestProvider: at java.util.concurrent.ThreadPoolExecutor$Worker.run(ThreadPoolExecutor.java:644)
09-10 14:53:12.242 1255 5560 E OneSearchSuggestProvider: at java.lang.Thread.run(Thread.java:1012)
09-10 14:53:12.245 1255 1255 D SearchTargetUtil: query= size=0
09-10 14:53:12.254 583 1832 W UserManagerService: Requested status bar icon for non-badged user 0
09-10 14:53:12.277 5547 5547 I cr_NativeTest: Extras:
09-10 14:53:12.277 5547 5547 I cr_NativeTest: org.chromium.native_test.NativeTest.GtestFilter
09-10 14:53:12.277 5547 5547 I cr_NativeTest: org.chromium.native_test.NativeTest.StdoutFile
09-10 14:53:12.284 5547 5547 D CompatChangeReporter: Compat change id reported: 279646685; UID 10208; state: ENABLED
09-10 14:53:12.289 5547 5547 D CompatChangeReporter: Compat change id reported: 309578419; UID 10208; state: ENABLED
09-10 14:53:12.298 1515 1803 W MediaProvider: Ignoring param:deletedata post U for external apps
09-10 14:53:12.301 1515 1803 I MediaProvider: Deleted 1 0 0 0 0 0 0 items on external_primary due to org.chromium.content_browsertests_apk
09-10 14:53:12.303 1515 4568 W MediaProvider: Ignoring param:deletedata post U for external apps
09-10 14:53:12.312 1515 4568 I MediaProvider: Deleted 1 0 0 0 0 0 0 items on external_primary due to org.chromium.content_browsertests_apk
09-10 14:53:12.314 1515 1802 W MediaProvider: Ignoring param:deletedata post U for external apps
09-10 14:53:12.316 1515 1802 I MediaProvider: Deleted 1 0 0 0 0 0 0 items on external_primary due to org.chromium.content_browsertests_apk
09-10 14:53:12.320 1515 5202 W MediaProvider: Ignoring param:deletedata post U for external apps
09-10 14:53:12.322 1515 5202 I MediaProvider: Deleted 1 0 0 0 0 0 0 items on external_primary due to org.chromium.content_browsertests_apk
09-10 14:53:12.323 1515 5198 W MediaProvider: Ignoring param:deletedata post U for external apps
09-10 14:53:12.325 1515 5198 I MediaProvider: Deleted 1 0 0 0 0 0 0 items on external_primary due to org.chromium.content_browsertests_apk
09-10 14:53:12.327 1515 1803 W MediaProvider: Ignoring param:deletedata post U for external apps
09-10 14:53:12.330 1515 1803 I MediaProvider: Deleted 1 0 0 0 0 0 0 items on external_primary due to org.chromium.content_browsertests_apk
09-10 14:53:12.333 1515 4876 W MediaProvider: Ignoring param:deletedata post U for external apps
09-10 14:53:12.344 1515 4876 I MediaProvider: Deleted 1 0 0 0 0 0 0 items on external_primary due to org.chromium.content_browsertests_apk
09-10 14:53:12.348 1515 1803 W MediaProvider: Ignoring param:deletedata post U for external apps
09-10 14:53:12.364 1515 1803 I MediaProvider: Deleted 1 0 0 0 0 0 0 items on external_primary due to org.chromium.content_browsertests_apk
09-10 14:53:12.366 1515 2614 W MediaProvider: Ignoring param:deletedata post U for external apps
09-10 14:53:12.376 1515 2614 I MediaProvider: Deleted 1 0 0 0 0 0 0 items on external_primary due to org.chromium.content_browsertests_apk
09-10 14:53:12.379 1515 5199 W MediaProvider: Ignoring param:deletedata post U for external apps
09-10 14:53:12.384 1515 5199 I MediaProvider: Deleted 1 0 0 0 0 0 0 items on external_primary due to org.chromium.content_browsertests_apk
09-10 14:53:12.389 1515 2614 W MediaProvider: Ignoring param:deletedata post U for external apps
09-10 14:53:12.396 1515 2614 I MediaProvider: Deleted 1 0 0 0 0 0 0 items on external_primary due to org.chromium.content_browsertests_apk
09-10 14:53:12.398 1515 4876 W MediaProvider: Ignoring param:deletedata post U for external apps
09-10 14:53:12.400 1515 4876 I MediaProvider: Deleted 1 0 0 0 0 0 0 items on external_primary due to org.chromium.content_browsertests_apk
09-10 14:53:12.405 1515 5197 W MediaProvider: Ignoring param:deletedata post U for external apps
09-10 14:53:12.408 1515 5197 I MediaProvider: Deleted 1 0 0 0 0 0 0 items on external_primary due to org.chromium.content_browsertests_apk
09-10 14:53:12.419 1515 5201 W MediaProvider: Ignoring param:deletedata post U for external apps
09-10 14:53:12.431 1515 5201 I MediaProvider: Deleted 1 0 0 0 0 0 0 items on external_primary due to org.chromium.content_browsertests_apk
09-10 14:53:12.437 1515 5199 W MediaProvider: Ignoring param:deletedata post U for external apps
09-10 14:53:12.439 1515 5199 I MediaProvider: Deleted 1 0 0 0 0 0 0 items on external_primary due to org.chromium.content_browsertests_apk
09-10 14:53:12.449 1515 1803 W MediaProvider: Ignoring param:deletedata post U for external apps
09-10 14:53:12.450 1255 1927 D EGL_emulation: app_time_stats: avg=349.70ms min=2.49ms max=2043.36ms count=6
09-10 14:53:12.452 1515 1803 I MediaProvider: Deleted 1 0 0 0 0 0 0 items on external_primary due to org.chromium.content_browsertests_apk
