09-10 14:53:58.150 992 1046 V WindowManagerShell: Delegate animation for (#34) to null
09-10 14:53:58.150 992 1046 V WindowManagerShell: try handler com.android.wm.shell.transition.DefaultTransitionHandler@ab2b0e9
09-10 14:53:58.150 992 1046 V WindowManagerShell: start default transition animation, info = {id=34 t=CLOSE f=0x0 trk=0 r=[0@Point(0, 0)] c=[{WCT{android.window.IWindowContainerToken$Stub$Proxy@1038ba1} m=OPEN f=MOVE_TO_TOP leash=Surface(name=Task=25)/@0x31c8ffa sb=Rect(0, 0 - 1080, 1920) eb=Rect(0, 0 - 1080, 1920) d=0 taskParent=-1},{WCT{android.window.IWindowContainerToken$Stub$Proxy@293b1c6} m=CLOSE f=NONE leash=Surface(name=Task=24)/@0xc63a9ab sb=Rect(0, 0 - 1080, 1920) eb=Rect(0, 0 - 1080, 1920) d=0 taskParent=-1}]}
09-10 14:53:58.150 992 1046 V WindowManagerShell: loadAnimation: anim=android.view.animation.AnimationSet@e313587 animAttr=0xb type=CLOSE isEntrance=false
09-10 14:53:58.151 992 1046 V WindowManagerShell: loadAnimation: anim=android.view.animation.AnimationSet@6ad1cb4 animAttr=0xa type=CLOSE isEntrance=true
09-10 14:53:58.155 992 1046 V WindowManagerShell: animated by com.android.wm.shell.transition.DefaultTransitionHandler@ab2b0e9
09-10 14:53:58.166 583 604 V WindowManager: Sent Transition (#34) createdAt=09-10 07:53:58.006 via request=TransitionRequestInfo { type = CLOSE, triggerTask = TaskInfo{userId=0 taskId=24 displayId=0 isRunning=false baseIntent=Intent { act=android.intent.action.MAIN flg=0x10000000 cmp=org.chromium.content_browsertests_apk/.ContentBrowserTestsActivity } baseActivity=null topActivity=null origActivity=null realActivity=ComponentInfo{org.chromium.content_browsertests_apk/org.chromium.content_browsertests_apk.ContentBrowserTestsActivity} numActivities=0 lastActiveTime=274981 supportsMultiWindow=true resizeMode=1 isResizeable=true minWidth=-1 minHeight=-1 defaultMinSize=220 token=WCT{RemoteToken{290d3f8 Task{f9dc02d #24 type=standard A=10208:org.chromium.content_browsertests_apk}}} topActivityType=1 pictureInPictureParams=null shouldDockBigOverlays=false launchIntoPipHostTaskId=-1 lastParentTaskIdBeforePip=-1 displayCutoutSafeInsets=null topActivityInfo=null launchCookies=[] positionInParent=Point(0, 0) parentTaskId=-1 isFocused=true isVisible=true isVisibleRequested=true isSleeping=false locusId=null displayAreaFeatureId=1 isTopActivityTransparent=false appCompatTaskInfo=AppCompatTaskInfo { topActivityInSizeCompat=false topActivityEligibleForLetterboxEducation= falseisLetterboxEducationEnabled= false isLetterboxDoubleTapEnabled= false topActivityEligibleForUserAspectRatioButton= false topActivityBoundsLetterboxed= false isFromLetterboxDoubleTap= false topActivityLetterboxVerticalPosition= -1 topActivityLetterboxHorizontalPosition= -1 topActivityLetterboxWidth=-1 topActivityLetterboxHeight=-1 isUserFullscreenOverrideEnabled=false isSystemFullscreenOverrideEnabled=false cameraCompatTaskInfo=CameraCompatTaskInfo { cameraCompatControlState=hidden freeformCameraCompatMode=inactive}}}, pipTask = null, remoteTransition = null, displayChange = null, flags = 0, debugId = 34 }
09-10 14:53:58.166 583 604 V WindowManager: startWCT=WindowContainerTransaction { changes = {} hops = [] errorCallbackToken=null taskFragmentOrganizer=null }
09-10 14:53:58.166 583 604 V WindowManager: info={id=34 t=CLOSE f=0x0 trk=0 r=[0@Point(0, 0)] c=[
09-10 14:53:58.166 583 604 V WindowManager: {WCT{RemoteToken{c978bb4 Task{ffd656d #25 type=standard A=10208:org.chromium.content_browsertests_apk}}} m=OPEN f=MOVE_TO_TOP leash=Surface(name=Task=25)/@0xce6c8c6 sb=Rect(0, 0 - 1080, 1920) eb=Rect(0, 0 - 1080, 1920) d=0 taskParent=-1},
09-10 14:53:58.166 583 604 V WindowManager: {WCT{RemoteToken{290d3f8 Task{f9dc02d #24 type=standard A=10208:org.chromium.content_browsertests_apk}}} m=CLOSE f=NONE leash=Surface(name=Task=24)/@0xff7455 sb=Rect(0, 0 - 1080, 1920) eb=Rect(0, 0 - 1080, 1920) d=0 taskParent=-1}
09-10 14:53:58.166 583 604 V WindowManager: ]}
09-10 14:53:58.179 583 1810 W UserManagerService: Requested status bar icon for non-badged user 0
09-10 14:53:58.210 7511 7511 I cr_NativeTest: Extras:
09-10 14:53:58.211 7511 7511 I cr_NativeTest: org.chromium.native_test.NativeTest.GtestFilter
09-10 14:53:58.211 7511 7511 I cr_NativeTest: org.chromium.native_test.NativeTest.StdoutFile
09-10 14:53:58.215 7511 7511 D CompatChangeReporter: Compat change id reported: 279646685; UID 10208; state: ENABLED
09-10 14:53:58.222 7511 7511 D CompatChangeReporter: Compat change id reported: 309578419; UID 10208; state: ENABLED
09-10 14:53:58.230 1515 5202 W MediaProvider: Ignoring param:deletedata post U for external apps
09-10 14:53:58.233 1515 5202 I MediaProvider: Deleted 1 0 0 0 0 0 0 items on external_primary due to org.chromium.content_browsertests_apk
09-10 14:53:58.235 1515 2614 W MediaProvider: Ignoring param:deletedata post U for external apps
09-10 14:53:58.240 1515 2614 I MediaProvider: Deleted 1 0 0 0 0 0 0 items on external_primary due to org.chromium.content_browsertests_apk
09-10 14:53:58.245 1515 5197 W MediaProvider: Ignoring param:deletedata post U for external apps
09-10 14:53:58.247 1515 5197 I MediaProvider: Deleted 1 0 0 0 0 0 0 items on external_primary due to org.chromium.content_browsertests_apk
09-10 14:53:58.254 1515 1802 W MediaProvider: Ignoring param:deletedata post U for external apps
09-10 14:53:58.256 1515 1802 I MediaProvider: Deleted 1 0 0 0 0 0 0 items on external_primary due to org.chromium.content_browsertests_apk
09-10 14:53:58.257 1515 1802 W MediaProvider: Ignoring param:deletedata post U for external apps
09-10 14:53:58.258 1515 1802 I MediaProvider: Deleted 1 0 0 0 0 0 0 items on external_primary due to org.chromium.content_browsertests_apk
09-10 14:53:58.260 1515 5202 W MediaProvider: Ignoring param:deletedata post U for external apps
09-10 14:53:58.264 1515 5202 I MediaProvider: Deleted 1 0 0 0 0 0 0 items on external_primary due to org.chromium.content_browsertests_apk
09-10 14:53:58.265 1515 5201 W MediaProvider: Ignoring param:deletedata post U for external apps
09-10 14:53:58.266 1515 5201 I MediaProvider: Deleted 1 0 0 0 0 0 0 items on external_primary due to org.chromium.content_browsertests_apk
09-10 14:53:58.267 1515 5199 W MediaProvider: Ignoring param:deletedata post U for external apps
09-10 14:53:58.268 1515 5199 I MediaProvider: Deleted 1 0 0 0 0 0 0 items on external_primary due to org.chromium.content_browsertests_apk
09-10 14:53:58.269 1515 4568 W MediaProvider: Ignoring param:deletedata post U for external apps
09-10 14:53:58.270 1515 4568 I MediaProvider: Deleted 1 0 0 0 0 0 0 items on external_primary due to org.chromium.content_browsertests_apk
09-10 14:53:58.272 1515 5201 W MediaProvider: Ignoring param:deletedata post U for external apps
09-10 14:53:58.274 1515 5201 I MediaProvider: Deleted 1 0 0 0 0 0 0 items on external_primary due to org.chromium.content_browsertests_apk
09-10 14:53:58.275 1515 2614 W MediaProvider: Ignoring param:deletedata post U for external apps
09-10 14:53:58.279 1515 2614 I MediaProvider: Deleted 1 0 0 0 0 0 0 items on external_primary due to org.chromium.content_browsertests_apk
09-10 14:53:58.288 1515 5197 W MediaProvider: Ignoring param:deletedata post U for external apps
09-10 14:53:58.297 1515 5197 I MediaProvider: Deleted 1 0 0 0 0 0 0 items on external_primary due to org.chromium.content_browsertests_apk
09-10 14:53:58.299 1515 4568 W MediaProvider: Ignoring param:deletedata post U for external apps
09-10 14:53:58.301 1515 4568 I MediaProvider: Deleted 1 0 0 0 0 0 0 items on external_primary due to org.chromium.content_browsertests_apk
09-10 14:53:58.303 1515 1803 W MediaProvider: Ignoring param:deletedata post U for external apps
09-10 14:53:58.312 1515 1803 I MediaProvider: Deleted 1 0 0 0 0 0 0 items on external_primary due to org.chromium.content_browsertests_apk
09-10 14:53:58.315 1515 5197 W MediaProvider: Ignoring param:deletedata post U for external apps
09-10 14:53:58.316 1515 5197 I MediaProvider: Deleted 1 0 0 0 0 0 0 items on external_primary due to org.chromium.content_browsertests_apk
09-10 14:53:58.320 1515 5197 W MediaProvider: Ignoring param:deletedata post U for external apps
09-10 14:53:58.328 1515 5197 I MediaProvider: Deleted 1 0 0 0 0 0 0 items on external_primary due to org.chromium.content_browsertests_apk
09-10 14:53:58.330 1515 5199 W MediaProvider: Ignoring param:deletedata post U for external apps
09-10 14:53:58.333 1515 5199 I MediaProvider: Deleted 1 0 0 0 0 0 0 items on external_primary due to org.chromium.content_browsertests_apk
09-10 14:53:58.339 1515 1802 W MediaProvider: Ignoring param:deletedata post U for external apps
09-10 14:53:58.347 1515 1802 I MediaProvider: Deleted 1 0 0 0 0 0 0 items on external_primary due to org.chromium.content_browsertests_apk
09-10 14:53:58.348 1515 5197 W MediaProvider: Ignoring param:deletedata post U for external apps
09-10 14:53:58.355 1515 5197 I MediaProvider: Deleted 1 0 0 0 0 0 0 items on external_primary due to org.chromium.content_browsertests_apk
09-10 14:53:58.357 1255 1927 D EGL_emulation: app_time_stats: avg=432.03ms min=2.22ms max=1702.55ms count=4
09-10 14:53:58.362 1515 5888 W MediaProvider: Ignoring param:deletedata post U for external apps
09-10 14:53:58.365 1515 5888 I MediaProvider: Deleted 1 0 0 0 0 0 0 items on external_primary due to org.chromium.content_browsertests_apk
09-10 14:53:58.377 1515 5202 W MediaProvider: Ignoring param:deletedata post U for external apps
09-10 14:53:58.379 1515 5202 I MediaProvider: Deleted 1 0 0 0 0 0 0 items on external_primary due to org.chromium.content_browsertests_apk
09-10 14:53:58.386 1515 5888 W MediaProvider: Ignoring param:deletedata post U for external apps
09-10 14:53:58.394 1515 5888 I MediaProvider: Deleted 1 0 0 0 0 0 0 items on external_primary due to org.chromium.content_browsertests_apk
09-10 14:53:58.397 1515 5199 W MediaProvider: Ignoring param:deletedata post U for external apps
09-10 14:53:58.413 1515 5199 I MediaProvider: Deleted 1 0 0 0 0 0 0 items on external_primary due to org.chromium.content_browsertests_apk
09-10 14:53:58.428 1515 1802 W MediaProvider: Ignoring param:deletedata post U for external apps
09-10 14:53:58.429 1515 1802 I MediaProvider: Deleted 1 0 0 0 0 0 0 items on external_primary due to org.chromium.content_browsertests_apk
09-10 14:53:58.431 1515 5197 W MediaProvider: Ignoring param:deletedata post U for external apps
09-10 14:53:58.432 1515 5197 I MediaProvider: Deleted 1 0 0 0 0 0 0 items on external_primary due to org.chromium.content_browsertests_apk
09-10 14:53:58.434 1515 5199 W MediaProvider: Ignoring param:deletedata post U for external apps
09-10 14:53:58.438 1515 5199 I MediaProvider: Deleted 1 0 0 0 0 0 0 items on external_primary due to org.chromium.content_browsertests_apk
09-10 14:53:58.450 1515 4876 W MediaProvider: Ignoring param:deletedata post U for external apps
09-10 14:53:58.452 1515 4876 I MediaProvider: Deleted 1 0 0 0 0 0 0 items on external_primary due to org.chromium.content_browsertests_apk
09-10 14:53:58.461 1515 4568 W MediaProvider: Ignoring param:deletedata post U for external apps
09-10 14:53:58.463 1515 4568 I MediaProvider: Deleted 1 0 0 0 0 0 0 items on external_primary due to org.chromium.content_browsertests_apk
09-10 14:53:58.465 1515 5202 W MediaProvider: Ignoring param:deletedata post U for external apps
09-10 14:53:58.487 1515 5202 I MediaProvider: Deleted 1 0 0 0 0 0 0 items on external_primary due to org.chromium.content_browsertests_apk
09-10 14:53:58.492 1515 5201 W MediaProvider: Ignoring param:deletedata post U for external apps
09-10 14:53:58.493 1515 5201 I MediaProvider: Deleted 1 0 0 0 0 0 0 items on external_primary due to org.chromium.content_browsertests_apk
09-10 14:53:58.497 1515 5201 W MediaProvider: Ignoring param:deletedata post U for external apps
09-10 14:53:58.499 1515 5201 I MediaProvider: Deleted 1 0 0 0 0 0 0 items on external_primary due to org.chromium.content_browsertests_apk
09-10 14:53:58.509 1515 5202 W MediaProvider: Ignoring param:deletedata post U for external apps
09-10 14:53:58.511 1515 5202 I MediaProvider: Deleted 1 0 0 0 0 0 0 items on external_primary due to org.chromium.content_browsertests_apk
09-10 14:53:58.519 1515 4568 W MediaProvider: Ignoring param:deletedata post U for external apps
09-10 14:53:58.521 1515 4568 I MediaProvider: Deleted 1 0 0 0 0 0 0 items on external_primary due to org.chromium.content_browsertests_apk
09-10 14:53:58.524 1515 5888 W MediaProvider: Ignoring param:deletedata post U for external apps
09-10 14:53:58.531 1515 5888 I MediaProvider: Deleted 1 0 0 0 0 0 0 items on external_primary due to org.chromium.content_browsertests_apk
09-10 14:53:58.532 1515 5201 W MediaProvider: Ignoring param:deletedata post U for external apps
09-10 14:53:58.538 1515 5201 I MediaProvider: Deleted 1 0 0 0 0 0 0 items on external_primary due to org.chromium.content_browsertests_apk
09-10 14:53:58.540 1515 1803 W MediaProvider: Ignoring param:deletedata post U for external apps
09-10 14:53:58.541 1515 1803 I MediaProvider: Deleted 1 0 0 0 0 0 0 items on external_primary due to org.chromium.content_browsertests_apk
09-10 14:53:58.543 1515 5202 W MediaProvider: Ignoring param:deletedata post U for external apps
09-10 14:53:58.544 1515 5202 I MediaProvider: Deleted 1 0 0 0 0 0 0 items on external_primary due to org.chromium.content_browsertests_apk
09-10 14:53:58.548 1515 5197 W MediaProvider: Ignoring param:deletedata post U for external apps
09-10 14:53:58.550 1515 5197 I MediaProvider: Deleted 1 0 0 0 0 0 0 items on external_primary due to org.chromium.content_browsertests_apk
09-10 14:53:58.555 1515 4568 W MediaProvider: Ignoring param:deletedata post U for external apps
09-10 14:53:58.558 1515 4568 I MediaProvider: Deleted 1 0 0 0 0 0 0 items on external_primary due to org.chromium.content_browsertests_apk
09-10 14:53:58.561 1515 5888 W MediaProvider: Ignoring param:deletedata post U for external apps
09-10 14:53:58.579 1515 5888 I MediaProvider: Deleted 1 0 0 0 0 0 0 items on external_primary due to org.chromium.content_browsertests_apk
09-10 14:53:58.581 1515 5201 W MediaProvider: Ignoring param:deletedata post U for external apps
09-10 14:53:58.583 1515 5201 I MediaProvider: Deleted 1 0 0 0 0 0 0 items on external_primary due to org.chromium.content_browsertests_apk
09-10 14:53:58.584 1515 1803 W MediaProvider: Ignoring param:deletedata post U for external apps
09-10 14:53:58.594 1515 1803 I MediaProvider: Deleted 1 0 0 0 0 0 0 items on external_primary due to org.chromium.content_browsertests_apk
09-10 14:53:58.597 1515 1803 W MediaProvider: Ignoring param:deletedata post U for external apps
09-10 14:53:58.600 1515 1803 I MediaProvider: Deleted 1 0 0 0 0 0 0 items on external_primary due to org.chromium.content_browsertests_apk
09-10 14:53:58.605 1515 5202 W MediaProvider: Ignoring param:deletedata post U for external apps
09-10 14:53:58.609 1515 5202 I MediaProvider: Deleted 1 0 0 0 0 0 0 items on external_primary due to org.chromium.content_browsertests_apk
09-10 14:53:58.610 1515 5199 W MediaProvider: Ignoring param:deletedata post U for external apps
09-10 14:53:58.620 1515 5199 I MediaProvider: Deleted 1 0 0 0 0 0 0 items on external_primary due to org.chromium.content_browsertests_apk
09-10 14:53:58.622 1515 4876 W MediaProvider: Ignoring param:deletedata post U for external apps
09-10 14:53:58.628 1515 4876 I MediaProvider: Deleted 1 0 0 0 0 0 0 items on external_primary due to org.chromium.content_browsertests_apk
09-10 14:53:58.630 1515 5202 W MediaProvider: Ignoring param:deletedata post U for external apps
09-10 14:53:58.632 1515 5202 I MediaProvider: Deleted 1 0 0 0 0 0 0 items on external_primary due to org.chromium.content_browsertests_apk
09-10 14:53:58.638 7511 7511 D nativeloader: Load /data/app/~~Qgn2wqEAvH79GiouluTyOA==/org.chromium.content_browsertests_apk-RchFo_8uzwLoY5jHIGStww==/lib/x86_64/libtest_trace_processor.so using ns clns-9 from class loader (caller=/data/app/~~Qgn2wqEAvH79GiouluTyOA==/org.chromium.content_browsertests_apk-RchFo_8uzwLoY5jHIGStww==/base.apk): ok
09-10 14:53:58.666 992 1046 V WindowManagerShell: Transition animation finished (aborted=false), notifying core (#34) android.os.BinderProxy@f95716@0
09-10 14:53:58.668 583 604 V WindowManager: Finish Transition (#34): created at
09-10 07:53:58.006 collect-started=0.133ms request-sent=0.365ms started=4.455ms ready=138.547ms sent=141.04ms finished=661.296ms
09-10 14:53:58.669 583 1810 E IPCThreadState: Binder transaction failure. id: 402880, BR_*: 29189, error: -22 (Invalid argument)
09-10 14:53:58.669 583 1810 W ActivityManager: pid 583 system sent binder code 7 with flags 1 to frozen apps and got error -32
09-10 14:53:58.670 583 1810 D ActivityManager: Too many transaction errors, throttling freezer binder callback.
09-10 14:53:58.674 583 1810 W WindowManager: Exception thrown during dispatchAppVisibility Window{db99ca u0 org.chromium.content_browsertests_apk/org.chromium.content_browsertests_apk.ContentBrowserTestsActivity EXITING}
09-10 14:53:58.674 583 1810 W WindowManager: android.os.DeadObjectException
09-10 14:53:58.674 583 1810 W WindowManager: at android.os.BinderProxy.transactNative(Native Method)
09-10 14:53:58.674 583 1810 W WindowManager: at android.os.BinderProxy.transact(BinderProxy.java:586)
09-10 14:53:58.674 583 1810 W WindowManager: at android.view.IWindow$Stub$Proxy.dispatchAppVisibility(IWindow.java:553)
09-10 14:53:58.674 583 1810 W WindowManager: at com.android.server.wm.WindowState.sendAppVisibilityToClients(WindowState.java:3253)
09-10 14:53:58.674 583 1810 W WindowManager: at com.android.server.wm.WindowContainer.sendAppVisibilityToClients(WindowContainer.java:1289)
09-10 14:53:58.674 583 1810 W WindowManager: at com.android.server.wm.WindowToken.setClientVisible(WindowToken.java:403)
09-10 14:53:58.674 583 1810 W WindowManager: at com.android.server.wm.ActivityRecord.setClientVisible(ActivityRecord.java:7166)
09-10 14:53:58.674 583 1810 W WindowManager: at com.android.server.wm.ActivityRecord.postApplyAnimation(ActivityRecord.java:5881)
09-10 14:53:58.674 583 1810 W WindowManager: at com.android.server.wm.ActivityRecord.commitVisibility(ActivityRecord.java:5823)
09-10 14:53:58.674 583 1810 W WindowManager: at com.android.server.wm.Transition.finishTransition(Transition.java:1286)
09-10 14:53:58.674 583 1810 W WindowManager: at com.android.server.wm.TransitionController.finishTransition(TransitionController.java:937)
09-10 14:53:58.674 583 1810 W WindowManager: at com.android.server.wm.WindowOrganizerController.finishTransition(WindowOrganizerController.java:494)
09-10 14:53:58.674 583 1810 W WindowManager: at android.window.IWindowOrganizerController$Stub.onTransact(IWindowOrganizerController.java:289)
09-10 14:53:58.674 583 1810 W WindowManager: at com.android.server.wm.WindowOrganizerController.onTransact(WindowOrganizerController.java:204)
09-10 14:53:58.674 583 1810 W WindowManager: at android.os.Binder.execTransactInternal(Binder.java:1505)
09-10 14:53:58.674 583 1810 W WindowManager: at android.os.Binder.execTransact(Binder.java:1444)
09-10 14:53:58.674 583 1810 W Process : Unable to open /proc/7366/status
09-10 14:53:58.686 992 1046 V WindowManagerShell: Track 0 became idle
09-10 14:53:58.687 992 1046 V WindowManagerShell: All active transition animations finished
09-10 14:53:58.693 1255 1255 I TopTaskTracker: onTaskRemoved: taskId=24
09-10 14:53:58.693 1255 1255 I TopTaskTracker: onTaskRemoved: taskId=24
09-10 14:53:58.694 583 1810 W UserManagerService: Requested status bar icon for non-badged user 0
09-10 14:53:58.695 583 1810 W UserManagerService: Requested status bar icon for non-badged user 0
09-10 14:53:58.697 7511 7511 D nativeloader: Load /data/app/~~Qgn2wqEAvH79GiouluTyOA==/org.chromium.content_browsertests_apk-RchFo_8uzwLoY5jHIGStww==/lib/x86_64/libcontent_browsertests__library.so using ns clns-9 from class loader (caller=/data/app/~~Qgn2wqEAvH79GiouluTyOA==/org.chromium.content_browsertests_apk-RchFo_8uzwLoY5jHIGStww==/base.apk): ok
09-10 14:53:58.701 7511 7511 I cr_LibraryLoader: Successfully loaded native library
09-10 14:53:58.701 7511 7511 I cr_CachingUmaRecorder: Flushed 2 samples from 2 histograms, 0 samples were dropped.
09-10 14:53:58.712 992 1139 D EGL_emulation: app_time_stats: avg=247.32ms min=6.43ms max=1864.59ms count=8
09-10 14:53:58.714 453 453 E BpTransactionCompletedListener: Failed to transact (-32)
09-10 14:53:58.740 7511 7511 W HWUI : Unknown dataspace 0
09-10 14:53:58.749 583 1810 D CoreBackPreview: Window{81dca05 u0 org.chromium.content_browsertests_apk/org.chromium.content_browsertests_apk.ContentBrowserTestsActivity}: Setting back callback OnBackInvokedCallbackInfo{mCallback=android.window.IOnBackInvokedCallback$Stub$Proxy@4c4f48b, mPriority=0, mIsAnimationCallback=false}
09-10 14:53:58.764 7511 7525 I EGL_emulation: Opening libGLESv1_CM_emulation.so
09-10 14:53:58.764 7511 7525 I EGL_emulation: Opening libGLESv2_emulation.so
09-10 14:53:58.780 7511 7525 W HWUI : Failed to initialize 101010-2 format, error = EGL_SUCCESS
09-10 14:53:59.112 0 0 I servicemanager: Caller(pid=7511,uid=10208,sid=u:r:untrusted_app:s0:c208,c256,c512,c768) Could not find android.hardware.graphics.allocator.IAllocator/default in the VINTF manifest. No alternative instances declared in VINTF.
09-10 14:53:58.818 164 164 I hwservicemanager: getTransport: Cannot find entry android.hardware.graphics.mapper@4.0::IMapper/default in either framework or device VINTF manifest.
09-10 14:53:58.818 7511 7525 I Gralloc4: mapper 4.x is not supported
09-10 14:53:58.891 583 679 W IPCThreadState: Sending oneway calls to frozen process.
09-10 14:53:59.272 7511 7511 I chromium: Redirecting stdout to file: /sdcard/Download/temp_file-8c9235bba0aea.gtest_out
09-10 14:53:59.288 583 604 I ActivityTaskManager: Displayed org.chromium.content_browsertests_apk/.ContentBrowserTestsActivity for user 0: +1s228ms
09-10 14:53:59.425 1515 1802 W MediaProvider: isAppCloneUserPair for user 0: false
09-10 14:53:59.434 7511 7511 W chromium: [7511:7511:0910/145359.434322:WARNING:field_trial_util.cc(109)] Field trial config study skipped: AllowDatapipeDrainedAsBytesConsumerInBFCache.Enabled (some of its features are already overridden)
09-10 14:53:59.435 7511 7511 W chromium: [7511:7511:0910/145359.435609:WARNING:field_trial_util.cc(109)] Field trial config study skipped: BFCachePerformanceManagerPolicy.EnabledPolicy_CacheSize6_20230525 (some of its features are already overridden)
09-10 14:53:59.435 7511 7511 W chromium: [7511:7511:0910/145359.435725:WARNING:field_trial_util.cc(109)] Field trial config study skipped: BackForwardCacheMemoryControls.Enabled (some of its features are already overridden)
09-10 14:53:59.435 7511 7511 W chromium: [7511:7511:0910/145359.435767:WARNING:field_trial_util.cc(109)] Field trial config study skipped: BackForwardCacheNotRestoredReasons.Enabled (some of its features are already overridden)
09-10 14:53:59.438 7511 7511 W chromium: [7511:7511:0910/145359.438600:WARNING:field_trial_util.cc(109)] Field trial config study skipped: PlzDedicatedWorker.Enabled (some of its features are already overridden)
09-10 14:53:59.445 1515 1803 W MediaProvider: isAppCloneUserPair for user 0: false
09-10 14:53:59.466 7511 7542 W chromium: [7511:7542:0910/145359.466078:WARNING:dns_config_service_android.cc(81)] Failed to read DnsConfig.
09-10 14:53:59.500 1515 5202 W MediaProvider: isAppCloneUserPair for user 0: false
09-10 14:53:59.528 1515 4876 W MediaProvider: isAppCloneUserPair for user 0: false
09-10 14:53:59.528 1515 1803 W MediaProvider: isAppCloneUserPair for user 0: false
09-10 14:53:59.542 1515 4568 W MediaProvider: isAppCloneUserPair for user 0: false
09-10 14:53:59.548 7511 7511 D CompatChangeReporter: Compat change id reported: 63938206; UID 10208; state: ENABLED
09-10 14:53:59.558 7511 7511 D CompatChangeReporter: Compat change id reported: 303326708; UID 10208; state: ENABLED
09-10 14:53:59.575 583 1810 D ConnectivityService: requestNetwork for uid/pid:10208/7511 activeRequest: null callbackRequest: 202 [NetworkRequest [ REQUEST id=203, [ Capabilities: INTERNET&NOT_RESTRICTED&TRUSTED&NOT_VCN_MANAGED&NOT_BANDWIDTH_CONSTRAINED Uid: 10208 RequestorUid: 10208 RequestorPkg: org.chromium.content_browsertests_apk UnderlyingNetworks: Null] ]] callback flags: 0 order: 2147483647 isUidTracked: false
09-10 14:53:59.583 583 910 D OemPaidWifiNetworkFactory: got request NetworkRequest [ REQUEST id=203, [ Capabilities: INTERNET&NOT_RESTRICTED&TRUSTED&NOT_VCN_MANAGED&NOT_BANDWIDTH_CONSTRAINED Uid: 10208 RequestorUid: 10208 RequestorPkg: org.chromium.content_browsertests_apk UnderlyingNetworks: Null] ]
09-10 14:53:59.583 583 910 D MultiInternetWifiNetworkFactory: got request NetworkRequest [ REQUEST id=203, [ Capabilities: INTERNET&NOT_RESTRICTED&TRUSTED&NOT_VCN_MANAGED&NOT_BANDWIDTH_CONSTRAINED Uid: 10208 RequestorUid: 10208 RequestorPkg: org.chromium.content_browsertests_apk UnderlyingNetworks: Null] ]
09-10 14:53:59.583 583 910 D WifiNetworkFactory: got request NetworkRequest [ REQUEST id=203, [ Capabilities: INTERNET&NOT_RESTRICTED&TRUSTED&NOT_VCN_MANAGED&NOT_BANDWIDTH_CONSTRAINED Uid: 10208 RequestorUid: 10208 RequestorPkg: org.chromium.content_browsertests_apk UnderlyingNetworks: Null] ]
09-10 14:53:59.583 583 910 D UntrustedWifiNetworkFactory: got request NetworkRequest [ REQUEST id=203, [ Capabilities: INTERNET&NOT_RESTRICTED&TRUSTED&NOT_VCN_MANAGED&NOT_BANDWIDTH_CONSTRAINED Uid: 10208 RequestorUid: 10208 RequestorPkg: org.chromium.content_browsertests_apk UnderlyingNetworks: Null] ]
09-10 14:53:59.588 1515 1802 W MediaProvider: isAppCloneUserPair for user 0: false
09-10 14:53:59.590 583 917 D ConnectivityService: NetReassign [no changes] [c 1] [a 0] [i 13]
09-10 14:53:59.591 583 917 D ConnectivityService: NetReassign [no changes] [c 0] [a 0] [i 0]
09-10 14:53:59.605 583 726 I ImeTracker: org.chromium.content_browsertests_apk:a0161cc: onRequestHide at ORIGIN_SERVER reason HIDE_UNSPECIFIED_WINDOW fromUser false
09-10 14:53:59.605 583 726 I ImeTracker: org.chromium.content_browsertests_apk:a0161cc: onCancelled at PHASE_SERVER_SHOULD_HIDE
09-10 14:53:59.611 7511 7511 D AutofillManager: notifyViewReadyInner:1073741824
09-10 14:53:59.615 1515 5197 W MediaProvider: isAppCloneUserPair for user 0: false
09-10 14:53:59.621 1515 4568 W MediaProvider: isAppCloneUserPair for user 0: false
09-10 14:53:59.622 583 1810 I Telecom : TelecomServiceImpl$1: isInEmergencyCall: false: TSI.iIEC@ARo🔒
09-10 14:53:59.631 3955 3955 I GoogleInputMethodService: GoogleInputMethodService.onFinishInput():3157
09-10 14:53:59.636 583 1122 V GrammaticalInflectionUtils: AttributionSource: AttributionSource { uid = 10208, packageName = null, attributionTag = null, token = android.os.Binder@7b78a50, deviceId = 0, next = null } does not have READ_SYSTEM_GRAMMATICAL_GENDER permission.
09-10 14:53:59.637 3955 3955 I GoogleInputMethodService: GoogleInputMethodService.updateDeviceLockedStatus():2248 repeatCheckTimes = 0, locked = false
09-10 14:53:59.638 3955 3955 I GoogleInputMethodService: GoogleInputMethodService.onStartInput():1986 onStartInput(EditorInfo{EditorInfo{packageName=org.chromium.content_browsertests_apk, inputType=0, inputTypeString=NULL, enableLearning=false, autoCorrection=false, autoComplete=false, imeOptions=12000000, privateImeOptions=null, actionName=UNSPECIFIED, actionLabel=null, initialSelStart=-1, initialSelEnd=-1, initialCapsMode=0, label=null, fieldId=0, fieldName=null, extras=null, hintText=null, hintLocales=[]}}, false)
09-10 14:53:59.638 3955 3955 I GoogleInputMethodService: GoogleInputMethodService.updateDeviceLockedStatus():2248 repeatCheckTimes = 1, locked = false
09-10 14:53:59.638 3955 3955 I AndroidIME: InputBundleManager.loadActiveInputBundleId():450 loadActiveInputBundleId: und-Latn-x-password, password
09-10 14:53:59.640 505 505 W IPCThreadState: Sending oneway calls to frozen process.
09-10 14:53:59.641 1515 1552 W FuseDaemon: Suspending all threads took: 45.751ms
09-10 14:53:59.656 381 381 I netd : tetherGetStats() -> {[]} <3.97ms>
09-10 14:53:59.662 1515 2614 W MediaProvider: isAppCloneUserPair for user 0: false
09-10 14:53:59.666 583 1816 W PackageConfigPersister: App-specific configuration not found for packageName: org.chromium.content_browsertests_apk and userId: 0
09-10 14:53:59.666 1515 1552 I FuseDaemon: Background concurrent mark compact GC freed 3356KB AllocSpace bytes, 0(0B) LOS objects, 49% free, 3435KB/6871KB, paused 46.462ms,1.048ms total 124.896ms
09-10 14:53:59.666 3955 3955 W NotificationCenter: NotificationCenter$ListenerData.notifyOnExecutor():672 Heavy notify work detected on UI thread: |kga->jjc| takes 28ms
09-10 14:53:59.673 992 1091 W WindowOnBackDispatcher: sendCancelIfRunning: isInProgress=false callback=android.view.ViewRootImpl$$ExternalSyntheticLambda11@4563869
09-10 14:53:59.674 583 1816 W InputManager-JNI: Input channel object 'a1f69ee Splash Screen org.chromium.content_browsertests_apk (client)' was disposed without first being removed with the input manager!
09-10 14:53:59.675 583 679 D CoreBackPreview: Window{a1f69ee u0 Splash Screen org.chromium.content_browsertests_apk EXITING}: Setting back callback null
09-10 14:53:59.677 382 382 D Zygote : Forked child process 7551
09-10 14:53:59.694 583 617 I ActivityManager: Start proc 7551:org.chromium.content_browsertests_apk:privileged_process0/u0a208 for service {org.chromium.content_browsertests_apk/org.chromium.content.app.PrivilegedProcessService0}
09-10 14:53:59.676 7511 7511 W ThreadPoolForeg: type=1400 audit(0.0:60): avc: denied { ioctl } for path=2F73746F726167652F656D756C617465642F302F6368726F6D69756D5F74657374735F726F6F742F636F6E74656E745F7368656C6C2F5368617265642044696374696F6E6172792F6462 dev="fuse" ino=148199 ioctlcmd=0xf50c scontext=u:r:untrusted_app:s0:c208,c256,c512,c768 tcontext=u:object_r:fuse:s0 tclass=file permissive=0 app=org.chromium.content_browsertests_apk
09-10 14:53:59.698 1515 5199 W MediaProvider: isAppCloneUserPair for user 0: false
09-10 14:53:59.709 1255 1927 D EGL_emulation: app_time_stats: avg=164.18ms min=3.87ms max=1231.64ms count=8
09-10 14:53:59.716 583 617 W ActivityManager: Slow operation: 52ms so far, now at startProcess: done updating pids map
09-10 14:53:59.722 992 1091 W FrameTracker: Missed App frame:JANK_APP_DEADLINE_MISSED, 46727, 0, CUJ=J<SPLASHSCREEN_EXIT_ANIM>
09-10 14:53:59.722 992 1091 W FrameTracker: Missing HWUI jank callback for vsyncId: 46727, CUJ=J<SPLASHSCREEN_EXIT_ANIM>
09-10 14:53:59.722 992 1091 W FrameTracker: Missed App frame:UNKNOWN: 74, 46749, 0, CUJ=J<SPLASHSCREEN_EXIT_ANIM>
09-10 14:53:59.723 992 1091 W FrameTracker: Missed SF frame:UNKNOWN: 74, 46749, 0, CUJ=J<SPLASHSCREEN_EXIT_ANIM>
09-10 14:53:59.723 992 1091 W FrameTracker: Missing HWUI jank callback for vsyncId: 46749, CUJ=J<SPLASHSCREEN_EXIT_ANIM>
09-10 14:53:59.723 992 1091 W FrameTracker: Missed App frame:UNKNOWN: 72, 46764, 67878238, CUJ=J<SPLASHSCREEN_EXIT_ANIM>
09-10 14:53:59.723 992 1091 W FrameTracker: Missed App frame:UNKNOWN: 88, 46779, 0, CUJ=J<SPLASHSCREEN_EXIT_ANIM>
09-10 14:53:59.723 992 1091 W FrameTracker: Missed SF frame:UNKNOWN: 88, 46779, 0, CUJ=J<SPLASHSCREEN_EXIT_ANIM>
09-10 14:53:59.723 992 1091 W FrameTracker: Missing HWUI jank callback for vsyncId: 46779, CUJ=J<SPLASHSCREEN_EXIT_ANIM>
09-10 14:53:59.723 992 1091 W FrameTracker: Missed App frame:UNKNOWN: 74, 46801, 0, CUJ=J<SPLASHSCREEN_EXIT_ANIM>
09-10 14:53:59.723 992 1091 W FrameTracker: Missed SF frame:UNKNOWN: 74, 46801, 0, CUJ=J<SPLASHSCREEN_EXIT_ANIM>
09-10 14:53:59.723 992 1091 W FrameTracker: Missing HWUI jank callback for vsyncId: 46801, CUJ=J<SPLASHSCREEN_EXIT_ANIM>
09-10 14:53:59.723 992 1091 W FrameTracker: Missed App frame:UNKNOWN: 74, 46823, 84982134, CUJ=J<SPLASHSCREEN_EXIT_ANIM>
09-10 14:53:59.723 992 1091 W FrameTracker: Missed SF frame:UNKNOWN: 74, 46823, 84982134, CUJ=J<SPLASHSCREEN_EXIT_ANIM>
09-10 14:53:59.723 992 1091 W FrameTracker: Missed App frame:UNKNOWN: 88, 46838, 116915587, CUJ=J<SPLASHSCREEN_EXIT_ANIM>
09-10 14:53:59.723 992 1091 W FrameTracker: Missed SF frame:UNKNOWN: 88, 46838, 116915587, CUJ=J<SPLASHSCREEN_EXIT_ANIM>
09-10 14:53:59.723 992 1091 W FrameTracker: Missed SF frame:UNKNOWN: 66, 46860, 0, CUJ=J<SPLASHSCREEN_EXIT_ANIM>
09-10 14:53:59.723 992 1091 W FrameTracker: Missing HWUI jank callback for vsyncId: 46860, CUJ=J<SPLASHSCREEN_EXIT_ANIM>
09-10 14:53:59.723 992 1091 W FrameTracker: Missed App frame:UNKNOWN: 74, 46882, 99238515, CUJ=J<SPLASHSCREEN_EXIT_ANIM>
09-10 14:53:59.723 992 1091 W FrameTracker: Missed SF frame:UNKNOWN: 74, 46882, 99238515, CUJ=J<SPLASHSCREEN_EXIT_ANIM>
09-10 14:53:59.724 992 1067 V PerfettoTrigger: Not triggering com.android.telemetry.interaction-jank-monitor-39 - not enough time since last trigger
09-10 14:53:59.741 1515 5201 W MediaProvider: isAppCloneUserPair for user 0: false
09-10 14:53:59.746 7551 7551 I ileged_process0: Using CollectorTypeCMC GC.
09-10 14:53:59.760 7551 7551 W ileged_process0: Unexpected CPU variant for x86: x86_64.
09-10 14:53:59.760 7551 7551 W ileged_process0: Known variants: atom, sandybridge, silvermont, goldmont, goldmont-plus, goldmont-without-sha-xsaves, tremont, kabylake, default
09-10 14:53:59.778 1515 1803 W MediaProvider: isAppCloneUserPair for user 0: false
09-10 14:53:59.784 7551 7551 E ileged_process0: Not starting debugger since process cannot load the jdwp agent.
09-10 14:53:59.789 1515 4876 W MediaProvider: isAppCloneUserPair for user 0: false
09-10 14:53:59.811 7551 7551 D nativeloader: Load libframework-connectivity-tiramisu-jni.so using APEX ns com_android_tethering for caller /apex/com.android.tethering/javalib/framework-connectivity-t.jar: ok
09-10 14:53:59.821 1515 5201 W MediaProvider: isAppCloneUserPair for user 0: false
09-10 14:53:59.859 1515 5888 W MediaProvider: isAppCloneUserPair for user 0: false
09-10 14:53:59.871 1515 4876 W MediaProvider: isAppCloneUserPair for user 0: false
09-10 14:53:59.895 7551 7551 D ApplicationLoaders: Returning zygote-cached class loader: /system/framework/android.test.base.jar
09-10 14:53:59.903 7551 7551 D nativeloader: Configuring clns-7 for other apk /system/framework/android.test.mock.jar. target_sdk_version=35, uses_libraries=ALL, library_path=/data/app/~~Qgn2wqEAvH79GiouluTyOA==/org.chromium.content_browsertests_apk-RchFo_8uzwLoY5jHIGStww==/lib/x86_64:/data/app/~~Qgn2wqEAvH79GiouluTyOA==/org.chromium.content_browsertests_apk-RchFo_8uzwLoY5jHIGStww==/base.apk!/lib/x86_64, permitted_path=/data:/mnt/expand:/data/user/0/org.chromium.content_browsertests_apk
09-10 14:53:59.908 7551 7551 D ApplicationLoaders: Returning zygote-cached class loader: /system/framework/android.test.base.jar
09-10 14:53:59.909 7551 7551 D nativeloader: Configuring clns-8 for other apk /system/framework/android.test.runner.jar. target_sdk_version=35, uses_libraries=ALL, library_path=/data/app/~~Qgn2wqEAvH79GiouluTyOA==/org.chromium.content_browsertests_apk-RchFo_8uzwLoY5jHIGStww==/lib/x86_64:/data/app/~~Qgn2wqEAvH79GiouluTyOA==/org.chromium.content_browsertests_apk-RchFo_8uzwLoY5jHIGStww==/base.apk!/lib/x86_64, permitted_path=/data:/mnt/expand:/data/user/0/org.chromium.content_browsertests_apk
09-10 14:53:59.910 7551 7551 D ApplicationLoaders: Returning zygote-cached class loader: /system_ext/framework/androidx.window.extensions.jar
09-10 14:53:59.913 7551 7551 D nativeloader: Configuring clns-9 for other apk /data/app/~~Qgn2wqEAvH79GiouluTyOA==/org.chromium.content_browsertests_apk-RchFo_8uzwLoY5jHIGStww==/base.apk. target_sdk_version=35, uses_libraries=, library_path=/data/app/~~Qgn2wqEAvH79GiouluTyOA==/org.chromium.content_browsertests_apk-RchFo_8uzwLoY5jHIGStww==/lib/x86_64:/data/app/~~Qgn2wqEAvH79GiouluTyOA==/org.chromium.content_browsertests_apk-RchFo_8uzwLoY5jHIGStww==/base.apk!/lib/x86_64, permitted_path=/data:/mnt/expand:/data/user/0/org.chromium.content_browsertests_apk
09-10 14:53:59.914 7551 7551 D CompatChangeReporter: Compat change id reported: 202956589; UID 10208; state: ENABLED
09-10 14:53:59.916 1515 4876 W MediaProvider: isAppCloneUserPair for user 0: false
09-10 14:53:59.935 1515 4876 W MediaProvider: isAppCloneUserPair for user 0: false
09-10 14:53:59.938 992 1139 D EGL_emulation: app_time_stats: avg=119.09ms min=8.06ms max=1030.92ms count=10
09-10 14:53:59.940 7511 7511 I WindowExtensionsImpl: Initializing Window Extensions, vendor API level=6, activity embedding enabled=true
09-10 14:53:59.940 1515 5202 W MediaProvider: isAppCloneUserPair for user 0: false
09-10 14:53:59.941 1515 5888 W MediaProvider: isAppCloneUserPair for user 0: false
09-10 14:53:59.944 7551 7551 V GraphicsEnvironment: Currently set values for:
09-10 14:53:59.944 7551 7551 V GraphicsEnvironment: angle_gl_driver_selection_pkgs=[]
09-10 14:53:59.944 7551 7551 V GraphicsEnvironment: angle_gl_driver_selection_values=[]
09-10 14:53:59.944 7551 7551 V GraphicsEnvironment: Global.Settings values are invalid: number of packages: 0, number of values: 0
09-10 14:53:59.944 7551 7551 V GraphicsEnvironment: Neither updatable production driver nor prerelease driver is supported.
09-10 14:53:59.947 7511 7544 W cr_media: BLUETOOTH_CONNECT permission is missing.
09-10 14:53:59.948 1515 1803 W MediaProvider: isAppCloneUserPair for user 0: false
09-10 14:53:59.949 1515 5199 W MediaProvider: isAppCloneUserPair for user 0: false
09-10 14:53:59.968 7551 7551 I cr_ChildProcessService: Creating new ChildProcessService pid=7551
09-10 14:53:59.970 7511 7544 W cr_media: getBluetoothAdapter() requires BLUETOOTH permission
09-10 14:53:59.971 583 1832 V GrammaticalInflectionUtils: AttributionSource: AttributionSource { uid = 99047, packageName = null, attributionTag = null, token = android.os.Binder@7b78a50, deviceId = 0, next = null } does not have READ_SYSTEM_GRAMMATICAL_GENDER permission.
09-10 14:53:59.971 7511 7544 W cr_media: registerBluetoothIntentsIfNeeded: Requires BLUETOOTH permission
09-10 14:53:59.982 382 382 D Zygote : Forked child process 7564
09-10 14:53:59.983 583 617 I ActivityManager: Start proc 7564:org.chromium.content_browsertests_apk:sandboxed_process0:org.chromium.content.app.SandboxedProcessService0:0/u0i47 for service {org.chromium.content_browsertests_apk/org.chromium.content.app.SandboxedProcessService0:0}
09-10 14:53:59.988 583 1810 V GrammaticalInflectionUtils: AttributionSource: AttributionSource { uid = 99048, packageName = null, attributionTag = null, token = android.os.Binder@7b78a50, deviceId = 0, next = null } does not have READ_SYSTEM_GRAMMATICAL_GENDER permission.
09-10 14:53:59.994 7564 7564 I ocessService0:0: Using CollectorTypeCMC GC.
09-10 14:53:59.996 7564 7564 W ocessService0:0: Unexpected CPU variant for x86: x86_64.
09-10 14:53:59.996 7564 7564 W ocessService0:0: Known variants: atom, sandybridge, silvermont, goldmont, goldmont-plus, goldmont-without-sha-xsaves, tremont, kabylake, default
09-10 14:53:59.999 7564 7564 E ocessService0:0: Not starting debugger since process cannot load the jdwp agent.
09-10 14:54:00.003 7564 7564 D nativeloader: Load libframework-connectivity-tiramisu-jni.so using APEX ns com_android_tethering for caller /apex/com.android.tethering/javalib/framework-connectivity-t.jar: ok
09-10 14:54:00.021 382 382 D Zygote : Forked child process 7575
09-10 14:54:00.023 583 2879 E TaskPersister: File error accessing recents directory (directory doesn't exist?).
09-10 14:54:00.030 583 617 I ActivityManager: Start proc 7575:org.chromium.content_browsertests_apk:sandboxed_process0:org.chromium.content.app.SandboxedProcessService0:1/u0i48 for service {org.chromium.content_browsertests_apk/org.chromium.content.app.SandboxedProcessService0:1}
09-10 14:54:00.033 7575 7575 I ocessService0:1: Using CollectorTypeCMC GC.
09-10 14:54:00.034 7575 7575 W ocessService0:1: Unexpected CPU variant for x86: x86_64.
09-10 14:54:00.034 7575 7575 W ocessService0:1: Known variants: atom, sandybridge, silvermont, goldmont, goldmont-plus, goldmont-without-sha-xsaves, tremont, kabylake, default
09-10 14:54:00.039 7575 7575 E ocessService0:1: Not starting debugger since process cannot load the jdwp agent.
09-10 14:54:00.044 1515 1803 W MediaProvider: isAppCloneUserPair for user 0: false
09-10 14:54:00.046 7564 7564 D ApplicationLoaders: Returning zygote-cached class loader: /system/framework/android.test.base.jar
09-10 14:54:00.327 0 0 W servicemanager: Isolated app with UID 99047 requested 'network_management', but the service is not allowed for isolated apps.
09-10 14:54:00.049 7564 7564 D nativeloader: Configuring clns-7 for other apk /system/framework/android.test.mock.jar. target_sdk_version=35, uses_libraries=ALL, library_path=/data/app/~~Qgn2wqEAvH79GiouluTyOA==/org.chromium.content_browsertests_apk-RchFo_8uzwLoY5jHIGStww==/lib/x86_64:/data/app/~~Qgn2wqEAvH79GiouluTyOA==/org.chromium.content_browsertests_apk-RchFo_8uzwLoY5jHIGStww==/base.apk!/lib/x86_64, permitted_path=/data:/mnt/expand:/data/user/0/org.chromium.content_browsertests_apk
09-10 14:54:00.051 7564 7564 D ApplicationLoaders: Returning zygote-cached class loader: /system/framework/android.test.base.jar
09-10 14:54:00.053 7564 7564 D nativeloader: Configuring clns-8 for other apk /system/framework/android.test.runner.jar. target_sdk_version=35, uses_libraries=ALL, library_path=/data/app/~~Qgn2wqEAvH79GiouluTyOA==/org.chromium.content_browsertests_apk-RchFo_8uzwLoY5jHIGStww==/lib/x86_64:/data/app/~~Qgn2wqEAvH79GiouluTyOA==/org.chromium.content_browsertests_apk-RchFo_8uzwLoY5jHIGStww==/base.apk!/lib/x86_64, permitted_path=/data:/mnt/expand:/data/user/0/org.chromium.content_browsertests_apk
09-10 14:54:00.053 7564 7564 D ApplicationLoaders: Returning zygote-cached class loader: /system_ext/framework/androidx.window.extensions.jar
09-10 14:54:00.057 7551 7563 D nativeloader: Load /data/app/~~Qgn2wqEAvH79GiouluTyOA==/org.chromium.content_browsertests_apk-RchFo_8uzwLoY5jHIGStww==/lib/x86_64/libtest_trace_processor.so using ns clns-9 from class loader (caller=/data/app/~~Qgn2wqEAvH79GiouluTyOA==/org.chromium.content_browsertests_apk-RchFo_8uzwLoY5jHIGStww==/base.apk): ok
09-10 14:54:00.059 7564 7564 D nativeloader: Configuring clns-9 for other apk /data/app/~~Qgn2wqEAvH79GiouluTyOA==/org.chromium.content_browsertests_apk-RchFo_8uzwLoY5jHIGStww==/base.apk. target_sdk_version=35, uses_libraries=, library_path=/data/app/~~Qgn2wqEAvH79GiouluTyOA==/org.chromium.content_browsertests_apk-RchFo_8uzwLoY5jHIGStww==/lib/x86_64:/data/app/~~Qgn2wqEAvH79GiouluTyOA==/org.chromium.content_browsertests_apk-RchFo_8uzwLoY5jHIGStww==/base.apk!/lib/x86_64, permitted_path=/data:/mnt/expand:/data/user/0/org.chromium.content_browsertests_apk
09-10 14:54:00.059 7564 7564 D CompatChangeReporter: Compat change id reported: 202956589; UID 99047; state: ENABLED
09-10 14:54:00.063 7575 7575 D nativeloader: Load libframework-connectivity-tiramisu-jni.so using APEX ns com_android_tethering for caller /apex/com.android.tethering/javalib/framework-connectivity-t.jar: ok
09-10 14:54:00.065 1515 2614 W MediaProvider: isAppCloneUserPair for user 0: false
09-10 14:54:00.381 0 0 W servicemanager: Isolated app with UID 99047 requested 'connectivity', but the service is not allowed for isolated apps.
09-10 14:54:00.098 1537 1886 I AiAiEcho: Predicting[0]: [CONTEXT sampling_count=5 ]
09-10 14:54:00.098 1537 1886 I AiAiEcho: EchoTargets:
09-10 14:54:00.098 1537 1886 I AiAiEcho: Filtered by AiAi flag check:
09-10 14:54:00.098 1537 1886 I AiAiEcho: [CONTEXT ratelimit_period="10 SECONDS" ]
09-10 14:54:00.098 1537 1886 I AiAiEcho: Ranked targets strategy: SORT, count: 0, ranking metadata: [CONTEXT ratelimit_period="10 SECONDS" ]
09-10 14:54:00.106 1537 1886 I AiAiEcho: #remoteViewsTwiddler: feature disabled.
09-10 14:54:00.109 1537 1886 I AiAiEcho: Predicting[0]: [CONTEXT sampling_count=5 ]
09-10 14:54:00.109 1537 1886 I AiAiEcho: EchoTargets:
09-10 14:54:00.109 1537 1886 I AiAiEcho: Filtered by AiAi flag check:
09-10 14:54:00.109 1537 1886 I AiAiEcho: [CONTEXT ratelimit_period="10 SECONDS" ]
09-10 14:54:00.109 1537 1886 I AiAiEcho: Ranked targets strategy: SORT, count: 0, ranking metadata: [CONTEXT ratelimit_period="10 SECONDS" ]
09-10 14:54:00.109 1537 1886 I AiAiEcho: #remoteViewsTwiddler: feature disabled.
09-10 14:54:00.112 1537 1886 I AiAiEcho: #postPredictionTargets: Sending updates to UISurface lockscreen with targets# 0 (types=[])
09-10 14:54:00.114 1537 1886 I AiAiEcho: #postPredictionTargets: Sending updates to UISurface home with targets# 0 (types=[])
09-10 14:54:00.117 1255 1255 D SsBaseTemplateCard: No text view can be set up
09-10 14:54:00.119 1255 1255 D SsBaseTemplateCard: Passed-in item info is null
09-10 14:54:00.119 1255 1255 D SsBaseTemplateCard: Passed-in item info is null
09-10 14:54:00.119 1255 1255 D SsBaseTemplateCard: Passed-in item info is null
09-10 14:54:00.119 1255 1255 I SsBaseTemplateCard: Secondary card pane is null
09-10 14:54:00.123 992 992 W PageIndicator: Total number of pages invalid: 0. Assuming 1 page.
09-10 14:54:00.124 1515 1802 W MediaProvider: isAppCloneUserPair for user 0: false
09-10 14:54:00.128 1515 5201 W MediaProvider: isAppCloneUserPair for user 0: false
09-10 14:54:00.132 7564 7564 I cr_ChildProcessService: Creating new ChildProcessService pid=7564
09-10 14:54:00.136 1515 5201 W MediaProvider: isAppCloneUserPair for user 0: false
09-10 14:54:00.425 0 0 W servicemanager: Isolated app with UID 99047 requested 'content_capture', but the service is not allowed for isolated apps.
09-10 14:54:00.444 0 0 W servicemanager: Isolated app with UID 99048 requested 'network_management', but the service is not allowed for isolated apps.
09-10 14:54:00.151 7575 7575 D ApplicationLoaders: Returning zygote-cached class loader: /system/framework/android.test.base.jar
09-10 14:54:00.153 1515 4876 W MediaProvider: isAppCloneUserPair for user 0: false
09-10 14:54:00.154 7575 7575 D nativeloader: Configuring clns-7 for other apk /system/framework/android.test.mock.jar. target_sdk_version=35, uses_libraries=ALL, library_path=/data/app/~~Qgn2wqEAvH79GiouluTyOA==/org.chromium.content_browsertests_apk-RchFo_8uzwLoY5jHIGStww==/lib/x86_64:/data/app/~~Qgn2wqEAvH79GiouluTyOA==/org.chromium.content_browsertests_apk-RchFo_8uzwLoY5jHIGStww==/base.apk!/lib/x86_64, permitted_path=/data:/mnt/expand:/data/user/0/org.chromium.content_browsertests_apk
09-10 14:54:00.155 7575 7575 D ApplicationLoaders: Returning zygote-cached class loader: /system/framework/android.test.base.jar
09-10 14:54:00.157 7575 7575 D nativeloader: Configuring clns-8 for other apk /system/framework/android.test.runner.jar. target_sdk_version=35, uses_libraries=ALL, library_path=/data/app/~~Qgn2wqEAvH79GiouluTyOA==/org.chromium.content_browsertests_apk-RchFo_8uzwLoY5jHIGStww==/lib/x86_64:/data/app/~~Qgn2wqEAvH79GiouluTyOA==/org.chromium.content_browsertests_apk-RchFo_8uzwLoY5jHIGStww==/base.apk!/lib/x86_64, permitted_path=/data:/mnt/expand:/data/user/0/org.chromium.content_browsertests_apk
09-10 14:54:00.159 7575 7575 D ApplicationLoaders: Returning zygote-cached class loader: /system_ext/framework/androidx.window.extensions.jar
09-10 14:54:00.161 7575 7575 D nativeloader: Configuring clns-9 for other apk /data/app/~~Qgn2wqEAvH79GiouluTyOA==/org.chromium.content_browsertests_apk-RchFo_8uzwLoY5jHIGStww==/base.apk. target_sdk_version=35, uses_libraries=, library_path=/data/app/~~Qgn2wqEAvH79GiouluTyOA==/org.chromium.content_browsertests_apk-RchFo_8uzwLoY5jHIGStww==/lib/x86_64:/data/app/~~Qgn2wqEAvH79GiouluTyOA==/org.chromium.content_browsertests_apk-RchFo_8uzwLoY5jHIGStww==/base.apk!/lib/x86_64, permitted_path=/data:/mnt/expand:/data/user/0/org.chromium.content_browsertests_apk
09-10 14:54:00.161 7575 7575 D CompatChangeReporter: Compat change id reported: 202956589; UID 99048; state: ENABLED
09-10 14:54:00.467 0 0 W servicemanager: Isolated app with UID 99048 requested 'connectivity', but the service is not allowed for isolated apps.
09-10 14:54:00.171 1515 4568 W MediaProvider: isAppCloneUserPair for user 0: false
09-10 14:54:00.179 7551 7563 D nativeloader: Load /data/app/~~Qgn2wqEAvH79GiouluTyOA==/org.chromium.content_browsertests_apk-RchFo_8uzwLoY5jHIGStww==/lib/x86_64/libcontent_browsertests__library.so using ns clns-9 from class loader (caller=/data/app/~~Qgn2wqEAvH79GiouluTyOA==/org.chromium.content_browsertests_apk-RchFo_8uzwLoY5jHIGStww==/base.apk): ok
09-10 14:54:00.181 7551 7563 I cr_LibraryLoader: Successfully loaded native library
09-10 14:54:00.183 7551 7563 I cr_CachingUmaRecorder: Flushed 2 samples from 2 histograms, 0 samples were dropped.
09-10 14:54:00.184 7575 7575 I cr_ChildProcessService: Creating new ChildProcessService pid=7575
09-10 14:54:00.480 0 0 W servicemanager: Isolated app with UID 99048 requested 'content_capture', but the service is not allowed for isolated apps.
09-10 14:54:00.191 7564 7586 D nativeloader: Load /data/app/~~Qgn2wqEAvH79GiouluTyOA==/org.chromium.content_browsertests_apk-RchFo_8uzwLoY5jHIGStww==/lib/x86_64/libtest_trace_processor.so using ns clns-9 from class loader (caller=/data/app/~~Qgn2wqEAvH79GiouluTyOA==/org.chromium.content_browsertests_apk-RchFo_8uzwLoY5jHIGStww==/base.apk): ok
09-10 14:54:00.192 7575 7587 D nativeloader: Load /data/app/~~Qgn2wqEAvH79GiouluTyOA==/org.chromium.content_browsertests_apk-RchFo_8uzwLoY5jHIGStww==/lib/x86_64/libtest_trace_processor.so using ns clns-9 from class loader (caller=/data/app/~~Qgn2wqEAvH79GiouluTyOA==/org.chromium.content_browsertests_apk-RchFo_8uzwLoY5jHIGStww==/base.apk): ok
09-10 14:54:00.210 1515 4568 W MediaProvider: isAppCloneUserPair for user 0: false
09-10 14:54:00.226 1515 2614 W MediaProvider: isAppCloneUserPair for user 0: false
09-10 14:54:00.226 1515 5202 W MediaProvider: isAppCloneUserPair for user 0: false
09-10 14:54:00.227 1515 5201 W MediaProvider: isAppCloneUserPair for user 0: false
09-10 14:54:00.232 7551 7563 I EGL_emulation: Opening libGLESv1_CM_emulation.so
09-10 14:54:00.232 7551 7563 I EGL_emulation: Opening libGLESv2_emulation.so
09-10 14:54:00.249 7551 7563 E EGL_emulation: eglCreateContext: EGL_BAD_CONFIG: no ES 3.2 support
