09-10 14:53:22.596 1255 2183 D OneSearchSuggestProvider: Created the binder channel successfully for end point service =com.google.android.apps.search.googleapp.search.suggest.plugins.onesearch.server.OneSearchSuggestService , mChannel=i1{delegate=f{logId=23, target=directaddress:///AndroidComponentAddress%5BIntent%20%7B%20act=grpc.io.action.BIND%20cmp=com.google.android.googlequicksearchbox/com.google.android.apps.search.googleapp.search.suggest.plugins.onesearch.server.OneSearchSuggestService%20%7D%5D}} , mOneSearchConnection=l2.Z@8a1754c
09-10 14:53:22.596 1537 1886 I AiAiEcho: #remoteViewsTwiddler: feature disabled.
09-10 14:53:22.597 583 1494 V SplashScreenExceptionList: SplashScreen checking exception for package org.chromium.content_browsertests_apk (target sdk:35) -> false
09-10 14:53:22.598 583 1494 I ActivityTaskManager: Add Task{6be5e85 #14 type=standard A=10208:org.chromium.content_browsertests_apk} to hidden list because adding Task{8a99c6b #15 type=standard A=10208:org.chromium.content_browsertests_apk}
09-10 14:53:22.599 1537 1886 I AiAiEcho: #postPredictionTargets: Sending updates to UISurface home with targets# 0 (types=[])
09-10 14:53:22.599 583 1494 I ActivityTaskManager: START u0 {act=android.intent.action.MAIN flg=0x10000000 cmp=org.chromium.content_browsertests_apk/.ContentBrowserTestsActivity (has extras)} with LAUNCH_SINGLE_TASK from uid 10208 (BAL_ALLOW_PERMISSION) result code=0
09-10 14:53:22.608 992 1092 D SplashScreenView: Build android.window.SplashScreenView{f15f762 V.E...... ......ID 0,0-0,0}
09-10 14:53:22.608 992 1092 D SplashScreenView: Icon: view: null drawable: null size: 0
09-10 14:53:22.608 992 1092 D SplashScreenView: Branding: view: android.view.View{58660f3 G.ED..... ......I. 0,0-0,0 #1020503 android:id/splashscreen_branding_view} drawable: null size w: 0 h: 0
09-10 14:53:22.612 583 608 W ActivityTaskManager: Unable to send transaction to client proc org.chromium.content_browsertests_apk:test_process: no app thread
09-10 14:53:22.612 1255 1255 D BaseDepthController: setSurface:
09-10 14:53:22.612 1255 1255 D BaseDepthController: mWaitingOnSurfaceValidity: false
09-10 14:53:22.612 1255 1255 D BaseDepthController: mSurface: Surface(name=com.google.android.apps.nexuslauncher/com.google.android.apps.nexuslauncher.NexusLauncherActivity)/@0x668f0d3
09-10 14:53:22.619 583 1494 D CoreBackPreview: Window{79b2de3 u0 Splash Screen org.chromium.content_browsertests_apk}: Setting back callback OnBackInvokedCallbackInfo{mCallback=android.window.IOnBackInvokedCallback$Stub$Proxy@bc27699, mPriority=0, mIsAnimationCallback=false}
09-10 14:53:22.629 583 607 V GrammaticalInflectionUtils: AttributionSource: AttributionSource { uid = 10208, packageName = null, attributionTag = null, token = android.os.Binder@7b78a50, deviceId = 0, next = null } does not have READ_SYSTEM_GRAMMATICAL_GENDER permission.
09-10 14:53:22.639 505 505 W IPCThreadState: Sending oneway calls to frozen process.
09-10 14:53:22.644 4025 4025 I A : (REDACTED) Created gRPC endpoint for service %s
09-10 14:53:22.651 4025 4029 W earchbox:search: Missing inline cache for java.util.Set com.google.bq.d.a.a.f.d.g.a(java.lang.Object, n.h.a.l)
09-10 14:53:22.654 382 382 D Zygote : Forked child process 5944
09-10 14:53:22.663 583 617 I ActivityManager: Start proc 5944:org.chromium.content_browsertests_apk:test_process/u0a208 for next-top-activity {org.chromium.content_browsertests_apk/org.chromium.content_browsertests_apk.ContentBrowserTestsActivity}
09-10 14:53:22.667 5944 5944 I pk:test_process: Using CollectorTypeCMC GC.
09-10 14:53:22.669 1255 1255 W SplitSelectStateCtor: Missing session instanceIds
09-10 14:53:22.670 1255 1255 D StatsLog: LAUNCHER_SPLIT_SELECTION_EXIT_INTERRUPTED
09-10 14:53:22.670 5944 5944 W pk:test_process: Unexpected CPU variant for x86: x86_64.
09-10 14:53:22.670 5944 5944 W pk:test_process: Known variants: atom, sandybridge, silvermont, goldmont, goldmont-plus, goldmont-without-sha-xsaves, tremont, kabylake, default
09-10 14:53:22.671 992 1046 D WindowManagerShell: setLauncherKeepClearAreaHeight: visible=false, height=525
09-10 14:53:22.673 1255 1255 D SsBaseTemplateCard: No text view can be set up
09-10 14:53:22.673 1255 1255 D SsBaseTemplateCard: Passed-in item info is null
09-10 14:53:22.673 1255 1255 D SsBaseTemplateCard: Passed-in item info is null
09-10 14:53:22.673 1255 1255 D SsBaseTemplateCard: Passed-in item info is null
09-10 14:53:22.673 1255 1255 I SsBaseTemplateCard: Secondary card pane is null
09-10 14:53:22.674 1255 1255 I TopTaskTracker: onTaskMovedToFront: (moved taskInfo to front) taskId=15, baseIntent=Intent { act=android.intent.action.MAIN flg=0x10000000 cmp=org.chromium.content_browsertests_apk/.ContentBrowserTestsActivity }
09-10 14:53:22.676 5944 5944 E pk:test_process: Not starting debugger since process cannot load the jdwp agent.
09-10 14:53:22.688 5944 5944 D nativeloader: Load libframework-connectivity-tiramisu-jni.so using APEX ns com_android_tethering for caller /apex/com.android.tethering/javalib/framework-connectivity-t.jar: ok
09-10 14:53:22.741 381 5957 I resolv : GetAddrInfoHandler::run: {0 262144 0 983040 10143 0}
09-10 14:53:22.744 381 5958 I resolv : GetAddrInfoHandler::run: {0 262144 0 983040 10143 0}
09-10 14:53:22.746 5944 5944 D ApplicationLoaders: Returning zygote-cached class loader: /system/framework/android.test.base.jar
09-10 14:53:22.750 4025 4139 W A : CompleteServer request has failed and can't show offline suggestions.
09-10 14:53:22.750 4025 4139 W A : com.google.frameworks.client.data.android.ac: Http networking stack error
09-10 14:53:22.750 4025 4139 W A : at com.google.frameworks.client.data.android.x.run(PG:36)
09-10 14:53:22.750 4025 4139 W A : at com.google.android.libraries.k.x.run(PG:3)
09-10 14:53:22.750 4025 4139 W A : at com.google.common.n.c.c.run(PG:50)
09-10 14:53:22.750 4025 4139 W A : at com.google.android.libraries.k.e.run(PG:8)
09-10 14:53:22.750 4025 4139 W A : at java.lang.Thread.run(Thread.java:1012)
09-10 14:53:22.750 4025 4139 W A : at com.google.android.libraries.k.d.b.run(PG:74)
09-10 14:53:22.750 4025 4139 W A : Caused by: m.mc: Exception in CronetUrlRequest: net::ERR_INTERNET_DISCONNECTED, ErrorCode=2, InternalErrorCode=-106, Retryable=false
09-10 14:53:22.750 4025 4139 W A : at org.chromium.net.impl.CronetUrlRequest.onError(:com.google.android.gms.dynamite_cronetdynamite@242632041@24.26.32 (190800-0):4)
09-10 14:53:22.750 4025 4139 W A : #getSuggestions failed
09-10 14:53:22.750 4025 4139 W A : com.google.frameworks.client.data.android.ac: Http networking stack error
09-10 14:53:22.750 4025 4139 W A : at com.google.frameworks.client.data.android.x.run(PG:36)
09-10 14:53:22.750 4025 4139 W A : at com.google.android.libraries.k.x.run(PG:3)
09-10 14:53:22.750 4025 4139 W A : at com.google.common.n.c.c.run(PG:50)
09-10 14:53:22.750 4025 4139 W A : at com.google.android.libraries.k.e.run(PG:8)
09-10 14:53:22.750 4025 4139 W A : at java.lang.Thread.run(Thread.java:1012)
09-10 14:53:22.750 4025 4139 W A : at com.google.android.libraries.k.d.b.run(PG:74)
09-10 14:53:22.750 4025 4139 W A : Caused by: m.mc: Exception in CronetUrlRequest: net::ERR_INTERNET_DISCONNECTED, ErrorCode=2, InternalErrorCode=-106, Retryable=false
09-10 14:53:22.750 4025 4139 W A : at org.chromium.net.impl.CronetUrlRequest.onError(:com.google.android.gms.dynamite_cronetdynamite@242632041@24.26.32 (190800-0):4)
09-10 14:53:22.754 1255 5953 E OneSearchSuggestProvider: Unable to get suggestions from AGA
09-10 14:53:22.754 1255 5953 E OneSearchSuggestProvider: io.grpc.StatusRuntimeException: UNKNOWN
09-10 14:53:22.754 1255 5953 E OneSearchSuggestProvider: at k3.e.a(go/retraceme 31f9979659277bb965985aff1272c33e3c3c9e755b77166d20a2465454178f2c:77)
09-10 14:53:22.754 1255 5953 E OneSearchSuggestProvider: at i3.l.b(go/retraceme 31f9979659277bb965985aff1272c33e3c3c9e755b77166d20a2465454178f2c:43)
09-10 14:53:22.754 1255 5953 E OneSearchSuggestProvider: at i3.l.a(go/retraceme 31f9979659277bb965985aff1272c33e3c3c9e755b77166d20a2465454178f2c:27)
09-10 14:53:22.754 1255 5953 E OneSearchSuggestProvider: at i3.z.run(go/retraceme 31f9979659277bb965985aff1272c33e3c3c9e755b77166d20a2465454178f2c:7)
09-10 14:53:22.754 1255 5953 E OneSearchSuggestProvider: at i3.m2.run(go/retraceme 31f9979659277bb965985aff1272c33e3c3c9e755b77166d20a2465454178f2c:19)
09-10 14:53:22.754 1255 5953 E OneSearchSuggestProvider: at java.util.concurrent.ThreadPoolExecutor.runWorker(ThreadPoolExecutor.java:1145)
09-10 14:53:22.754 1255 5953 E OneSearchSuggestProvider: at java.util.concurrent.ThreadPoolExecutor$Worker.run(ThreadPoolExecutor.java:644)
09-10 14:53:22.754 1255 5953 E OneSearchSuggestProvider: at java.lang.Thread.run(Thread.java:1012)
09-10 14:53:22.755 5944 5944 D nativeloader: Configuring clns-7 for other apk /system/framework/android.test.mock.jar. target_sdk_version=35, uses_libraries=ALL, library_path=/data/app/~~Qgn2wqEAvH79GiouluTyOA==/org.chromium.content_browsertests_apk-RchFo_8uzwLoY5jHIGStww==/lib/x86_64:/data/app/~~Qgn2wqEAvH79GiouluTyOA==/org.chromium.content_browsertests_apk-RchFo_8uzwLoY5jHIGStww==/base.apk!/lib/x86_64, permitted_path=/data:/mnt/expand:/data/user/0/org.chromium.content_browsertests_apk
09-10 14:53:22.756 5944 5944 D ApplicationLoaders: Returning zygote-cached class loader: /system/framework/android.test.base.jar
09-10 14:53:22.758 5944 5944 D nativeloader: Configuring clns-8 for other apk /system/framework/android.test.runner.jar. target_sdk_version=35, uses_libraries=ALL, library_path=/data/app/~~Qgn2wqEAvH79GiouluTyOA==/org.chromium.content_browsertests_apk-RchFo_8uzwLoY5jHIGStww==/lib/x86_64:/data/app/~~Qgn2wqEAvH79GiouluTyOA==/org.chromium.content_browsertests_apk-RchFo_8uzwLoY5jHIGStww==/base.apk!/lib/x86_64, permitted_path=/data:/mnt/expand:/data/user/0/org.chromium.content_browsertests_apk
09-10 14:53:22.759 5944 5944 D ApplicationLoaders: Returning zygote-cached class loader: /system_ext/framework/androidx.window.extensions.jar
09-10 14:53:22.766 5944 5944 D nativeloader: Configuring clns-9 for other apk /data/app/~~Qgn2wqEAvH79GiouluTyOA==/org.chromium.content_browsertests_apk-RchFo_8uzwLoY5jHIGStww==/base.apk. target_sdk_version=35, uses_libraries=, library_path=/data/app/~~Qgn2wqEAvH79GiouluTyOA==/org.chromium.content_browsertests_apk-RchFo_8uzwLoY5jHIGStww==/lib/x86_64:/data/app/~~Qgn2wqEAvH79GiouluTyOA==/org.chromium.content_browsertests_apk-RchFo_8uzwLoY5jHIGStww==/base.apk!/lib/x86_64, permitted_path=/data:/mnt/expand:/data/user/0/org.chromium.content_browsertests_apk
09-10 14:53:22.767 5944 5944 D CompatChangeReporter: Compat change id reported: 202956589; UID 10208; state: ENABLED
09-10 14:53:22.784 5944 5944 V GraphicsEnvironment: Currently set values for:
09-10 14:53:22.784 5944 5944 V GraphicsEnvironment: angle_gl_driver_selection_pkgs=[]
09-10 14:53:22.784 5944 5944 V GraphicsEnvironment: angle_gl_driver_selection_values=[]
09-10 14:53:22.784 5944 5944 V GraphicsEnvironment: Global.Settings values are invalid: number of packages: 0, number of values: 0
09-10 14:53:22.785 5944 5944 V GraphicsEnvironment: Neither updatable production driver nor prerelease driver is supported.
09-10 14:53:22.791 583 601 W OptProp : Cannot read opt property android.window.PROPERTY_COMPAT_ENABLE_FAKE_FOCUS
09-10 14:53:22.799 992 1108 V WindowManagerShell: onTransitionReady(transaction=2503965934462)
09-10 14:53:22.800 992 1046 V WindowManagerShell: onTransitionReady (#24) android.os.BinderProxy@f36b657: {id=24 t=CLOSE f=0x0 trk=0 r=[0@Point(0, 0)] c=[{WCT{android.window.IWindowContainerToken$Stub$Proxy@2fbe347} m=OPEN f=MOVE_TO_TOP leash=Surface(name=Task=15)/@0xaafb6b sb=Rect(0, 0 - 1080, 1920) eb=Rect(0, 0 - 1080, 1920) d=0 taskParent=-1},{WCT{android.window.IWindowContainerToken$Stub$Proxy@4699774} m=CLOSE f=NONE leash=Surface(name=Task=14)/@0x129d6c8 sb=Rect(0, 0 - 1080, 1920) eb=Rect(0, 0 - 1080, 1920) d=0 taskParent=-1},{null m=TO_FRONT f=IS_WALLPAPER leash=Surface(name=WallpaperWindowToken{c93c71e token=android.os.Binder@33bbf59})/@0x4f19361 sb=Rect(0, 0 - 1080, 1920) eb=Rect(0, 0 - 1080, 1920) d=0}]}
09-10 14:53:22.800 992 1046 V WindowManagerShell: Playing animation for (#24) android.os.BinderProxy@f36b657@0
09-10 14:53:22.801 992 1046 V WindowManagerShell: try handler com.android.wm.shell.transition.DefaultMixedHandler@f3e5596
09-10 14:53:22.801 992 1046 V WindowManagerShell: try handler com.android.wm.shell.keyguard.KeyguardTransitionHandler@3a25517
09-10 14:53:22.801 992 1046 V WindowManagerShell: try handler com.android.wm.shell.pip.PipTransition@8d56d04
09-10 14:53:22.801 992 1046 V WindowManagerShell: try handler com.android.wm.shell.activityembedding.ActivityEmbeddingController@f2ed2ed
09-10 14:53:22.801 992 1046 V WindowManagerShell: try handler com.android.wm.shell.recents.RecentsTransitionHandler@b823522
09-10 14:53:22.801 992 1046 V ShellRecents: RecentsTransitionHandler.startAnimation: no controller found
09-10 14:53:22.801 992 1046 V WindowManagerShell: try handler com.android.wm.shell.splitscreen.StageCoordinator@ced2bb3
09-10 14:53:22.801 992 1046 V WindowManagerShell: try handler com.android.wm.shell.transition.RemoteTransitionHandler@3be5570
09-10 14:53:22.801 992 1046 V WindowManagerShell: Transition doesn't have explicit remote, search filters for match for {id=24 t=CLOSE f=0x0 trk=0 r=[0@Point(0, 0)] c=[{WCT{android.window.IWindowContainerToken$Stub$Proxy@2fbe347} m=OPEN f=MOVE_TO_TOP leash=Surface(name=Task=15)/@0xaafb6b sb=Rect(0, 0 - 1080, 1920) eb=Rect(0, 0 - 1080, 1920) d=0 taskParent=-1},{WCT{android.window.IWindowContainerToken$Stub$Proxy@4699774} m=CLOSE f=NONE leash=Surface(name=Task=14)/@0x129d6c8 sb=Rect(0, 0 - 1080, 1920) eb=Rect(0, 0 - 1080, 1920) d=0 taskParent=-1},{null m=TO_FRONT f=IS_WALLPAPER leash=Surface(name=WallpaperWindowToken{c93c71e token=android.os.Binder@33bbf59})/@0x4f19361 sb=Rect(0, 0 - 1080, 1920) eb=Rect(0, 0 - 1080, 1920) d=0}]}
09-10 14:53:22.802 992 1046 V WindowManagerShell: Checking filter Pair{{types=[] flags=0x0] notFlags=0x0 checks=[{atype=undefined independent=true modes=[OPEN,TO_FRONT] flags=IN_TASK_WITH_EMBEDDED_ACTIVITY mustBeTask=false order=ANY topActivity=ComponentInfo{com.google.android.apps.nexuslauncher/com.google.android.apps.nexuslauncher.NexusLauncherActivity} launchCookie=null},{atype=undefined independent=true modes=[CLOSE,TO_BACK] flags=IN_TASK_WITH_EMBEDDED_ACTIVITY mustBeTask=false order=ANY topActivity=null launchCookie=null}]} RemoteTransition { remoteTransition = android.window.IRemoteTransition$Stub$Proxy@dc63f4e, appThread = android.app.IApplicationThread$Stub$Proxy@906e86f, debugName = OverlaySwipeBack }}
09-10 14:53:22.802 992 1046 V WindowManagerShell: Checking filter Pair{{types=[] flags=0x0] notFlags=0x0 checks=[{atype=dream independent=true modes=[OPEN,TO_FRONT] flags=NONE mustBeTask=false order=ANY topActivity=null launchCookie=null},{atype=home independent=true modes=[CLOSE,TO_BACK] flags=NONE mustBeTask=false order=ANY topActivity=null launchCookie=null}]} RemoteTransition { remoteTransition = android.window.IRemoteTransition$Stub$Proxy@79cf97c, appThread = android.app.IApplicationThread$Stub$Proxy@3c23205, debugName = LauncherToDream }}
09-10 14:53:22.802 992 1046 V WindowManagerShell: Checking filter Pair{{types=[] flags=0x0] notFlags=0x100 checks=[{atype=home independent=true modes=[OPEN,TO_FRONT] flags=NONE mustBeTask=false order=TOP topActivity=ComponentInfo{com.google.android.apps.nexuslauncher/com.google.android.apps.nexuslauncher.NexusLauncherActivity} launchCookie=null},{atype=standard independent=true modes=[CLOSE,TO_BACK] flags=NONE mustBeTask=false order=ANY topActivity=null launchCookie=null}]} RemoteTransition { remoteTransition = android.window.IRemoteTransition$Stub$Proxy@9cb025a, appThread = android.app.IApplicationThread$Stub$Proxy@1c39c8b, debugName = QuickstepLaunchHome }}
09-10 14:53:22.802 992 1046 V WindowManagerShell: Delegate animation for (#24) to null
09-10 14:53:22.807 1255 1255 D SearchTargetUtil: query= size=0
09-10 14:53:22.802 992 1046 V WindowManagerShell: try handler com.android.wm.shell.transition.DefaultTransitionHandler@ab2b0e9
09-10 14:53:22.810 992 1046 V WindowManagerShell: start default transition animation, info = {id=24 t=CLOSE f=0x0 trk=0 r=[0@Point(0, 0)] c=[{WCT{android.window.IWindowContainerToken$Stub$Proxy@2fbe347} m=OPEN f=MOVE_TO_TOP leash=Surface(name=Task=15)/@0xaafb6b sb=Rect(0, 0 - 1080, 1920) eb=Rect(0, 0 - 1080, 1920) d=0 taskParent=-1},{WCT{android.window.IWindowContainerToken$Stub$Proxy@4699774} m=CLOSE f=NONE leash=Surface(name=Task=14)/@0x129d6c8 sb=Rect(0, 0 - 1080, 1920) eb=Rect(0, 0 - 1080, 1920) d=0 taskParent=-1},{null m=TO_FRONT f=IS_WALLPAPER leash=Surface(name=WallpaperWindowToken{c93c71e token=android.os.Binder@33bbf59})/@0x4f19361 sb=Rect(0, 0 - 1080, 1920) eb=Rect(0, 0 - 1080, 1920) d=0}]}
09-10 14:53:22.811 992 1046 V WindowManagerShell: loadAnimation: anim=android.view.animation.AnimationSet@4d3049d animAttr=0xb type=CLOSE isEntrance=false
09-10 14:53:22.812 992 1046 V WindowManagerShell: loadAnimation: anim=android.view.animation.AnimationSet@7aefd12 animAttr=0xa type=CLOSE isEntrance=true
09-10 14:53:22.814 992 1046 V WindowManagerShell: animated by com.android.wm.shell.transition.DefaultTransitionHandler@ab2b0e9
09-10 14:53:22.824 583 604 V WindowManager: Sent Transition (#24) createdAt=09-10 07:53:22.503 via request=TransitionRequestInfo { type = CLOSE, triggerTask = TaskInfo{userId=0 taskId=14 displayId=0 isRunning=false baseIntent=Intent { act=android.intent.action.MAIN flg=0x10000000 cmp=org.chromium.content_browsertests_apk/.ContentBrowserTestsActivity } baseActivity=null topActivity=null origActivity=null realActivity=ComponentInfo{org.chromium.content_browsertests_apk/org.chromium.content_browsertests_apk.ContentBrowserTestsActivity} numActivities=0 lastActiveTime=239855 supportsMultiWindow=true resizeMode=1 isResizeable=true minWidth=-1 minHeight=-1 defaultMinSize=220 token=WCT{RemoteToken{98d8bad Task{6be5e85 #14 type=standard A=10208:org.chromium.content_browsertests_apk}}} topActivityType=1 pictureInPictureParams=null shouldDockBigOverlays=false launchIntoPipHostTaskId=-1 lastParentTaskIdBeforePip=-1 displayCutoutSafeInsets=null topActivityInfo=null launchCookies=[] positionInParent=Point(0, 0) parentTaskId=-1 isFocused=true isVisible=true isVisibleRequested=true isSleeping=false locusId=null displayAreaFeatureId=1 isTopActivityTransparent=false appCompatTaskInfo=AppCompatTaskInfo { topActivityInSizeCompat=false topActivityEligibleForLetterboxEducation= falseisLetterboxEducationEnabled= false isLetterboxDoubleTapEnabled= false topActivityEligibleForUserAspectRatioButton= false topActivityBoundsLetterboxed= false isFromLetterboxDoubleTap= false topActivityLetterboxVerticalPosition= -1 topActivityLetterboxHorizontalPosition= -1 topActivityLetterboxWidth=-1 topActivityLetterboxHeight=-1 isUserFullscreenOverrideEnabled=false isSystemFullscreenOverrideEnabled=false cameraCompatTaskInfo=CameraCompatTaskInfo { cameraCompatControlState=hidden freeformCameraCompatMode=inactive}}}, pipTask = null, remoteTransition = null, displayChange = null, flags = 0, debugId = 24 }
09-10 14:53:22.824 583 604 V WindowManager: startWCT=WindowContainerTransaction { changes = {} hops = [] errorCallbackToken=null taskFragmentOrganizer=null }
09-10 14:53:22.824 583 604 V WindowManager: info={id=24 t=CLOSE f=0x0 trk=0 r=[0@Point(0, 0)] c=[
09-10 14:53:22.824 583 604 V WindowManager: {WCT{RemoteToken{d8dca0e Task{8a99c6b #15 type=standard A=10208:org.chromium.content_browsertests_apk}}} m=OPEN f=MOVE_TO_TOP leash=Surface(name=Task=15)/@0x5e40510 sb=Rect(0, 0 - 1080, 1920) eb=Rect(0, 0 - 1080, 1920) d=0 taskParent=-1},
09-10 14:53:22.824 583 604 V WindowManager: {WCT{RemoteToken{98d8bad Task{6be5e85 #14 type=standard A=10208:org.chromium.content_browsertests_apk}}} m=CLOSE f=NONE leash=Surface(name=Task=14)/@0x74afd7 sb=Rect(0, 0 - 1080, 1920) eb=Rect(0, 0 - 1080, 1920) d=0 taskParent=-1},
09-10 14:53:22.824 583 604 V WindowManager: {null m=TO_FRONT f=IS_WALLPAPER leash=Surface(name=WallpaperWindowToken{c93c71e token=android.os.Binder@33bbf59})/@0xe8d88da sb=Rect(0, 0 - 1080, 1920) eb=Rect(0, 0 - 1080, 1920) d=0}
09-10 14:53:22.824 583 604 V WindowManager: ]}
09-10 14:53:22.839 583 1810 W UserManagerService: Requested status bar icon for non-badged user 0
09-10 14:53:22.839 583 608 W ActivityTaskManager: Unable to send transaction to client proc org.chromium.content_browsertests_apk:test_process: no app thread
09-10 14:53:22.864 5944 5944 I cr_NativeTest: Extras:
09-10 14:53:22.864 5944 5944 I cr_NativeTest: org.chromium.native_test.NativeTest.GtestFilter
09-10 14:53:22.864 5944 5944 I cr_NativeTest: org.chromium.native_test.NativeTest.StdoutFile
09-10 14:53:22.869 5944 5944 D CompatChangeReporter: Compat change id reported: 279646685; UID 10208; state: ENABLED
09-10 14:53:22.870 5944 5944 D CompatChangeReporter: Compat change id reported: 309578419; UID 10208; state: ENABLED
09-10 14:53:22.930 992 1082 W Looper : Slow dispatch took 32ms wmshell.anim h=android.view.Choreographer$FrameHandler c=android.view.Choreographer$FrameDisplayEventReceiver@a4bc791 m=0
09-10 14:53:22.939 1515 1803 W MediaProvider: Ignoring param:deletedata post U for external apps
09-10 14:53:22.978 1515 1803 I MediaProvider: Deleted 1 0 0 0 0 0 0 items on external_primary due to org.chromium.content_browsertests_apk
09-10 14:53:22.992 1515 4568 W MediaProvider: Ignoring param:deletedata post U for external apps
09-10 14:53:23.005 1515 4568 I MediaProvider: Deleted 1 0 0 0 0 0 0 items on external_primary due to org.chromium.content_browsertests_apk
09-10 14:53:23.010 1515 5202 W MediaProvider: Ignoring param:deletedata post U for external apps
09-10 14:53:23.030 1515 5202 I MediaProvider: Deleted 1 0 0 0 0 0 0 items on external_primary due to org.chromium.content_browsertests_apk
09-10 14:53:23.040 1515 5199 W MediaProvider: Ignoring param:deletedata post U for external apps
09-10 14:53:23.045 1515 5199 I MediaProvider: Deleted 1 0 0 0 0 0 0 items on external_primary due to org.chromium.content_browsertests_apk
09-10 14:53:23.062 1515 5888 W MediaProvider: Ignoring param:deletedata post U for external apps
09-10 14:53:23.069 1515 5888 I MediaProvider: Deleted 1 0 0 0 0 0 0 items on external_primary due to org.chromium.content_browsertests_apk
09-10 14:53:23.071 1515 5201 W MediaProvider: Ignoring param:deletedata post U for external apps
09-10 14:53:23.084 1515 5201 I MediaProvider: Deleted 1 0 0 0 0 0 0 items on external_primary due to org.chromium.content_browsertests_apk
09-10 14:53:23.086 1515 5199 W MediaProvider: Ignoring param:deletedata post U for external apps
09-10 14:53:23.119 1515 5199 I MediaProvider: Deleted 1 0 0 0 0 0 0 items on external_primary due to org.chromium.content_browsertests_apk
09-10 14:53:23.125 1515 4568 W MediaProvider: Ignoring param:deletedata post U for external apps
09-10 14:53:23.128 1515 4568 I MediaProvider: Deleted 1 0 0 0 0 0 0 items on external_primary due to org.chromium.content_browsertests_apk
09-10 14:53:23.129 1515 5888 W MediaProvider: Ignoring param:deletedata post U for external apps
09-10 14:53:23.137 1515 5888 I MediaProvider: Deleted 1 0 0 0 0 0 0 items on external_primary due to org.chromium.content_browsertests_apk
09-10 14:53:23.140 1515 1803 W MediaProvider: Ignoring param:deletedata post U for external apps
09-10 14:53:23.142 1515 1803 I MediaProvider: Deleted 1 0 0 0 0 0 0 items on external_primary due to org.chromium.content_browsertests_apk
09-10 14:53:23.143 1515 5199 W MediaProvider: Ignoring param:deletedata post U for external apps
09-10 14:53:23.155 1515 5199 I MediaProvider: Deleted 1 0 0 0 0 0 0 items on external_primary due to org.chromium.content_browsertests_apk
09-10 14:53:23.162 1515 5201 W MediaProvider: Ignoring param:deletedata post U for external apps
09-10 14:53:23.166 1515 5201 I MediaProvider: Deleted 1 0 0 0 0 0 0 items on external_primary due to org.chromium.content_browsertests_apk
09-10 14:53:23.167 1515 1802 W MediaProvider: Ignoring param:deletedata post U for external apps
09-10 14:53:23.173 1515 1802 I MediaProvider: Deleted 1 0 0 0 0 0 0 items on external_primary due to org.chromium.content_browsertests_apk
09-10 14:53:23.177 1515 4568 W MediaProvider: Ignoring param:deletedata post U for external apps
09-10 14:53:23.189 1515 4568 I MediaProvider: Deleted 1 0 0 0 0 0 0 items on external_primary due to org.chromium.content_browsertests_apk
09-10 14:53:23.204 1515 1802 W MediaProvider: Ignoring param:deletedata post U for external apps
09-10 14:53:23.206 1515 1802 I MediaProvider: Deleted 1 0 0 0 0 0 0 items on external_primary due to org.chromium.content_browsertests_apk
09-10 14:53:23.209 1515 5202 W MediaProvider: Ignoring param:deletedata post U for external apps
09-10 14:53:23.213 1515 5202 I MediaProvider: Deleted 1 0 0 0 0 0 0 items on external_primary due to org.chromium.content_browsertests_apk
09-10 14:53:23.215 1255 1927 D EGL_emulation: app_time_stats: avg=282.09ms min=1.57ms max=1604.36ms count=6
09-10 14:53:23.216 1515 2614 W MediaProvider: Ignoring param:deletedata post U for external apps
09-10 14:53:23.217 1515 2614 I MediaProvider: Deleted 1 0 0 0 0 0 0 items on external_primary due to org.chromium.content_browsertests_apk
09-10 14:53:23.218 1515 5202 W MediaProvider: Ignoring param:deletedata post U for external apps
09-10 14:53:23.220 1515 5202 I MediaProvider: Deleted 1 0 0 0 0 0 0 items on external_primary due to org.chromium.content_browsertests_apk
09-10 14:53:23.224 1515 4876 W MediaProvider: Ignoring param:deletedata post U for external apps
09-10 14:53:23.243 1515 4876 I MediaProvider: Deleted 1 0 0 0 0 0 0 items on external_primary due to org.chromium.content_browsertests_apk
09-10 14:53:23.249 1515 5199 W MediaProvider: Ignoring param:deletedata post U for external apps
09-10 14:53:23.251 1515 5199 I MediaProvider: Deleted 1 0 0 0 0 0 0 items on external_primary due to org.chromium.content_browsertests_apk
09-10 14:53:23.254 1515 2614 W MediaProvider: Ignoring param:deletedata post U for external apps
09-10 14:53:23.260 1515 2614 I MediaProvider: Deleted 1 0 0 0 0 0 0 items on external_primary due to org.chromium.content_browsertests_apk
09-10 14:53:23.262 1515 4876 W MediaProvider: Ignoring param:deletedata post U for external apps
09-10 14:53:23.292 1515 4876 I MediaProvider: Deleted 1 0 0 0 0 0 0 items on external_primary due to org.chromium.content_browsertests_apk
09-10 14:53:23.307 1515 4568 W MediaProvider: Ignoring param:deletedata post U for external apps
09-10 14:53:23.309 1515 4568 I MediaProvider: Deleted 1 0 0 0 0 0 0 items on external_primary due to org.chromium.content_browsertests_apk
09-10 14:53:23.332 1515 4876 W MediaProvider: Ignoring param:deletedata post U for external apps
09-10 14:53:23.344 992 1046 V WindowManagerShell: Transition animation finished (aborted=false), notifying core (#24) android.os.BinderProxy@f36b657@0
09-10 14:53:23.345 1515 4876 I MediaProvider: Deleted 1 0 0 0 0 0 0 items on external_primary due to org.chromium.content_browsertests_apk
09-10 14:53:23.349 1515 1803 W MediaProvider: Ignoring param:deletedata post U for external apps
09-10 14:53:23.351 583 678 E IPCThreadState: Binder transaction failure. id: 301689, BR_*: 29189, error: -22 (Invalid argument)
09-10 14:53:23.351 583 678 W ActivityManager: pid 583 system sent binder code 7 with flags 1 to frozen apps and got error -32
09-10 14:53:23.351 583 678 W WindowManager: Exception thrown during dispatchAppVisibility Window{256e5b7 u0 org.chromium.content_browsertests_apk/org.chromium.content_browsertests_apk.ContentBrowserTestsActivity EXITING}
09-10 14:53:23.351 583 678 W WindowManager: android.os.DeadObjectException
09-10 14:53:23.351 583 678 W WindowManager: at android.os.BinderProxy.transactNative(Native Method)
09-10 14:53:23.351 583 678 W WindowManager: at android.os.BinderProxy.transact(BinderProxy.java:586)
09-10 14:53:23.351 583 678 W WindowManager: at android.view.IWindow$Stub$Proxy.dispatchAppVisibility(IWindow.java:553)
09-10 14:53:23.351 583 678 W WindowManager: at com.android.server.wm.WindowState.sendAppVisibilityToClients(WindowState.java:3253)
09-10 14:53:23.351 583 678 W WindowManager: at com.android.server.wm.WindowContainer.sendAppVisibilityToClients(WindowContainer.java:1289)
09-10 14:53:23.351 583 678 W WindowManager: at com.android.server.wm.WindowToken.setClientVisible(WindowToken.java:403)
09-10 14:53:23.351 583 678 W WindowManager: at com.android.server.wm.ActivityRecord.setClientVisible(ActivityRecord.java:7166)
09-10 14:53:23.351 583 678 W WindowManager: at com.android.server.wm.ActivityRecord.postApplyAnimation(ActivityRecord.java:5881)
09-10 14:53:23.351 583 678 W WindowManager: at com.android.server.wm.ActivityRecord.commitVisibility(ActivityRecord.java:5823)
09-10 14:53:23.351 583 678 W WindowManager: at com.android.server.wm.Transition.finishTransition(Transition.java:1286)
09-10 14:53:23.351 583 678 W WindowManager: at com.android.server.wm.TransitionController.finishTransition(TransitionController.java:937)
09-10 14:53:23.351 583 678 W WindowManager: at com.android.server.wm.WindowOrganizerController.finishTransition(WindowOrganizerController.java:494)
09-10 14:53:23.351 583 678 W WindowManager: at android.window.IWindowOrganizerController$Stub.onTransact(IWindowOrganizerController.java:289)
09-10 14:53:23.351 583 678 W WindowManager: at com.android.server.wm.WindowOrganizerController.onTransact(WindowOrganizerController.java:204)
09-10 14:53:23.351 583 678 W WindowManager: at android.os.Binder.execTransactInternal(Binder.java:1505)
09-10 14:53:23.351 583 678 W WindowManager: at android.os.Binder.execTransact(Binder.java:1444)
09-10 14:53:23.352 583 678 W Process : Unable to open /proc/5810/status
09-10 14:53:23.352 583 604 V WindowManager: Finish Transition (#24): created at
09-10 07:53:22.503 collect-started=0.088ms request-sent=0.292ms started=2.572ms ready=291.421ms sent=294.302ms finished=847.511ms
09-10 14:53:23.362 992 1046 V WindowManagerShell: Track 0 became idle
09-10 14:53:23.362 992 1046 V WindowManagerShell: All active transition animations finished
09-10 14:53:23.378 583 1810 W UserManagerService: Requested status bar icon for non-badged user 0
09-10 14:53:23.382 583 1810 W UserManagerService: Requested status bar icon for non-badged user 0
09-10 14:53:23.387 583 1810 W UserManagerService: Requested status bar icon for non-badged user 0
09-10 14:53:23.389 1515 1803 I MediaProvider: Deleted 1 0 0 0 0 0 0 items on external_primary due to org.chromium.content_browsertests_apk
09-10 14:53:23.415 1255 1255 I TopTaskTracker: onTaskRemoved: taskId=14
09-10 14:53:23.415 1255 1255 I TopTaskTracker: onTaskRemoved: taskId=14
09-10 14:53:23.417 453 453 E BpTransactionCompletedListener: Failed to transact (-32)
09-10 14:53:23.432 1515 1802 W MediaProvider: Ignoring param:deletedata post U for external apps
09-10 14:53:23.434 992 1139 D EGL_emulation: app_time_stats: avg=253.50ms min=7.02ms max=1615.34ms count=7
09-10 14:53:23.450 1515 1802 I MediaProvider: Deleted 1 0 0 0 0 0 0 items on external_primary due to org.chromium.content_browsertests_apk
09-10 14:53:23.473 1515 2614 W MediaProvider: Ignoring param:deletedata post U for external apps
09-10 14:53:23.477 1515 2614 I MediaProvider: Deleted 1 0 0 0 0 0 0 items on external_primary due to org.chromium.content_browsertests_apk
09-10 14:53:23.485 1515 4568 W MediaProvider: Ignoring param:deletedata post U for external apps
09-10 14:53:23.486 1515 4568 I MediaProvider: Deleted 1 0 0 0 0 0 0 items on external_primary due to org.chromium.content_browsertests_apk
09-10 14:53:23.489 1515 5202 W MediaProvider: Ignoring param:deletedata post U for external apps
09-10 14:53:23.491 1515 5202 I MediaProvider: Deleted 1 0 0 0 0 0 0 items on external_primary due to org.chromium.content_browsertests_apk
09-10 14:53:23.503 1515 1802 W MediaProvider: Ignoring param:deletedata post U for external apps
09-10 14:53:23.514 1515 1802 I MediaProvider: Deleted 1 0 0 0 0 0 0 items on external_primary due to org.chromium.content_browsertests_apk
09-10 14:53:23.519 1515 2614 W MediaProvider: Ignoring param:deletedata post U for external apps
09-10 14:53:23.521 1515 2614 I MediaProvider: Deleted 1 0 0 0 0 0 0 items on external_primary due to org.chromium.content_browsertests_apk
09-10 14:53:23.522 1515 2614 W MediaProvider: Ignoring param:deletedata post U for external apps
09-10 14:53:23.525 1515 2614 I MediaProvider: Deleted 1 0 0 0 0 0 0 items on external_primary due to org.chromium.content_browsertests_apk
09-10 14:53:23.526 1515 5197 W MediaProvider: Ignoring param:deletedata post U for external apps
09-10 14:53:23.528 1515 5197 I MediaProvider: Deleted 1 0 0 0 0 0 0 items on external_primary due to org.chromium.content_browsertests_apk
09-10 14:53:23.529 1515 5197 W MediaProvider: Ignoring param:deletedata post U for external apps
09-10 14:53:23.538 1515 5197 I MediaProvider: Deleted 1 0 0 0 0 0 0 items on external_primary due to org.chromium.content_browsertests_apk
09-10 14:53:23.540 1515 5197 W MediaProvider: Ignoring param:deletedata post U for external apps
09-10 14:53:23.549 1515 5197 I MediaProvider: Deleted 1 0 0 0 0 0 0 items on external_primary due to org.chromium.content_browsertests_apk
09-10 14:53:23.561 1515 5197 W MediaProvider: Ignoring param:deletedata post U for external apps
09-10 14:53:23.562 1515 5197 I MediaProvider: Deleted 1 0 0 0 0 0 0 items on external_primary due to org.chromium.content_browsertests_apk
09-10 14:53:23.570 1515 2614 W MediaProvider: Ignoring param:deletedata post U for external apps
09-10 14:53:23.573 1515 2614 I MediaProvider: Deleted 1 0 0 0 0 0 0 items on external_primary due to org.chromium.content_browsertests_apk
09-10 14:53:23.574 1515 5199 W MediaProvider: Ignoring param:deletedata post U for external apps
09-10 14:53:23.575 1515 5199 I MediaProvider: Deleted 1 0 0 0 0 0 0 items on external_primary due to org.chromium.content_browsertests_apk
09-10 14:53:23.577 1515 5199 W MediaProvider: Ignoring param:deletedata post U for external apps
09-10 14:53:23.585 1515 5199 I MediaProvider: Deleted 1 0 0 0 0 0 0 items on external_primary due to org.chromium.content_browsertests_apk
09-10 14:53:23.586 1515 4876 W MediaProvider: Ignoring param:deletedata post U for external apps
09-10 14:53:23.596 1515 4876 I MediaProvider: Deleted 1 0 0 0 0 0 0 items on external_primary due to org.chromium.content_browsertests_apk
09-10 14:53:23.599 5944 5944 D nativeloader: Load /data/app/~~Qgn2wqEAvH79GiouluTyOA==/org.chromium.content_browsertests_apk-RchFo_8uzwLoY5jHIGStww==/lib/x86_64/libtest_trace_processor.so using ns clns-9 from class loader (caller=/data/app/~~Qgn2wqEAvH79GiouluTyOA==/org.chromium.content_browsertests_apk-RchFo_8uzwLoY5jHIGStww==/base.apk): ok
09-10 14:53:23.638 5944 5944 D nativeloader: Load /data/app/~~Qgn2wqEAvH79GiouluTyOA==/org.chromium.content_browsertests_apk-RchFo_8uzwLoY5jHIGStww==/lib/x86_64/libcontent_browsertests__library.so using ns clns-9 from class loader (caller=/data/app/~~Qgn2wqEAvH79GiouluTyOA==/org.chromium.content_browsertests_apk-RchFo_8uzwLoY5jHIGStww==/base.apk): ok
09-10 14:53:23.640 5944 5944 I cr_LibraryLoader: Successfully loaded native library
09-10 14:53:23.640 5944 5944 I cr_CachingUmaRecorder: Flushed 2 samples from 2 histograms, 0 samples were dropped.
09-10 14:53:23.660 5944 5944 W HWUI : Unknown dataspace 0
09-10 14:53:23.670 583 678 D CoreBackPreview: Window{4eb676e u0 org.chromium.content_browsertests_apk/org.chromium.content_browsertests_apk.ContentBrowserTestsActivity}: Setting back callback OnBackInvokedCallbackInfo{mCallback=android.window.IOnBackInvokedCallback$Stub$Proxy@43dae9c, mPriority=0, mIsAnimationCallback=false}
09-10 14:53:23.676 5944 5961 I EGL_emulation: Opening libGLESv1_CM_emulation.so
09-10 14:53:23.677 5944 5961 I EGL_emulation: Opening libGLESv2_emulation.so
09-10 14:53:23.692 5944 5961 W HWUI : Failed to initialize 101010-2 format, error = EGL_SUCCESS
09-10 14:53:20.185 0 0 I servicemanager: Caller(pid=5944,uid=10208,sid=u:r:untrusted_app:s0:c208,c256,c512,c768) Could not find android.hardware.graphics.allocator.IAllocator/default in the VINTF manifest. No alternative instances declared in VINTF.
09-10 14:53:23.718 164 164 I hwservicemanager: getTransport: Cannot find entry android.hardware.graphics.mapper@4.0::IMapper/default in either framework or device VINTF manifest.
09-10 14:53:23.718 5944 5961 I Gralloc4: mapper 4.x is not supported
09-10 14:53:24.196 5944 5944 I chromium: Redirecting stdout to file: /sdcard/Download/temp_file-8c9235bba0aea.gtest_out
09-10 14:53:24.220 583 604 I ActivityTaskManager: Displayed org.chromium.content_browsertests_apk/.ContentBrowserTestsActivity for user 0: +1s625ms
09-10 14:53:24.348 1515 4876 W MediaProvider: isAppCloneUserPair for user 0: false
09-10 14:53:24.378 5944 5944 W chromium: [5944:5944:0910/145324.377942:WARNING:field_trial_util.cc(109)] Field trial config study skipped: CookieDeprecationFacilitatedTestingCookieDeprecation.Treatment_PreStable_20231002 (some of its features are already overridden)
09-10 14:53:24.385 5944 5944 W chromium: [5944:5944:0910/145324.385583:WARNING:field_trial_util.cc(109)] Field trial config study skipped: FLEDGEBiddingAndAuctionServer.Enabled (some of its features are already overridden)
09-10 14:53:24.387 5944 5944 W chromium: [5944:5944:0910/145324.387192:WARNING:field_trial_util.cc(109)] Field trial config study skipped: PrivacySandboxAdsAPIs.Enabled_Notice_M1_AllAPIs_Expanded_NoOT_Stable (some of its features are already overridden)
09-10 14:53:24.387 5944 5944 W chromium: [5944:5944:0910/145324.387356:WARNING:field_trial_util.cc(109)] Field trial config study skipped: ProtectedAudienceDealsSupport.Enabled (some of its features are already overridden)
09-10 14:53:24.387 5944 5944 W chromium: [5944:5944:0910/145324.387441:WARNING:field_trial_util.cc(109)] Field trial config study skipped: ProtectedAudiencesHeaderDirectFromSellerSignalsStudy.Enabled (some of its features are already overridden)
09-10 14:53:24.387 5944 5944 W chromium: [5944:5944:0910/145324.387470:WARNING:field_trial_util.cc(109)] Field trial config study skipped: ProtectedAudiencesKAnonymityEnforcementStudy.Enabled (some of its features are already overridden)
09-10 14:53:24.387 5944 5944 W chromium: [5944:5944:0910/145324.387494:WARNING:field_trial_util.cc(109)] Field trial config study skipped: ProtectedAudiencesRealTimeReporting.Enabled (some of its features are already overridden)
09-10 14:53:24.441 1515 5202 W MediaProvider: isAppCloneUserPair for user 0: false
09-10 14:53:24.479 1515 1803 W MediaProvider: isAppCloneUserPair for user 0: false
09-10 14:53:24.482 1515 4876 W MediaProvider: isAppCloneUserPair for user 0: false
09-10 14:53:24.483 1515 2614 W MediaProvider: isAppCloneUserPair for user 0: false
09-10 14:53:24.483 1515 5199 W MediaProvider: isAppCloneUserPair for user 0: false
09-10 14:53:24.483 1515 5888 W MediaProvider: isAppCloneUserPair for user 0: false
09-10 14:53:24.480 5944 5944 W ThreadPoolForeg: type=1400 audit(0.0:49): avc: denied { ioctl } for path=2F73746F726167652F656D756C617465642F302F6368726F6D69756D5F74657374735F726F6F742F636F6E74656E745F7368656C6C2F5368617265642044696374696F6E6172792F6462 dev="fuse" ino=148191 ioctlcmd=0xf50c scontext=u:r:untrusted_app:s0:c208,c256,c512,c768 tcontext=u:object_r:fuse:s0 tclass=file permissive=0 app=org.chromium.content_browsertests_apk
09-10 14:53:24.529 992 1091 W WindowOnBackDispatcher: sendCancelIfRunning: isInProgress=false callback=android.view.ViewRootImpl$$ExternalSyntheticLambda11@4e027ae
09-10 14:53:24.529 583 601 D CoreBackPreview: Window{79b2de3 u0 Splash Screen org.chromium.content_browsertests_apk EXITING}: Setting back callback null
09-10 14:53:24.531 583 678 W InputManager-JNI: Input channel object '79b2de3 Splash Screen org.chromium.content_browsertests_apk (client)' was disposed without first being removed with the input manager!
09-10 14:53:24.532 5944 5944 D CompatChangeReporter: Compat change id reported: 63938206; UID 10208; state: ENABLED
09-10 14:53:24.539 505 505 W IPCThreadState: Sending oneway calls to frozen process.
09-10 14:53:24.539 5944 5944 D CompatChangeReporter: Compat change id reported: 303326708; UID 10208; state: ENABLED
09-10 14:53:24.544 1515 5202 W MediaProvider: isAppCloneUserPair for user 0: false
09-10 14:53:24.546 381 381 I netd : tetherGetStats() -> {[]} <3.08ms>
09-10 14:53:24.552 5944 5979 W chromium: [5944:5979:0910/145324.552588:WARNING:dns_config_service_android.cc(81)] Failed to read DnsConfig.
09-10 14:53:24.557 1515 2614 W MediaProvider: isAppCloneUserPair for user 0: false
09-10 14:53:24.559 1255 1255 D BaseDepthController: setSurface:
09-10 14:53:24.559 1255 1255 D BaseDepthController: mWaitingOnSurfaceValidity: false
09-10 14:53:24.559 1255 1255 D BaseDepthController: mSurface: null
09-10 14:53:24.559 1255 1255 D BaseDepthController: mSurface is null and mCurrentBlur is: 0
09-10 14:53:24.564 1255 1255 D StateManager: goToState - fromState: Normal, toState: Normal, partial trace:
09-10 14:53:24.564 1255 1255 D StateManager: at com.android.launcher3.statemanager.StateManager.moveToRestState(go/retraceme 31f9979659277bb965985aff1272c33e3c3c9e755b77166d20a2465454178f2c:4)
09-10 14:53:24.564 1255 1255 D StateManager: at com.android.launcher3.statemanager.StateManager.moveToRestState(go/retraceme 31f9979659277bb965985aff1272c33e3c3c9e755b77166d20a2465454178f2c:1)
09-10 14:53:24.564 1255 1255 D StateManager: at com.android.launcher3.statemanager.StatefulActivity.onStop(go/retraceme 31f9979659277bb965985aff1272c33e3c3c9e755b77166d20a2465454178f2c:34)
09-10 14:53:24.565 1255 1255 D StatsLog: LAUNCHER_ONSTOP
09-10 14:53:24.566 1515 4568 W MediaProvider: isAppCloneUserPair for user 0: false
09-10 14:53:24.567 583 678 I AppWidgetServiceImpl: setAppWidgetHidden() 0
09-10 14:53:24.570 1255 1255 D StatsLog: LAUNCHER_GOOGLE_SEARCH_RESTORE_LIST_SIZE_AFTER_ACTIVITY_RESTART
09-10 14:53:24.573 1255 1255 D NexusLauncherModelDelegate: notifySmartspaceEvent: SmartspaceTargetEvent{mSmartspaceTarget=null, mSmartspaceActionId='null', mEventType=7}
09-10 14:53:24.574 1255 1255 D NexusLauncherModelDelegate: notifySmartspaceEvent: SmartspaceTargetEvent{mSmartspaceTarget=null, mSmartspaceActionId='null', mEventType=7}
09-10 14:53:24.578 992 1091 W FrameTracker: Missed App frame:UNKNOWN: 10, 25593, 0, CUJ=J<SPLASHSCREEN_EXIT_ANIM>
09-10 14:53:24.578 992 1091 W FrameTracker: Missed SF frame:UNKNOWN: 10, 25593, 0, CUJ=J<SPLASHSCREEN_EXIT_ANIM>
09-10 14:53:24.578 992 1091 W FrameTracker: Missing HWUI jank callback for vsyncId: 25593, CUJ=J<SPLASHSCREEN_EXIT_ANIM>
09-10 14:53:24.578 992 1091 W FrameTracker: Missed App frame:UNKNOWN: 72, 25615, 0, CUJ=J<SPLASHSCREEN_EXIT_ANIM>
09-10 14:53:24.578 992 1091 W FrameTracker: Missing HWUI jank callback for vsyncId: 25615, CUJ=J<SPLASHSCREEN_EXIT_ANIM>
09-10 14:53:24.579 583 678 D ConnectivityService: requestNetwork for uid/pid:10208/5944 activeRequest: null callbackRequest: 172 [NetworkRequest [ REQUEST id=173, [ Capabilities: INTERNET&NOT_RESTRICTED&TRUSTED&NOT_VCN_MANAGED&NOT_BANDWIDTH_CONSTRAINED Uid: 10208 RequestorUid: 10208 RequestorPkg: org.chromium.content_browsertests_apk UnderlyingNetworks: Null] ]] callback flags: 0 order: 2147483647 isUidTracked: false
09-10 14:53:24.579 1255 2183 D OneSearchSuggestProvider: Shut down the binder channel
09-10 14:53:24.580 992 1091 W FrameTracker: Missed App frame:UNKNOWN: 74, 25637, 69029413, CUJ=J<SPLASHSCREEN_EXIT_ANIM>
09-10 14:53:24.582 992 1091 W FrameTracker: Missed SF frame:UNKNOWN: 74, 25637, 69029413, CUJ=J<SPLASHSCREEN_EXIT_ANIM>
09-10 14:53:24.582 992 1091 W FrameTracker: Missed App frame:UNKNOWN: 74, 25651, 83500308, CUJ=J<SPLASHSCREEN_EXIT_ANIM>
09-10 14:53:24.582 992 1091 W FrameTracker: Missed SF frame:UNKNOWN: 74, 25651, 83500308, CUJ=J<SPLASHSCREEN_EXIT_ANIM>
09-10 14:53:24.582 992 1091 W FrameTracker: Missed App frame:UNKNOWN: 74, 25673, 83524977, CUJ=J<SPLASHSCREEN_EXIT_ANIM>
09-10 14:53:24.583 992 1091 W FrameTracker: Missed SF frame:UNKNOWN: 74, 25673, 83524977, CUJ=J<SPLASHSCREEN_EXIT_ANIM>
09-10 14:53:24.583 992 1091 W FrameTracker: Missed App frame:UNKNOWN: 74, 25695, 83545032, CUJ=J<SPLASHSCREEN_EXIT_ANIM>
09-10 14:53:24.583 992 1091 W FrameTracker: Missed SF frame:UNKNOWN: 74, 25695, 83545032, CUJ=J<SPLASHSCREEN_EXIT_ANIM>
09-10 14:53:24.583 992 1091 W FrameTracker: Missed App frame:UNKNOWN: 72, 25717, 86888778, CUJ=J<SPLASHSCREEN_EXIT_ANIM>
09-10 14:53:24.583 992 1091 W FrameTracker: Missed App frame:UNKNOWN: 88, 25739, 107051180, CUJ=J<SPLASHSCREEN_EXIT_ANIM>
09-10 14:53:24.583 992 1091 W FrameTracker: Missed SF frame:UNKNOWN: 88, 25739, 107051180, CUJ=J<SPLASHSCREEN_EXIT_ANIM>
09-10 14:53:24.583 992 1091 W FrameTracker: Missing HWUI jank callback for vsyncId: 25761, CUJ=J<SPLASHSCREEN_EXIT_ANIM>
09-10 14:53:24.583 992 1067 V PerfettoTrigger: Not triggering com.android.telemetry.interaction-jank-monitor-39 - not enough time since last trigger
09-10 14:53:24.583 1515 2614 W MediaProvider: isAppCloneUserPair for user 0: false
09-10 14:53:24.597 1255 2739 I IPCThreadState: oneway function results for code 2 on binder at 0x79edbcb83750 will be dropped but finished with status UNKNOWN_TRANSACTION
09-10 14:53:24.599 1515 2614 W MediaProvider: isAppCloneUserPair for user 0: false
09-10 14:53:24.605 583 601 W ProcessStats: Tracking association SourceState{c278c78 system/1000 BFgs #3416} whose proc state 4 is better than process ProcessState{381231f com.google.android.ext.services/10187 pkg=com.google.android.ext.services} proc state 14 (10 skipped)
09-10 14:53:24.609 583 910 D OemPaidWifiNetworkFactory: got request NetworkRequest [ REQUEST id=173, [ Capabilities: INTERNET&NOT_RESTRICTED&TRUSTED&NOT_VCN_MANAGED&NOT_BANDWIDTH_CONSTRAINED Uid: 10208 RequestorUid: 10208 RequestorPkg: org.chromium.content_browsertests_apk UnderlyingNetworks: Null] ]
09-10 14:53:24.609 583 910 D MultiInternetWifiNetworkFactory: got request NetworkRequest [ REQUEST id=173, [ Capabilities: INTERNET&NOT_RESTRICTED&TRUSTED&NOT_VCN_MANAGED&NOT_BANDWIDTH_CONSTRAINED Uid: 10208 RequestorUid: 10208 RequestorPkg: org.chromium.content_browsertests_apk UnderlyingNetworks: Null] ]
09-10 14:53:24.609 583 917 D ConnectivityService: NetReassign [no changes] [c 0] [a 20] [i 1]
09-10 14:53:24.610 583 910 D WifiNetworkFactory: got request NetworkRequest [ REQUEST id=173, [ Capabilities: INTERNET&NOT_RESTRICTED&TRUSTED&NOT_VCN_MANAGED&NOT_BANDWIDTH_CONSTRAINED Uid: 10208 RequestorUid: 10208 RequestorPkg: org.chromium.content_browsertests_apk UnderlyingNetworks: Null] ]
09-10 14:53:24.610 583 910 D UntrustedWifiNetworkFactory: got request NetworkRequest [ REQUEST id=173, [ Capabilities: INTERNET&NOT_RESTRICTED&TRUSTED&NOT_VCN_MANAGED&NOT_BANDWIDTH_CONSTRAINED Uid: 10208 RequestorUid: 10208 RequestorPkg: org.chromium.content_browsertests_apk UnderlyingNetworks: Null] ]
09-10 14:53:24.640 583 917 D ConnectivityService: NetReassign [no changes] [c 0] [a 0] [i 0]
09-10 14:53:24.652 1515 1802 W MediaProvider: isAppCloneUserPair for user 0: false
09-10 14:53:24.660 583 678 I Telecom : TelecomServiceImpl$1: isInEmergencyCall: false: TSI.iIEC@ARA🔒
09-10 14:53:24.662 1515 4568 W MediaProvider: isAppCloneUserPair for user 0: false
09-10 14:53:24.674 1515 5888 W MediaProvider: isAppCloneUserPair for user 0: false
09-10 14:53:24.688 5944 5944 D AutofillManager: notifyViewReadyInner:1073741824
09-10 14:53:24.709 1515 1802 W MediaProvider: isAppCloneUserPair for user 0: false
09-10 14:53:24.714 1255 1927 D EGL_emulation: app_time_stats: avg=749.49ms min=64.16ms max=1434.81ms count=2
09-10 14:53:24.752 1515 5888 W MediaProvider: isAppCloneUserPair for user 0: false
09-10 14:53:24.768 583 726 I ImeTracker: org.chromium.content_browsertests_apk:95fc0085: onRequestHide at ORIGIN_SERVER reason HIDE_UNSPECIFIED_WINDOW fromUser false
09-10 14:53:24.768 583 726 I ImeTracker: org.chromium.content_browsertests_apk:95fc0085: onCancelled at PHASE_SERVER_SHOULD_HIDE
09-10 14:53:24.769 583 1810 V GrammaticalInflectionUtils: AttributionSource: AttributionSource { uid = 10208, packageName = null, attributionTag = null, token = android.os.Binder@7b78a50, deviceId = 0, next = null } does not have READ_SYSTEM_GRAMMATICAL_GENDER permission.
09-10 14:53:24.773 3955 3955 I GoogleInputMethodService: GoogleInputMethodService.onFinishInput():3157
09-10 14:53:24.775 3955 3955 I GoogleInputMethodService: GoogleInputMethodService.updateDeviceLockedStatus():2248 repeatCheckTimes = 0, locked = false
09-10 14:53:24.776 3955 3955 I GoogleInputMethodService: GoogleInputMethodService.onStartInput():1986 onStartInput(EditorInfo{EditorInfo{packageName=org.chromium.content_browsertests_apk, inputType=0, inputTypeString=NULL, enableLearning=false, autoCorrection=false, autoComplete=false, imeOptions=12000000, privateImeOptions=null, actionName=UNSPECIFIED, actionLabel=null, initialSelStart=-1, initialSelEnd=-1, initialCapsMode=0, label=null, fieldId=0, fieldName=null, extras=null, hintText=null, hintLocales=[]}}, false)
09-10 14:53:24.777 3955 3955 I GoogleInputMethodService: GoogleInputMethodService.updateDeviceLockedStatus():2248 repeatCheckTimes = 1, locked = false
09-10 14:53:24.778 3955 3955 I AndroidIME: InputBundleManager.loadActiveInputBundleId():450 loadActiveInputBundleId: und-Latn-x-password, password
09-10 14:53:24.781 583 1494 W PackageConfigPersister: App-specific configuration not found for packageName: org.chromium.content_browsertests_apk and userId: 0
09-10 14:53:24.791 583 1810 V GrammaticalInflectionUtils: AttributionSource: AttributionSource { uid = 99015, packageName = null, attributionTag = null, token = android.os.Binder@7b78a50, deviceId = 0, next = null } does not have READ_SYSTEM_GRAMMATICAL_GENDER permission.
09-10 14:53:24.800 3955 3955 W NotificationCenter: NotificationCenter$ListenerData.notifyOnExecutor():672 Heavy notify work detected on UI thread: |kga->jjc| takes 22ms
