09-10 14:53:14.742 3670 3686 I FontLog : Query [name=Google Sans&weight=500&besteffort=false] resolved to {Google Sans, wdth 100.0, wght 500, ital 0.0, bestEffort false} [CONTEXT service_id=132 ]
09-10 14:53:14.743 3670 3686 I FontLog : Font PFD returned from cache for {Google Sans, wdth 100.0, wght 500, ital 0.0, bestEffort false} [CONTEXT service_id=132 ]
09-10 14:53:14.743 3670 3686 I FontLog : Fetch {Google Sans, wdth 100.0, wght 500, ital 0.0, bestEffort false} end status Status{statusCode=SUCCESS, resolution=null} [CONTEXT service_id=132 ]
09-10 14:53:14.745 3670 3788 I FontLog : Pulling font file for id = 15, cache size = 14 [CONTEXT service_id=132 ]
09-10 14:53:14.781 5593 5670 E EGL_emulation: eglCreateContext: EGL_BAD_CONFIG: no ES 3.2 support
09-10 14:53:14.781 5593 5670 E EGL_emulation: tid 5670: eglCreateContext(1830): error 0x3005 (EGL_BAD_CONFIG)
09-10 14:53:14.781 5593 5670 E EGL_emulation: eglCreateContext: EGL_BAD_CONFIG: no ES 3.1 support
09-10 14:53:14.781 5593 5670 E EGL_emulation: tid 5670: eglCreateContext(1824): error 0x3005 (EGL_BAD_CONFIG)
09-10 14:53:14.783 583 601 V AutofillSession: Primary service component name: ComponentInfo{com.google.android.gms/com.google.android.gms.autofill.service.AutofillService}, secondary service component name: ComponentInfo{com.android.credentialmanager/com.android.credentialmanager.autofill.CredentialAutofillService}
09-10 14:53:14.783 583 601 V SecondaryProviderHandler: Creating a secondary provider handler with component name, ComponentInfo{com.android.credentialmanager/com.android.credentialmanager.autofill.CredentialAutofillService}
09-10 14:53:14.783 583 601 D RequestId: nextId(): requestId = 470
09-10 14:53:14.783 583 601 W FillRequestEventLogger: Couldn't find packageName: com.google.android.inputmethod.latin
09-10 14:53:14.786 583 1832 W PresentationStatsEventLogger: Bad view state for: -1
09-10 14:53:14.786 583 583 D AutofillInlineSuggestionsRequestSession: onCreateInlineSuggestionsRequestLocked called: 1073741824@1329995973
09-10 14:53:14.789 583 1832 D AutofillInlineSuggestionsRequestSession: onInlineSuggestionsSessionInvalidated() called.
09-10 14:53:14.823 5547 5547 I AssistStructure: Flattened final assist data: 1156 bytes, containing 1 windows, 6 views
09-10 14:53:14.823 583 1832 D AutofillSession: createPendingIntent for request 470
09-10 14:53:14.824 583 1832 D ContentCapturePerUserService: Notified activity assist data for activity: Token{47272d6 ActivityRecord{8537e98 u0 org.chromium.content_browsertests_apk/.ContentBrowserTestsActivity t12}} without a session Id
09-10 14:53:14.851 1515 1803 W MediaProvider: isAppCloneUserPair for user 0: false
09-10 14:53:14.857 164 164 I hwservicemanager: getTransport: Cannot find entry android.hardware.graphics.mapper@4.0::IMapper/default in either framework or device VINTF manifest.
09-10 14:53:14.857 5593 5670 I Gralloc4: mapper 4.x is not supported
09-10 14:53:11.323 0 0 I servicemanager: Caller(pid=5593,uid=10208,sid=u:r:untrusted_app:s0:c208,c256,c512,c768) Could not find android.hardware.graphics.allocator.IAllocator/default in the VINTF manifest. No alternative instances declared in VINTF.
09-10 14:53:14.860 1515 4568 W MediaProvider: isAppCloneUserPair for user 0: false
09-10 14:53:14.962 583 601 W PresentationStatsEventLogger: Bad view state for: -1
09-10 14:53:14.964 1515 5201 W MediaProvider: isAppCloneUserPair for user 0: false
09-10 14:53:14.997 1515 5202 W MediaProvider: isAppCloneUserPair for user 0: false
09-10 14:53:15.040 1515 4568 W MediaProvider: isAppCloneUserPair for user 0: false
09-10 14:53:15.060 5547 5547 I chromium: [5547:5547:0910/145315.060273:INFO:ax_inspect_test_helper.cc(284)] Testing: /storage/emulated/0/chromium_tests_root/content/test/data/accessibility/html/static-list.html
09-10 14:53:15.060 5547 5547 I chromium: [5547:5547:0910/145315.060473:INFO:ax_inspect_test_helper.cc(286)] Expected output: /storage/emulated/0/chromium_tests_root/content/test/data/accessibility/html/static-list-expected-android.txt
09-10 14:53:15.060 5547 5547 I chromium: [5547:5547:0910/145315.060507:INFO:ax_inspect_test_helper.cc(320)] Test output matches expectations.
09-10 14:53:15.072 583 1810 I ActivityManager: Killing 5594:org.chromium.content_browsertests_apk:sandboxed_process0:org.chromium.content.app.SandboxedProcessService0:0/u0a208i9 (adj 0): isolated not needed
09-10 14:53:15.074 583 1810 I ActivityManager: Killing 5595:org.chromium.content_browsertests_apk:sandboxed_process0:org.chromium.content.app.SandboxedProcessService0:1/u0a208i10 (adj 0): isolated not needed
09-10 14:53:15.085 382 382 I Zygote : Process 5594 exited cleanly (0)
09-10 14:53:15.091 583 605 D DisplayManagerService: Drop pending events for gone uid 99009
09-10 14:53:15.095 583 618 I libprocessgroup: Removed cgroup /sys/fs/cgroup/uid_99009/pid_5594
09-10 14:53:15.097 583 605 D DisplayManagerService: Drop pending events for gone uid 99010
09-10 14:53:15.098 381 381 I netd : tetherGetStats() -> {[]} <2.65ms>
09-10 14:53:15.100 583 618 I libprocessgroup: Removed cgroup /sys/fs/cgroup/uid_99010/pid_5595
09-10 14:53:15.101 382 382 I Zygote : Process 5595 exited due to signal 9 (Killed)
09-10 14:53:15.257 5547 5547 I ImeTracker: org.chromium.content_browsertests_apk:test_process:ee6dbfea: onRequestHide at ORIGIN_CLIENT reason HIDE_SOFT_INPUT_CLOSE_CURRENT_SESSION fromUser false
09-10 14:53:15.258 583 726 I ImeTracker: org.chromium.content_browsertests_apk:test_process:ee6dbfea: onCancelled at PHASE_SERVER_SHOULD_HIDE
09-10 14:53:15.262 1515 2614 W MediaProvider: isAppCloneUserPair for user 0: false
09-10 14:53:15.266 1515 1803 W MediaProvider: isAppCloneUserPair for user 0: false
09-10 14:53:15.294 1515 5197 W MediaProvider: Database update failed while renaming /storage/emulated/0/chromium_tests_root/content_shell/GPUCache/index-dir/temp-index
09-10 14:53:15.294 1515 5197 W MediaProvider: android.database.sqlite.SQLiteConstraintException: UNIQUE constraint failed: files._data (code 2067 SQLITE_CONSTRAINT_UNIQUE)
09-10 14:53:15.294 1515 5197 W MediaProvider: at android.database.sqlite.SQLiteConnection.nativeExecuteForChangedRowCount(Native Method)
09-10 14:53:15.294 1515 5197 W MediaProvider: at android.database.sqlite.SQLiteConnection.executeForChangedRowCount(SQLiteConnection.java:926)
09-10 14:53:15.294 1515 5197 W MediaProvider: at android.database.sqlite.SQLiteSession.executeForChangedRowCount(SQLiteSession.java:780)
09-10 14:53:15.294 1515 5197 W MediaProvider: at android.database.sqlite.SQLiteStatement.executeUpdateDelete(SQLiteStatement.java:67)
09-10 14:53:15.294 1515 5197 W MediaProvider: at com.android.providers.media.util.DatabaseUtils.executeUpdateDelete(DatabaseUtils.java:499)
09-10 14:53:15.294 1515 5197 W MediaProvider: at com.android.providers.media.util.SQLiteQueryBuilder.update(SQLiteQueryBuilder.java:726)
09-10 14:53:15.294 1515 5197 W MediaProvider: at com.android.providers.media.util.SQLiteQueryBuilder.lambda$update$2(SQLiteQueryBuilder.java:648)
09-10 14:53:15.294 1515 5197 W MediaProvider: at com.android.providers.media.util.SQLiteQueryBuilder.$r8$lambda$V5i8aaD8hBMOL_-PCdDrUiXRenE(SQLiteQueryBuilder.java:0)
09-10 14:53:15.294 1515 5197 W MediaProvider: at com.android.providers.media.util.SQLiteQueryBuilder$$ExternalSyntheticLambda1.apply(R8$$SyntheticClass:0)
09-10 14:53:15.294 1515 5197 W MediaProvider: at com.android.providers.media.DatabaseHelper.runWithTransaction(DatabaseHelper.java:891)
09-10 14:53:15.294 1515 5197 W MediaProvider: at com.android.providers.media.util.SQLiteQueryBuilder.update(SQLiteQueryBuilder.java:647)
09-10 14:53:15.294 1515 5197 W MediaProvider: at com.android.providers.media.MediaProvider.lambda$updateDatabaseForFuseRename$18(MediaProvider.java:3084)
09-10 14:53:15.294 1515 5197 W MediaProvider: at com.android.providers.media.MediaProvider.$r8$lambda$SsJLM9omZuZqR6R57GeVw8lP7d0(MediaProvider.java:0)
09-10 14:53:15.294 1515 5197 W MediaProvider: at com.android.providers.media.MediaProvider$$ExternalSyntheticLambda36.apply(R8$$SyntheticClass:0)
09-10 14:53:15.294 1515 5197 W MediaProvider: at com.android.providers.media.DatabaseHelper.runWithTransaction(DatabaseHelper.java:891)
09-10 14:53:15.294 1515 5197 W MediaProvider: at com.android.providers.media.MediaProvider.updateDatabaseForFuseRename(MediaProvider.java:3076)
09-10 14:53:15.294 1515 5197 W MediaProvider: at com.android.providers.media.MediaProvider.updateDatabaseForFuseRename(MediaProvider.java:3043)
09-10 14:53:15.294 1515 5197 W MediaProvider: at com.android.providers.media.MediaProvider.updateDatabaseForFuseRename(MediaProvider.java:3037)
09-10 14:53:15.294 1515 5197 W MediaProvider: at com.android.providers.media.MediaProvider.renameFileForFuse(MediaProvider.java:3408)
09-10 14:53:15.294 1515 5197 W MediaProvider: at com.android.providers.media.MediaProvider.renameFileUncheckedForFuse(MediaProvider.java:3388)
09-10 14:53:15.294 1515 5197 W MediaProvider: at com.android.providers.media.MediaProvider.renameUncheckedForFuse(MediaProvider.java:3475)
09-10 14:53:15.294 1515 5197 W MediaProvider: at com.android.providers.media.MediaProvider.renameForFuse(MediaProvider.java:3523)
09-10 14:53:15.295 1515 5197 I MediaProvider: Retrying database update after deleting conflicting entry
09-10 14:53:15.328 992 1046 V WindowManagerShell: Transition requested (#22): android.os.BinderProxy@21ee3b5 TransitionRequestInfo { type = CLOSE, triggerTask = TaskInfo{userId=0 taskId=12 displayId=0 isRunning=false baseIntent=Intent { act=android.intent.action.MAIN flg=0x10000000 cmp=org.chromium.content_browsertests_apk/.ContentBrowserTestsActivity } baseActivity=null topActivity=null origActivity=null realActivity=ComponentInfo{org.chromium.content_browsertests_apk/org.chromium.content_browsertests_apk.ContentBrowserTestsActivity} numActivities=0 lastActiveTime=232612 supportsMultiWindow=true resizeMode=1 isResizeable=true minWidth=-1 minHeight=-1 defaultMinSize=220 token=WCT{android.window.IWindowContainerToken$Stub$Proxy@3864a4a} topActivityType=1 pictureInPictureParams=null shouldDockBigOverlays=false launchIntoPipHostTaskId=-1 lastParentTaskIdBeforePip=-1 displayCutoutSafeInsets=null topActivityInfo=null launchCookies=[] positionInParent=Point(0, 0) parentTaskId=-1 isFocused=true isVisible=true isVisibleRequested=true isSleeping=false locusId=null displayAreaFeatureId=1 isTopActivityTransparent=false appCompatTaskInfo=AppCompatTaskInfo { topActivityInSizeCompat=false topActivityEligibleForLetterboxEducation= falseisLetterboxEducationEnabled= false isLetterboxDoubleTapEnabled= false topActivityEligibleForUserAspectRatioButton= false topActivityBoundsLetterboxed= false isFromLetterboxDoubleTap= false topActivityLetterboxVerticalPosition= -1 topActivityLetterboxHorizontalPosition= -1 topActivityLetterboxWidth=-1 topActivityLetterboxHeight=-1 isUserFullscreenOverrideEnabled=false isSystemFullscreenOverrideEnabled=false cameraCompatTaskInfo=CameraCompatTaskInfo { cameraCompatControlState=hidden freeformCameraCompatMode=inactive}}}, pipTask = null, remoteTransition = null, displayChange = null, flags = 0, debugId = 22 }
09-10 14:53:15.329 5120 5120 I Process : Sending signal. PID: 5547 SIG: 9
09-10 14:53:15.332 1255 1255 I TopTaskTracker: onTaskMovedToFront: (moved taskInfo to front) taskId=7, baseIntent=Intent { act=android.intent.action.MAIN cat=[android.intent.category.HOME] flg=0x10000100 cmp=com.google.android.apps.nexuslauncher/.NexusLauncherActivity }
09-10 14:53:15.347 453 453 I BpBinder: onLastStrongRef automatically unlinking death recipients:
09-10 14:53:15.376 583 1810 I WindowManager: WIN DEATH: Window{77e0c6c u0 org.chromium.content_browsertests_apk/org.chromium.content_browsertests_apk.ContentBrowserTestsActivity}
09-10 14:53:15.376 583 1818 I ActivityManager: Process org.chromium.content_browsertests_apk:test_process (pid 5547) has died: fg TOP
09-10 14:53:15.376 583 1810 W InputManager-JNI: Input channel object '77e0c6c org.chromium.content_browsertests_apk/org.chromium.content_browsertests_apk.ContentBrowserTestsActivity (client)' was disposed without first being removed with the input manager!
09-10 14:53:15.377 382 382 I Zygote : Process 5547 exited due to signal 9 (Killed)
09-10 14:53:15.377 583 1095 D AutofillSession: handling death of Token{47272d6 ActivityRecord{8537e98 u0 org.chromium.content_browsertests_apk/.ContentBrowserTestsActivity t12 f}}} when saving=false
09-10 14:53:15.377 583 1832 I ImeTracker: org.chromium.content_browsertests_apk:2e9d8e0b: onRequestHide at ORIGIN_SERVER reason HIDE_REMOVE_CLIENT fromUser false
09-10 14:53:15.377 583 1832 I ImeTracker: org.chromium.content_browsertests_apk:2e9d8e0b: onCancelled at PHASE_SERVER_SHOULD_HIDE
09-10 14:53:15.377 583 605 D AutofillUI: destroySaveUiUiThread(): already destroyed
09-10 14:53:15.379 583 1818 D OomAdjuster: Not killing cached processes
09-10 14:53:15.383 583 917 D ConnectivityService: releasing NetworkRequest [ REQUEST id=164, [ Capabilities: INTERNET&NOT_RESTRICTED&TRUSTED&NOT_VCN_MANAGED&NOT_BANDWIDTH_CONSTRAINED Uid: 10208 RequestorUid: 10208 RequestorPkg: org.chromium.content_browsertests_apk UnderlyingNetworks: Null] ] (release request)
09-10 14:53:15.401 583 607 W ActivityManager: setHasOverlayUi called on unknown pid: 5547
09-10 14:53:15.403 583 600 I AppWidgetServiceImpl: startListening() 0
09-10 14:53:15.405 583 1832 I ActivityManager: Process org.chromium.content_browsertests_apk:privileged_process0 (pid 5593) has died: fg SVC
09-10 14:53:15.407 1255 1255 D StatsLog: LAUNCHER_ONRESUME
09-10 14:53:15.407 382 382 I Zygote : Process 5593 exited cleanly (0)
09-10 14:53:15.409 992 1046 D WindowManagerShell: setLauncherKeepClearAreaHeight: visible=true, height=525
09-10 14:53:15.409 583 1810 W OptProp : Cannot read opt property android.window.PROPERTY_COMPAT_ALLOW_USER_ASPECT_RATIO_OVERRIDE
09-10 14:53:15.410 583 1810 W OptProp : Cannot read opt property android.window.PROPERTY_COMPAT_ALLOW_USER_ASPECT_RATIO_FULLSCREEN_OVERRIDE
09-10 14:53:15.410 583 1810 W OptProp : Cannot read opt property android.window.PROPERTY_COMPAT_ALLOW_ORIENTATION_OVERRIDE
09-10 14:53:15.410 583 618 I libprocessgroup: Removed cgroup /sys/fs/cgroup/uid_10208/pid_5547
09-10 14:53:15.411 583 1810 V GrammaticalInflectionUtils: AttributionSource: AttributionSource { uid = 10208, packageName = null, attributionTag = null, token = android.os.Binder@7b78a50, deviceId = 0, next = null } does not have READ_SYSTEM_GRAMMATICAL_GENDER permission.
09-10 14:53:15.411 583 1614 W AppSearchIcing: icing-search-engine.cc:321: Error: 5, Message: Document (com.google.android.googlequicksearchbox$OneSearchZeroStateGoogleSuggestions/default, zp) not found.
09-10 14:53:15.411 583 1810 W OptProp : Cannot read opt property android.window.PROPERTY_COMPAT_ALLOW_RESIZEABLE_ACTIVITY_OVERRIDES
09-10 14:53:15.411 583 1810 W OptProp : Cannot read opt property android.window.PROPERTY_COMPAT_ALLOW_MIN_ASPECT_RATIO_OVERRIDE
09-10 14:53:15.412 583 618 I libprocessgroup: Removed cgroup /sys/fs/cgroup/uid_10208/pid_5593
09-10 14:53:15.412 1255 2183 D OneSearchSuggestProvider: AppSearch 0-state cache not available, fallback to AGA
09-10 14:53:15.412 1255 2183 D OneSearchSuggestProvider: java.util.concurrent.CompletionException: java.util.NoSuchElementException: No value present
09-10 14:53:15.412 1255 2183 D OneSearchSuggestProvider: at java.util.concurrent.CompletableFuture.encodeThrowable(CompletableFuture.java:308)
09-10 14:53:15.412 1255 2183 D OneSearchSuggestProvider: at java.util.concurrent.CompletableFuture.completeThrowable(CompletableFuture.java:323)
09-10 14:53:15.412 1255 2183 D OneSearchSuggestProvider: at java.util.concurrent.CompletableFuture$UniAccept.tryFire(CompletableFuture.java:684)
09-10 14:53:15.412 1255 2183 D OneSearchSuggestProvider: at java.util.concurrent.CompletableFuture.postComplete(CompletableFuture.java:486)
09-10 14:53:15.412 1255 2183 D OneSearchSuggestProvider: at java.util.concurrent.CompletableFuture.completeExceptionally(CompletableFuture.java:2138)
09-10 14:53:15.412 1255 2183 D OneSearchSuggestProvider: at com.google.android.apps.nexuslauncher.allapps.E0.onResult(go/retraceme 31f9979659277bb965985aff1272c33e3c3c9e755b77166d20a2465454178f2c:67)
09-10 14:53:15.412 1255 2183 D OneSearchSuggestProvider: at android.app.appsearch.SearchSessionUtil$1.lambda$onResult$0(go/retraceme 64eee9e9f568ff45978879ad2ff83146f2618ee8a88278736fbdf5fae931976e:144)
09-10 14:53:15.412 1255 2183 D OneSearchSuggestProvider: at android.app.appsearch.SearchSessionUtil$1.$r8$lambda$CEk3q8sDAQVhU3rQwVueB8FAj_M(go/retraceme 64eee9e9f568ff45978879ad2ff83146f2618ee8a88278736fbdf5fae931976e:1)
09-10 14:53:15.412 1255 2183 D OneSearchSuggestProvider: at android.app.appsearch.SearchSessionUtil$1$$ExternalSyntheticLambda0.run(go/retraceme 64eee9e9f568ff45978879ad2ff83146f2618ee8a88278736fbdf5fae931976e:22)
09-10 14:53:15.412 1255 2183 D OneSearchSuggestProvider: at android.os.Handler.handleCallback(Handler.java:959)
09-10 14:53:15.412 1255 2183 D OneSearchSuggestProvider: at android.os.Handler.dispatchMessage(Handler.java:100)
09-10 14:53:15.412 1255 2183 D OneSearchSuggestProvider: at android.os.Looper.loopOnce(Looper.java:232)
09-10 14:53:15.412 1255 2183 D OneSearchSuggestProvider: at android.os.Looper.loop(Looper.java:317)
09-10 14:53:15.412 1255 2183 D OneSearchSuggestProvider: at android.os.HandlerThread.run(HandlerThread.java:85)
09-10 14:53:15.412 1255 2183 D OneSearchSuggestProvider: Caused by: java.util.NoSuchElementException: No value present
09-10 14:53:15.412 1255 2183 D OneSearchSuggestProvider: at java.util.Optional.get(Optional.java:143)
09-10 14:53:15.412 1255 2183 D OneSearchSuggestProvider: at com.google.android.apps.nexuslauncher.allapps.E0.onResult(go/retraceme 31f9979659277bb965985aff1272c33e3c3c9e755b77166d20a2465454178f2c:28)
09-10 14:53:15.412 1255 2183 D OneSearchSuggestProvider: ... 8 more
09-10 14:53:15.413 1255 1255 D NexusLauncherModelDelegate: notifySmartspaceEvent: SmartspaceTargetEvent{mSmartspaceTarget=null, mSmartspaceActionId='null', mEventType=6}
09-10 14:53:15.415 583 1810 V SplashScreenExceptionList: SplashScreen checking exception for package org.chromium.content_browsertests_apk (target sdk:35) -> false
09-10 14:53:15.416 583 1810 I ActivityTaskManager: Add Task{daf66f1 #12 type=standard A=10208:org.chromium.content_browsertests_apk} to hidden list because adding Task{b762b43 #13 type=standard A=10208:org.chromium.content_browsertests_apk}
09-10 14:53:15.417 583 1810 I ActivityTaskManager: START u0 {act=android.intent.action.MAIN flg=0x10000000 cmp=org.chromium.content_browsertests_apk/.ContentBrowserTestsActivity (has extras)} with LAUNCH_SINGLE_TASK from uid 10208 (BAL_ALLOW_PERMISSION) result code=0
09-10 14:53:15.419 583 607 V GrammaticalInflectionUtils: AttributionSource: AttributionSource { uid = 10208, packageName = null, attributionTag = null, token = android.os.Binder@7b78a50, deviceId = 0, next = null } does not have READ_SYSTEM_GRAMMATICAL_GENDER permission.
09-10 14:53:15.429 1255 2183 D OneSearchSuggestProvider: Created the binder channel successfully for end point service =com.google.android.apps.search.googleapp.search.suggest.plugins.onesearch.server.OneSearchSuggestService , mChannel=i1{delegate=f{logId=15, target=directaddress:///AndroidComponentAddress%5BIntent%20%7B%20act=grpc.io.action.BIND%20cmp=com.google.android.googlequicksearchbox/com.google.android.apps.search.googleapp.search.suggest.plugins.onesearch.server.OneSearchSuggestService%20%7D%5D}} , mOneSearchConnection=l2.Z@af20451
09-10 14:53:15.430 382 382 D Zygote : Forked child process 5676
09-10 14:53:15.430 583 617 I ActivityManager: Start proc 5676:org.chromium.content_browsertests_apk:test_process/u0a208 for next-top-activity {org.chromium.content_browsertests_apk/org.chromium.content_browsertests_apk.ContentBrowserTestsActivity}
09-10 14:53:15.441 5676 5676 I pk:test_process: Using CollectorTypeCMC GC.
09-10 14:53:15.444 992 1092 D SplashScreenView: Build android.window.SplashScreenView{57512d8 V.E...... ......ID 0,0-0,0}
09-10 14:53:15.444 992 1092 D SplashScreenView: Icon: view: null drawable: null size: 0
09-10 14:53:15.444 992 1092 D SplashScreenView: Branding: view: android.view.View{9a70631 G.ED..... ......I. 0,0-0,0 #1020503 android:id/splashscreen_branding_view} drawable: null size w: 0 h: 0
09-10 14:53:15.447 1255 1303 D QuickstepModelDelegate: notifyAppTargetEvent action=1 launchLocation=workspace/0/[-1,-1]/[1,1]
09-10 14:53:15.451 5676 5676 W pk:test_process: Unexpected CPU variant for x86: x86_64.
09-10 14:53:15.451 5676 5676 W pk:test_process: Known variants: atom, sandybridge, silvermont, goldmont, goldmont-plus, goldmont-without-sha-xsaves, tremont, kabylake, default
09-10 14:53:15.457 1537 1886 I AiAiEcho: Predicting[0]: [CONTEXT sampling_count=5 ]
09-10 14:53:15.457 1537 1886 I AiAiEcho: EchoTargets:
09-10 14:53:15.457 1537 1886 I AiAiEcho: Filtered by AiAi flag check:
09-10 14:53:15.457 1537 1886 I AiAiEcho: [CONTEXT ratelimit_period="10 SECONDS" ]
09-10 14:53:15.458 1537 1886 I AiAiEcho: Ranked targets strategy: SORT, count: 0, ranking metadata: [CONTEXT ratelimit_period="10 SECONDS" ]
09-10 14:53:15.458 1537 1886 I AiAiEcho: #remoteViewsTwiddler: feature disabled.
09-10 14:53:15.460 1255 1255 D BaseDepthController: setSurface:
09-10 14:53:15.460 1255 1255 D BaseDepthController: mWaitingOnSurfaceValidity: false
09-10 14:53:15.460 1255 1255 D BaseDepthController: mSurface: Surface(name=com.google.android.apps.nexuslauncher/com.google.android.apps.nexuslauncher.NexusLauncherActivity)/@0x668f0d3
09-10 14:53:15.461 1537 1886 I AiAiEcho: #postPredictionTargets: Sending updates to UISurface home with targets# 0 (types=[])
09-10 14:53:15.461 5676 5676 E pk:test_process: Not starting debugger since process cannot load the jdwp agent.
09-10 14:53:15.462 583 608 W ActivityTaskManager: Unable to send transaction to client proc org.chromium.content_browsertests_apk:test_process: no app thread
09-10 14:53:15.466 583 2323 D CoreBackPreview: Window{d51ccd8 u0 Splash Screen org.chromium.content_browsertests_apk}: Setting back callback OnBackInvokedCallbackInfo{mCallback=android.window.IOnBackInvokedCallback$Stub$Proxy@530b16, mPriority=0, mIsAnimationCallback=false}
09-10 14:53:15.469 5676 5676 D nativeloader: Load libframework-connectivity-tiramisu-jni.so using APEX ns com_android_tethering for caller /apex/com.android.tethering/javalib/framework-connectivity-t.jar: ok
09-10 14:53:15.473 505 505 W IPCThreadState: Sending oneway calls to frozen process.
09-10 14:53:15.492 4025 4025 I A : (REDACTED) Created gRPC endpoint for service %s
09-10 14:53:15.511 1255 1255 W SplitSelectStateCtor: Missing session instanceIds
09-10 14:53:15.511 1255 1255 D StatsLog: LAUNCHER_SPLIT_SELECTION_EXIT_INTERRUPTED
09-10 14:53:15.514 992 1046 D WindowManagerShell: setLauncherKeepClearAreaHeight: visible=false, height=525
09-10 14:53:15.517 1255 1255 I TopTaskTracker: onTaskMovedToFront: (moved taskInfo to front) taskId=13, baseIntent=Intent { act=android.intent.action.MAIN flg=0x10000000 cmp=org.chromium.content_browsertests_apk/.ContentBrowserTestsActivity }
09-10 14:53:15.521 1255 1255 D SsBaseTemplateCard: No text view can be set up
09-10 14:53:15.521 1255 1255 D SsBaseTemplateCard: Passed-in item info is null
09-10 14:53:15.521 1255 1255 D SsBaseTemplateCard: Passed-in item info is null
09-10 14:53:15.521 1255 1255 D SsBaseTemplateCard: Passed-in item info is null
09-10 14:53:15.521 1255 1255 I SsBaseTemplateCard: Secondary card pane is null
09-10 14:53:15.554 5676 5676 D ApplicationLoaders: Returning zygote-cached class loader: /system/framework/android.test.base.jar
09-10 14:53:15.560 5676 5676 D nativeloader: Configuring clns-7 for other apk /system/framework/android.test.mock.jar. target_sdk_version=35, uses_libraries=ALL, library_path=/data/app/~~Qgn2wqEAvH79GiouluTyOA==/org.chromium.content_browsertests_apk-RchFo_8uzwLoY5jHIGStww==/lib/x86_64:/data/app/~~Qgn2wqEAvH79GiouluTyOA==/org.chromium.content_browsertests_apk-RchFo_8uzwLoY5jHIGStww==/base.apk!/lib/x86_64, permitted_path=/data:/mnt/expand:/data/user/0/org.chromium.content_browsertests_apk
09-10 14:53:15.561 5676 5676 D ApplicationLoaders: Returning zygote-cached class loader: /system/framework/android.test.base.jar
09-10 14:53:15.567 5676 5676 D nativeloader: Configuring clns-8 for other apk /system/framework/android.test.runner.jar. target_sdk_version=35, uses_libraries=ALL, library_path=/data/app/~~Qgn2wqEAvH79GiouluTyOA==/org.chromium.content_browsertests_apk-RchFo_8uzwLoY5jHIGStww==/lib/x86_64:/data/app/~~Qgn2wqEAvH79GiouluTyOA==/org.chromium.content_browsertests_apk-RchFo_8uzwLoY5jHIGStww==/base.apk!/lib/x86_64, permitted_path=/data:/mnt/expand:/data/user/0/org.chromium.content_browsertests_apk
09-10 14:53:15.568 5676 5676 D ApplicationLoaders: Returning zygote-cached class loader: /system_ext/framework/androidx.window.extensions.jar
09-10 14:53:15.572 5676 5676 D nativeloader: Configuring clns-9 for other apk /data/app/~~Qgn2wqEAvH79GiouluTyOA==/org.chromium.content_browsertests_apk-RchFo_8uzwLoY5jHIGStww==/base.apk. target_sdk_version=35, uses_libraries=, library_path=/data/app/~~Qgn2wqEAvH79GiouluTyOA==/org.chromium.content_browsertests_apk-RchFo_8uzwLoY5jHIGStww==/lib/x86_64:/data/app/~~Qgn2wqEAvH79GiouluTyOA==/org.chromium.content_browsertests_apk-RchFo_8uzwLoY5jHIGStww==/base.apk!/lib/x86_64, permitted_path=/data:/mnt/expand:/data/user/0/org.chromium.content_browsertests_apk
09-10 14:53:15.573 5676 5676 D CompatChangeReporter: Compat change id reported: 202956589; UID 10208; state: ENABLED
09-10 14:53:15.575 583 706 D ActivityManager: freezing 1754 android.process.acore
09-10 14:53:15.585 381 5691 I resolv : GetAddrInfoHandler::run: {0 262144 0 983040 10143 0}
09-10 14:53:15.586 381 5692 I resolv : GetAddrInfoHandler::run: {0 262144 0 983040 10143 0}
09-10 14:53:15.589 4025 4086 W A : CompleteServer request has failed and can't show offline suggestions.
09-10 14:53:15.589 4025 4086 W A : com.google.frameworks.client.data.android.ac: Http networking stack error
09-10 14:53:15.589 4025 4086 W A : at com.google.frameworks.client.data.android.x.run(PG:36)
09-10 14:53:15.589 4025 4086 W A : at com.google.android.libraries.k.x.run(PG:3)
09-10 14:53:15.589 4025 4086 W A : at com.google.common.n.c.c.run(PG:50)
09-10 14:53:15.589 4025 4086 W A : at com.google.android.libraries.k.e.run(PG:8)
09-10 14:53:15.589 4025 4086 W A : at java.lang.Thread.run(Thread.java:1012)
09-10 14:53:15.589 4025 4086 W A : at com.google.android.libraries.k.d.b.run(PG:74)
09-10 14:53:15.589 4025 4086 W A : Caused by: m.mc: Exception in CronetUrlRequest: net::ERR_INTERNET_DISCONNECTED, ErrorCode=2, InternalErrorCode=-106, Retryable=false
09-10 14:53:15.589 4025 4086 W A : at org.chromium.net.impl.CronetUrlRequest.onError(:com.google.android.gms.dynamite_cronetdynamite@242632041@24.26.32 (190800-0):4)
09-10 14:53:15.589 583 604 D CompatChangeReporter: Compat change id reported: 296060945; UID 10144; state: ENABLED
09-10 14:53:15.590 583 917 D InetDiagMessage: Destroyed 0 sockets, proto=IPPROTO_TCP, family=AF_INET, states=14
09-10 14:53:15.590 583 917 D InetDiagMessage: Destroyed 0 sockets, proto=IPPROTO_TCP, family=AF_INET6, states=14
09-10 14:53:15.590 583 917 D InetDiagMessage: Destroyed live tcp sockets for uids={10094} in 11ms
09-10 14:53:15.599 4025 4086 W A : #getSuggestions failed
09-10 14:53:15.599 4025 4086 W A : com.google.frameworks.client.data.android.ac: Http networking stack error
09-10 14:53:15.599 4025 4086 W A : at com.google.frameworks.client.data.android.x.run(PG:36)
09-10 14:53:15.599 4025 4086 W A : at com.google.android.libraries.k.x.run(PG:3)
09-10 14:53:15.599 4025 4086 W A : at com.google.common.n.c.c.run(PG:50)
09-10 14:53:15.599 4025 4086 W A : at com.google.android.libraries.k.e.run(PG:8)
09-10 14:53:15.599 4025 4086 W A : at java.lang.Thread.run(Thread.java:1012)
09-10 14:53:15.599 4025 4086 W A : at com.google.android.libraries.k.d.b.run(PG:74)
09-10 14:53:15.599 4025 4086 W A : Caused by: m.mc: Exception in CronetUrlRequest: net::ERR_INTERNET_DISCONNECTED, ErrorCode=2, InternalErrorCode=-106, Retryable=false
09-10 14:53:15.599 4025 4086 W A : at org.chromium.net.impl.CronetUrlRequest.onError(:com.google.android.gms.dynamite_cronetdynamite@242632041@24.26.32 (190800-0):4)
09-10 14:53:15.613 1255 5689 E OneSearchSuggestProvider: Unable to get suggestions from AGA
09-10 14:53:15.613 1255 5689 E OneSearchSuggestProvider: io.grpc.StatusRuntimeException: UNKNOWN
09-10 14:53:15.613 1255 5689 E OneSearchSuggestProvider: at k3.e.a(go/retraceme 31f9979659277bb965985aff1272c33e3c3c9e755b77166d20a2465454178f2c:77)
09-10 14:53:15.613 1255 5689 E OneSearchSuggestProvider: at i3.l.b(go/retraceme 31f9979659277bb965985aff1272c33e3c3c9e755b77166d20a2465454178f2c:43)
09-10 14:53:15.613 1255 5689 E OneSearchSuggestProvider: at i3.l.a(go/retraceme 31f9979659277bb965985aff1272c33e3c3c9e755b77166d20a2465454178f2c:27)
09-10 14:53:15.613 1255 5689 E OneSearchSuggestProvider: at i3.z.run(go/retraceme 31f9979659277bb965985aff1272c33e3c3c9e755b77166d20a2465454178f2c:7)
09-10 14:53:15.613 1255 5689 E OneSearchSuggestProvider: at i3.m2.run(go/retraceme 31f9979659277bb965985aff1272c33e3c3c9e755b77166d20a2465454178f2c:19)
09-10 14:53:15.613 1255 5689 E OneSearchSuggestProvider: at java.util.concurrent.ThreadPoolExecutor.runWorker(ThreadPoolExecutor.java:1145)
09-10 14:53:15.613 1255 5689 E OneSearchSuggestProvider: at java.util.concurrent.ThreadPoolExecutor$Worker.run(ThreadPoolExecutor.java:644)
09-10 14:53:15.613 1255 5689 E OneSearchSuggestProvider: at java.lang.Thread.run(Thread.java:1012)
09-10 14:53:15.613 5676 5676 V GraphicsEnvironment: Currently set values for:
09-10 14:53:15.614 5676 5676 V GraphicsEnvironment: angle_gl_driver_selection_pkgs=[]
09-10 14:53:15.614 5676 5676 V GraphicsEnvironment: angle_gl_driver_selection_values=[]
09-10 14:53:15.614 5676 5676 V GraphicsEnvironment: Global.Settings values are invalid: number of packages: 0, number of values: 0
09-10 14:53:15.614 5676 5676 V GraphicsEnvironment: Neither updatable production driver nor prerelease driver is supported.
09-10 14:53:15.622 583 1151 W OptProp : Cannot read opt property android.window.PROPERTY_COMPAT_ENABLE_FAKE_FOCUS
09-10 14:53:15.634 583 608 W ActivityTaskManager: Unable to send transaction to client proc org.chromium.content_browsertests_apk:test_process: no app thread
09-10 14:53:15.648 1255 1255 D SearchTargetUtil: query= size=0
09-10 14:53:15.652 992 2179 V WindowManagerShell: onTransitionReady(transaction=2503965934346)
09-10 14:53:15.660 992 1046 V WindowManagerShell: onTransitionReady (#22) android.os.BinderProxy@21ee3b5: {id=22 t=CLOSE f=0x0 trk=0 r=[0@Point(0, 0)] c=[{WCT{android.window.IWindowContainerToken$Stub$Proxy@9a5e01c} m=OPEN f=MOVE_TO_TOP leash=Surface(name=Task=13)/@0x1574a69 sb=Rect(0, 0 - 1080, 1920) eb=Rect(0, 0 - 1080, 1920) d=0 taskParent=-1},{WCT{android.window.IWindowContainerToken$Stub$Proxy@7912425} m=CLOSE f=NONE leash=Surface(name=Task=12)/@0x10cdcee sb=Rect(0, 0 - 1080, 1920) eb=Rect(0, 0 - 1080, 1920) d=0 taskParent=-1}]}
09-10 14:53:15.661 992 1046 V WindowManagerShell: Playing animation for (#22) android.os.BinderProxy@21ee3b5@0
09-10 14:53:15.661 992 1046 V WindowManagerShell: try handler com.android.wm.shell.transition.DefaultMixedHandler@f3e5596
09-10 14:53:15.661 992 1046 V WindowManagerShell: try handler com.android.wm.shell.keyguard.KeyguardTransitionHandler@3a25517
09-10 14:53:15.661 992 1046 V WindowManagerShell: try handler com.android.wm.shell.pip.PipTransition@8d56d04
09-10 14:53:15.661 992 1046 V WindowManagerShell: try handler com.android.wm.shell.activityembedding.ActivityEmbeddingController@f2ed2ed
09-10 14:53:15.661 992 1046 V WindowManagerShell: try handler com.android.wm.shell.recents.RecentsTransitionHandler@b823522
09-10 14:53:15.661 992 1046 V ShellRecents: RecentsTransitionHandler.startAnimation: no controller found
09-10 14:53:15.661 992 1046 V WindowManagerShell: try handler com.android.wm.shell.splitscreen.StageCoordinator@ced2bb3
09-10 14:53:15.661 992 1046 V WindowManagerShell: try handler com.android.wm.shell.transition.RemoteTransitionHandler@3be5570
09-10 14:53:15.661 992 1046 V WindowManagerShell: Transition doesn't have explicit remote, search filters for match for {id=22 t=CLOSE f=0x0 trk=0 r=[0@Point(0, 0)] c=[{WCT{android.window.IWindowContainerToken$Stub$Proxy@9a5e01c} m=OPEN f=MOVE_TO_TOP leash=Surface(name=Task=13)/@0x1574a69 sb=Rect(0, 0 - 1080, 1920) eb=Rect(0, 0 - 1080, 1920) d=0 taskParent=-1},{WCT{android.window.IWindowContainerToken$Stub$Proxy@7912425} m=CLOSE f=NONE leash=Surface(name=Task=12)/@0x10cdcee sb=Rect(0, 0 - 1080, 1920) eb=Rect(0, 0 - 1080, 1920) d=0 taskParent=-1}]}
09-10 14:53:15.661 992 1046 V WindowManagerShell: Checking filter Pair{{types=[] flags=0x0] notFlags=0x0 checks=[{atype=undefined independent=true modes=[OPEN,TO_FRONT] flags=IN_TASK_WITH_EMBEDDED_ACTIVITY mustBeTask=false order=ANY topActivity=ComponentInfo{com.google.android.apps.nexuslauncher/com.google.android.apps.nexuslauncher.NexusLauncherActivity} launchCookie=null},{atype=undefined independent=true modes=[CLOSE,TO_BACK] flags=IN_TASK_WITH_EMBEDDED_ACTIVITY mustBeTask=false order=ANY topActivity=null launchCookie=null}]} RemoteTransition { remoteTransition = android.window.IRemoteTransition$Stub$Proxy@dc63f4e, appThread = android.app.IApplicationThread$Stub$Proxy@906e86f, debugName = OverlaySwipeBack }}
09-10 14:53:15.661 992 1046 V WindowManagerShell: Checking filter Pair{{types=[] flags=0x0] notFlags=0x0 checks=[{atype=dream independent=true modes=[OPEN,TO_FRONT] flags=NONE mustBeTask=false order=ANY topActivity=null launchCookie=null},{atype=home independent=true modes=[CLOSE,TO_BACK] flags=NONE mustBeTask=false order=ANY topActivity=null launchCookie=null}]} RemoteTransition { remoteTransition = android.window.IRemoteTransition$Stub$Proxy@79cf97c, appThread = android.app.IApplicationThread$Stub$Proxy@3c23205, debugName = LauncherToDream }}
09-10 14:53:15.661 992 1046 V WindowManagerShell: Checking filter Pair{{types=[] flags=0x0] notFlags=0x100 checks=[{atype=home independent=true modes=[OPEN,TO_FRONT] flags=NONE mustBeTask=false order=TOP topActivity=ComponentInfo{com.google.android.apps.nexuslauncher/com.google.android.apps.nexuslauncher.NexusLauncherActivity} launchCookie=null},{atype=standard independent=true modes=[CLOSE,TO_BACK] flags=NONE mustBeTask=false order=ANY topActivity=null launchCookie=null}]} RemoteTransition { remoteTransition = android.window.IRemoteTransition$Stub$Proxy@9cb025a, appThread = android.app.IApplicationThread$Stub$Proxy@1c39c8b, debugName = QuickstepLaunchHome }}
09-10 14:53:15.661 992 1046 V WindowManagerShell: Delegate animation for (#22) to null
09-10 14:53:15.661 992 1046 V WindowManagerShell: try handler com.android.wm.shell.transition.DefaultTransitionHandler@ab2b0e9
09-10 14:53:15.662 992 1046 V WindowManagerShell: start default transition animation, info = {id=22 t=CLOSE f=0x0 trk=0 r=[0@Point(0, 0)] c=[{WCT{android.window.IWindowContainerToken$Stub$Proxy@9a5e01c} m=OPEN f=MOVE_TO_TOP leash=Surface(name=Task=13)/@0x1574a69 sb=Rect(0, 0 - 1080, 1920) eb=Rect(0, 0 - 1080, 1920) d=0 taskParent=-1},{WCT{android.window.IWindowContainerToken$Stub$Proxy@7912425} m=CLOSE f=NONE leash=Surface(name=Task=12)/@0x10cdcee sb=Rect(0, 0 - 1080, 1920) eb=Rect(0, 0 - 1080, 1920) d=0 taskParent=-1}]}
09-10 14:53:15.662 992 1046 V WindowManagerShell: loadAnimation: anim=android.view.animation.AnimationSet@b6dd9fa animAttr=0xb type=CLOSE isEntrance=false
09-10 14:53:15.664 992 1046 V WindowManagerShell: loadAnimation: anim=android.view.animation.AnimationSet@78c2bab animAttr=0xa type=CLOSE isEntrance=true
09-10 14:53:15.688 583 604 V WindowManager: Sent Transition (#22) createdAt=09-10 07:53:15.323 via request=TransitionRequestInfo { type = CLOSE, triggerTask = TaskInfo{userId=0 taskId=12 displayId=0 isRunning=false baseIntent=Intent { act=android.intent.action.MAIN flg=0x10000000 cmp=org.chromium.content_browsertests_apk/.ContentBrowserTestsActivity } baseActivity=null topActivity=null origActivity=null realActivity=ComponentInfo{org.chromium.content_browsertests_apk/org.chromium.content_browsertests_apk.ContentBrowserTestsActivity} numActivities=0 lastActiveTime=232612 supportsMultiWindow=true resizeMode=1 isResizeable=true minWidth=-1 minHeight=-1 defaultMinSize=220 token=WCT{RemoteToken{f55785b Task{daf66f1 #12 type=standard A=10208:org.chromium.content_browsertests_apk}}} topActivityType=1 pictureInPictureParams=null shouldDockBigOverlays=false launchIntoPipHostTaskId=-1 lastParentTaskIdBeforePip=-1 displayCutoutSafeInsets=null topActivityInfo=null launchCookies=[] positionInParent=Point(0, 0) parentTaskId=-1 isFocused=true isVisible=true isVisibleRequested=true isSleeping=false locusId=null displayAreaFeatureId=1 isTopActivityTransparent=false appCompatTaskInfo=AppCompatTaskInfo { topActivityInSizeCompat=false topActivityEligibleForLetterboxEducation= falseisLetterboxEducationEnabled= false isLetterboxDoubleTapEnabled= false topActivityEligibleForUserAspectRatioButton= false topActivityBoundsLetterboxed= false isFromLetterboxDoubleTap= false topActivityLetterboxVerticalPosition= -1 topActivityLetterboxHorizontalPosition= -1 topActivityLetterboxWidth=-1 topActivityLetterboxHeight=-1 isUserFullscreenOverrideEnabled=false isSystemFullscreenOverrideEnabled=false cameraCompatTaskInfo=CameraCompatTaskInfo { cameraCompatControlState=hidden freeformCameraCompatMode=inactive}}}, pipTask = null, remoteTransition = null, displayChange = null, flags = 0, debugId = 22 }
09-10 14:53:15.688 583 604 V WindowManager: startWCT=WindowContainerTransaction { changes = {} hops = [] errorCallbackToken=null taskFragmentOrganizer=null }
09-10 14:53:15.689 583 604 V WindowManager: info={id=22 t=CLOSE f=0x0 trk=0 r=[0@Point(0, 0)] c=[
09-10 14:53:15.689 583 604 V WindowManager: {WCT{RemoteToken{bebd987 Task{b762b43 #13 type=standard A=10208:org.chromium.content_browsertests_apk}}} m=OPEN f=MOVE_TO_TOP leash=Surface(name=Task=13)/@0x5ac8fa1 sb=Rect(0, 0 - 1080, 1920) eb=Rect(0, 0 - 1080, 1920) d=0 taskParent=-1},
09-10 14:53:15.689 583 604 V WindowManager: {WCT{RemoteToken{f55785b Task{daf66f1 #12 type=standard A=10208:org.chromium.content_browsertests_apk}}} m=CLOSE f=NONE leash=Surface(name=Task=12)/@0x5159555 sb=Rect(0, 0 - 1080, 1920) eb=Rect(0, 0 - 1080, 1920) d=0 taskParent=-1}
09-10 14:53:15.689 583 604 V WindowManager: ]}
09-10 14:53:15.691 992 1046 V WindowManagerShell: animated by com.android.wm.shell.transition.DefaultTransitionHandler@ab2b0e9
09-10 14:53:15.691 992 1046 W Looper : Slow dispatch took 30ms wmshell.main h=android.os.Handler c=com.android.wm.shell.transition.Transitions$TransitionPlayerImpl$$ExternalSyntheticLambda0@faf9bc6 m=0
09-10 14:53:15.710 583 1095 W UserManagerService: Requested status bar icon for non-badged user 0
09-10 14:53:15.766 5676 5676 I cr_NativeTest: Extras:
09-10 14:53:15.771 5676 5676 I cr_NativeTest: org.chromium.native_test.NativeTest.GtestFilter
09-10 14:53:15.771 5676 5676 I cr_NativeTest: org.chromium.native_test.NativeTest.StdoutFile
09-10 14:53:15.797 5676 5676 D CompatChangeReporter: Compat change id reported: 279646685; UID 10208; state: ENABLED
09-10 14:53:15.798 5676 5676 D CompatChangeReporter: Compat change id reported: 309578419; UID 10208; state: ENABLED
09-10 14:53:15.805 1515 5201 W MediaProvider: Ignoring param:deletedata post U for external apps
09-10 14:53:15.812 1515 5201 I MediaProvider: Deleted 1 0 0 0 0 0 0 items on external_primary due to org.chromium.content_browsertests_apk
09-10 14:53:15.814 1515 5201 W MediaProvider: Ignoring param:deletedata post U for external apps
09-10 14:53:15.816 1515 5201 I MediaProvider: Deleted 1 0 0 0 0 0 0 items on external_primary due to org.chromium.content_browsertests_apk
09-10 14:53:15.817 1515 1803 W MediaProvider: Ignoring param:deletedata post U for external apps
09-10 14:53:15.819 1515 1803 I MediaProvider: Deleted 1 0 0 0 0 0 0 items on external_primary due to org.chromium.content_browsertests_apk
09-10 14:53:15.826 1515 1802 W MediaProvider: Ignoring param:deletedata post U for external apps
09-10 14:53:15.841 1515 1802 I MediaProvider: Deleted 1 0 0 0 0 0 0 items on external_primary due to org.chromium.content_browsertests_apk
09-10 14:53:15.843 1515 4568 W MediaProvider: Ignoring param:deletedata post U for external apps
09-10 14:53:15.850 1515 4568 I MediaProvider: Deleted 1 0 0 0 0 0 0 items on external_primary due to org.chromium.content_browsertests_apk
09-10 14:53:15.856 1515 5201 W MediaProvider: Ignoring param:deletedata post U for external apps
09-10 14:53:15.858 1515 5201 I MediaProvider: Deleted 1 0 0 0 0 0 0 items on external_primary due to org.chromium.content_browsertests_apk
09-10 14:53:15.865 1515 1802 W MediaProvider: Ignoring param:deletedata post U for external apps
09-10 14:53:15.866 1515 1802 I MediaProvider: Deleted 1 0 0 0 0 0 0 items on external_primary due to org.chromium.content_browsertests_apk
09-10 14:53:15.869 1515 1803 W MediaProvider: Ignoring param:deletedata post U for external apps
09-10 14:53:15.871 1515 1803 I MediaProvider: Deleted 1 0 0 0 0 0 0 items on external_primary due to org.chromium.content_browsertests_apk
09-10 14:53:15.874 1515 4876 W MediaProvider: Ignoring param:deletedata post U for external apps
09-10 14:53:15.896 1515 4876 I MediaProvider: Deleted 1 0 0 0 0 0 0 items on external_primary due to org.chromium.content_browsertests_apk
09-10 14:53:15.903 1515 5201 W MediaProvider: Ignoring param:deletedata post U for external apps
09-10 14:53:15.914 1515 5201 I MediaProvider: Deleted 1 0 0 0 0 0 0 items on external_primary due to org.chromium.content_browsertests_apk
09-10 14:53:15.915 1515 1803 W MediaProvider: Ignoring param:deletedata post U for external apps
09-10 14:53:15.917 1515 1803 I MediaProvider: Deleted 1 0 0 0 0 0 0 items on external_primary due to org.chromium.content_browsertests_apk
09-10 14:53:15.920 1515 1802 W MediaProvider: Ignoring param:deletedata post U for external apps
09-10 14:53:15.931 1515 1802 I MediaProvider: Deleted 1 0 0 0 0 0 0 items on external_primary due to org.chromium.content_browsertests_apk
09-10 14:53:15.932 1515 5202 W MediaProvider: Ignoring param:deletedata post U for external apps
09-10 14:53:15.934 1515 5202 I MediaProvider: Deleted 1 0 0 0 0 0 0 items on external_primary due to org.chromium.content_browsertests_apk
09-10 14:53:15.939 1515 2614 W MediaProvider: Ignoring param:deletedata post U for external apps
09-10 14:53:15.941 1515 2614 I MediaProvider: Deleted 1 0 0 0 0 0 0 items on external_primary due to org.chromium.content_browsertests_apk
09-10 14:53:15.943 1515 4876 W MediaProvider: Ignoring param:deletedata post U for external apps
09-10 14:53:15.944 1515 4876 I MediaProvider: Deleted 1 0 0 0 0 0 0 items on external_primary due to org.chromium.content_browsertests_apk
09-10 14:53:15.948 1515 2614 W MediaProvider: Ignoring param:deletedata post U for external apps
09-10 14:53:15.972 1515 2614 I MediaProvider: Deleted 1 0 0 0 0 0 0 items on external_primary due to org.chromium.content_browsertests_apk
09-10 14:53:15.982 1515 4568 W MediaProvider: Ignoring param:deletedata post U for external apps
09-10 14:53:15.984 1515 4568 I MediaProvider: Deleted 1 0 0 0 0 0 0 items on external_primary due to org.chromium.content_browsertests_apk
09-10 14:53:15.994 1515 5198 W MediaProvider: Ignoring param:deletedata post U for external apps
09-10 14:53:15.996 1515 5198 I MediaProvider: Deleted 1 0 0 0 0 0 0 items on external_primary due to org.chromium.content_browsertests_apk
09-10 14:53:16.009 1515 5197 W MediaProvider: Ignoring param:deletedata post U for external apps
09-10 14:53:16.023 1515 5197 I MediaProvider: Deleted 1 0 0 0 0 0 0 items on external_primary due to org.chromium.content_browsertests_apk
09-10 14:53:16.045 1255 1927 D EGL_emulation: app_time_stats: avg=169.50ms min=1.74ms max=1732.69ms count=11
09-10 14:53:16.080 1515 2614 W MediaProvider: Ignoring param:deletedata post U for external apps
09-10 14:53:16.082 1515 2614 I MediaProvider: Deleted 1 0 0 0 0 0 0 items on external_primary due to org.chromium.content_browsertests_apk
09-10 14:53:16.091 1515 5197 W MediaProvider: Ignoring param:deletedata post U for external apps
09-10 14:53:16.125 1515 5197 I MediaProvider: Deleted 1 0 0 0 0 0 0 items on external_primary due to org.chromium.content_browsertests_apk
09-10 14:53:16.127 1515 1802 W MediaProvider: Ignoring param:deletedata post U for external apps
09-10 14:53:16.133 1515 1802 I MediaProvider: Deleted 1 0 0 0 0 0 0 items on external_primary due to org.chromium.content_browsertests_apk
09-10 14:53:16.134 1515 2614 W MediaProvider: Ignoring param:deletedata post U for external apps
09-10 14:53:16.138 1515 2614 I MediaProvider: Deleted 1 0 0 0 0 0 0 items on external_primary due to org.chromium.content_browsertests_apk
09-10 14:53:16.140 1515 2614 W MediaProvider: Ignoring param:deletedata post U for external apps
09-10 14:53:16.141 1515 2614 I MediaProvider: Deleted 1 0 0 0 0 0 0 items on external_primary due to org.chromium.content_browsertests_apk
09-10 14:53:16.142 1515 5197 W MediaProvider: Ignoring param:deletedata post U for external apps
09-10 14:53:16.144 1515 5197 I MediaProvider: Deleted 1 0 0 0 0 0 0 items on external_primary due to org.chromium.content_browsertests_apk
09-10 14:53:16.145 1515 5201 W MediaProvider: Ignoring param:deletedata post U for external apps
09-10 14:53:16.147 1515 5201 I MediaProvider: Deleted 1 0 0 0 0 0 0 items on external_primary due to org.chromium.content_browsertests_apk
09-10 14:53:16.148 1515 1802 W MediaProvider: Ignoring param:deletedata post U for external apps
09-10 14:53:16.155 1515 1802 I MediaProvider: Deleted 1 0 0 0 0 0 0 items on external_primary due to org.chromium.content_browsertests_apk
09-10 14:53:16.158 1515 4876 W MediaProvider: Ignoring param:deletedata post U for external apps
09-10 14:53:16.161 1515 4876 I MediaProvider: Deleted 1 0 0 0 0 0 0 items on external_primary due to org.chromium.content_browsertests_apk
09-10 14:53:16.169 1515 5197 W MediaProvider: Ignoring param:deletedata post U for external apps
09-10 14:53:16.171 1515 5197 I MediaProvider: Deleted 1 0 0 0 0 0 0 items on external_primary due to org.chromium.content_browsertests_apk
09-10 14:53:16.174 1515 5202 W MediaProvider: Ignoring param:deletedata post U for external apps
09-10 14:53:16.176 1515 5202 I MediaProvider: Deleted 1 0 0 0 0 0 0 items on external_primary due to org.chromium.content_browsertests_apk
09-10 14:53:16.178 1515 4568 W MediaProvider: Ignoring param:deletedata post U for external apps
09-10 14:53:16.180 1515 4568 I MediaProvider: Deleted 1 0 0 0 0 0 0 items on external_primary due to org.chromium.content_browsertests_apk
09-10 14:53:16.181 1515 1803 W MediaProvider: Ignoring param:deletedata post U for external apps
09-10 14:53:16.188 1515 1803 I MediaProvider: Deleted 1 0 0 0 0 0 0 items on external_primary due to org.chromium.content_browsertests_apk
09-10 14:53:16.192 1515 5202 W MediaProvider: Ignoring param:deletedata post U for external apps
09-10 14:53:16.201 1515 5202 I MediaProvider: Deleted 1 0 0 0 0 0 0 items on external_primary due to org.chromium.content_browsertests_apk
09-10 14:53:16.202 1515 1803 W MediaProvider: Ignoring param:deletedata post U for external apps
09-10 14:53:16.204 1515 1803 I MediaProvider: Deleted 1 0 0 0 0 0 0 items on external_primary due to org.chromium.content_browsertests_apk
09-10 14:53:16.206 992 1046 V WindowManagerShell: Transition animation finished (aborted=false), notifying core (#22) android.os.BinderProxy@21ee3b5@0
09-10 14:53:16.208 583 604 V WindowManager: Finish Transition (#22): created at
09-10 07:53:15.323 collect-started=0.089ms request-sent=0.338ms started=6.616ms ready=309.655ms sent=328.151ms finished=884.556ms
09-10 14:53:16.215 1515 5201 W MediaProvider: Ignoring param:deletedata post U for external apps
09-10 14:53:16.217 1515 5201 I MediaProvider: Deleted 1 0 0 0 0 0 0 items on external_primary due to org.chromium.content_browsertests_apk
09-10 14:53:16.219 1515 5202 W MediaProvider: Ignoring param:deletedata post U for external apps
09-10 14:53:12.685 0 0 W binder_debug: 18 callbacks suppressed
09-10 14:53:12.685 0 0 I binder : 1151:583 cannot find target node
09-10 14:53:12.692 0 0 I binder : 583:1151 transaction async to 0:0 failed 283728/29189/-22, size 64-0 line 3265
09-10 14:53:16.228 583 1151 E IPCThreadState: Binder transaction failure. id: 283728, BR_*: 29189, error: -22 (Invalid argument)
09-10 14:53:16.228 583 1151 W ActivityManager: pid 583 system sent binder code 7 with flags 1 to frozen apps and got error -32
09-10 14:53:16.229 583 1151 D ActivityManager: Too many transaction errors, throttling freezer binder callback.
09-10 14:53:16.229 583 1151 W WindowManager: Exception thrown during dispatchAppVisibility Window{77e0c6c u0 org.chromium.content_browsertests_apk/org.chromium.content_browsertests_apk.ContentBrowserTestsActivity EXITING}
09-10 14:53:16.229 583 1151 W WindowManager: android.os.DeadObjectException
09-10 14:53:16.229 583 1151 W WindowManager: at android.os.BinderProxy.transactNative(Native Method)
09-10 14:53:16.229 583 1151 W WindowManager: at android.os.BinderProxy.transact(BinderProxy.java:586)
09-10 14:53:16.229 583 1151 W WindowManager: at android.view.IWindow$Stub$Proxy.dispatchAppVisibility(IWindow.java:553)
09-10 14:53:16.229 583 1151 W WindowManager: at com.android.server.wm.WindowState.sendAppVisibilityToClients(WindowState.java:3253)
09-10 14:53:16.229 583 1151 W WindowManager: at com.android.server.wm.WindowContainer.sendAppVisibilityToClients(WindowContainer.java:1289)
09-10 14:53:16.229 583 1151 W WindowManager: at com.android.server.wm.WindowToken.setClientVisible(WindowToken.java:403)
09-10 14:53:16.229 583 1151 W WindowManager: at com.android.server.wm.ActivityRecord.setClientVisible(ActivityRecord.java:7166)
