Raw log | Switch to full mode | Login

--------- beginning of main
09-10 14:53:01.016 4025 4086 W ziparchive: Unable to open '/data/user_de/0/com.google.android.gms/app_chimera/m/0000000c/GoogleCertificates.uncompressed.dm': No such file or directory
09-10 14:53:01.016 4025 4086 W ziparchive: Unable to open '/data/user_de/0/com.google.android.gms/app_chimera/m/0000000c/GoogleCertificates.uncompressed.dm': No such file or directory
09-10 14:53:01.040 992 992 I Choreographer: Skipped 42 frames! The application may be doing too much work on its main thread.
09-10 14:53:01.057 992 1247 I HWUI : Davey! duration=758ms; Flags=0, FrameTimelineVsyncId=12849, IntendedVsync=220673434097, Vsync=220690100763, InputEventId=0, HandleInputStart=220691916580, AnimationStart=220691917404, PerformTraversalsStart=220694868995, DrawStart=220694898178, FrameDeadline=220740100761, FrameInterval=220691913146, FrameStartTime=16666666, SyncQueued=220695337193, SyncStart=220702732377, IssueDrawCommandsStart=220702795004, SwapBuffers=220729318668, FrameCompleted=221438967553, DequeueBufferDuration=5228, QueueBufferDuration=232209, GpuCompleted=221438967553, SwapBuffersCompleted=221431237164, DisplayPresentTime=0, CommandSubmissionCompleted=220729318668, --------- beginning of system
09-10 14:53:01.070 583 706 D ActivityManager: freezing 2654 com.android.settings
09-10 14:53:01.072 583 706 D ActivityManager: freezing 3693 com.android.keychain
09-10 14:53:01.072 583 706 D ActivityManager: freezing 3048 com.android.dynsystem
09-10 14:53:01.073 583 706 D ActivityManager: freezing 3592 com.google.android.apps.messaging
09-10 14:53:01.073 583 706 D ActivityManager: freezing 3395 com.google.android.apps.safetyhub
09-10 14:53:01.091 583 706 D ActivityManager: freezing 3914 com.google.android.gms.unstable --------- beginning of kernel
09-10 14:52:57.636 0 0 I logd : logdr: UID=2000 GID=2000 PID=5062 b tail=0 logMask=99 pid=0 start=0ns deadline=0ns
09-10 14:53:01.188 992 1046 V WindowManagerShell: Transition animation finished (aborted=false), notifying core (#17) android.os.BinderProxy@21428d6@0
09-10 14:53:01.190 583 604 V WindowManager: Finish Transition (#17): created at
09-10 07:52:59.833 collect-started=0.064ms request-sent=0.316ms started=8.618ms ready=268.821ms sent=277.414ms finished=1356.602ms
09-10 14:53:01.195 3670 3785 W GetConfigSnapshotOp: Succeeded but not registered: com.google.android.libraries.search.searchbox.user#com.google.android.googlequicksearchbox [CONTEXT service_id=51 ]
09-10 14:53:01.197 453 453 E SurfaceFlinger: Out of order buffers detected for RequestedLayerState{com.google.android.apps.nexuslauncher/com.google.android.apps.nexuslauncher.NexusLauncherActivity#103 parentId=99} producedId=2 frameNumber=145 -> producedId=2 frameNumber=4
09-10 14:53:01.197 453 453 D SurfaceFlinger: TransactionTraceWriter: file=/data/misc/wmtrace/out_of_order_buffers_transactions_trace.winscope already exists
09-10 14:52:57.664 0 0 I binder : 2323:583 cannot find target node
09-10 14:52:57.666 0 0 I binder : 583:2323 transaction async to 0:0 failed 249046/29189/-22, size 64-0 line 3265
09-10 14:53:01.207 583 2323 E IPCThreadState: Binder transaction failure. id: 249046, BR_*: 29189, error: -22 (Invalid argument)
09-10 14:53:01.208 381 381 I netd : tetherGetStats() -> {[]} <1.11ms>
09-10 14:53:01.214 453 453 E SurfaceFlinger: Out of order buffers detected for RequestedLayerState{com.google.android.apps.nexuslauncher/com.google.android.apps.nexuslauncher.NexusLauncherActivity#103 parentId=99} producedId=2 frameNumber=145 -> producedId=2 frameNumber=5
09-10 14:53:01.215 453 453 D SurfaceFlinger: TransactionTraceWriter: file=/data/misc/wmtrace/out_of_order_buffers_transactions_trace.winscope already exists
09-10 14:53:01.217 583 917 D InetDiagMessage: Destroyed 0 sockets, proto=IPPROTO_TCP, family=AF_INET, states=14
09-10 14:53:01.217 583 917 D InetDiagMessage: Destroyed 0 sockets, proto=IPPROTO_TCP, family=AF_INET6, states=14
09-10 14:53:01.217 583 917 D InetDiagMessage: Destroyed live tcp sockets for uids={10132} in 4ms
09-10 14:53:01.217 583 2323 W ActivityManager: pid 583 system sent binder code 7 with flags 1 to frozen apps and got error -32
09-10 14:53:01.231 583 2323 W WindowManager: Exception thrown during dispatchAppVisibility Window{9d0a634 u0 org.chromium.content_browsertests_apk/org.chromium.content_browsertests_apk.ContentBrowserTestsActivity EXITING}
09-10 14:53:01.231 583 2323 W WindowManager: android.os.DeadObjectException
09-10 14:53:01.231 583 2323 W WindowManager: at android.os.BinderProxy.transactNative(Native Method)
09-10 14:53:01.231 583 2323 W WindowManager: at android.os.BinderProxy.transact(BinderProxy.java:586)
09-10 14:53:01.231 583 2323 W WindowManager: at android.view.IWindow$Stub$Proxy.dispatchAppVisibility(IWindow.java:553)
09-10 14:53:01.231 583 2323 W WindowManager: at com.android.server.wm.WindowState.sendAppVisibilityToClients(WindowState.java:3253)
09-10 14:53:01.231 583 2323 W WindowManager: at com.android.server.wm.WindowContainer.sendAppVisibilityToClients(WindowContainer.java:1289)
09-10 14:53:01.231 583 2323 W WindowManager: at com.android.server.wm.WindowToken.setClientVisible(WindowToken.java:403)
09-10 14:53:01.231 583 2323 W WindowManager: at com.android.server.wm.ActivityRecord.setClientVisible(ActivityRecord.java:7166)
09-10 14:53:01.231 583 2323 W WindowManager: at com.android.server.wm.ActivityRecord.postApplyAnimation(ActivityRecord.java:5881)
09-10 14:53:01.231 583 2323 W WindowManager: at com.android.server.wm.ActivityRecord.commitVisibility(ActivityRecord.java:5823)
09-10 14:53:01.231 583 2323 W WindowManager: at com.android.server.wm.Transition.finishTransition(Transition.java:1286)
09-10 14:53:01.231 583 2323 W WindowManager: at com.android.server.wm.TransitionController.finishTransition(TransitionController.java:937)
09-10 14:53:01.231 583 2323 W WindowManager: at com.android.server.wm.WindowOrganizerController.finishTransition(WindowOrganizerController.java:494)
09-10 14:53:01.231 583 2323 W WindowManager: at android.window.IWindowOrganizerController$Stub.onTransact(IWindowOrganizerController.java:289)
09-10 14:53:01.231 583 2323 W WindowManager: at com.android.server.wm.WindowOrganizerController.onTransact(WindowOrganizerController.java:204)
09-10 14:53:01.231 583 2323 W WindowManager: at android.os.Binder.execTransactInternal(Binder.java:1505)
09-10 14:53:01.231 583 2323 W WindowManager: at android.os.Binder.execTransact(Binder.java:1444)
09-10 14:53:01.231 583 2323 W Process : Unable to open /proc/4997/status
09-10 14:53:01.245 453 471 W VsyncModulator: setTransactionSchedule: Unexpected EarlyEnd
09-10 14:53:01.246 453 453 E SurfaceFlinger: Out of order buffers detected for RequestedLayerState{com.google.android.apps.nexuslauncher/com.google.android.apps.nexuslauncher.NexusLauncherActivity#103 parentId=99} producedId=2 frameNumber=145 -> producedId=2 frameNumber=6
09-10 14:53:01.246 453 453 D SurfaceFlinger: TransactionTraceWriter: file=/data/misc/wmtrace/out_of_order_buffers_transactions_trace.winscope already exists
09-10 14:53:01.247 992 1046 V WindowManagerShell: Track 0 became idle
09-10 14:53:01.247 992 1046 V WindowManagerShell: All active transition animations finished
09-10 14:53:01.247 992 1046 W Looper : Slow dispatch took 59ms wmshell.main h=android.os.Handler c=com.android.wm.shell.transition.RemoteTransitionHandler$1$$ExternalSyntheticLambda0@6347f41 m=0
09-10 14:53:01.252 1255 1927 D EGL_emulation: app_time_stats: avg=199.14ms min=8.70ms max=393.32ms count=5
09-10 14:53:01.260 583 1494 W UserManagerService: Requested status bar icon for non-badged user 0
09-10 14:53:01.284 1255 1255 I TopTaskTracker: onTaskRemoved: taskId=8
09-10 14:53:01.288 453 453 E SurfaceFlinger: Out of order buffers detected for RequestedLayerState{com.google.android.apps.nexuslauncher/com.google.android.apps.nexuslauncher.NexusLauncherActivity#103 parentId=99} producedId=2 frameNumber=145 -> producedId=2 frameNumber=7
09-10 14:53:01.288 453 453 D SurfaceFlinger: TransactionTraceWriter: file=/data/misc/wmtrace/out_of_order_buffers_transactions_trace.winscope already exists
09-10 14:53:01.288 1255 1255 I TopTaskTracker: onTaskRemoved: taskId=8
09-10 14:53:01.288 453 453 E BpTransactionCompletedListener: Failed to transact (-32)
09-10 14:53:01.303 583 2879 E TaskPersister: File error accessing recents directory (directory doesn't exist?).
09-10 14:53:01.313 1255 1255 W FrameTracker: Missed App frame:UNKNOWN: 88, 12943, 0, CUJ=J<LAUNCHER_APP_CLOSE_TO_HOME>
09-10 14:53:01.318 1255 1255 W FrameTracker: Missed SF frame:UNKNOWN: 88, 12943, 0, CUJ=J<LAUNCHER_APP_CLOSE_TO_HOME>
09-10 14:53:01.318 1255 1255 W FrameTracker: Missing HWUI jank callback for vsyncId: 12943, CUJ=J<LAUNCHER_APP_CLOSE_TO_HOME>
09-10 14:53:01.318 1255 1255 W FrameTracker: Missed App frame:UNKNOWN: 88, 13039, 0, CUJ=J<LAUNCHER_APP_CLOSE_TO_HOME>
09-10 14:53:01.319 1255 1255 W FrameTracker: Missed SF frame:UNKNOWN: 88, 13039, 0, CUJ=J<LAUNCHER_APP_CLOSE_TO_HOME>
09-10 14:53:01.319 1255 1255 W FrameTracker: Missing HWUI jank callback for vsyncId: 13039, CUJ=J<LAUNCHER_APP_CLOSE_TO_HOME>
09-10 14:53:01.319 1255 1255 W FrameTracker: Missed App frame:UNKNOWN: 74, 13069, 284938920, CUJ=J<LAUNCHER_APP_CLOSE_TO_HOME>
09-10 14:53:01.319 1255 1255 W FrameTracker: Missed SF frame:UNKNOWN: 74, 13069, 284938920, CUJ=J<LAUNCHER_APP_CLOSE_TO_HOME>
09-10 14:53:01.319 1255 1255 W FrameTracker: Missed App frame:UNKNOWN: 88, 13077, 300181404, CUJ=J<LAUNCHER_APP_CLOSE_TO_HOME>
09-10 14:53:01.319 1255 1255 W FrameTracker: Missed SF frame:UNKNOWN: 88, 13077, 300181404, CUJ=J<LAUNCHER_APP_CLOSE_TO_HOME>
09-10 14:53:01.320 1255 1289 V PerfettoTrigger: Not triggering com.android.telemetry.interaction-jank-monitor-9 - not enough time since last trigger
09-10 14:53:01.321 583 1095 W UserManagerService: Requested status bar icon for non-badged user 0
09-10 14:53:01.326 583 5072 I EGL_emulation: Opening libGLESv1_CM_emulation.so
09-10 14:53:01.328 583 5072 I EGL_emulation: Opening libGLESv2_emulation.so
09-10 14:53:01.331 4025 4211 W TimedProcessReaper: Scheduling killing of process to refresh configuration
09-10 14:53:01.338 583 706 D ActivityManager: freezing 2700 com.google.android.rkpdapp
09-10 14:53:01.342 583 5072 W HWUI : Failed to initialize 101010-2 format, error = EGL_SUCCESS
09-10 14:53:01.370 583 706 D ActivityManager: freezing 2555 com.google.android.tts
09-10 14:53:01.370 583 706 D ActivityManager: freezing 995 com.google.android.permissioncontroller
09-10 14:53:01.384 583 917 D InetDiagMessage: Destroyed 0 sockets, proto=IPPROTO_TCP, family=AF_INET, states=14
09-10 14:53:01.385 583 917 D InetDiagMessage: Destroyed 0 sockets, proto=IPPROTO_TCP, family=AF_INET6, states=14
09-10 14:53:01.385 583 917 D InetDiagMessage: Destroyed live tcp sockets for uids={10204} in 1ms
09-10 14:53:01.386 583 917 D InetDiagMessage: Destroyed 0 sockets, proto=IPPROTO_TCP, family=AF_INET, states=14
09-10 14:53:01.387 583 917 D InetDiagMessage: Destroyed 0 sockets, proto=IPPROTO_TCP, family=AF_INET6, states=14
09-10 14:53:01.387 583 917 D InetDiagMessage: Destroyed live tcp sockets for uids={10157} in 1ms
09-10 14:53:01.400 583 917 D InetDiagMessage: Destroyed 0 sockets, proto=IPPROTO_TCP, family=AF_INET, states=14
09-10 14:53:01.401 583 917 D InetDiagMessage: Destroyed 0 sockets, proto=IPPROTO_TCP, family=AF_INET6, states=14
09-10 14:53:01.401 583 917 D InetDiagMessage: Destroyed live tcp sockets for uids={10206} in 0ms
09-10 14:53:01.439 5071 5071 D AndroidRuntime: >>>>>> START com.android.internal.os.RuntimeInit uid 2000 <<<<<<
09-10 14:53:01.448 5071 5071 I AndroidRuntime: Using default boot image
09-10 14:53:01.448 5071 5071 I AndroidRuntime: Leaving lock profiling enabled
09-10 14:53:01.454 5071 5071 I app_process: Core platform API reporting enabled, enforcing=false
09-10 14:53:01.454 5071 5071 I app_process: Using CollectorTypeCMC GC.
09-10 14:53:01.477 4025 4090 I WebViewFactory: Loading com.google.android.webview version 124.0.6367.219 (code 636771938)
09-10 14:53:01.480 4025 4090 V ResourcesManager: The following library key has been added: ResourcesKey{ mHash=e351295f mResDir=null mSplitDirs=[] mOverlayDirs=[/product/overlay/NavigationBarModeGestural/NavigationBarModeGesturalOverlay.apk,/data/resource-cache/com.android.systemui-neutral-1Rdq.frro,/data/resource-cache/com.android.systemui-accent-nUkK.frro,/data/resource-cache/com.android.systemui-dynamic-tJCF.frro] mLibDirs=[/data/app/~~LEXj2odHANeC9y_qOma88A==/com.google.android.webview-lRernUAZ2gJjwkG3pOZbyg==/WebViewGoogle.apk,/data/app/~~s0Zj4W7Dz9nM32aTuh-cJQ==/com.google.android.trichromelibrary_636771938-xjNdh-QlxTKyJxKm5DaQqA==/TrichromeLibrary.apk,/system_ext/framework/androidx.window.extensions.jar] mDisplayId=0 mOverrideConfig=v35 mCompatInfo={480dpi always-compat} mLoaders=[]}
09-10 14:53:01.481 4025 4090 W ziparchive: Unable to open '/data/app/~~s0Zj4W7Dz9nM32aTuh-cJQ==/com.google.android.trichromelibrary_636771938-xjNdh-QlxTKyJxKm5DaQqA==/TrichromeLibrary.dm': No such file or directory
09-10 14:53:01.481 4025 4090 W ziparchive: Unable to open '/data/app/~~s0Zj4W7Dz9nM32aTuh-cJQ==/com.google.android.trichromelibrary_636771938-xjNdh-QlxTKyJxKm5DaQqA==/TrichromeLibrary.dm': No such file or directory
09-10 14:53:01.482 4025 4090 W earchbox:search: Entry not found
09-10 14:53:01.483 4025 4090 D nativeloader: Configuring clns-9 for other apk /data/app/~~s0Zj4W7Dz9nM32aTuh-cJQ==/com.google.android.trichromelibrary_636771938-xjNdh-QlxTKyJxKm5DaQqA==/TrichromeLibrary.apk. target_sdk_version=34, uses_libraries=ALL, library_path=/data/app/~~LEXj2odHANeC9y_qOma88A==/com.google.android.webview-lRernUAZ2gJjwkG3pOZbyg==/lib/x86_64:/data/app/~~LEXj2odHANeC9y_qOma88A==/com.google.android.webview-lRernUAZ2gJjwkG3pOZbyg==/WebViewGoogle.apk!/lib/x86_64:/data/app/~~s0Zj4W7Dz9nM32aTuh-cJQ==/com.google.android.trichromelibrary_636771938-xjNdh-QlxTKyJxKm5DaQqA==/TrichromeLibrary.apk!/lib/x86_64, permitted_path=/data:/mnt/expand
09-10 14:53:01.485 4025 4090 D ApplicationLoaders: Returning zygote-cached class loader: /system_ext/framework/androidx.window.extensions.jar
09-10 14:53:01.490 4025 4090 D nativeloader: Configuring clns-10 for other apk /data/app/~~LEXj2odHANeC9y_qOma88A==/com.google.android.webview-lRernUAZ2gJjwkG3pOZbyg==/WebViewGoogle.apk. target_sdk_version=34, uses_libraries=, library_path=/data/app/~~LEXj2odHANeC9y_qOma88A==/com.google.android.webview-lRernUAZ2gJjwkG3pOZbyg==/lib/x86_64:/data/app/~~LEXj2odHANeC9y_qOma88A==/com.google.android.webview-lRernUAZ2gJjwkG3pOZbyg==/WebViewGoogle.apk!/lib/x86_64:/data/app/~~s0Zj4W7Dz9nM32aTuh-cJQ==/com.google.android.trichromelibrary_636771938-xjNdh-QlxTKyJxKm5DaQqA==/TrichromeLibrary.apk!/lib/x86_64, permitted_path=/data:/mnt/expand
09-10 14:53:01.538 4025 4090 I cr_WVCFactoryProvider: Loaded version=124.0.6367.219 minSdkVersion=29 isBundle=false multiprocess=true packageId=2
09-10 14:53:01.542 4025 4090 D nativeloader: Load /data/app/~~s0Zj4W7Dz9nM32aTuh-cJQ==/com.google.android.trichromelibrary_636771938-xjNdh-QlxTKyJxKm5DaQqA==/TrichromeLibrary.apk!/lib/x86_64/libmonochrome_64.so using ns clns-10 from class loader (caller=/data/app/~~LEXj2odHANeC9y_qOma88A==/com.google.android.webview-lRernUAZ2gJjwkG3pOZbyg==/WebViewGoogle.apk): ok
09-10 14:53:01.546 4025 4090 D nativeloader: Load /system/lib64/libwebviewchromium_plat_support.so using ns clns-10 from class loader (caller=/data/app/~~LEXj2odHANeC9y_qOma88A==/com.google.android.webview-lRernUAZ2gJjwkG3pOZbyg==/WebViewGoogle.apk): ok
09-10 14:53:01.555 4025 5080 I chromium: [0910/145301.551754:INFO:variations_seed_loader.cc(66)] Failed to open file for reading.: No such file or directory (2)
09-10 14:53:01.555 4025 5080 I cr_VariationsUtils: Failed reading seed file "/data/user/0/com.google.android.googlequicksearchbox/app_webview/variations_seed_new"
09-10 14:53:01.555 4025 5080 I chromium: [0910/145301.555791:INFO:variations_seed_loader.cc(66)] Failed to open file for reading.: No such file or directory (2)
09-10 14:53:01.555 4025 5080 I cr_VariationsUtils: Failed reading seed file "/data/user/0/com.google.android.googlequicksearchbox/app_webview/variations_seed"
09-10 14:53:01.556 4025 5081 I cr_VariationsUtils: Requesting new seed from IVariationsSeedServer
09-10 14:53:01.559 583 1494 V GrammaticalInflectionUtils: AttributionSource: AttributionSource { uid = 10155, packageName = null, attributionTag = null, token = android.os.Binder@7b78a50, deviceId = 0, next = null } does not have READ_SYSTEM_GRAMMATICAL_GENDER permission.
09-10 14:53:01.566 4025 4025 I cr_LibraryLoader: Successfully loaded native library
09-10 14:53:01.567 4025 4025 I cr_CachingUmaRecorder: Flushed 7 samples from 7 histograms, 0 samples were dropped.
09-10 14:53:01.572 382 382 D Zygote : Forked child process 5082
09-10 14:53:01.573 4025 4025 I cr_CombinedPProvider: #registerProvider() provider:WV.V7@dd2bfe2 isPolicyCacheEnabled:false policyProvidersSize:0
09-10 14:53:01.576 4025 4025 I cr_PolicyProvider: #setManagerAndSource() 0
09-10 14:53:01.578 5071 5071 D nativeloader: InitDefaultPublicLibraries for_preload=1: libandroid.so:libaaudio.so:libamidi.so:libbinder_ndk.so:libc.so:libcamera2ndk.so:libdl.so:libEGL.so:libGLESv1_CM.so:libGLESv2.so:libGLESv3.so:libicu.so:libicui18n.so:libicuuc.so:libjnigraphics.so:liblog.so:libmediandk.so:libm.so:libnativehelper.so:libnativewindow.so:libOpenMAXAL.so:libOpenSLES.so:libRS.so:libstdc++.so:libsync.so:libvulkan.so:libwebviewchromium_plat_support.so:libz.so
09-10 14:53:01.579 583 1494 V GrammaticalInflectionUtils: AttributionSource: AttributionSource { uid = 99000, packageName = null, attributionTag = null, token = android.os.Binder@7b78a50, deviceId = 0, next = null } does not have READ_SYSTEM_GRAMMATICAL_GENDER permission.
09-10 14:53:01.587 583 617 I ActivityManager: Start proc 5082:com.google.android.webview:webview_service/u0a155 for service {com.google.android.webview/org.chromium.android_webview.services.VariationsSeedServer}
09-10 14:53:01.593 5071 5071 D nativeloader: Load libicu_jni.so using APEX ns com_android_art for caller /apex/com.android.art/javalib/core-oj.jar: ok
09-10 14:53:01.594 5071 5071 D app_process: u_setTimeZoneFilesDirectory("/apex/com.android.tzdata/etc/tz/versioned/8/icu") succeeded.
09-10 14:53:01.594 5071 5071 D app_process: I18n APEX ICU file found: /apex/com.android.i18n/etc/icu/icudt75l.dat
09-10 14:53:01.595 5071 5071 D nativeloader: Load libjavacore.so using APEX ns com_android_art for caller /apex/com.android.art/javalib/core-oj.jar: ok
09-10 14:53:01.596 1064 1064 W webview_zygote: Waiting for a thread to finish unregistering
09-10 14:53:01.597 1064 1064 I Zygote : Entering forkRepeatedly native zygote loop
09-10 14:53:01.597 5071 5071 D nativeloader: Load libopenjdk.so using APEX ns com_android_art for caller /apex/com.android.art/javalib/core-oj.jar: ok
09-10 14:53:01.599 5071 5071 W app_process: Unexpected CPU variant for x86: x86_64.
09-10 14:53:01.599 5071 5071 W app_process: Known variants: atom, sandybridge, silvermont, goldmont, goldmont-plus, goldmont-without-sha-xsaves, tremont, kabylake, default
09-10 14:53:01.607 1064 1064 D Zygote : Forked child process 5092
09-10 14:53:01.609 583 617 I ActivityManager: Start proc 5092:com.google.android.webview:sandboxed_process0:org.chromium.content.app.SandboxedProcessService0:0/u0ai9000 for {com.google.android.googlequicksearchbox/org.chromium.content.app.SandboxedProcessService0:0}
09-10 14:53:01.611 5082 5082 I webview_service: Using CollectorTypeCMC GC.
09-10 14:53:01.613 5082 5082 W webview_service: Unexpected CPU variant for x86: x86_64.
09-10 14:53:01.613 5082 5082 W webview_service: Known variants: atom, sandybridge, silvermont, goldmont, goldmont-plus, goldmont-without-sha-xsaves, tremont, kabylake, default
09-10 14:53:01.615 5082 5082 E webview_service: Not starting debugger since process cannot load the jdwp agent.
09-10 14:53:01.616 4025 4025 I cr_CombinedPProvider: #linkNativeInternal() 1
09-10 14:53:01.619 5082 5082 D nativeloader: Load libframework-connectivity-tiramisu-jni.so using APEX ns com_android_tethering for caller /apex/com.android.tethering/javalib/framework-connectivity-t.jar: ok
09-10 14:53:01.619 5092 5092 I ocessService0:0: Using CollectorTypeCMC GC.
09-10 14:53:01.620 5092 5092 W ocessService0:0: Unexpected CPU variant for x86: x86_64.
09-10 14:53:01.620 5092 5092 W ocessService0:0: Known variants: atom, sandybridge, silvermont, goldmont, goldmont-plus, goldmont-without-sha-xsaves, tremont, kabylake, default
09-10 14:53:01.620 4025 4025 I cr_AppResProvider: #getApplicationRestrictionsFromUserManager() Bundle[EMPTY_PARCEL]
09-10 14:53:01.620 4025 4025 I cr_PolicyProvider: #notifySettingsAvailable() 0
09-10 14:53:01.620 4025 4025 I cr_CombinedPProvider: #onSettingsAvailable() 0
09-10 14:53:01.620 4025 4025 I cr_CombinedPProvider: #flushPolicies()
09-10 14:53:01.629 5092 5092 E ocessService0:0: Not starting debugger since process cannot load the jdwp agent.
09-10 14:53:01.643 5082 5082 D CompatChangeReporter: Compat change id reported: 242716250; UID 10155; state: ENABLED
09-10 14:53:01.645 5071 5071 D nativeloader: Load libframework-connectivity-tiramisu-jni.so using APEX ns com_android_tethering for caller /apex/com.android.tethering/javalib/framework-connectivity-t.jar: ok
09-10 14:53:01.646 5071 5071 D AndroidRuntime: Calling main entry com.android.commands.am.Am
09-10 14:53:01.648 5092 5092 D nativeloader: Load libframework-connectivity-tiramisu-jni.so using APEX ns com_android_tethering for caller /apex/com.android.tethering/javalib/framework-connectivity-t.jar: ok
09-10 14:53:01.651 5071 5071 D UiAutomationConnection: Created on user UserHandle{0}
09-10 14:53:01.652 583 1095 I ActivityManager: Force stopping org.chromium.content_browsertests_apk appid=10208 user=0: start instr
09-10 14:53:01.658 5082 5082 W ziparchive: Unable to open '/data/app/~~s0Zj4W7Dz9nM32aTuh-cJQ==/com.google.android.trichromelibrary_636771938-xjNdh-QlxTKyJxKm5DaQqA==/TrichromeLibrary.dm': No such file or directory
09-10 14:53:01.658 5082 5082 W ziparchive: Unable to open '/data/app/~~s0Zj4W7Dz9nM32aTuh-cJQ==/com.google.android.trichromelibrary_636771938-xjNdh-QlxTKyJxKm5DaQqA==/TrichromeLibrary.dm': No such file or directory
09-10 14:53:01.658 5082 5082 W webview_service: Entry not found
09-10 14:53:01.660 5082 5082 D nativeloader: Configuring clns-7 for other apk /data/app/~~s0Zj4W7Dz9nM32aTuh-cJQ==/com.google.android.trichromelibrary_636771938-xjNdh-QlxTKyJxKm5DaQqA==/TrichromeLibrary.apk. target_sdk_version=34, uses_libraries=ALL, library_path=/data/app/~~LEXj2odHANeC9y_qOma88A==/com.google.android.webview-lRernUAZ2gJjwkG3pOZbyg==/lib/x86_64:/data/app/~~LEXj2odHANeC9y_qOma88A==/com.google.android.webview-lRernUAZ2gJjwkG3pOZbyg==/WebViewGoogle.apk!/lib/x86_64:/data/app/~~s0Zj4W7Dz9nM32aTuh-cJQ==/com.google.android.trichromelibrary_636771938-xjNdh-QlxTKyJxKm5DaQqA==/TrichromeLibrary.apk!/lib/x86_64, permitted_path=/data:/mnt/expand:/data/user/0/com.google.android.webview
09-10 14:53:01.661 5082 5082 D ApplicationLoaders: Returning zygote-cached class loader: /system_ext/framework/androidx.window.extensions.jar
09-10 14:53:01.662 583 1095 D CompatChangeReporter: Compat change id reported: 151861875; UID 10208; state: ENABLED
09-10 14:53:01.663 583 1095 V GrammaticalInflectionUtils: AttributionSource: AttributionSource { uid = 10208, packageName = null, attributionTag = null, token = android.os.Binder@7b78a50, deviceId = 0, next = null } does not have READ_SYSTEM_GRAMMATICAL_GENDER permission.
09-10 14:53:01.667 5082 5082 D nativeloader: Configuring clns-8 for other apk /data/app/~~LEXj2odHANeC9y_qOma88A==/com.google.android.webview-lRernUAZ2gJjwkG3pOZbyg==/WebViewGoogle.apk. target_sdk_version=34, uses_libraries=, library_path=/data/app/~~LEXj2odHANeC9y_qOma88A==/com.google.android.webview-lRernUAZ2gJjwkG3pOZbyg==/lib/x86_64:/data/app/~~LEXj2odHANeC9y_qOma88A==/com.google.android.webview-lRernUAZ2gJjwkG3pOZbyg==/WebViewGoogle.apk!/lib/x86_64:/data/app/~~s0Zj4W7Dz9nM32aTuh-cJQ==/com.google.android.trichromelibrary_636771938-xjNdh-QlxTKyJxKm5DaQqA==/TrichromeLibrary.apk!/lib/x86_64, permitted_path=/data:/mnt/expand:/data/user/0/com.google.android.webview
09-10 14:53:01.676 382 382 D Zygote : Forked child process 5120
09-10 14:53:01.681 583 617 I ActivityManager: Start proc 5120:org.chromium.content_browsertests_apk/u0a208 for added application org.chromium.content_browsertests_apk
09-10 14:53:01.682 5092 5092 D CompatChangeReporter: Compat change id reported: 242716250; UID 99000; state: ENABLED
09-10 14:53:01.685 5120 5120 I rowsertests_apk: Using CollectorTypeCMC GC.
09-10 14:53:01.686 5120 5120 W rowsertests_apk: Unexpected CPU variant for x86: x86_64.
09-10 14:53:01.686 5120 5120 W rowsertests_apk: Known variants: atom, sandybridge, silvermont, goldmont, goldmont-plus, goldmont-without-sha-xsaves, tremont, kabylake, default
09-10 14:53:01.689 5120 5120 E rowsertests_apk: Not starting debugger since process cannot load the jdwp agent.
09-10 14:53:01.689 4025 5111 W chromium: [WARNING:dns_config_service_android.cc(81)] Failed to read DnsConfig.
09-10 14:53:01.692 5120 5120 D nativeloader: Load libframework-connectivity-tiramisu-jni.so using APEX ns com_android_tethering for caller /apex/com.android.tethering/javalib/framework-connectivity-t.jar: ok
09-10 14:53:01.694 5082 5082 V GraphicsEnvironment: Currently set values for:
09-10 14:53:01.694 5082 5082 V GraphicsEnvironment: angle_gl_driver_selection_pkgs=[]
09-10 14:53:01.694 5082 5082 V GraphicsEnvironment: angle_gl_driver_selection_values=[]
09-10 14:53:01.694 5082 5082 V GraphicsEnvironment: Global.Settings values are invalid: number of packages: 0, number of values: 0
09-10 14:53:01.694 5082 5082 V GraphicsEnvironment: Neither updatable production driver nor prerelease driver is supported.
09-10 14:53:01.704 5082 5082 I LoadedApk: No resource references to update in package com.google.android.trichromelibrary
09-10 14:53:01.705 5082 5082 I cr_WebViewApkApp: Launched version=124.0.6367.219 minSdkVersion=29 isBundle=false processName=com.google.android.webview:webview_service
09-10 14:52:58.177 0 0 W servicemanager: Isolated app with UID 99000 requested 'network_management', but the service is not allowed for isolated apps.
09-10 14:53:01.713 5092 5092 D ApplicationLoaders: Returning zygote-cached class loader: /system_ext/framework/androidx.window.extensions.jar
09-10 14:53:01.721 5120 5120 D ApplicationLoaders: Returning zygote-cached class loader: /system/framework/android.test.base.jar
09-10 14:53:01.726 5120 5120 D nativeloader: Configuring clns-7 for other apk /system/framework/android.test.mock.jar. target_sdk_version=35, uses_libraries=ALL, library_path=/data/app/~~Qgn2wqEAvH79GiouluTyOA==/org.chromium.content_browsertests_apk-RchFo_8uzwLoY5jHIGStww==/lib/x86_64:/data/app/~~Qgn2wqEAvH79GiouluTyOA==/org.chromium.content_browsertests_apk-RchFo_8uzwLoY5jHIGStww==/base.apk!/lib/x86_64, permitted_path=/data:/mnt/expand:/data/user/0/org.chromium.content_browsertests_apk
09-10 14:52:58.192 0 0 W servicemanager: Isolated app with UID 99000 requested 'connectivity', but the service is not allowed for isolated apps.
09-10 14:53:01.727 5092 5092 I LoadedApk: No resource references to update in package com.google.android.trichromelibrary
09-10 14:53:01.730 5120 5120 D ApplicationLoaders: Returning zygote-cached class loader: /system/framework/android.test.base.jar
09-10 14:53:01.730 5092 5092 I cr_WebViewApkApp: Launched version=124.0.6367.219 minSdkVersion=29 isBundle=false processName=com.google.android.webview:sandboxed_process0:org.chromium.content.app.SandboxedProcessService0:0
09-10 14:53:01.732 5120 5120 D nativeloader: Configuring clns-8 for other apk /system/framework/android.test.runner.jar. target_sdk_version=35, uses_libraries=ALL, library_path=/data/app/~~Qgn2wqEAvH79GiouluTyOA==/org.chromium.content_browsertests_apk-RchFo_8uzwLoY5jHIGStww==/lib/x86_64:/data/app/~~Qgn2wqEAvH79GiouluTyOA==/org.chromium.content_browsertests_apk-RchFo_8uzwLoY5jHIGStww==/base.apk!/lib/x86_64, permitted_path=/data:/mnt/expand:/data/user/0/org.chromium.content_browsertests_apk
09-10 14:53:01.733 5120 5120 D ApplicationLoaders: Returning zygote-cached class loader: /system_ext/framework/androidx.window.extensions.jar
09-10 14:53:01.738 5120 5120 D nativeloader: Configuring clns-9 for other apk /data/app/~~Qgn2wqEAvH79GiouluTyOA==/org.chromium.content_browsertests_apk-RchFo_8uzwLoY5jHIGStww==/base.apk. target_sdk_version=35, uses_libraries=, library_path=/data/app/~~Qgn2wqEAvH79GiouluTyOA==/org.chromium.content_browsertests_apk-RchFo_8uzwLoY5jHIGStww==/lib/x86_64:/data/app/~~Qgn2wqEAvH79GiouluTyOA==/org.chromium.content_browsertests_apk-RchFo_8uzwLoY5jHIGStww==/base.apk!/lib/x86_64, permitted_path=/data:/mnt/expand:/data/user/0/org.chromium.content_browsertests_apk
09-10 14:53:01.741 5120 5120 D CompatChangeReporter: Compat change id reported: 202956589; UID 10208; state: ENABLED
09-10 14:53:01.742 5092 5092 I cr_ChildProcessService: Creating new ChildProcessService pid=5092
09-10 14:52:58.207 0 0 W servicemanager: Isolated app with UID 99000 requested 'content_capture', but the service is not allowed for isolated apps.
09-10 14:53:01.749 5120 5120 V GraphicsEnvironment: Currently set values for:
09-10 14:53:01.749 5120 5120 V GraphicsEnvironment: angle_gl_driver_selection_pkgs=[]
09-10 14:53:01.749 5120 5120 V GraphicsEnvironment: angle_gl_driver_selection_values=[]
09-10 14:53:01.749 5120 5120 V GraphicsEnvironment: Global.Settings values are invalid: number of packages: 0, number of values: 0
09-10 14:53:01.749 5120 5120 V GraphicsEnvironment: Neither updatable production driver nor prerelease driver is supported.
09-10 14:53:01.762 583 1494 D CompatChangeReporter: Compat change id reported: 261072174; UID 10155; state: ENABLED
09-10 14:53:01.766 583 1095 W OptProp : Cannot read opt property android.window.PROPERTY_COMPAT_ALLOW_USER_ASPECT_RATIO_OVERRIDE
09-10 14:53:01.766 583 1095 W OptProp : Cannot read opt property android.window.PROPERTY_COMPAT_ALLOW_USER_ASPECT_RATIO_FULLSCREEN_OVERRIDE
09-10 14:53:01.766 583 1095 W OptProp : Cannot read opt property android.window.PROPERTY_COMPAT_ALLOW_ORIENTATION_OVERRIDE
09-10 14:53:01.766 583 1095 V GrammaticalInflectionUtils: AttributionSource: AttributionSource { uid = 10208, packageName = null, attributionTag = null, token = android.os.Binder@7b78a50, deviceId = 0, next = null } does not have READ_SYSTEM_GRAMMATICAL_GENDER permission.
09-10 14:53:01.767 583 1095 W OptProp : Cannot read opt property android.window.PROPERTY_COMPAT_ALLOW_RESIZEABLE_ACTIVITY_OVERRIDES
09-10 14:53:01.767 583 1095 W OptProp : Cannot read opt property android.window.PROPERTY_COMPAT_ALLOW_MIN_ASPECT_RATIO_OVERRIDE
09-10 14:53:01.768 5082 5082 D CompatChangeReporter: Compat change id reported: 253665015; UID 10155; state: ENABLED
09-10 14:53:01.769 583 1818 D CompatChangeReporter: Compat change id reported: 271850009; UID 10155; state: ENABLED
09-10 14:53:01.771 583 1818 D CompatChangeReporter: Compat change id reported: 253665015; UID 10155; state: ENABLED
09-10 14:53:01.774 583 1095 V SplashScreenExceptionList: SplashScreen checking exception for package org.chromium.content_browsertests_apk (target sdk:35) -> false
09-10 14:53:01.776 583 2323 D CompatChangeReporter: Compat change id reported: 309578419; UID 10208; state: ENABLED
09-10 14:53:01.778 583 1818 D ConnectivityService: requestNetwork for uid/pid:1000/583 asUid: 10155 activeRequest: null callbackRequest: 155 [NetworkRequest [ REQUEST id=156, [ Capabilities: INTERNET&NOT_RESTRICTED&TRUSTED&NOT_VCN_MANAGED&NOT_BANDWIDTH_CONSTRAINED Uid: 10155 RequestorUid: 1000 RequestorPkg: android UnderlyingNetworks: Null] ]] callback flags: 0 order: 2147483647 isUidTracked: false
09-10 14:53:01.778 583 1095 I ActivityTaskManager: START u0 {act=android.intent.action.MAIN flg=0x10000000 cmp=org.chromium.content_browsertests_apk/.ContentBrowserTestsActivity (has extras)} with LAUNCH_SINGLE_TASK from uid 10208 (BAL_ALLOW_PERMISSION) result code=0
09-10 14:53:01.779 583 607 V GrammaticalInflectionUtils: AttributionSource: AttributionSource { uid = 10208, packageName = null, attributionTag = null, token = android.os.Binder@7b78a50, deviceId = 0, next = null } does not have READ_SYSTEM_GRAMMATICAL_GENDER permission.
09-10 14:53:01.781 583 917 D ConnectivityService: NetReassign [no changes] [c 0] [a 0] [i 0]
09-10 14:53:01.781 992 1046 V WindowManagerShell: Transition requested (#18): android.os.BinderProxy@d136227 TransitionRequestInfo { type = OPEN, triggerTask = TaskInfo{userId=0 taskId=9 displayId=0 isRunning=true baseIntent=Intent { act=android.intent.action.MAIN flg=0x10000000 cmp=org.chromium.content_browsertests_apk/.ContentBrowserTestsActivity } baseActivity=ComponentInfo{org.chromium.content_browsertests_apk/org.chromium.content_browsertests_apk.ContentBrowserTestsActivity} topActivity=ComponentInfo{org.chromium.content_browsertests_apk/org.chromium.content_browsertests_apk.ContentBrowserTestsActivity} origActivity=null realActivity=ComponentInfo{org.chromium.content_browsertests_apk/org.chromium.content_browsertests_apk.ContentBrowserTestsActivity} numActivities=1 lastActiveTime=222170 supportsMultiWindow=true resizeMode=1 isResizeable=true minWidth=-1 minHeight=-1 defaultMinSize=220 token=WCT{android.window.IWindowContainerToken$Stub$Proxy@a52dcd4} topActivityType=1 pictureInPictureParams=null shouldDockBigOverlays=false launchIntoPipHostTaskId=-1 lastParentTaskIdBeforePip=-1 displayCutoutSafeInsets=null topActivityInfo=ActivityInfo{488ce7d org.chromium.content_browsertests_apk.ContentBrowserTestsActivity} launchCookies=[] positionInParent=Point(0, 0) parentTaskId=-1 isFocused=false isVisible=false isVisibleRequested=false isSleeping=false locusId=null displayAreaFeatureId=1 isTopActivityTransparent=false appCompatTaskInfo=AppCompatTaskInfo { topActivityInSizeCompat=false topActivityEligibleForLetterboxEducation= falseisLetterboxEducationEnabled= true isLetterboxDoubleTapEnabled= false topActivityEligibleForUserAspectRatioButton= false topActivityBoundsLetterboxed= false isFromLetterboxDoubleTap= false topActivityLetterboxVerticalPosition= -1 topActivityLetterboxHorizontalPosition= -1 topActivityLetterboxWidth=1080 topActivityLetterboxHeight=1920 isUserFullscreenOverrideEnabled=false isSystemFullscreenOverrideEnabled=false cameraCompatTaskInfo=CameraCompatTaskInfo { cameraCompatControlState=hidden freeformCameraCompatMode=inactive}}}, pipTask = null, remoteTransition = null, displayChange = null, flags = 0, debugId = 18 }
09-10 14:53:01.786 992 1092 D SplashScreenView: Build android.window.SplashScreenView{ed83172 V.E...... ......ID 0,0-0,0}
09-10 14:53:01.786 992 1092 D SplashScreenView: Icon: view: null drawable: null size: 0
09-10 14:53:01.786 992 1092 D SplashScreenView: Branding: view: android.view.View{149f9c3 G.ED..... ......I. 0,0-0,0 #1020503 android:id/splashscreen_branding_view} drawable: null size w: 0 h: 0
09-10 14:53:01.787 382 382 D Zygote : Forked child process 5150
09-10 14:53:01.787 583 617 I ActivityManager: Start proc 5150:org.chromium.content_browsertests_apk:test_process/u0a208 for next-top-activity {org.chromium.content_browsertests_apk/org.chromium.content_browsertests_apk.ContentBrowserTestsActivity}
09-10 14:53:01.787 1255 1255 W SplitSelectStateCtor: Missing session instanceIds
09-10 14:53:01.787 1255 1255 D StatsLog: LAUNCHER_SPLIT_SELECTION_EXIT_INTERRUPTED
09-10 14:53:01.792 505 505 W IPCThreadState: Sending oneway calls to frozen process.
09-10 14:53:01.793 992 1046 D WindowManagerShell: setLauncherKeepClearAreaHeight: visible=false, height=525
09-10 14:53:01.798 453 453 I BpBinder: onLastStrongRef automatically unlinking death recipients:
09-10 14:53:01.803 1255 1255 I TopTaskTracker: onTaskMovedToFront: (moved taskInfo to front) taskId=9, baseIntent=Intent { act=android.intent.action.MAIN flg=0x10000000 cmp=org.chromium.content_browsertests_apk/.ContentBrowserTestsActivity }
09-10 14:53:01.803 583 1095 D CoreBackPreview: Window{b665898 u0 Splash Screen org.chromium.content_browsertests_apk}: Setting back callback OnBackInvokedCallbackInfo{mCallback=android.window.IOnBackInvokedCallback$Stub$Proxy@1a86b57, mPriority=0, mIsAnimationCallback=false}
09-10 14:53:01.803 583 910 D OemPaidWifiNetworkFactory: got request NetworkRequest [ REQUEST id=156, [ Capabilities: INTERNET&NOT_RESTRICTED&TRUSTED&NOT_VCN_MANAGED&NOT_BANDWIDTH_CONSTRAINED Uid: 10155 RequestorUid: 1000 RequestorPkg: android UnderlyingNetworks: Null] ]
09-10 14:53:01.803 583 910 D MultiInternetWifiNetworkFactory: got request NetworkRequest [ REQUEST id=156, [ Capabilities: INTERNET&NOT_RESTRICTED&TRUSTED&NOT_VCN_MANAGED&NOT_BANDWIDTH_CONSTRAINED Uid: 10155 RequestorUid: 1000 RequestorPkg: android UnderlyingNetworks: Null] ]
09-10 14:53:01.805 583 910 D WifiNetworkFactory: got request NetworkRequest [ REQUEST id=156, [ Capabilities: INTERNET&NOT_RESTRICTED&TRUSTED&NOT_VCN_MANAGED&NOT_BANDWIDTH_CONSTRAINED Uid: 10155 RequestorUid: 1000 RequestorPkg: android UnderlyingNetworks: Null] ]
09-10 14:53:01.805 583 910 D UntrustedWifiNetworkFactory: got request NetworkRequest [ REQUEST id=156, [ Capabilities: INTERNET&NOT_RESTRICTED&TRUSTED&NOT_VCN_MANAGED&NOT_BANDWIDTH_CONSTRAINED Uid: 10155 RequestorUid: 1000 RequestorPkg: android UnderlyingNetworks: Null] ]
09-10 14:53:01.828 1537 2254 W AiAiAutofill: Failed to set whitelist for augmented autofill service.
09-10 14:53:01.828 1537 2254 W AiAiAutofill: java.lang.SecurityException: caller is not user's Augmented Autofill Service
09-10 14:53:01.828 1537 2254 W AiAiAutofill: at android.view.autofill.AutofillManager.setAugmentedAutofillWhitelist(AutofillManager.java:2858)
09-10 14:53:01.828 1537 2254 W AiAiAutofill: at ema.c(PG:66)
09-10 14:53:01.828 1537 2254 W AiAiAutofill: at emw.h(PG:81)
09-10 14:53:01.828 1537 2254 W AiAiAutofill: at enl.a(PG:193)
09-10 14:53:01.828 1537 2254 W AiAiAutofill: at smp.a(PG:5)
09-10 14:53:01.828 1537 2254 W AiAiAutofill: at snf.a(PG:59)
09-10 14:53:01.828 1537 2254 W AiAiAutofill: at aatg.a(PG:5)
09-10 14:53:01.828 1537 2254 W AiAiAutofill: at aatf.a(PG:130)
09-10 14:53:01.828 1537 2254 W AiAiAutofill: at syc.b(PG:82)
09-10 14:53:01.828 1537 2254 W AiAiAutofill: at syc.a(PG:3)
09-10 14:53:01.828 1537 2254 W AiAiAutofill: at aarj.g(PG:289)
09-10 14:53:01.828 1537 2254 W AiAiAutofill: at aari.b(PG:13)
09-10 14:53:01.828 1537 2254 W AiAiAutofill: at aaer.g(PG:13)
09-10 14:53:01.828 1537 2254 W AiAiAutofill: at kotlinx.coroutines.DispatchedTask.run(PG:114)
09-10 14:53:01.828 1537 2254 W AiAiAutofill: at java.util.concurrent.Executors$RunnableAdapter.call(Executors.java:487)
09-10 14:53:01.828 1537 2254 W AiAiAutofill: at wqm.a(PG:3)
09-10 14:53:01.828 1537 2254 W AiAiAutofill: at wpo.run(PG:21)
09-10 14:53:01.828 1537 2254 W AiAiAutofill: at wqn.run(PG:5)
09-10 14:53:01.828 1537 2254 W AiAiAutofill: at java.util.concurrent.Executors$RunnableAdapter.call(Executors.java:487)
09-10 14:53:01.828 1537 2254 W AiAiAutofill: at java.util.concurrent.FutureTask.run(FutureTask.java:264)
09-10 14:53:01.828 1537 2254 W AiAiAutofill: at java.util.concurrent.ScheduledThreadPoolExecutor$ScheduledFutureTask.run(ScheduledThreadPoolExecutor.java:307)
09-10 14:53:01.828 1537 2254 W AiAiAutofill: at java.util.concurrent.ThreadPoolExecutor.runWorker(ThreadPoolExecutor.java:1145)
09-10 14:53:01.828 1537 2254 W AiAiAutofill: at java.util.concurrent.ThreadPoolExecutor$Worker.run(ThreadPoolExecutor.java:644)
09-10 14:53:01.828 1537 2254 W AiAiAutofill: at hqv.run(PG:221)
09-10 14:53:01.828 1537 2254 W AiAiAutofill: at java.lang.Thread.run(Thread.java:1012)
09-10 14:53:01.833 5150 5150 I pk:test_process: Using CollectorTypeCMC GC.
09-10 14:53:01.833 5150 5150 W pk:test_process: Unexpected CPU variant for x86: x86_64.
09-10 14:53:01.833 5150 5150 W pk:test_process: Known variants: atom, sandybridge, silvermont, goldmont, goldmont-plus, goldmont-without-sha-xsaves, tremont, kabylake, default
09-10 14:53:01.840 5082 5155 I cr_VariationsUtils: Scheduling seed download job
09-10 14:53:01.850 5150 5150 E pk:test_process: Not starting debugger since process cannot load the jdwp agent.
09-10 14:53:01.871 583 604 V WindowManager: Sent Transition (#18) createdAt=09-10 07:53:01.768 via request=TransitionRequestInfo { type = OPEN, triggerTask = TaskInfo{userId=0 taskId=9 displayId=0 isRunning=true baseIntent=Intent { act=android.intent.action.MAIN flg=0x10000000 cmp=org.chromium.content_browsertests_apk/.ContentBrowserTestsActivity } baseActivity=ComponentInfo{org.chromium.content_browsertests_apk/org.chromium.content_browsertests_apk.ContentBrowserTestsActivity} topActivity=ComponentInfo{org.chromium.content_browsertests_apk/org.chromium.content_browsertests_apk.ContentBrowserTestsActivity} origActivity=null realActivity=ComponentInfo{org.chromium.content_browsertests_apk/org.chromium.content_browsertests_apk.ContentBrowserTestsActivity} numActivities=1 lastActiveTime=222170 supportsMultiWindow=true resizeMode=1 isResizeable=true minWidth=-1 minHeight=-1 defaultMinSize=220 token=WCT{RemoteToken{95ea06b Task{476d980 #9 type=standard A=10208:org.chromium.content_browsertests_apk}}} topActivityType=1 pictureInPictureParams=null shouldDockBigOverlays=false launchIntoPipHostTaskId=-1 lastParentTaskIdBeforePip=-1 displayCutoutSafeInsets=null topActivityInfo=ActivityInfo{fed17c8 org.chromium.content_browsertests_apk.ContentBrowserTestsActivity} launchCookies=[] positionInParent=Point(0, 0) parentTaskId=-1 isFocused=false isVisible=false isVisibleRequested=false isSleeping=false locusId=null displayAreaFeatureId=1 isTopActivityTransparent=false appCompatTaskInfo=AppCompatTaskInfo { topActivityInSizeCompat=false topActivityEligibleForLetterboxEducation= falseisLetterboxEducationEnabled= true isLetterboxDoubleTapEnabled= false topActivityEligibleForUserAspectRatioButton= false topActivityBoundsLetterboxed= false isFromLetterboxDoubleTap= false topActivityLetterboxVerticalPosition= -1 topActivityLetterboxHorizontalPosition= -1 topActivityLetterboxWidth=1080 topActivityLetterboxHeight=1920 isUserFullscreenOverrideEnabled=false isSystemFullscreenOverrideEnabled=false cameraCompatTaskInfo=CameraCompatTaskInfo { cameraCompatControlState=hidden freeformCameraCompatMode=inactive}}}, pipTask = null, remoteTransition = null, displayChange = null, flags = 0, debugId = 18 }
09-10 14:53:01.872 583 604 V WindowManager: startWCT=WindowContainerTransaction { changes = {} hops = [] errorCallbackToken=null taskFragmentOrganizer=null }
09-10 14:53:01.872 992 3723 V WindowManagerShell: onTransitionReady(transaction=2503965934117)
09-10 14:53:01.872 583 604 V WindowManager: info={id=18 t=OPEN f=0x0 trk=0 r=[0@Point(0, 0)] c=[
09-10 14:53:01.872 583 604 V WindowManager: {WCT{RemoteToken{95ea06b Task{476d980 #9 type=standard A=10208:org.chromium.content_browsertests_apk}}} m=OPEN f=NONE leash=Surface(name=Task=9)/@0x1e9dae5 sb=Rect(0, 0 - 1080, 1920) eb=Rect(0, 0 - 1080, 1920) d=0 taskParent=-1},
09-10 14:53:01.872 583 604 V WindowManager: {WCT{RemoteToken{198433b Task{62d2dce #1 type=home}}} m=TO_BACK f=SHOW_WALLPAPER leash=Surface(name=Task=1)/@0x67e35fd sb=Rect(0, 0 - 1080, 1920) eb=Rect(0, 0 - 1080, 1920) d=0 taskParent=-1}
09-10 14:53:01.872 583 604 V WindowManager: ]}
09-10 14:53:01.872 5150 5150 D nativeloader: Load libframework-connectivity-tiramisu-jni.so using APEX ns com_android_tethering for caller /apex/com.android.tethering/javalib/framework-connectivity-t.jar: ok
09-10 14:53:01.878 583 1494 I Telecom : TelecomServiceImpl$1: isInEmergencyCall: false: TSI.iIEC@AQo🔒
09-10 14:53:01.896 992 1046 V WindowManagerShell: onTransitionReady (#18) android.os.BinderProxy@d136227: {id=18 t=OPEN f=0x0 trk=0 r=[0@Point(0, 0)] c=[{WCT{android.window.IWindowContainerToken$Stub$Proxy@84f50ed} m=OPEN f=NONE leash=Surface(name=Task=9)/@0x28ede3b sb=Rect(0, 0 - 1080, 1920) eb=Rect(0, 0 - 1080, 1920) d=0 taskParent=-1},{WCT{android.window.IWindowContainerToken$Stub$Proxy@8bbdb22} m=TO_BACK f=SHOW_WALLPAPER leash=Surface(name=Task=1)/@0xb2cc958 sb=Rect(0, 0 - 1080, 1920) eb=Rect(0, 0 - 1080, 1920) d=0 taskParent=-1}]}
09-10 14:53:01.911 992 1046 V WindowManagerShell: Playing animation for (#18) android.os.BinderProxy@d136227@0
09-10 14:53:01.911 992 1046 V WindowManagerShell: try handler com.android.wm.shell.transition.DefaultMixedHandler@f3e5596
09-10 14:53:01.911 992 1046 V WindowManagerShell: try handler com.android.wm.shell.keyguard.KeyguardTransitionHandler@3a25517
09-10 14:53:01.911 992 1046 V WindowManagerShell: try handler com.android.wm.shell.pip.PipTransition@8d56d04
09-10 14:53:01.911 992 1046 V WindowManagerShell: try handler com.android.wm.shell.activityembedding.ActivityEmbeddingController@f2ed2ed
09-10 14:53:01.911 992 1046 V WindowManagerShell: try handler com.android.wm.shell.recents.RecentsTransitionHandler@b823522
09-10 14:53:01.911 992 1046 V ShellRecents: RecentsTransitionHandler.startAnimation: no controller found
09-10 14:53:01.911 992 1046 V WindowManagerShell: try handler com.android.wm.shell.splitscreen.StageCoordinator@ced2bb3
09-10 14:53:01.911 992 1046 V WindowManagerShell: try handler com.android.wm.shell.transition.RemoteTransitionHandler@3be5570
09-10 14:53:01.911 992 1046 V WindowManagerShell: Transition doesn't have explicit remote, search filters for match for {id=18 t=OPEN f=0x0 trk=0 r=[0@Point(0, 0)] c=[{WCT{android.window.IWindowContainerToken$Stub$Proxy@84f50ed} m=OPEN f=NONE leash=Surface(name=Task=9)/@0x28ede3b sb=Rect(0, 0 - 1080, 1920) eb=Rect(0, 0 - 1080, 1920) d=0 taskParent=-1},{WCT{android.window.IWindowContainerToken$Stub$Proxy@8bbdb22} m=TO_BACK f=SHOW_WALLPAPER leash=Surface(name=Task=1)/@0xb2cc958 sb=Rect(0, 0 - 1080, 1920) eb=Rect(0, 0 - 1080, 1920) d=0 taskParent=-1}]}
09-10 14:53:01.911 992 1046 V WindowManagerShell: Checking filter Pair{{types=[] flags=0x0] notFlags=0x0 checks=[{atype=undefined independent=true modes=[OPEN,TO_FRONT] flags=IN_TASK_WITH_EMBEDDED_ACTIVITY mustBeTask=false order=ANY topActivity=ComponentInfo{com.google.android.apps.nexuslauncher/com.google.android.apps.nexuslauncher.NexusLauncherActivity} launchCookie=null},{atype=undefined independent=true modes=[CLOSE,TO_BACK] flags=IN_TASK_WITH_EMBEDDED_ACTIVITY mustBeTask=false order=ANY topActivity=null launchCookie=null}]} RemoteTransition { remoteTransition = android.window.IRemoteTransition$Stub$Proxy@dc63f4e, appThread = android.app.IApplicationThread$Stub$Proxy@906e86f, debugName = OverlaySwipeBack }}
09-10 14:53:01.911 992 1046 V WindowManagerShell: Checking filter Pair{{types=[] flags=0x0] notFlags=0x0 checks=[{atype=dream independent=true modes=[OPEN,TO_FRONT] flags=NONE mustBeTask=false order=ANY topActivity=null launchCookie=null},{atype=home independent=true modes=[CLOSE,TO_BACK] flags=NONE mustBeTask=false order=ANY topActivity=null launchCookie=null}]} RemoteTransition { remoteTransition = android.window.IRemoteTransition$Stub$Proxy@79cf97c, appThread = android.app.IApplicationThread$Stub$Proxy@3c23205, debugName = LauncherToDream }}
09-10 14:53:01.911 992 1046 V WindowManagerShell: Checking filter Pair{{types=[] flags=0x0] notFlags=0x100 checks=[{atype=home independent=true modes=[OPEN,TO_FRONT] flags=NONE mustBeTask=false order=TOP topActivity=ComponentInfo{com.google.android.apps.nexuslauncher/com.google.android.apps.nexuslauncher.NexusLauncherActivity} launchCookie=null},{atype=standard independent=true modes=[CLOSE,TO_BACK] flags=NONE mustBeTask=false order=ANY topActivity=null launchCookie=null}]} RemoteTransition { remoteTransition = android.window.IRemoteTransition$Stub$Proxy@9cb025a, appThread = android.app.IApplicationThread$Stub$Proxy@1c39c8b, debugName = QuickstepLaunchHome }}
09-10 14:53:01.911 992 1046 V WindowManagerShell: Delegate animation for (#18) to null
09-10 14:53:01.911 992 1046 V WindowManagerShell: try handler com.android.wm.shell.transition.DefaultTransitionHandler@ab2b0e9
09-10 14:53:01.911 992 1046 V WindowManagerShell: start default transition animation, info = {id=18 t=OPEN f=0x0 trk=0 r=[0@Point(0, 0)] c=[{WCT{android.window.IWindowContainerToken$Stub$Proxy@84f50ed} m=OPEN f=NONE leash=Surface(name=Task=9)/@0x28ede3b sb=Rect(0, 0 - 1080, 1920) eb=Rect(0, 0 - 1080, 1920) d=0 taskParent=-1},{WCT{android.window.IWindowContainerToken$Stub$Proxy@8bbdb22} m=TO_BACK f=SHOW_WALLPAPER leash=Surface(name=Task=1)/@0xb2cc958 sb=Rect(0, 0 - 1080, 1920) eb=Rect(0, 0 - 1080, 1920) d=0 taskParent=-1}]}
09-10 14:53:01.912 992 1046 V WindowManagerShell: loadAnimation: anim=android.view.animation.AnimationSet@a3f6b70 animAttr=0x13 type=OPEN isEntrance=false
09-10 14:53:01.912 992 1046 V WindowManagerShell: loadAnimation: anim=android.view.animation.AnimationSet@85d0ee9 animAttr=0x12 type=OPEN isEntrance=true
09-10 14:53:01.917 992 1082 W Looper : Drained
09-10 14:53:01.921 992 1046 V WindowManagerShell: animated by com.android.wm.shell.transition.DefaultTransitionHandler@ab2b0e9
09-10 14:53:01.922 992 1046 W Looper : Slow dispatch took 35ms wmshell.main h=android.os.Handler c=com.android.wm.shell.transition.Transitions$TransitionPlayerImpl$$ExternalSyntheticLambda0@e715e0f m=0
09-10 14:53:01.922 992 1046 W Looper : Slow delivery took 46ms wmshell.main h=android.os.Handler c=android.window.TaskOrganizer$1$$ExternalSyntheticLambda7@f87ce9c m=0
09-10 14:53:01.948 992 1139 D EGL_emulation: app_time_stats: avg=268.83ms min=3.79ms max=849.75ms count=6
09-10 14:53:01.971 5150 5150 D ApplicationLoaders: Returning zygote-cached class loader: /system/framework/android.test.base.jar
