09-10 14:54:07.349 7911 7911 D nativeloader: Configuring clns-9 for other apk /data/app/~~Qgn2wqEAvH79GiouluTyOA==/org.chromium.content_browsertests_apk-RchFo_8uzwLoY5jHIGStww==/base.apk. target_sdk_version=35, uses_libraries=, library_path=/data/app/~~Qgn2wqEAvH79GiouluTyOA==/org.chromium.content_browsertests_apk-RchFo_8uzwLoY5jHIGStww==/lib/x86_64:/data/app/~~Qgn2wqEAvH79GiouluTyOA==/org.chromium.content_browsertests_apk-RchFo_8uzwLoY5jHIGStww==/base.apk!/lib/x86_64, permitted_path=/data:/mnt/expand:/data/user/0/org.chromium.content_browsertests_apk
09-10 14:54:07.350 7911 7911 D CompatChangeReporter: Compat change id reported: 202956589; UID 99053; state: ENABLED
09-10 14:54:07.663 0 0 W servicemanager: Isolated app with UID 99053 requested 'connectivity', but the service is not allowed for isolated apps.
09-10 14:54:07.699 0 0 W servicemanager: Isolated app with UID 99053 requested 'content_capture', but the service is not allowed for isolated apps.
09-10 14:54:07.412 7911 7911 I cr_ChildProcessService: Creating new ChildProcessService pid=7911
09-10 14:54:07.415 1515 1802 W MediaProvider: isAppCloneUserPair for user 0: false
09-10 14:54:07.430 381 381 I netd : tetherGetStats() -> {[]} <1.77ms>
09-10 14:54:07.434 7911 7923 D nativeloader: Load /data/app/~~Qgn2wqEAvH79GiouluTyOA==/org.chromium.content_browsertests_apk-RchFo_8uzwLoY5jHIGStww==/lib/x86_64/libtest_trace_processor.so using ns clns-9 from class loader (caller=/data/app/~~Qgn2wqEAvH79GiouluTyOA==/org.chromium.content_browsertests_apk-RchFo_8uzwLoY5jHIGStww==/base.apk): ok
09-10 14:54:07.436 1515 5201 W MediaProvider: isAppCloneUserPair for user 0: false
09-10 14:54:07.485 1515 1802 W MediaProvider: isAppCloneUserPair for user 0: false
09-10 14:54:07.492 1515 2614 W MediaProvider: isAppCloneUserPair for user 0: false
09-10 14:54:07.493 7911 7923 D nativeloader: Load /data/app/~~Qgn2wqEAvH79GiouluTyOA==/org.chromium.content_browsertests_apk-RchFo_8uzwLoY5jHIGStww==/lib/x86_64/libcontent_browsertests__library.so using ns clns-9 from class loader (caller=/data/app/~~Qgn2wqEAvH79GiouluTyOA==/org.chromium.content_browsertests_apk-RchFo_8uzwLoY5jHIGStww==/base.apk): ok
09-10 14:54:07.497 7911 7923 I cr_LibraryLoader: Successfully loaded native library
09-10 14:54:07.498 7911 7923 I cr_CachingUmaRecorder: Flushed 2 samples from 2 histograms, 0 samples were dropped.
09-10 14:54:07.511 7911 7923 W SystemServiceRegistry: No service published for: uimode
09-10 14:54:07.809 0 0 W servicemanager: Isolated app with UID 99053 requested 'uimode', but the service is not allowed for isolated apps.
09-10 14:54:07.617 1515 5197 W MediaProvider: isAppCloneUserPair for user 0: false
09-10 14:54:07.708 1515 7638 W MediaProvider: isAppCloneUserPair for user 0: false
09-10 14:54:07.713 1515 2614 W MediaProvider: isAppCloneUserPair for user 0: false
09-10 14:54:07.739 1515 5888 W MediaProvider: isAppCloneUserPair for user 0: false
09-10 14:54:07.747 1515 2614 W MediaProvider: isAppCloneUserPair for user 0: false
09-10 14:54:07.751 583 2234 I ActivityManager: Killing 7911:org.chromium.content_browsertests_apk:sandboxed_process0:org.chromium.content.app.SandboxedProcessService0:2/u0a208i53 (adj 0): isolated not needed
09-10 14:54:07.754 583 1815 I ActivityManager: Killing 7836:org.chromium.content_browsertests_apk:sandboxed_process0:org.chromium.content.app.SandboxedProcessService0:0/u0a208i51 (adj 0): isolated not needed
09-10 14:54:07.757 583 2234 I ActivityManager: Killing 7838:org.chromium.content_browsertests_apk:sandboxed_process0:org.chromium.content.app.SandboxedProcessService0:1/u0a208i52 (adj 0): isolated not needed
09-10 14:54:07.760 1515 5201 W MediaProvider: isAppCloneUserPair for user 0: false
09-10 14:54:07.764 1515 5888 W MediaProvider: isAppCloneUserPair for user 0: false
09-10 14:54:07.773 1515 7638 W MediaProvider: isAppCloneUserPair for user 0: false
09-10 14:54:07.780 583 618 I libprocessgroup: Removed cgroup /sys/fs/cgroup/uid_99053/pid_7911
09-10 14:54:07.783 382 382 I Zygote : Process 7911 exited cleanly (0)
09-10 14:54:07.783 583 605 D DisplayManagerService: Drop pending events for gone uid 99053
09-10 14:54:07.785 1515 5199 W MediaProvider: isAppCloneUserPair for user 0: false
09-10 14:54:07.787 583 618 I libprocessgroup: Removed cgroup /sys/fs/cgroup/uid_99051/pid_7836
09-10 14:54:07.789 382 382 I Zygote : Process 7836 exited cleanly (0)
09-10 14:54:07.790 583 605 D DisplayManagerService: Drop pending events for gone uid 99051
09-10 14:54:07.790 583 618 I libprocessgroup: Removed cgroup /sys/fs/cgroup/uid_99052/pid_7838
09-10 14:54:07.790 382 382 I Zygote : Process 7838 exited cleanly (0)
09-10 14:54:07.799 1515 5197 W MediaProvider: isAppCloneUserPair for user 0: false
09-10 14:54:07.802 1515 2614 W MediaProvider: isAppCloneUserPair for user 0: false
09-10 14:54:07.807 583 605 D DisplayManagerService: Drop pending events for gone uid 99052
09-10 14:54:07.808 1515 1803 W MediaProvider: isAppCloneUserPair for user 0: false
09-10 14:54:07.933 7827 7904 E chromium: [7827:7904:0910/145407.933069:ERROR:shared_image_manager.cc(248)] SharedImageManager::ProduceSkia: Trying to Produce a Skia representation from a non-existent mailbox.
09-10 14:54:07.937 7827 7904 E chromium: [7827:7904:0910/145407.937303:ERROR:shared_image_manager.cc(248)] SharedImageManager::ProduceSkia: Trying to Produce a Skia representation from a non-existent mailbox.
09-10 14:54:07.940 7827 7904 E chromium: [7827:7904:0910/145407.940753:ERROR:shared_image_manager.cc(248)] SharedImageManager::ProduceSkia: Trying to Produce a Skia representation from a non-existent mailbox.
09-10 14:54:07.944 7827 7904 E chromium: [7827:7904:0910/145407.944082:ERROR:shared_image_manager.cc(248)] SharedImageManager::ProduceSkia: Trying to Produce a Skia representation from a non-existent mailbox.
09-10 14:54:07.987 7780 7780 I ImeTracker: org.chromium.content_browsertests_apk:test_process:3cec8215: onRequestHide at ORIGIN_CLIENT reason HIDE_SOFT_INPUT_CLOSE_CURRENT_SESSION fromUser false
09-10 14:54:07.988 583 726 I ImeTracker: org.chromium.content_browsertests_apk:test_process:3cec8215: onCancelled at PHASE_SERVER_SHOULD_HIDE
09-10 14:54:08.001 1515 5197 W MediaProvider: isAppCloneUserPair for user 0: false
09-10 14:54:08.003 1515 1802 W MediaProvider: isAppCloneUserPair for user 0: false
09-10 14:54:08.008 7780 7796 D EGL_emulation: app_time_stats: avg=251.69ms min=15.83ms max=924.89ms count=8
09-10 14:54:08.041 1515 5888 W MediaProvider: Database update failed while renaming /storage/emulated/0/chromium_tests_root/content_shell/GPUCache/index-dir/temp-index
09-10 14:54:08.041 1515 5888 W MediaProvider: android.database.sqlite.SQLiteConstraintException: UNIQUE constraint failed: files._data (code 2067 SQLITE_CONSTRAINT_UNIQUE)
09-10 14:54:08.041 1515 5888 W MediaProvider: at android.database.sqlite.SQLiteConnection.nativeExecuteForChangedRowCount(Native Method)
09-10 14:54:08.041 1515 5888 W MediaProvider: at android.database.sqlite.SQLiteConnection.executeForChangedRowCount(SQLiteConnection.java:926)
09-10 14:54:08.041 1515 5888 W MediaProvider: at android.database.sqlite.SQLiteSession.executeForChangedRowCount(SQLiteSession.java:780)
09-10 14:54:08.041 1515 5888 W MediaProvider: at android.database.sqlite.SQLiteStatement.executeUpdateDelete(SQLiteStatement.java:67)
09-10 14:54:08.041 1515 5888 W MediaProvider: at com.android.providers.media.util.DatabaseUtils.executeUpdateDelete(DatabaseUtils.java:499)
09-10 14:54:08.041 1515 5888 W MediaProvider: at com.android.providers.media.util.SQLiteQueryBuilder.update(SQLiteQueryBuilder.java:726)
09-10 14:54:08.041 1515 5888 W MediaProvider: at com.android.providers.media.util.SQLiteQueryBuilder.lambda$update$2(SQLiteQueryBuilder.java:648)
09-10 14:54:08.041 1515 5888 W MediaProvider: at com.android.providers.media.util.SQLiteQueryBuilder.$r8$lambda$V5i8aaD8hBMOL_-PCdDrUiXRenE(SQLiteQueryBuilder.java:0)
09-10 14:54:08.041 1515 5888 W MediaProvider: at com.android.providers.media.util.SQLiteQueryBuilder$$ExternalSyntheticLambda1.apply(R8$$SyntheticClass:0)
09-10 14:54:08.041 1515 5888 W MediaProvider: at com.android.providers.media.DatabaseHelper.runWithTransaction(DatabaseHelper.java:891)
09-10 14:54:08.041 1515 5888 W MediaProvider: at com.android.providers.media.util.SQLiteQueryBuilder.update(SQLiteQueryBuilder.java:647)
09-10 14:54:08.041 1515 5888 W MediaProvider: at com.android.providers.media.MediaProvider.lambda$updateDatabaseForFuseRename$18(MediaProvider.java:3084)
09-10 14:54:08.041 1515 5888 W MediaProvider: at com.android.providers.media.MediaProvider.$r8$lambda$SsJLM9omZuZqR6R57GeVw8lP7d0(MediaProvider.java:0)
09-10 14:54:08.041 1515 5888 W MediaProvider: at com.android.providers.media.MediaProvider$$ExternalSyntheticLambda36.apply(R8$$SyntheticClass:0)
09-10 14:54:08.041 1515 5888 W MediaProvider: at com.android.providers.media.DatabaseHelper.runWithTransaction(DatabaseHelper.java:891)
09-10 14:54:08.041 1515 5888 W MediaProvider: at com.android.providers.media.MediaProvider.updateDatabaseForFuseRename(MediaProvider.java:3076)
09-10 14:54:08.041 1515 5888 W MediaProvider: at com.android.providers.media.MediaProvider.updateDatabaseForFuseRename(MediaProvider.java:3043)
09-10 14:54:08.041 1515 5888 W MediaProvider: at com.android.providers.media.MediaProvider.updateDatabaseForFuseRename(MediaProvider.java:3037)
09-10 14:54:08.041 1515 5888 W MediaProvider: at com.android.providers.media.MediaProvider.renameFileForFuse(MediaProvider.java:3408)
09-10 14:54:08.041 1515 5888 W MediaProvider: at com.android.providers.media.MediaProvider.renameFileUncheckedForFuse(MediaProvider.java:3388)
09-10 14:54:08.041 1515 5888 W MediaProvider: at com.android.providers.media.MediaProvider.renameUncheckedForFuse(MediaProvider.java:3475)
09-10 14:54:08.041 1515 5888 W MediaProvider: at com.android.providers.media.MediaProvider.renameForFuse(MediaProvider.java:3523)
09-10 14:54:08.042 1515 5888 I MediaProvider: Retrying database update after deleting conflicting entry
09-10 14:54:08.058 992 1046 V WindowManagerShell: Transition requested (#37): android.os.BinderProxy@3f7886e TransitionRequestInfo { type = CLOSE, triggerTask = TaskInfo{userId=0 taskId=27 displayId=0 isRunning=false baseIntent=Intent { act=android.intent.action.MAIN flg=0x10000000 cmp=org.chromium.content_browsertests_apk/.ContentBrowserTestsActivity } baseActivity=null topActivity=null origActivity=null realActivity=ComponentInfo{org.chromium.content_browsertests_apk/org.chromium.content_browsertests_apk.ContentBrowserTestsActivity} numActivities=0 lastActiveTime=284946 supportsMultiWindow=true resizeMode=1 isResizeable=true minWidth=-1 minHeight=-1 defaultMinSize=220 token=WCT{android.window.IWindowContainerToken$Stub$Proxy@f0acb0f} topActivityType=1 pictureInPictureParams=null shouldDockBigOverlays=false launchIntoPipHostTaskId=-1 lastParentTaskIdBeforePip=-1 displayCutoutSafeInsets=null topActivityInfo=null launchCookies=[] positionInParent=Point(0, 0) parentTaskId=-1 isFocused=true isVisible=true isVisibleRequested=true isSleeping=false locusId=null displayAreaFeatureId=1 isTopActivityTransparent=false appCompatTaskInfo=AppCompatTaskInfo { topActivityInSizeCompat=false topActivityEligibleForLetterboxEducation= falseisLetterboxEducationEnabled= false isLetterboxDoubleTapEnabled= false topActivityEligibleForUserAspectRatioButton= false topActivityBoundsLetterboxed= false isFromLetterboxDoubleTap= false topActivityLetterboxVerticalPosition= -1 topActivityLetterboxHorizontalPosition= -1 topActivityLetterboxWidth=-1 topActivityLetterboxHeight=-1 isUserFullscreenOverrideEnabled=false isSystemFullscreenOverrideEnabled=false cameraCompatTaskInfo=CameraCompatTaskInfo { cameraCompatControlState=hidden freeformCameraCompatMode=inactive}}}, pipTask = null, remoteTransition = null, displayChange = null, flags = 0, debugId = 37 }
09-10 14:54:08.061 1255 1255 I TopTaskTracker: onTaskMovedToFront: (moved taskInfo to front) taskId=7, baseIntent=Intent { act=android.intent.action.MAIN cat=[android.intent.category.HOME] flg=0x10000100 cmp=com.google.android.apps.nexuslauncher/.NexusLauncherActivity }
09-10 14:54:08.061 5120 5120 I Process : Sending signal. PID: 7780 SIG: 9
09-10 14:54:08.063 453 453 I BpBinder: onLastStrongRef automatically unlinking death recipients:
09-10 14:54:08.096 382 382 I Zygote : Process 7780 exited due to signal 9 (Killed)
09-10 14:54:08.097 583 1810 I ActivityManager: Process org.chromium.content_browsertests_apk:test_process (pid 7780) has died: fg TOP
09-10 14:54:08.097 583 1083 I ImeTracker: org.chromium.content_browsertests_apk:3c0bdd26: onRequestHide at ORIGIN_SERVER reason HIDE_REMOVE_CLIENT fromUser false
09-10 14:54:08.097 583 1083 I ImeTracker: org.chromium.content_browsertests_apk:3c0bdd26: onCancelled at PHASE_SERVER_SHOULD_HIDE
09-10 14:54:08.097 583 1494 I WindowManager: WIN DEATH: Window{7bde99c u0 org.chromium.content_browsertests_apk/org.chromium.content_browsertests_apk.ContentBrowserTestsActivity}
09-10 14:54:08.097 583 1494 W InputManager-JNI: Input channel object '7bde99c org.chromium.content_browsertests_apk/org.chromium.content_browsertests_apk.ContentBrowserTestsActivity (client)' was disposed without first being removed with the input manager!
09-10 14:54:08.098 583 2498 D AutofillSession: handling death of Token{366bb47 ActivityRecord{f3aab61 u0 org.chromium.content_browsertests_apk/.ContentBrowserTestsActivity t27 f}}} when saving=false
09-10 14:54:08.099 583 605 D AutofillUI: destroySaveUiUiThread(): already destroyed
09-10 14:54:08.100 583 917 D ConnectivityService: releasing NetworkRequest [ REQUEST id=209, [ Capabilities: INTERNET&NOT_RESTRICTED&TRUSTED&NOT_VCN_MANAGED&NOT_BANDWIDTH_CONSTRAINED Uid: 10208 RequestorUid: 10208 RequestorPkg: org.chromium.content_browsertests_apk UnderlyingNetworks: Null] ] (release request)
09-10 14:54:08.109 583 1818 I AppWidgetServiceImpl: startListening() 0
09-10 14:54:08.110 583 607 W ActivityManager: setHasOverlayUi called on unknown pid: 7780
09-10 14:54:08.110 1255 1255 D StatsLog: LAUNCHER_ONRESUME
09-10 14:54:08.112 583 1614 W AppSearchIcing: icing-search-engine.cc:321: Error: 5, Message: Document (com.google.android.googlequicksearchbox$OneSearchZeroStateGoogleSuggestions/default, zp) not found.
09-10 14:54:08.113 1255 2183 D OneSearchSuggestProvider: AppSearch 0-state cache not available, fallback to AGA
09-10 14:54:08.113 1255 2183 D OneSearchSuggestProvider: java.util.concurrent.CompletionException: java.util.NoSuchElementException: No value present
09-10 14:54:08.113 1255 2183 D OneSearchSuggestProvider: at java.util.concurrent.CompletableFuture.encodeThrowable(CompletableFuture.java:308)
09-10 14:54:08.113 1255 2183 D OneSearchSuggestProvider: at java.util.concurrent.CompletableFuture.completeThrowable(CompletableFuture.java:323)
09-10 14:54:08.113 1255 2183 D OneSearchSuggestProvider: at java.util.concurrent.CompletableFuture$UniAccept.tryFire(CompletableFuture.java:684)
09-10 14:54:08.113 1255 2183 D OneSearchSuggestProvider: at java.util.concurrent.CompletableFuture.postComplete(CompletableFuture.java:486)
09-10 14:54:08.113 1255 2183 D OneSearchSuggestProvider: at java.util.concurrent.CompletableFuture.completeExceptionally(CompletableFuture.java:2138)
09-10 14:54:08.113 1255 2183 D OneSearchSuggestProvider: at com.google.android.apps.nexuslauncher.allapps.E0.onResult(go/retraceme 31f9979659277bb965985aff1272c33e3c3c9e755b77166d20a2465454178f2c:67)
09-10 14:54:08.113 1255 2183 D OneSearchSuggestProvider: at android.app.appsearch.SearchSessionUtil$1.lambda$onResult$0(go/retraceme 64eee9e9f568ff45978879ad2ff83146f2618ee8a88278736fbdf5fae931976e:144)
09-10 14:54:08.113 1255 2183 D OneSearchSuggestProvider: at android.app.appsearch.SearchSessionUtil$1.$r8$lambda$CEk3q8sDAQVhU3rQwVueB8FAj_M(go/retraceme 64eee9e9f568ff45978879ad2ff83146f2618ee8a88278736fbdf5fae931976e:1)
09-10 14:54:08.113 1255 2183 D OneSearchSuggestProvider: at android.app.appsearch.SearchSessionUtil$1$$ExternalSyntheticLambda0.run(go/retraceme 64eee9e9f568ff45978879ad2ff83146f2618ee8a88278736fbdf5fae931976e:22)
09-10 14:54:08.113 1255 2183 D OneSearchSuggestProvider: at android.os.Handler.handleCallback(Handler.java:959)
09-10 14:54:08.113 1255 2183 D OneSearchSuggestProvider: at android.os.Handler.dispatchMessage(Handler.java:100)
09-10 14:54:08.113 1255 2183 D OneSearchSuggestProvider: at android.os.Looper.loopOnce(Looper.java:232)
09-10 14:54:08.113 1255 2183 D OneSearchSuggestProvider: at android.os.Looper.loop(Looper.java:317)
09-10 14:54:08.113 1255 2183 D OneSearchSuggestProvider: at android.os.HandlerThread.run(HandlerThread.java:85)
09-10 14:54:08.113 1255 2183 D OneSearchSuggestProvider: Caused by: java.util.NoSuchElementException: No value present
09-10 14:54:08.113 1255 2183 D OneSearchSuggestProvider: at java.util.Optional.get(Optional.java:143)
09-10 14:54:08.113 1255 2183 D OneSearchSuggestProvider: at com.google.android.apps.nexuslauncher.allapps.E0.onResult(go/retraceme 31f9979659277bb965985aff1272c33e3c3c9e755b77166d20a2465454178f2c:28)
09-10 14:54:08.113 1255 2183 D OneSearchSuggestProvider: ... 8 more
09-10 14:54:08.113 1255 1255 D NexusLauncherModelDelegate: notifySmartspaceEvent: SmartspaceTargetEvent{mSmartspaceTarget=null, mSmartspaceActionId='null', mEventType=6}
09-10 14:54:08.114 1255 2183 D OneSearchSuggestProvider: Created the binder channel successfully for end point service =com.google.android.apps.search.googleapp.search.suggest.plugins.onesearch.server.OneSearchSuggestService , mChannel=i1{delegate=f{logId=67, target=directaddress:///AndroidComponentAddress%5BIntent%20%7B%20act=grpc.io.action.BIND%20cmp=com.google.android.googlequicksearchbox/com.google.android.apps.search.googleapp.search.suggest.plugins.onesearch.server.OneSearchSuggestService%20%7D%5D}} , mOneSearchConnection=l2.Z@e33043f
09-10 14:54:08.122 583 618 I libprocessgroup: Removed cgroup /sys/fs/cgroup/uid_10208/pid_7780
09-10 14:54:08.125 1255 1255 D BaseDepthController: setSurface:
09-10 14:54:08.125 1255 1255 D BaseDepthController: mWaitingOnSurfaceValidity: false
09-10 14:54:08.125 1255 1255 D BaseDepthController: mSurface: Surface(name=com.google.android.apps.nexuslauncher/com.google.android.apps.nexuslauncher.NexusLauncherActivity)/@0x668f0d3
09-10 14:54:08.128 4025 4025 I A : (REDACTED) Created gRPC endpoint for service %s
09-10 14:54:08.131 583 608 W ActivityTaskManager: Unable to send transaction to client proc org.chromium.content_browsertests_apk:test_process: no app thread
09-10 14:54:08.133 992 1046 D WindowManagerShell: setLauncherKeepClearAreaHeight: visible=true, height=525
09-10 14:54:08.135 583 1815 I ActivityManager: Process org.chromium.content_browsertests_apk:privileged_process0 (pid 7827) has died: fg SVC
09-10 14:54:08.138 583 618 I libprocessgroup: Removed cgroup /sys/fs/cgroup/uid_10208/pid_7827
09-10 14:54:08.140 382 382 I Zygote : Process 7827 exited cleanly (0)
09-10 14:54:08.141 1255 1303 D QuickstepModelDelegate: notifyAppTargetEvent action=1 launchLocation=workspace/0/[-1,-1]/[1,1]
09-10 14:54:08.146 583 1832 W OptProp : Cannot read opt property android.window.PROPERTY_COMPAT_ALLOW_USER_ASPECT_RATIO_OVERRIDE
09-10 14:54:08.146 583 1832 W OptProp : Cannot read opt property android.window.PROPERTY_COMPAT_ALLOW_USER_ASPECT_RATIO_FULLSCREEN_OVERRIDE
09-10 14:54:08.146 583 1832 W OptProp : Cannot read opt property android.window.PROPERTY_COMPAT_ALLOW_ORIENTATION_OVERRIDE
09-10 14:54:08.148 583 1832 V GrammaticalInflectionUtils: AttributionSource: AttributionSource { uid = 10208, packageName = null, attributionTag = null, token = android.os.Binder@7b78a50, deviceId = 0, next = null } does not have READ_SYSTEM_GRAMMATICAL_GENDER permission.
09-10 14:54:08.149 583 1832 W OptProp : Cannot read opt property android.window.PROPERTY_COMPAT_ALLOW_RESIZEABLE_ACTIVITY_OVERRIDES
09-10 14:54:08.149 583 1832 W OptProp : Cannot read opt property android.window.PROPERTY_COMPAT_ALLOW_MIN_ASPECT_RATIO_OVERRIDE
09-10 14:54:08.153 1537 1886 I AiAiEcho: Predicting[0]: [CONTEXT sampling_count=5 ]
09-10 14:54:08.153 1537 1886 I AiAiEcho: EchoTargets:
09-10 14:54:08.153 1537 1886 I AiAiEcho: Filtered by AiAi flag check:
09-10 14:54:08.153 1537 1886 I AiAiEcho: [CONTEXT ratelimit_period="10 SECONDS" ]
09-10 14:54:08.153 1537 1886 I AiAiEcho: Ranked targets strategy: SORT, count: 0, ranking metadata: [CONTEXT ratelimit_period="10 SECONDS" ]
09-10 14:54:08.153 1537 1886 I AiAiEcho: #remoteViewsTwiddler: feature disabled.
09-10 14:54:08.155 583 1832 V SplashScreenExceptionList: SplashScreen checking exception for package org.chromium.content_browsertests_apk (target sdk:35) -> false
09-10 14:54:08.157 1537 1886 I AiAiEcho: #postPredictionTargets: Sending updates to UISurface home with targets# 0 (types=[])
09-10 14:54:08.158 583 1832 I ActivityTaskManager: Add Task{a38b686 #27 type=standard A=10208:org.chromium.content_browsertests_apk} to hidden list because adding Task{eb71520 #28 type=standard A=10208:org.chromium.content_browsertests_apk}
09-10 14:54:08.160 583 1832 I ActivityTaskManager: START u0 {act=android.intent.action.MAIN flg=0x10000000 cmp=org.chromium.content_browsertests_apk/.ContentBrowserTestsActivity (has extras)} with LAUNCH_SINGLE_TASK from uid 10208 (BAL_ALLOW_PERMISSION) result code=0
09-10 14:54:08.166 1255 1255 D SsBaseTemplateCard: No text view can be set up
09-10 14:54:08.166 1255 1255 D SsBaseTemplateCard: Passed-in item info is null
09-10 14:54:08.166 1255 1255 D SsBaseTemplateCard: Passed-in item info is null
09-10 14:54:08.166 1255 1255 D SsBaseTemplateCard: Passed-in item info is null
09-10 14:54:08.166 1255 1255 I SsBaseTemplateCard: Secondary card pane is null
09-10 14:54:08.167 992 1092 D SplashScreenView: Build android.window.SplashScreenView{aee65a5 V.E...... ......ID 0,0-0,0}
09-10 14:54:08.167 992 1092 D SplashScreenView: Icon: view: null drawable: null size: 0
09-10 14:54:08.167 992 1092 D SplashScreenView: Branding: view: android.view.View{d17bd7a G.ED..... ......I. 0,0-0,0 #1020503 android:id/splashscreen_branding_view} drawable: null size w: 0 h: 0
09-10 14:54:08.170 1255 1255 W SplitSelectStateCtor: Missing session instanceIds
09-10 14:54:08.170 1255 1255 D StatsLog: LAUNCHER_SPLIT_SELECTION_EXIT_INTERRUPTED
09-10 14:54:08.170 992 1046 D WindowManagerShell: setLauncherKeepClearAreaHeight: visible=false, height=525
09-10 14:54:08.171 505 505 W IPCThreadState: Sending oneway calls to frozen process.
09-10 14:54:08.173 583 607 V GrammaticalInflectionUtils: AttributionSource: AttributionSource { uid = 10208, packageName = null, attributionTag = null, token = android.os.Binder@7b78a50, deviceId = 0, next = null } does not have READ_SYSTEM_GRAMMATICAL_GENDER permission.
09-10 14:54:08.180 583 607 W ProcessStats: Tracking association SourceState{c278c78 system/1000 BFgs #4021} whose proc state 4 is better than process ProcessState{381231f com.google.android.ext.services/10187 pkg=com.google.android.ext.services} proc state 14 (10 skipped)
09-10 14:54:08.184 1255 1255 I TopTaskTracker: onTaskMovedToFront: (moved taskInfo to front) taskId=28, baseIntent=Intent { act=android.intent.action.MAIN flg=0x10000000 cmp=org.chromium.content_browsertests_apk/.ContentBrowserTestsActivity }
09-10 14:54:08.185 583 1811 D CoreBackPreview: Window{2c8634c u0 Splash Screen org.chromium.content_browsertests_apk}: Setting back callback OnBackInvokedCallbackInfo{mCallback=android.window.IOnBackInvokedCallback$Stub$Proxy@abe6838, mPriority=0, mIsAnimationCallback=false}
09-10 14:54:08.187 382 382 D Zygote : Forked child process 7938
09-10 14:54:08.188 583 617 I ActivityManager: Start proc 7938:org.chromium.content_browsertests_apk:test_process/u0a208 for next-top-activity {org.chromium.content_browsertests_apk/org.chromium.content_browsertests_apk.ContentBrowserTestsActivity}
09-10 14:54:08.200 7938 7938 I pk:test_process: Using CollectorTypeCMC GC.
09-10 14:54:08.201 583 608 W ActivityTaskManager: Unable to send transaction to client proc org.chromium.content_browsertests_apk:test_process: no app thread
09-10 14:54:08.201 7938 7938 W pk:test_process: Unexpected CPU variant for x86: x86_64.
09-10 14:54:08.201 7938 7938 W pk:test_process: Known variants: atom, sandybridge, silvermont, goldmont, goldmont-plus, goldmont-without-sha-xsaves, tremont, kabylake, default
09-10 14:54:08.208 7938 7938 E pk:test_process: Not starting debugger since process cannot load the jdwp agent.
09-10 14:54:08.213 7938 7938 D nativeloader: Load libframework-connectivity-tiramisu-jni.so using APEX ns com_android_tethering for caller /apex/com.android.tethering/javalib/framework-connectivity-t.jar: ok
09-10 14:54:08.241 381 7950 I resolv : GetAddrInfoHandler::run: {0 262144 0 983040 10143 0}
09-10 14:54:08.244 381 7951 I resolv : GetAddrInfoHandler::run: {0 262144 0 983040 10143 0}
09-10 14:54:08.248 7938 7938 D ApplicationLoaders: Returning zygote-cached class loader: /system/framework/android.test.base.jar
09-10 14:54:08.248 4025 4086 W A : CompleteServer request has failed and can't show offline suggestions.
09-10 14:54:08.248 4025 4086 W A : com.google.frameworks.client.data.android.ac: Http networking stack error
09-10 14:54:08.248 4025 4086 W A : at com.google.frameworks.client.data.android.x.run(PG:36)
09-10 14:54:08.248 4025 4086 W A : at com.google.android.libraries.k.x.run(PG:3)
09-10 14:54:08.248 4025 4086 W A : at com.google.common.n.c.c.run(PG:50)
09-10 14:54:08.248 4025 4086 W A : at com.google.android.libraries.k.e.run(PG:8)
09-10 14:54:08.248 4025 4086 W A : at java.lang.Thread.run(Thread.java:1012)
09-10 14:54:08.248 4025 4086 W A : at com.google.android.libraries.k.d.b.run(PG:74)
09-10 14:54:08.248 4025 4086 W A : Caused by: m.mc: Exception in CronetUrlRequest: net::ERR_INTERNET_DISCONNECTED, ErrorCode=2, InternalErrorCode=-106, Retryable=false
09-10 14:54:08.248 4025 4086 W A : at org.chromium.net.impl.CronetUrlRequest.onError(:com.google.android.gms.dynamite_cronetdynamite@242632041@24.26.32 (190800-0):4)
09-10 14:54:08.250 7938 7938 D nativeloader: Configuring clns-7 for other apk /system/framework/android.test.mock.jar. target_sdk_version=35, uses_libraries=ALL, library_path=/data/app/~~Qgn2wqEAvH79GiouluTyOA==/org.chromium.content_browsertests_apk-RchFo_8uzwLoY5jHIGStww==/lib/x86_64:/data/app/~~Qgn2wqEAvH79GiouluTyOA==/org.chromium.content_browsertests_apk-RchFo_8uzwLoY5jHIGStww==/base.apk!/lib/x86_64, permitted_path=/data:/mnt/expand:/data/user/0/org.chromium.content_browsertests_apk
09-10 14:54:08.251 7938 7938 D ApplicationLoaders: Returning zygote-cached class loader: /system/framework/android.test.base.jar
09-10 14:54:08.251 4025 4139 W A : #getSuggestions failed
09-10 14:54:08.251 4025 4139 W A : com.google.frameworks.client.data.android.ac: Http networking stack error
09-10 14:54:08.251 4025 4139 W A : at com.google.frameworks.client.data.android.x.run(PG:36)
09-10 14:54:08.251 4025 4139 W A : at com.google.android.libraries.k.x.run(PG:3)
09-10 14:54:08.251 4025 4139 W A : at com.google.common.n.c.c.run(PG:50)
09-10 14:54:08.251 4025 4139 W A : at com.google.android.libraries.k.e.run(PG:8)
09-10 14:54:08.251 4025 4139 W A : at java.lang.Thread.run(Thread.java:1012)
09-10 14:54:08.251 4025 4139 W A : at com.google.android.libraries.k.d.b.run(PG:74)
09-10 14:54:08.251 4025 4139 W A : Caused by: m.mc: Exception in CronetUrlRequest: net::ERR_INTERNET_DISCONNECTED, ErrorCode=2, InternalErrorCode=-106, Retryable=false
09-10 14:54:08.251 4025 4139 W A : at org.chromium.net.impl.CronetUrlRequest.onError(:com.google.android.gms.dynamite_cronetdynamite@242632041@24.26.32 (190800-0):4)
09-10 14:54:08.253 7938 7938 D nativeloader: Configuring clns-8 for other apk /system/framework/android.test.runner.jar. target_sdk_version=35, uses_libraries=ALL, library_path=/data/app/~~Qgn2wqEAvH79GiouluTyOA==/org.chromium.content_browsertests_apk-RchFo_8uzwLoY5jHIGStww==/lib/x86_64:/data/app/~~Qgn2wqEAvH79GiouluTyOA==/org.chromium.content_browsertests_apk-RchFo_8uzwLoY5jHIGStww==/base.apk!/lib/x86_64, permitted_path=/data:/mnt/expand:/data/user/0/org.chromium.content_browsertests_apk
09-10 14:54:08.253 7938 7938 D ApplicationLoaders: Returning zygote-cached class loader: /system_ext/framework/androidx.window.extensions.jar
09-10 14:54:08.255 1255 7937 E OneSearchSuggestProvider: Unable to get suggestions from AGA
09-10 14:54:08.255 1255 7937 E OneSearchSuggestProvider: io.grpc.StatusRuntimeException: UNKNOWN
09-10 14:54:08.255 1255 7937 E OneSearchSuggestProvider: at k3.e.a(go/retraceme 31f9979659277bb965985aff1272c33e3c3c9e755b77166d20a2465454178f2c:77)
09-10 14:54:08.255 1255 7937 E OneSearchSuggestProvider: at i3.l.b(go/retraceme 31f9979659277bb965985aff1272c33e3c3c9e755b77166d20a2465454178f2c:43)
09-10 14:54:08.255 1255 7937 E OneSearchSuggestProvider: at i3.l.a(go/retraceme 31f9979659277bb965985aff1272c33e3c3c9e755b77166d20a2465454178f2c:27)
09-10 14:54:08.255 1255 7937 E OneSearchSuggestProvider: at i3.z.run(go/retraceme 31f9979659277bb965985aff1272c33e3c3c9e755b77166d20a2465454178f2c:7)
09-10 14:54:08.255 1255 7937 E OneSearchSuggestProvider: at i3.m2.run(go/retraceme 31f9979659277bb965985aff1272c33e3c3c9e755b77166d20a2465454178f2c:19)
09-10 14:54:08.255 1255 7937 E OneSearchSuggestProvider: at java.util.concurrent.ThreadPoolExecutor.runWorker(ThreadPoolExecutor.java:1145)
09-10 14:54:08.255 1255 7937 E OneSearchSuggestProvider: at java.util.concurrent.ThreadPoolExecutor$Worker.run(ThreadPoolExecutor.java:644)
09-10 14:54:08.255 1255 7937 E OneSearchSuggestProvider: at java.lang.Thread.run(Thread.java:1012)
09-10 14:54:08.255 7938 7938 D nativeloader: Configuring clns-9 for other apk /data/app/~~Qgn2wqEAvH79GiouluTyOA==/org.chromium.content_browsertests_apk-RchFo_8uzwLoY5jHIGStww==/base.apk. target_sdk_version=35, uses_libraries=, library_path=/data/app/~~Qgn2wqEAvH79GiouluTyOA==/org.chromium.content_browsertests_apk-RchFo_8uzwLoY5jHIGStww==/lib/x86_64:/data/app/~~Qgn2wqEAvH79GiouluTyOA==/org.chromium.content_browsertests_apk-RchFo_8uzwLoY5jHIGStww==/base.apk!/lib/x86_64, permitted_path=/data:/mnt/expand:/data/user/0/org.chromium.content_browsertests_apk
09-10 14:54:08.256 7938 7938 D CompatChangeReporter: Compat change id reported: 202956589; UID 10208; state: ENABLED
09-10 14:54:08.258 1255 1255 D SearchTargetUtil: query= size=0
09-10 14:54:08.261 7938 7938 V GraphicsEnvironment: Currently set values for:
09-10 14:54:08.261 7938 7938 V GraphicsEnvironment: angle_gl_driver_selection_pkgs=[]
09-10 14:54:08.261 7938 7938 V GraphicsEnvironment: angle_gl_driver_selection_values=[]
09-10 14:54:08.261 7938 7938 V GraphicsEnvironment: Global.Settings values are invalid: number of packages: 0, number of values: 0
09-10 14:54:08.261 7938 7938 V GraphicsEnvironment: Neither updatable production driver nor prerelease driver is supported.
09-10 14:54:08.266 583 1818 W OptProp : Cannot read opt property android.window.PROPERTY_COMPAT_ENABLE_FAKE_FOCUS
09-10 14:54:08.268 583 607 D OomAdjuster: Not killing cached processes
09-10 14:54:08.272 992 1420 V WindowManagerShell: onTransitionReady(transaction=2503965935226)
09-10 14:54:08.272 992 1046 V WindowManagerShell: onTransitionReady (#37) android.os.BinderProxy@3f7886e: {id=37 t=CLOSE f=0x0 trk=0 r=[0@Point(0, 0)] c=[{WCT{android.window.IWindowContainerToken$Stub$Proxy@c3c2959} m=OPEN f=MOVE_TO_TOP leash=Surface(name=Task=28)/@0x38c81d2 sb=Rect(0, 0 - 1080, 1920) eb=Rect(0, 0 - 1080, 1920) d=0 taskParent=-1},{WCT{android.window.IWindowContainerToken$Stub$Proxy@e0ce91e} m=CLOSE f=NONE leash=Surface(name=Task=27)/@0xccd72a3 sb=Rect(0, 0 - 1080, 1920) eb=Rect(0, 0 - 1080, 1920) d=0 taskParent=-1}]}
09-10 14:54:08.273 992 1046 V WindowManagerShell: Playing animation for (#37) android.os.BinderProxy@3f7886e@0
09-10 14:54:08.274 992 1046 V WindowManagerShell: try handler com.android.wm.shell.transition.DefaultMixedHandler@f3e5596
09-10 14:54:08.274 992 1046 V WindowManagerShell: try handler com.android.wm.shell.keyguard.KeyguardTransitionHandler@3a25517
09-10 14:54:08.275 992 1046 V WindowManagerShell: try handler com.android.wm.shell.pip.PipTransition@8d56d04
09-10 14:54:08.275 992 1046 V WindowManagerShell: try handler com.android.wm.shell.activityembedding.ActivityEmbeddingController@f2ed2ed
09-10 14:54:08.275 992 1046 V WindowManagerShell: try handler com.android.wm.shell.recents.RecentsTransitionHandler@b823522
09-10 14:54:08.275 992 1046 V ShellRecents: RecentsTransitionHandler.startAnimation: no controller found
09-10 14:54:08.275 992 1046 V WindowManagerShell: try handler com.android.wm.shell.splitscreen.StageCoordinator@ced2bb3
09-10 14:54:08.275 992 1046 V WindowManagerShell: try handler com.android.wm.shell.transition.RemoteTransitionHandler@3be5570
09-10 14:54:08.275 992 1046 V WindowManagerShell: Transition doesn't have explicit remote, search filters for match for {id=37 t=CLOSE f=0x0 trk=0 r=[0@Point(0, 0)] c=[{WCT{android.window.IWindowContainerToken$Stub$Proxy@c3c2959} m=OPEN f=MOVE_TO_TOP leash=Surface(name=Task=28)/@0x38c81d2 sb=Rect(0, 0 - 1080, 1920) eb=Rect(0, 0 - 1080, 1920) d=0 taskParent=-1},{WCT{android.window.IWindowContainerToken$Stub$Proxy@e0ce91e} m=CLOSE f=NONE leash=Surface(name=Task=27)/@0xccd72a3 sb=Rect(0, 0 - 1080, 1920) eb=Rect(0, 0 - 1080, 1920) d=0 taskParent=-1}]}
09-10 14:54:08.276 992 1046 V WindowManagerShell: Checking filter Pair{{types=[] flags=0x0] notFlags=0x0 checks=[{atype=undefined independent=true modes=[OPEN,TO_FRONT] flags=IN_TASK_WITH_EMBEDDED_ACTIVITY mustBeTask=false order=ANY topActivity=ComponentInfo{com.google.android.apps.nexuslauncher/com.google.android.apps.nexuslauncher.NexusLauncherActivity} launchCookie=null},{atype=undefined independent=true modes=[CLOSE,TO_BACK] flags=IN_TASK_WITH_EMBEDDED_ACTIVITY mustBeTask=false order=ANY topActivity=null launchCookie=null}]} RemoteTransition { remoteTransition = android.window.IRemoteTransition$Stub$Proxy@dc63f4e, appThread = android.app.IApplicationThread$Stub$Proxy@906e86f, debugName = OverlaySwipeBack }}
09-10 14:54:08.276 992 1046 V WindowManagerShell: Checking filter Pair{{types=[] flags=0x0] notFlags=0x0 checks=[{atype=dream independent=true modes=[OPEN,TO_FRONT] flags=NONE mustBeTask=false order=ANY topActivity=null launchCookie=null},{atype=home independent=true modes=[CLOSE,TO_BACK] flags=NONE mustBeTask=false order=ANY topActivity=null launchCookie=null}]} RemoteTransition { remoteTransition = android.window.IRemoteTransition$Stub$Proxy@79cf97c, appThread = android.app.IApplicationThread$Stub$Proxy@3c23205, debugName = LauncherToDream }}
09-10 14:54:08.276 992 1046 V WindowManagerShell: Checking filter Pair{{types=[] flags=0x0] notFlags=0x100 checks=[{atype=home independent=true modes=[OPEN,TO_FRONT] flags=NONE mustBeTask=false order=TOP topActivity=ComponentInfo{com.google.android.apps.nexuslauncher/com.google.android.apps.nexuslauncher.NexusLauncherActivity} launchCookie=null},{atype=standard independent=true modes=[CLOSE,TO_BACK] flags=NONE mustBeTask=false order=ANY topActivity=null launchCookie=null}]} RemoteTransition { remoteTransition = android.window.IRemoteTransition$Stub$Proxy@9cb025a, appThread = android.app.IApplicationThread$Stub$Proxy@1c39c8b, debugName = QuickstepLaunchHome }}
09-10 14:54:08.277 992 1046 V WindowManagerShell: Delegate animation for (#37) to null
09-10 14:54:08.277 992 1046 V WindowManagerShell: try handler com.android.wm.shell.transition.DefaultTransitionHandler@ab2b0e9
09-10 14:54:08.277 992 1046 V WindowManagerShell: start default transition animation, info = {id=37 t=CLOSE f=0x0 trk=0 r=[0@Point(0, 0)] c=[{WCT{android.window.IWindowContainerToken$Stub$Proxy@c3c2959} m=OPEN f=MOVE_TO_TOP leash=Surface(name=Task=28)/@0x38c81d2 sb=Rect(0, 0 - 1080, 1920) eb=Rect(0, 0 - 1080, 1920) d=0 taskParent=-1},{WCT{android.window.IWindowContainerToken$Stub$Proxy@e0ce91e} m=CLOSE f=NONE leash=Surface(name=Task=27)/@0xccd72a3 sb=Rect(0, 0 - 1080, 1920) eb=Rect(0, 0 - 1080, 1920) d=0 taskParent=-1}]}
09-10 14:54:08.278 992 1046 V WindowManagerShell: loadAnimation: anim=android.view.animation.AnimationSet@5ba95ff animAttr=0xb type=CLOSE isEntrance=false
09-10 14:54:08.278 992 1046 V WindowManagerShell: loadAnimation: anim=android.view.animation.AnimationSet@c5fbfcc animAttr=0xa type=CLOSE isEntrance=true
09-10 14:54:08.280 583 604 V WindowManager: Sent Transition (#37) createdAt=09-10 07:54:08.050 via request=TransitionRequestInfo { type = CLOSE, triggerTask = TaskInfo{userId=0 taskId=27 displayId=0 isRunning=false baseIntent=Intent { act=android.intent.action.MAIN flg=0x10000000 cmp=org.chromium.content_browsertests_apk/.ContentBrowserTestsActivity } baseActivity=null topActivity=null origActivity=null realActivity=ComponentInfo{org.chromium.content_browsertests_apk/org.chromium.content_browsertests_apk.ContentBrowserTestsActivity} numActivities=0 lastActiveTime=284946 supportsMultiWindow=true resizeMode=1 isResizeable=true minWidth=-1 minHeight=-1 defaultMinSize=220 token=WCT{RemoteToken{d3eac5 Task{a38b686 #27 type=standard A=10208:org.chromium.content_browsertests_apk}}} topActivityType=1 pictureInPictureParams=null shouldDockBigOverlays=false launchIntoPipHostTaskId=-1 lastParentTaskIdBeforePip=-1 displayCutoutSafeInsets=null topActivityInfo=null launchCookies=[] positionInParent=Point(0, 0) parentTaskId=-1 isFocused=true isVisible=true isVisibleRequested=true isSleeping=false locusId=null displayAreaFeatureId=1 isTopActivityTransparent=false appCompatTaskInfo=AppCompatTaskInfo { topActivityInSizeCompat=false topActivityEligibleForLetterboxEducation= falseisLetterboxEducationEnabled= false isLetterboxDoubleTapEnabled= false topActivityEligibleForUserAspectRatioButton= false topActivityBoundsLetterboxed= false isFromLetterboxDoubleTap= false topActivityLetterboxVerticalPosition= -1 topActivityLetterboxHorizontalPosition= -1 topActivityLetterboxWidth=-1 topActivityLetterboxHeight=-1 isUserFullscreenOverrideEnabled=false isSystemFullscreenOverrideEnabled=false cameraCompatTaskInfo=CameraCompatTaskInfo { cameraCompatControlState=hidden freeformCameraCompatMode=inactive}}}, pipTask = null, remoteTransition = null, displayChange = null, flags = 0, debugId = 37 }
09-10 14:54:08.280 583 604 V WindowManager: startWCT=WindowContainerTransaction { changes = {} hops = [] errorCallbackToken=null taskFragmentOrganizer=null }
09-10 14:54:08.281 583 604 V WindowManager: info={id=37 t=CLOSE f=0x0 trk=0 r=[0@Point(0, 0)] c=[
09-10 14:54:08.281 583 604 V WindowManager: {WCT{RemoteToken{784705a Task{eb71520 #28 type=standard A=10208:org.chromium.content_browsertests_apk}}} m=OPEN f=MOVE_TO_TOP leash=Surface(name=Task=28)/@0xed1377c sb=Rect(0, 0 - 1080, 1920) eb=Rect(0, 0 - 1080, 1920) d=0 taskParent=-1},
09-10 14:54:08.281 583 604 V WindowManager: {WCT{RemoteToken{d3eac5 Task{a38b686 #27 type=standard A=10208:org.chromium.content_browsertests_apk}}} m=CLOSE f=NONE leash=Surface(name=Task=27)/@0x5994d0e sb=Rect(0, 0 - 1080, 1920) eb=Rect(0, 0 - 1080, 1920) d=0 taskParent=-1}
09-10 14:54:08.281 583 604 V WindowManager: ]}
09-10 14:54:08.281 992 1046 V WindowManagerShell: animated by com.android.wm.shell.transition.DefaultTransitionHandler@ab2b0e9
09-10 14:54:08.287 583 1494 W UserManagerService: Requested status bar icon for non-badged user 0
09-10 14:54:08.311 7938 7938 I cr_NativeTest: Extras:
09-10 14:54:08.311 7938 7938 I cr_NativeTest: org.chromium.native_test.NativeTest.GtestFilter
09-10 14:54:08.311 7938 7938 I cr_NativeTest: org.chromium.native_test.NativeTest.StdoutFile
09-10 14:54:08.317 7938 7938 D CompatChangeReporter: Compat change id reported: 279646685; UID 10208; state: ENABLED
09-10 14:54:08.318 7938 7938 D CompatChangeReporter: Compat change id reported: 309578419; UID 10208; state: ENABLED
09-10 14:54:08.323 1515 5202 W MediaProvider: Ignoring param:deletedata post U for external apps
09-10 14:54:08.327 1515 5202 I MediaProvider: Deleted 1 0 0 0 0 0 0 items on external_primary due to org.chromium.content_browsertests_apk
09-10 14:54:08.331 1515 5197 W MediaProvider: Ignoring param:deletedata post U for external apps
09-10 14:54:08.332 1515 5197 I MediaProvider: Deleted 1 0 0 0 0 0 0 items on external_primary due to org.chromium.content_browsertests_apk
09-10 14:54:08.340 1515 5202 W MediaProvider: Ignoring param:deletedata post U for external apps
09-10 14:54:08.341 1515 5202 I MediaProvider: Deleted 1 0 0 0 0 0 0 items on external_primary due to org.chromium.content_browsertests_apk
09-10 14:54:08.344 1515 2614 W MediaProvider: Ignoring param:deletedata post U for external apps
09-10 14:54:08.357 1515 2614 I MediaProvider: Deleted 1 0 0 0 0 0 0 items on external_primary due to org.chromium.content_browsertests_apk
09-10 14:54:08.360 1515 5202 W MediaProvider: Ignoring param:deletedata post U for external apps
09-10 14:54:08.362 1515 5202 I MediaProvider: Deleted 1 0 0 0 0 0 0 items on external_primary due to org.chromium.content_browsertests_apk
09-10 14:54:08.366 1515 1803 W MediaProvider: Ignoring param:deletedata post U for external apps
09-10 14:54:08.368 1515 1803 I MediaProvider: Deleted 1 0 0 0 0 0 0 items on external_primary due to org.chromium.content_browsertests_apk
09-10 14:54:08.370 1515 2614 W MediaProvider: Ignoring param:deletedata post U for external apps
09-10 14:54:08.372 1515 2614 I MediaProvider: Deleted 1 0 0 0 0 0 0 items on external_primary due to org.chromium.content_browsertests_apk
09-10 14:54:08.375 1515 5202 W MediaProvider: Ignoring param:deletedata post U for external apps
09-10 14:54:08.378 1515 5202 I MediaProvider: Deleted 1 0 0 0 0 0 0 items on external_primary due to org.chromium.content_browsertests_apk
09-10 14:54:08.379 1515 1802 W MediaProvider: Ignoring param:deletedata post U for external apps
09-10 14:54:08.381 1515 1802 I MediaProvider: Deleted 1 0 0 0 0 0 0 items on external_primary due to org.chromium.content_browsertests_apk
09-10 14:54:08.382 1515 5888 W MediaProvider: Ignoring param:deletedata post U for external apps
09-10 14:54:08.396 1515 5888 I MediaProvider: Deleted 1 0 0 0 0 0 0 items on external_primary due to org.chromium.content_browsertests_apk
09-10 14:54:08.406 1515 7638 W MediaProvider: Ignoring param:deletedata post U for external apps
09-10 14:54:08.412 1515 7638 I MediaProvider: Deleted 1 0 0 0 0 0 0 items on external_primary due to org.chromium.content_browsertests_apk
09-10 14:54:08.415 1515 1803 W MediaProvider: Ignoring param:deletedata post U for external apps
09-10 14:54:08.416 1515 1803 I MediaProvider: Deleted 1 0 0 0 0 0 0 items on external_primary due to org.chromium.content_browsertests_apk
09-10 14:54:08.424 1515 1803 W MediaProvider: Ignoring param:deletedata post U for external apps
09-10 14:54:08.426 1515 1803 I MediaProvider: Deleted 1 0 0 0 0 0 0 items on external_primary due to org.chromium.content_browsertests_apk
09-10 14:54:08.428 1515 5888 W MediaProvider: Ignoring param:deletedata post U for external apps
09-10 14:54:08.430 1515 5888 I MediaProvider: Deleted 1 0 0 0 0 0 0 items on external_primary due to org.chromium.content_browsertests_apk
09-10 14:54:08.432 1515 5201 W MediaProvider: Ignoring param:deletedata post U for external apps
09-10 14:54:08.434 1515 5201 I MediaProvider: Deleted 1 0 0 0 0 0 0 items on external_primary due to org.chromium.content_browsertests_apk
09-10 14:54:08.435 1515 5201 W MediaProvider: Ignoring param:deletedata post U for external apps
09-10 14:54:08.446 1515 5201 I MediaProvider: Deleted 1 0 0 0 0 0 0 items on external_primary due to org.chromium.content_browsertests_apk
09-10 14:54:08.447 1515 5201 W MediaProvider: Ignoring param:deletedata post U for external apps
09-10 14:54:08.456 1515 5201 I MediaProvider: Deleted 1 0 0 0 0 0 0 items on external_primary due to org.chromium.content_browsertests_apk
09-10 14:54:08.457 1515 5199 W MediaProvider: Ignoring param:deletedata post U for external apps
09-10 14:54:08.460 1515 5199 I MediaProvider: Deleted 1 0 0 0 0 0 0 items on external_primary due to org.chromium.content_browsertests_apk
09-10 14:54:08.461 1515 2614 W MediaProvider: Ignoring param:deletedata post U for external apps
09-10 14:54:08.464 1515 2614 I MediaProvider: Deleted 1 0 0 0 0 0 0 items on external_primary due to org.chromium.content_browsertests_apk
09-10 14:54:08.470 1515 1803 W MediaProvider: Ignoring param:deletedata post U for external apps
09-10 14:54:08.471 1515 1803 I MediaProvider: Deleted 1 0 0 0 0 0 0 items on external_primary due to org.chromium.content_browsertests_apk
09-10 14:54:08.472 1515 7638 W MediaProvider: Ignoring param:deletedata post U for external apps
09-10 14:54:08.481 1515 7638 I MediaProvider: Deleted 1 0 0 0 0 0 0 items on external_primary due to org.chromium.content_browsertests_apk
09-10 14:54:08.489 1515 5197 W MediaProvider: Ignoring param:deletedata post U for external apps
09-10 14:54:08.490 1515 5197 I MediaProvider: Deleted 1 0 0 0 0 0 0 items on external_primary due to org.chromium.content_browsertests_apk
09-10 14:54:08.491 1515 5888 W MediaProvider: Ignoring param:deletedata post U for external apps
09-10 14:54:08.493 1515 5888 I MediaProvider: Deleted 1 0 0 0 0 0 0 items on external_primary due to org.chromium.content_browsertests_apk
09-10 14:54:08.494 1515 1802 W MediaProvider: Ignoring param:deletedata post U for external apps
09-10 14:54:08.496 1515 1802 I MediaProvider: Deleted 1 0 0 0 0 0 0 items on external_primary due to org.chromium.content_browsertests_apk
09-10 14:54:08.506 1515 5199 W MediaProvider: Ignoring param:deletedata post U for external apps
09-10 14:54:08.513 1515 5199 I MediaProvider: Deleted 1 0 0 0 0 0 0 items on external_primary due to org.chromium.content_browsertests_apk
09-10 14:54:08.527 1515 4876 W MediaProvider: Ignoring param:deletedata post U for external apps
09-10 14:54:08.529 1515 4876 I MediaProvider: Deleted 1 0 0 0 0 0 0 items on external_primary due to org.chromium.content_browsertests_apk
09-10 14:54:08.532 1255 1927 D EGL_emulation: app_time_stats: avg=428.74ms min=7.51ms max=1905.62ms count=5
09-10 14:54:08.542 1515 2614 W MediaProvider: Ignoring param:deletedata post U for external apps
09-10 14:54:08.552 1515 2614 I MediaProvider: Deleted 1 0 0 0 0 0 0 items on external_primary due to org.chromium.content_browsertests_apk
09-10 14:54:08.563 1515 1802 W MediaProvider: Ignoring param:deletedata post U for external apps
09-10 14:54:08.567 1515 1802 I MediaProvider: Deleted 1 0 0 0 0 0 0 items on external_primary due to org.chromium.content_browsertests_apk
09-10 14:54:08.578 1515 5201 W MediaProvider: Ignoring param:deletedata post U for external apps
09-10 14:54:08.579 1515 5201 I MediaProvider: Deleted 1 0 0 0 0 0 0 items on external_primary due to org.chromium.content_browsertests_apk
09-10 14:54:08.585 1515 1803 W MediaProvider: Ignoring param:deletedata post U for external apps
09-10 14:54:08.587 1515 1803 I MediaProvider: Deleted 1 0 0 0 0 0 0 items on external_primary due to org.chromium.content_browsertests_apk
09-10 14:54:08.605 1515 7638 W MediaProvider: Ignoring param:deletedata post U for external apps
09-10 14:54:08.607 1515 7638 I MediaProvider: Deleted 1 0 0 0 0 0 0 items on external_primary due to org.chromium.content_browsertests_apk
09-10 14:54:08.628 1515 1803 W MediaProvider: Ignoring param:deletedata post U for external apps
09-10 14:54:08.632 1515 1803 I MediaProvider: Deleted 1 0 0 0 0 0 0 items on external_primary due to org.chromium.content_browsertests_apk
09-10 14:54:08.639 1515 1802 W MediaProvider: Ignoring param:deletedata post U for external apps
09-10 14:54:08.655 1515 1802 I MediaProvider: Deleted 1 0 0 0 0 0 0 items on external_primary due to org.chromium.content_browsertests_apk
09-10 14:54:08.658 1515 5197 W MediaProvider: Ignoring param:deletedata post U for external apps
09-10 14:54:08.663 1515 5197 I MediaProvider: Deleted 1 0 0 0 0 0 0 items on external_primary due to org.chromium.content_browsertests_apk
09-10 14:54:08.674 1515 7638 W MediaProvider: Ignoring param:deletedata post U for external apps
09-10 14:54:08.676 1515 7638 I MediaProvider: Deleted 1 0 0 0 0 0 0 items on external_primary due to org.chromium.content_browsertests_apk
09-10 14:54:08.677 1515 4876 W MediaProvider: Ignoring param:deletedata post U for external apps
09-10 14:54:08.678 1515 4876 I MediaProvider: Deleted 1 0 0 0 0 0 0 items on external_primary due to org.chromium.content_browsertests_apk
09-10 14:54:08.683 1515 5202 W MediaProvider: Ignoring param:deletedata post U for external apps
09-10 14:54:08.687 1515 5202 I MediaProvider: Deleted 1 0 0 0 0 0 0 items on external_primary due to org.chromium.content_browsertests_apk
09-10 14:54:08.693 1515 1803 W MediaProvider: Ignoring param:deletedata post U for external apps
09-10 14:54:08.697 1515 1803 I MediaProvider: Deleted 1 0 0 0 0 0 0 items on external_primary due to org.chromium.content_browsertests_apk
09-10 14:54:08.712 1515 5199 W MediaProvider: Ignoring param:deletedata post U for external apps
09-10 14:54:08.716 1515 5199 I MediaProvider: Deleted 1 0 0 0 0 0 0 items on external_primary due to org.chromium.content_browsertests_apk
09-10 14:54:08.722 1515 2614 W MediaProvider: Ignoring param:deletedata post U for external apps
09-10 14:54:08.724 1515 2614 I MediaProvider: Deleted 1 0 0 0 0 0 0 items on external_primary due to org.chromium.content_browsertests_apk
09-10 14:54:08.725 1515 5201 W MediaProvider: Ignoring param:deletedata post U for external apps
09-10 14:54:08.726 1515 5201 I MediaProvider: Deleted 1 0 0 0 0 0 0 items on external_primary due to org.chromium.content_browsertests_apk
09-10 14:54:08.729 1515 5201 W MediaProvider: Ignoring param:deletedata post U for external apps
09-10 14:54:08.731 1515 5201 I MediaProvider: Deleted 1 0 0 0 0 0 0 items on external_primary due to org.chromium.content_browsertests_apk
09-10 14:54:08.743 1515 5202 W MediaProvider: Ignoring param:deletedata post U for external apps
09-10 14:54:08.749 1515 5202 I MediaProvider: Deleted 1 0 0 0 0 0 0 items on external_primary due to org.chromium.content_browsertests_apk
