09-10 14:53:28.504 992 1067 V PerfettoTrigger: Not triggering com.android.telemetry.interaction-jank-monitor-39 - not enough time since last trigger
09-10 14:53:28.519 6102 6102 D AutofillManager: notifyViewReadyInner:1073741824
09-10 14:53:28.521 3955 3955 I GoogleInputMethodService: GoogleInputMethodService.onFinishInput():3157
09-10 14:53:28.526 3955 3955 I GoogleInputMethodService: GoogleInputMethodService.updateDeviceLockedStatus():2248 repeatCheckTimes = 0, locked = false
09-10 14:53:28.527 3955 3955 I GoogleInputMethodService: GoogleInputMethodService.onStartInput():1986 onStartInput(EditorInfo{EditorInfo{packageName=org.chromium.content_browsertests_apk, inputType=0, inputTypeString=NULL, enableLearning=false, autoCorrection=false, autoComplete=false, imeOptions=12000000, privateImeOptions=null, actionName=UNSPECIFIED, actionLabel=null, initialSelStart=-1, initialSelEnd=-1, initialCapsMode=0, label=null, fieldId=0, fieldName=null, extras=null, hintText=null, hintLocales=[]}}, false)
09-10 14:53:28.528 1255 1255 D NexusLauncherModelDelegate: notifySmartspaceEvent: SmartspaceTargetEvent{mSmartspaceTarget=null, mSmartspaceActionId='null', mEventType=7}
09-10 14:53:28.534 3955 3955 I GoogleInputMethodService: GoogleInputMethodService.updateDeviceLockedStatus():2248 repeatCheckTimes = 1, locked = false
09-10 14:53:28.535 3955 3955 I AndroidIME: InputBundleManager.loadActiveInputBundleId():450 loadActiveInputBundleId: und-Latn-x-password, password
09-10 14:53:28.546 583 1095 W PackageConfigPersister: App-specific configuration not found for packageName: org.chromium.content_browsertests_apk and userId: 0
09-10 14:53:28.594 1255 1927 D EGL_emulation: app_time_stats: avg=320.87ms min=8.23ms max=1817.36ms count=6
09-10 14:53:28.540 6102 6102 W ThreadPoolForeg: type=1400 audit(0.0:51): avc: denied { ioctl } for path=2F73746F726167652F656D756C617465642F302F6368726F6D69756D5F74657374735F726F6F742F636F6E74656E745F7368656C6C2F5368617265642044696374696F6E6172792F6462 dev="fuse" ino=148203 ioctlcmd=0xf50c scontext=u:r:untrusted_app:s0:c208,c256,c512,c768 tcontext=u:object_r:fuse:s0 tclass=file permissive=0 app=org.chromium.content_browsertests_apk
09-10 14:53:28.717 1515 5197 W MediaProvider: isAppCloneUserPair for user 0: false
09-10 14:53:28.726 1515 5199 W MediaProvider: isAppCloneUserPair for user 0: false
09-10 14:53:28.732 1515 5197 W MediaProvider: isAppCloneUserPair for user 0: false
09-10 14:53:28.737 583 1818 V GrammaticalInflectionUtils: AttributionSource: AttributionSource { uid = 10208, packageName = null, attributionTag = null, token = android.os.Binder@7b78a50, deviceId = 0, next = null } does not have READ_SYSTEM_GRAMMATICAL_GENDER permission.
09-10 14:53:28.739 992 1139 D EGL_emulation: app_time_stats: avg=192.42ms min=9.85ms max=1562.27ms count=9
09-10 14:53:28.743 6102 6140 W cr_media: BLUETOOTH_CONNECT permission is missing.
09-10 14:53:28.746 6102 6140 W cr_media: getBluetoothAdapter() requires BLUETOOTH permission
09-10 14:53:28.750 6102 6140 W cr_media: registerBluetoothIntentsIfNeeded: Requires BLUETOOTH permission
09-10 14:53:28.769 6102 6102 I WindowExtensionsImpl: Initializing Window Extensions, vendor API level=6, activity embedding enabled=true
09-10 14:53:28.772 382 382 D Zygote : Forked child process 6149
09-10 14:53:28.780 583 617 I ActivityManager: Start proc 6149:org.chromium.content_browsertests_apk:privileged_process0/u0a208 for service {org.chromium.content_browsertests_apk/org.chromium.content.app.PrivilegedProcessService0}
09-10 14:53:28.794 1515 1802 W MediaProvider: isAppCloneUserPair for user 0: false
09-10 14:53:28.800 6149 6149 I ileged_process0: Using CollectorTypeCMC GC.
09-10 14:53:28.802 6149 6149 W ileged_process0: Unexpected CPU variant for x86: x86_64.
09-10 14:53:28.802 6149 6149 W ileged_process0: Known variants: atom, sandybridge, silvermont, goldmont, goldmont-plus, goldmont-without-sha-xsaves, tremont, kabylake, default
09-10 14:53:28.805 6149 6149 E ileged_process0: Not starting debugger since process cannot load the jdwp agent.
09-10 14:53:28.812 6149 6149 D nativeloader: Load libframework-connectivity-tiramisu-jni.so using APEX ns com_android_tethering for caller /apex/com.android.tethering/javalib/framework-connectivity-t.jar: ok
09-10 14:53:28.825 1515 5201 W MediaProvider: isAppCloneUserPair for user 0: false
09-10 14:53:28.833 1515 1803 W MediaProvider: isAppCloneUserPair for user 0: false
09-10 14:53:28.845 1515 5202 W MediaProvider: isAppCloneUserPair for user 0: false
09-10 14:53:28.851 583 1811 V GrammaticalInflectionUtils: AttributionSource: AttributionSource { uid = 99018, packageName = null, attributionTag = null, token = android.os.Binder@7b78a50, deviceId = 0, next = null } does not have READ_SYSTEM_GRAMMATICAL_GENDER permission.
09-10 14:53:28.863 382 382 D Zygote : Forked child process 6159
09-10 14:53:28.865 583 617 I ActivityManager: Start proc 6159:org.chromium.content_browsertests_apk:sandboxed_process0:org.chromium.content.app.SandboxedProcessService0:0/u0i18 for service {org.chromium.content_browsertests_apk/org.chromium.content.app.SandboxedProcessService0:0}
09-10 14:53:28.873 6159 6159 I ocessService0:0: Using CollectorTypeCMC GC.
09-10 14:53:28.874 6159 6159 W ocessService0:0: Unexpected CPU variant for x86: x86_64.
09-10 14:53:28.874 6159 6159 W ocessService0:0: Known variants: atom, sandybridge, silvermont, goldmont, goldmont-plus, goldmont-without-sha-xsaves, tremont, kabylake, default
09-10 14:53:28.877 6159 6159 E ocessService0:0: Not starting debugger since process cannot load the jdwp agent.
09-10 14:53:28.879 1515 5202 W MediaProvider: isAppCloneUserPair for user 0: false
09-10 14:53:28.887 6159 6159 D nativeloader: Load libframework-connectivity-tiramisu-jni.so using APEX ns com_android_tethering for caller /apex/com.android.tethering/javalib/framework-connectivity-t.jar: ok
09-10 14:53:28.889 1515 1802 W MediaProvider: isAppCloneUserPair for user 0: false
09-10 14:53:28.901 583 1095 V GrammaticalInflectionUtils: AttributionSource: AttributionSource { uid = 99019, packageName = null, attributionTag = null, token = android.os.Binder@7b78a50, deviceId = 0, next = null } does not have READ_SYSTEM_GRAMMATICAL_GENDER permission.
09-10 14:53:28.903 583 1495 W IPCThreadState: Sending oneway calls to frozen process.
09-10 14:53:28.904 1515 5888 W MediaProvider: isAppCloneUserPair for user 0: false
09-10 14:53:28.906 6149 6149 D ApplicationLoaders: Returning zygote-cached class loader: /system/framework/android.test.base.jar
09-10 14:53:28.908 6149 6149 D nativeloader: Configuring clns-7 for other apk /system/framework/android.test.mock.jar. target_sdk_version=35, uses_libraries=ALL, library_path=/data/app/~~Qgn2wqEAvH79GiouluTyOA==/org.chromium.content_browsertests_apk-RchFo_8uzwLoY5jHIGStww==/lib/x86_64:/data/app/~~Qgn2wqEAvH79GiouluTyOA==/org.chromium.content_browsertests_apk-RchFo_8uzwLoY5jHIGStww==/base.apk!/lib/x86_64, permitted_path=/data:/mnt/expand:/data/user/0/org.chromium.content_browsertests_apk
09-10 14:53:28.916 6149 6149 D ApplicationLoaders: Returning zygote-cached class loader: /system/framework/android.test.base.jar
09-10 14:53:28.917 382 382 D Zygote : Forked child process 6169
09-10 14:53:28.917 6149 6149 D nativeloader: Configuring clns-8 for other apk /system/framework/android.test.runner.jar. target_sdk_version=35, uses_libraries=ALL, library_path=/data/app/~~Qgn2wqEAvH79GiouluTyOA==/org.chromium.content_browsertests_apk-RchFo_8uzwLoY5jHIGStww==/lib/x86_64:/data/app/~~Qgn2wqEAvH79GiouluTyOA==/org.chromium.content_browsertests_apk-RchFo_8uzwLoY5jHIGStww==/base.apk!/lib/x86_64, permitted_path=/data:/mnt/expand:/data/user/0/org.chromium.content_browsertests_apk
09-10 14:53:28.918 6149 6149 D ApplicationLoaders: Returning zygote-cached class loader: /system_ext/framework/androidx.window.extensions.jar
09-10 14:53:28.920 6149 6149 D nativeloader: Configuring clns-9 for other apk /data/app/~~Qgn2wqEAvH79GiouluTyOA==/org.chromium.content_browsertests_apk-RchFo_8uzwLoY5jHIGStww==/base.apk. target_sdk_version=35, uses_libraries=, library_path=/data/app/~~Qgn2wqEAvH79GiouluTyOA==/org.chromium.content_browsertests_apk-RchFo_8uzwLoY5jHIGStww==/lib/x86_64:/data/app/~~Qgn2wqEAvH79GiouluTyOA==/org.chromium.content_browsertests_apk-RchFo_8uzwLoY5jHIGStww==/base.apk!/lib/x86_64, permitted_path=/data:/mnt/expand:/data/user/0/org.chromium.content_browsertests_apk
09-10 14:53:28.920 6149 6149 D CompatChangeReporter: Compat change id reported: 202956589; UID 10208; state: ENABLED
09-10 14:53:28.927 6169 6169 I ocessService0:1: Using CollectorTypeCMC GC.
09-10 14:53:28.928 6169 6169 W ocessService0:1: Unexpected CPU variant for x86: x86_64.
09-10 14:53:28.928 6169 6169 W ocessService0:1: Known variants: atom, sandybridge, silvermont, goldmont, goldmont-plus, goldmont-without-sha-xsaves, tremont, kabylake, default
09-10 14:53:28.930 6169 6169 E ocessService0:1: Not starting debugger since process cannot load the jdwp agent.
09-10 14:53:28.932 6169 6169 D nativeloader: Load libframework-connectivity-tiramisu-jni.so using APEX ns com_android_tethering for caller /apex/com.android.tethering/javalib/framework-connectivity-t.jar: ok
09-10 14:53:28.944 583 617 I ActivityManager: Start proc 6169:org.chromium.content_browsertests_apk:sandboxed_process0:org.chromium.content.app.SandboxedProcessService0:1/u0i19 for service {org.chromium.content_browsertests_apk/org.chromium.content.app.SandboxedProcessService0:1}
09-10 14:53:28.973 1515 5197 W MediaProvider: isAppCloneUserPair for user 0: false
09-10 14:53:29.269 0 0 W servicemanager: Isolated app with UID 99019 requested 'network_management', but the service is not allowed for isolated apps.
09-10 14:53:29.273 0 0 W servicemanager: Isolated app with UID 99018 requested 'network_management', but the service is not allowed for isolated apps.
09-10 14:53:28.978 6169 6169 D ApplicationLoaders: Returning zygote-cached class loader: /system/framework/android.test.base.jar
09-10 14:53:28.981 6169 6169 D nativeloader: Configuring clns-7 for other apk /system/framework/android.test.mock.jar. target_sdk_version=35, uses_libraries=ALL, library_path=/data/app/~~Qgn2wqEAvH79GiouluTyOA==/org.chromium.content_browsertests_apk-RchFo_8uzwLoY5jHIGStww==/lib/x86_64:/data/app/~~Qgn2wqEAvH79GiouluTyOA==/org.chromium.content_browsertests_apk-RchFo_8uzwLoY5jHIGStww==/base.apk!/lib/x86_64, permitted_path=/data:/mnt/expand:/data/user/0/org.chromium.content_browsertests_apk
09-10 14:53:28.982 6159 6159 D ApplicationLoaders: Returning zygote-cached class loader: /system/framework/android.test.base.jar
09-10 14:53:28.984 6159 6159 D nativeloader: Configuring clns-7 for other apk /system/framework/android.test.mock.jar. target_sdk_version=35, uses_libraries=ALL, library_path=/data/app/~~Qgn2wqEAvH79GiouluTyOA==/org.chromium.content_browsertests_apk-RchFo_8uzwLoY5jHIGStww==/lib/x86_64:/data/app/~~Qgn2wqEAvH79GiouluTyOA==/org.chromium.content_browsertests_apk-RchFo_8uzwLoY5jHIGStww==/base.apk!/lib/x86_64, permitted_path=/data:/mnt/expand:/data/user/0/org.chromium.content_browsertests_apk
09-10 14:53:28.985 6169 6169 D ApplicationLoaders: Returning zygote-cached class loader: /system/framework/android.test.base.jar
09-10 14:53:28.986 6159 6159 D ApplicationLoaders: Returning zygote-cached class loader: /system/framework/android.test.base.jar
09-10 14:53:28.987 1515 4568 W MediaProvider: isAppCloneUserPair for user 0: false
09-10 14:53:28.989 6159 6159 D nativeloader: Configuring clns-8 for other apk /system/framework/android.test.runner.jar. target_sdk_version=35, uses_libraries=ALL, library_path=/data/app/~~Qgn2wqEAvH79GiouluTyOA==/org.chromium.content_browsertests_apk-RchFo_8uzwLoY5jHIGStww==/lib/x86_64:/data/app/~~Qgn2wqEAvH79GiouluTyOA==/org.chromium.content_browsertests_apk-RchFo_8uzwLoY5jHIGStww==/base.apk!/lib/x86_64, permitted_path=/data:/mnt/expand:/data/user/0/org.chromium.content_browsertests_apk
09-10 14:53:28.990 6159 6159 D ApplicationLoaders: Returning zygote-cached class loader: /system_ext/framework/androidx.window.extensions.jar
09-10 14:53:28.991 6159 6159 D nativeloader: Configuring clns-9 for other apk /data/app/~~Qgn2wqEAvH79GiouluTyOA==/org.chromium.content_browsertests_apk-RchFo_8uzwLoY5jHIGStww==/base.apk. target_sdk_version=35, uses_libraries=, library_path=/data/app/~~Qgn2wqEAvH79GiouluTyOA==/org.chromium.content_browsertests_apk-RchFo_8uzwLoY5jHIGStww==/lib/x86_64:/data/app/~~Qgn2wqEAvH79GiouluTyOA==/org.chromium.content_browsertests_apk-RchFo_8uzwLoY5jHIGStww==/base.apk!/lib/x86_64, permitted_path=/data:/mnt/expand:/data/user/0/org.chromium.content_browsertests_apk
09-10 14:53:28.993 6169 6169 D nativeloader: Configuring clns-8 for other apk /system/framework/android.test.runner.jar. target_sdk_version=35, uses_libraries=ALL, library_path=/data/app/~~Qgn2wqEAvH79GiouluTyOA==/org.chromium.content_browsertests_apk-RchFo_8uzwLoY5jHIGStww==/lib/x86_64:/data/app/~~Qgn2wqEAvH79GiouluTyOA==/org.chromium.content_browsertests_apk-RchFo_8uzwLoY5jHIGStww==/base.apk!/lib/x86_64, permitted_path=/data:/mnt/expand:/data/user/0/org.chromium.content_browsertests_apk
09-10 14:53:28.993 6169 6169 D ApplicationLoaders: Returning zygote-cached class loader: /system_ext/framework/androidx.window.extensions.jar
09-10 14:53:28.995 6169 6169 D nativeloader: Configuring clns-9 for other apk /data/app/~~Qgn2wqEAvH79GiouluTyOA==/org.chromium.content_browsertests_apk-RchFo_8uzwLoY5jHIGStww==/base.apk. target_sdk_version=35, uses_libraries=, library_path=/data/app/~~Qgn2wqEAvH79GiouluTyOA==/org.chromium.content_browsertests_apk-RchFo_8uzwLoY5jHIGStww==/lib/x86_64:/data/app/~~Qgn2wqEAvH79GiouluTyOA==/org.chromium.content_browsertests_apk-RchFo_8uzwLoY5jHIGStww==/base.apk!/lib/x86_64, permitted_path=/data:/mnt/expand:/data/user/0/org.chromium.content_browsertests_apk
09-10 14:53:28.995 6159 6159 D CompatChangeReporter: Compat change id reported: 202956589; UID 99018; state: ENABLED
09-10 14:53:28.996 1515 5888 W MediaProvider: isAppCloneUserPair for user 0: false
09-10 14:53:28.997 6169 6169 D CompatChangeReporter: Compat change id reported: 202956589; UID 99019; state: ENABLED
09-10 14:53:29.008 6149 6149 V GraphicsEnvironment: Currently set values for:
09-10 14:53:29.008 6149 6149 V GraphicsEnvironment: angle_gl_driver_selection_pkgs=[]
09-10 14:53:29.008 6149 6149 V GraphicsEnvironment: angle_gl_driver_selection_values=[]
09-10 14:53:29.008 6149 6149 V GraphicsEnvironment: Global.Settings values are invalid: number of packages: 0, number of values: 0
09-10 14:53:29.008 6149 6149 V GraphicsEnvironment: Neither updatable production driver nor prerelease driver is supported.
09-10 14:53:29.302 0 0 W servicemanager: Isolated app with UID 99018 requested 'connectivity', but the service is not allowed for isolated apps.
09-10 14:53:29.307 0 0 W servicemanager: Isolated app with UID 99019 requested 'connectivity', but the service is not allowed for isolated apps.
09-10 14:53:29.317 0 0 W servicemanager: Isolated app with UID 99018 requested 'content_capture', but the service is not allowed for isolated apps.
09-10 14:53:29.032 6159 6159 I cr_ChildProcessService: Creating new ChildProcessService pid=6159
09-10 14:53:29.327 0 0 W servicemanager: Isolated app with UID 99019 requested 'content_capture', but the service is not allowed for isolated apps.
09-10 14:53:29.035 6149 6149 I cr_ChildProcessService: Creating new ChildProcessService pid=6149
09-10 14:53:29.037 6169 6169 I cr_ChildProcessService: Creating new ChildProcessService pid=6169
09-10 14:53:29.041 1515 1803 W MediaProvider: isAppCloneUserPair for user 0: false
09-10 14:53:29.043 6159 6184 D nativeloader: Load /data/app/~~Qgn2wqEAvH79GiouluTyOA==/org.chromium.content_browsertests_apk-RchFo_8uzwLoY5jHIGStww==/lib/x86_64/libtest_trace_processor.so using ns clns-9 from class loader (caller=/data/app/~~Qgn2wqEAvH79GiouluTyOA==/org.chromium.content_browsertests_apk-RchFo_8uzwLoY5jHIGStww==/base.apk): ok
09-10 14:53:29.052 6169 6186 D nativeloader: Load /data/app/~~Qgn2wqEAvH79GiouluTyOA==/org.chromium.content_browsertests_apk-RchFo_8uzwLoY5jHIGStww==/lib/x86_64/libtest_trace_processor.so using ns clns-9 from class loader (caller=/data/app/~~Qgn2wqEAvH79GiouluTyOA==/org.chromium.content_browsertests_apk-RchFo_8uzwLoY5jHIGStww==/base.apk): ok
09-10 14:53:29.112 6149 6185 D nativeloader: Load /data/app/~~Qgn2wqEAvH79GiouluTyOA==/org.chromium.content_browsertests_apk-RchFo_8uzwLoY5jHIGStww==/lib/x86_64/libtest_trace_processor.so using ns clns-9 from class loader (caller=/data/app/~~Qgn2wqEAvH79GiouluTyOA==/org.chromium.content_browsertests_apk-RchFo_8uzwLoY5jHIGStww==/base.apk): ok
09-10 14:53:29.137 1515 5201 W MediaProvider: isAppCloneUserPair for user 0: false
09-10 14:53:29.140 1515 5199 W MediaProvider: isAppCloneUserPair for user 0: false
09-10 14:53:29.148 1515 4568 W MediaProvider: isAppCloneUserPair for user 0: false
09-10 14:53:29.149 6169 6186 D nativeloader: Load /data/app/~~Qgn2wqEAvH79GiouluTyOA==/org.chromium.content_browsertests_apk-RchFo_8uzwLoY5jHIGStww==/lib/x86_64/libcontent_browsertests__library.so using ns clns-9 from class loader (caller=/data/app/~~Qgn2wqEAvH79GiouluTyOA==/org.chromium.content_browsertests_apk-RchFo_8uzwLoY5jHIGStww==/base.apk): ok
09-10 14:53:29.152 6169 6186 I cr_LibraryLoader: Successfully loaded native library
09-10 14:53:29.153 6169 6186 I cr_CachingUmaRecorder: Flushed 2 samples from 2 histograms, 0 samples were dropped.
09-10 14:53:29.156 1515 1803 W MediaProvider: isAppCloneUserPair for user 0: false
09-10 14:53:29.167 6169 6186 W SystemServiceRegistry: No service published for: uimode
09-10 14:53:29.169 6149 6185 D nativeloader: Load /data/app/~~Qgn2wqEAvH79GiouluTyOA==/org.chromium.content_browsertests_apk-RchFo_8uzwLoY5jHIGStww==/lib/x86_64/libcontent_browsertests__library.so using ns clns-9 from class loader (caller=/data/app/~~Qgn2wqEAvH79GiouluTyOA==/org.chromium.content_browsertests_apk-RchFo_8uzwLoY5jHIGStww==/base.apk): ok
09-10 14:53:29.464 0 0 W servicemanager: Isolated app with UID 99019 requested 'uimode', but the service is not allowed for isolated apps.
09-10 14:53:29.174 1515 1802 W MediaProvider: isAppCloneUserPair for user 0: false
09-10 14:53:29.175 6149 6185 I cr_LibraryLoader: Successfully loaded native library
09-10 14:53:29.175 6149 6185 I cr_CachingUmaRecorder: Flushed 2 samples from 2 histograms, 0 samples were dropped.
09-10 14:53:29.176 6159 6184 D nativeloader: Load /data/app/~~Qgn2wqEAvH79GiouluTyOA==/org.chromium.content_browsertests_apk-RchFo_8uzwLoY5jHIGStww==/lib/x86_64/libcontent_browsertests__library.so using ns clns-9 from class loader (caller=/data/app/~~Qgn2wqEAvH79GiouluTyOA==/org.chromium.content_browsertests_apk-RchFo_8uzwLoY5jHIGStww==/base.apk): ok
09-10 14:53:29.179 6159 6184 I cr_LibraryLoader: Successfully loaded native library
09-10 14:53:29.181 6159 6184 I cr_CachingUmaRecorder: Flushed 2 samples from 2 histograms, 0 samples were dropped.
09-10 14:53:29.183 1515 5199 W MediaProvider: isAppCloneUserPair for user 0: false
09-10 14:53:29.201 1515 1802 W MediaProvider: isAppCloneUserPair for user 0: false
09-10 14:53:29.208 1515 5201 W MediaProvider: isAppCloneUserPair for user 0: false
09-10 14:53:29.208 6159 6184 W SystemServiceRegistry: No service published for: uimode
09-10 14:53:29.504 0 0 W servicemanager: Isolated app with UID 99018 requested 'uimode', but the service is not allowed for isolated apps.
09-10 14:53:29.221 3670 3995 I FontLog : Received query name=Google Sans&weight=700&besteffort=false, URI content://com.google.android.gms.fonts [CONTEXT service_id=132 ]
09-10 14:53:29.222 3670 3995 I FontLog : Query [name=Google Sans&weight=700&besteffort=false] resolved to {Google Sans, wdth 100.0, wght 700, ital 0.0, bestEffort false} [CONTEXT service_id=132 ]
09-10 14:53:29.228 3670 3995 I FontLog : Font PFD returned from cache for {Google Sans, wdth 100.0, wght 700, ital 0.0, bestEffort false} [CONTEXT service_id=132 ]
09-10 14:53:29.228 3670 3995 I FontLog : Fetch {Google Sans, wdth 100.0, wght 700, ital 0.0, bestEffort false} end status Status{statusCode=SUCCESS, resolution=null} [CONTEXT service_id=132 ]
09-10 14:53:29.233 1515 5202 W MediaProvider: isAppCloneUserPair for user 0: false
09-10 14:53:29.237 3670 3995 I FontLog : Pulling font file for id = 28, cache size = 27 [CONTEXT service_id=132 ]
09-10 14:53:29.239 1515 1802 W MediaProvider: isAppCloneUserPair for user 0: false
09-10 14:53:29.242 6149 6185 I EGL_emulation: Opening libGLESv1_CM_emulation.so
09-10 14:53:29.242 6149 6185 I EGL_emulation: Opening libGLESv2_emulation.so
09-10 14:53:29.244 3670 3995 I FontLog : Received query name=Noto Color Emoji Compat&weight=400&besteffort=false, URI content://com.google.android.gms.fonts [CONTEXT service_id=132 ]
09-10 14:53:29.244 3670 3995 I FontLog : Query [name=Noto Color Emoji Compat&weight=400&besteffort=false] resolved to {Noto Color Emoji Compat, wdth 100.0, wght 400, ital 0.0, bestEffort false} [CONTEXT service_id=132 ]
09-10 14:53:29.247 1515 5201 W MediaProvider: isAppCloneUserPair for user 0: false
09-10 14:53:29.253 6149 6185 E EGL_emulation: eglCreateContext: EGL_BAD_CONFIG: no ES 3.2 support
09-10 14:53:29.254 6149 6185 E EGL_emulation: tid 6185: eglCreateContext(1830): error 0x3005 (EGL_BAD_CONFIG)
09-10 14:53:29.254 6149 6185 E EGL_emulation: eglCreateContext: EGL_BAD_CONFIG: no ES 3.1 support
09-10 14:53:29.254 6149 6185 E EGL_emulation: tid 6185: eglCreateContext(1824): error 0x3005 (EGL_BAD_CONFIG)
09-10 14:53:29.261 1515 5202 W MediaProvider: isAppCloneUserPair for user 0: false
09-10 14:53:29.265 381 6207 I resolv : GetAddrInfoHandler::run: {0 786432 0 983040 10144 0}
09-10 14:53:29.266 381 6208 I resolv : GetAddrInfoHandler::run: {0 786432 0 983040 10144 0}
09-10 14:53:29.267 3670 3790 I FontLog : Download failed for https://fonts.gstatic.com/s/a/directory025.pb [ERROR: UNUSED LOG ARGUMENTS] [CONTEXT service_id=132 ]
09-10 14:53:29.268 3670 3771 W FontLog : Connection failure for https://fonts.gstatic.com/s/a/directory025.pb [CONTEXT service_id=132 ]
09-10 14:53:29.268 3670 3771 W FontLog : java.util.concurrent.ExecutionException: bpsy: Failed to process request
09-10 14:53:29.268 3670 3771 W FontLog : at hkh.n(:com.google.android.gms@242632041@24.26.32 (190800-650348549):21)
09-10 14:53:29.268 3670 3771 W FontLog : at hkh.get(:com.google.android.gms@242632041@24.26.32 (190800-650348549):28)
09-10 14:53:29.268 3670 3771 W FontLog : at hkn.get(:com.google.android.gms@242632041@24.26.32 (190800-650348549):2)
09-10 14:53:29.268 3670 3771 W FontLog : at bbvj.run(:com.google.android.gms@242632041@24.26.32 (190800-650348549):13)
09-10 14:53:29.268 3670 3771 W FontLog : at anzz.c(:com.google.android.gms@242632041@24.26.32 (190800-650348549):50)
09-10 14:53:29.268 3670 3771 W FontLog : at anzz.run(:com.google.android.gms@242632041@24.26.32 (190800-650348549):76)
09-10 14:53:29.268 3670 3771 W FontLog : at java.util.concurrent.ThreadPoolExecutor.runWorker(ThreadPoolExecutor.java:1145)
09-10 14:53:29.268 3670 3771 W FontLog : at java.util.concurrent.ThreadPoolExecutor$Worker.run(ThreadPoolExecutor.java:644)
09-10 14:53:29.268 3670 3771 W FontLog : at aofk.run(:com.google.android.gms@242632041@24.26.32 (190800-650348549):8)
09-10 14:53:29.268 3670 3771 W FontLog : at java.lang.Thread.run(Thread.java:1012)
09-10 14:53:29.268 3670 3771 W FontLog : Caused by: bpsy: Failed to process request
09-10 14:53:29.268 3670 3771 W FontLog : at bpwp.b(:com.google.android.gms@242632041@24.26.32 (190800-650348549):19)
09-10 14:53:29.268 3670 3771 W FontLog : at bpxd.onFailed(:com.google.android.gms@242632041@24.26.32 (190800-650348549):15)
09-10 14:53:29.268 3670 3771 W FontLog : at m.ms.onFailed(:com.google.android.gms.dynamite_cronetdynamite@242632041@24.26.32 (190800-0):3)
09-10 14:53:29.268 3670 3771 W FontLog : at m.lt.run(:com.google.android.gms.dynamite_cronetdynamite@242632041@24.26.32 (190800-0):9)
09-10 14:53:29.268 3670 3771 W FontLog : ... 6 more
09-10 14:53:29.268 3670 3771 W FontLog : Caused by: m.mc: Exception in CronetUrlRequest: net::ERR_INTERNET_DISCONNECTED, ErrorCode=2, InternalErrorCode=-106, Retryable=false
09-10 14:53:29.268 3670 3771 W FontLog : at org.chromium.net.impl.CronetUrlRequest.onError(:com.google.android.gms.dynamite_cronetdynamite@242632041@24.26.32 (190800-0):4)
09-10 14:53:29.271 3670 3771 W FontLog : No resolver, short-circuit {Noto Color Emoji Compat, wdth 100.0, wght 400, ital 0.0, bestEffort false} for org.chromium.content_browsertests_apk to failure [CONTEXT service_id=132 ]
09-10 14:53:29.271 3670 3995 I FontLog : Fetch {Noto Color Emoji Compat, wdth 100.0, wght 400, ital 0.0, bestEffort false} end status Status{statusCode=Unavailable, resolution=null} [CONTEXT service_id=132 ]
09-10 14:53:29.272 1515 5888 W MediaProvider: isAppCloneUserPair for user 0: false
09-10 14:53:29.276 3670 3995 I FontLog : Received query name=Google Sans Flex&weight=400&besteffort=false, URI content://com.google.android.gms.fonts [CONTEXT service_id=132 ]
09-10 14:53:29.276 3670 3995 I FontLog : Query [name=Google Sans Flex&weight=400&besteffort=false] resolved to {Google Sans Flex, wdth 100.0, wght 400, ital 0.0, bestEffort false} [CONTEXT service_id=132 ]
09-10 14:53:29.277 3670 3995 I FontLog : Font PFD returned from cache for {Google Sans Flex, wdth 100.0, wght 400, ital 0.0, bestEffort false} [CONTEXT service_id=132 ]
09-10 14:53:29.277 3670 3995 I FontLog : Fetch {Google Sans Flex, wdth 100.0, wght 400, ital 0.0, bestEffort false} end status Status{statusCode=SUCCESS, resolution=null} [CONTEXT service_id=132 ]
09-10 14:53:29.278 3670 3995 I FontLog : Pulling font file for id = 29, cache size = 28 [CONTEXT service_id=132 ]
09-10 14:53:29.287 3670 3678 I FontLog : Received query name=Google Sans&weight=400&besteffort=false, URI content://com.google.android.gms.fonts [CONTEXT service_id=132 ]
09-10 14:53:29.287 3670 3678 I FontLog : Query [name=Google Sans&weight=400&besteffort=false] resolved to {Google Sans, wdth 100.0, wght 400, ital 0.0, bestEffort false} [CONTEXT service_id=132 ]
09-10 14:53:29.289 3670 3678 I FontLog : Font PFD returned from cache for {Google Sans, wdth 100.0, wght 400, ital 0.0, bestEffort false} [CONTEXT service_id=132 ]
09-10 14:53:29.289 3670 3678 I FontLog : Fetch {Google Sans, wdth 100.0, wght 400, ital 0.0, bestEffort false} end status Status{statusCode=SUCCESS, resolution=null} [CONTEXT service_id=132 ]
09-10 14:53:29.291 3670 3678 I FontLog : Pulling font file for id = 30, cache size = 29 [CONTEXT service_id=132 ]
09-10 14:53:29.293 3670 3678 I FontLog : Received query name=Google Sans&weight=500&besteffort=false, URI content://com.google.android.gms.fonts [CONTEXT service_id=132 ]
09-10 14:53:29.294 3670 3678 I FontLog : Query [name=Google Sans&weight=500&besteffort=false] resolved to {Google Sans, wdth 100.0, wght 500, ital 0.0, bestEffort false} [CONTEXT service_id=132 ]
09-10 14:53:29.295 3670 3678 I FontLog : Font PFD returned from cache for {Google Sans, wdth 100.0, wght 500, ital 0.0, bestEffort false} [CONTEXT service_id=132 ]
09-10 14:53:29.295 3670 3678 I FontLog : Fetch {Google Sans, wdth 100.0, wght 500, ital 0.0, bestEffort false} end status Status{statusCode=SUCCESS, resolution=null} [CONTEXT service_id=132 ]
09-10 14:53:29.296 3670 3678 I FontLog : Pulling font file for id = 31, cache size = 30 [CONTEXT service_id=132 ]
09-10 14:53:29.298 583 1811 V AutofillSession: Primary service component name: ComponentInfo{com.google.android.gms/com.google.android.gms.autofill.service.AutofillService}, secondary service component name: ComponentInfo{com.android.credentialmanager/com.android.credentialmanager.autofill.CredentialAutofillService}
09-10 14:53:29.300 583 1811 V SecondaryProviderHandler: Creating a secondary provider handler with component name, ComponentInfo{com.android.credentialmanager/com.android.credentialmanager.autofill.CredentialAutofillService}
09-10 14:53:29.301 583 1811 D RequestId: nextId(): requestId = 478
09-10 14:53:29.301 583 1811 W FillRequestEventLogger: Couldn't find packageName: com.google.android.inputmethod.latin
09-10 14:53:29.303 583 1811 W PresentationStatsEventLogger: Bad view state for: -1
09-10 14:53:29.305 583 583 D AutofillInlineSuggestionsRequestSession: onCreateInlineSuggestionsRequestLocked called: 1073741824@585236271
09-10 14:53:29.306 583 1811 D AutofillInlineSuggestionsRequestSession: onInlineSuggestionsSessionInvalidated() called.
09-10 14:53:29.309 6102 6102 I AssistStructure: Flattened final assist data: 1204 bytes, containing 1 windows, 6 views
09-10 14:53:29.309 583 1811 D AutofillSession: createPendingIntent for request 478
09-10 14:53:29.310 583 1811 D ContentCapturePerUserService: Notified activity assist data for activity: Token{1cffd9 ActivityRecord{74e8e52 u0 org.chromium.content_browsertests_apk/.ContentBrowserTestsActivity t16}} without a session Id
09-10 14:53:29.326 6149 6185 E platform: Failed to open rendernode: No such file or directory
09-10 14:53:29.341 6149 6185 D vulkan : searching for layers in '/data/app/~~Qgn2wqEAvH79GiouluTyOA==/org.chromium.content_browsertests_apk-RchFo_8uzwLoY5jHIGStww==/lib/x86_64'
09-10 14:53:29.342 6149 6185 D vulkan : searching for layers in '/data/app/~~Qgn2wqEAvH79GiouluTyOA==/org.chromium.content_browsertests_apk-RchFo_8uzwLoY5jHIGStww==/base.apk!/lib/x86_64'
09-10 14:53:29.359 6149 6185 W chromium: [6149:6185:0910/145329.358896:WARNING:viz_main_impl.cc(85)] VizNullHypothesis is disabled (not a warning)
09-10 14:53:29.427 6149 6224 E EGL_emulation: eglCreateContext: EGL_BAD_CONFIG: no ES 3.2 support
09-10 14:53:29.427 6149 6224 E EGL_emulation: tid 6224: eglCreateContext(1830): error 0x3005 (EGL_BAD_CONFIG)
09-10 14:53:29.427 6149 6224 E EGL_emulation: eglCreateContext: EGL_BAD_CONFIG: no ES 3.1 support
09-10 14:53:29.427 6149 6224 E EGL_emulation: tid 6224: eglCreateContext(1824): error 0x3005 (EGL_BAD_CONFIG)
09-10 14:53:29.471 583 1811 V GrammaticalInflectionUtils: AttributionSource: AttributionSource { uid = 99020, packageName = null, attributionTag = null, token = android.os.Binder@7b78a50, deviceId = 0, next = null } does not have READ_SYSTEM_GRAMMATICAL_GENDER permission.
09-10 14:53:29.482 382 382 D Zygote : Forked child process 6234
09-10 14:53:29.483 583 617 I ActivityManager: Start proc 6234:org.chromium.content_browsertests_apk:sandboxed_process0:org.chromium.content.app.SandboxedProcessService0:2/u0i20 for service {org.chromium.content_browsertests_apk/org.chromium.content.app.SandboxedProcessService0:2}
09-10 14:53:29.495 381 381 I netd : tetherGetStats() -> {[]} <0.54ms>
09-10 14:53:29.505 583 1811 W PresentationStatsEventLogger: Bad view state for: -1
09-10 14:53:29.506 6234 6234 I ocessService0:2: Using CollectorTypeCMC GC.
09-10 14:53:29.507 6234 6234 W ocessService0:2: Unexpected CPU variant for x86: x86_64.
09-10 14:53:29.507 6234 6234 W ocessService0:2: Known variants: atom, sandybridge, silvermont, goldmont, goldmont-plus, goldmont-without-sha-xsaves, tremont, kabylake, default
09-10 14:53:29.509 6234 6234 E ocessService0:2: Not starting debugger since process cannot load the jdwp agent.
09-10 14:53:29.513 6234 6234 D nativeloader: Load libframework-connectivity-tiramisu-jni.so using APEX ns com_android_tethering for caller /apex/com.android.tethering/javalib/framework-connectivity-t.jar: ok
09-10 14:53:29.829 0 0 W servicemanager: Isolated app with UID 99020 requested 'network_management', but the service is not allowed for isolated apps.
09-10 14:53:29.535 6234 6234 D ApplicationLoaders: Returning zygote-cached class loader: /system/framework/android.test.base.jar
09-10 14:53:29.538 6234 6234 D nativeloader: Configuring clns-7 for other apk /system/framework/android.test.mock.jar. target_sdk_version=35, uses_libraries=ALL, library_path=/data/app/~~Qgn2wqEAvH79GiouluTyOA==/org.chromium.content_browsertests_apk-RchFo_8uzwLoY5jHIGStww==/lib/x86_64:/data/app/~~Qgn2wqEAvH79GiouluTyOA==/org.chromium.content_browsertests_apk-RchFo_8uzwLoY5jHIGStww==/base.apk!/lib/x86_64, permitted_path=/data:/mnt/expand:/data/user/0/org.chromium.content_browsertests_apk
09-10 14:53:29.541 6234 6234 D ApplicationLoaders: Returning zygote-cached class loader: /system/framework/android.test.base.jar
09-10 14:53:29.542 6234 6234 D nativeloader: Configuring clns-8 for other apk /system/framework/android.test.runner.jar. target_sdk_version=35, uses_libraries=ALL, library_path=/data/app/~~Qgn2wqEAvH79GiouluTyOA==/org.chromium.content_browsertests_apk-RchFo_8uzwLoY5jHIGStww==/lib/x86_64:/data/app/~~Qgn2wqEAvH79GiouluTyOA==/org.chromium.content_browsertests_apk-RchFo_8uzwLoY5jHIGStww==/base.apk!/lib/x86_64, permitted_path=/data:/mnt/expand:/data/user/0/org.chromium.content_browsertests_apk
09-10 14:53:29.543 6234 6234 D ApplicationLoaders: Returning zygote-cached class loader: /system_ext/framework/androidx.window.extensions.jar
09-10 14:53:29.545 6234 6234 D nativeloader: Configuring clns-9 for other apk /data/app/~~Qgn2wqEAvH79GiouluTyOA==/org.chromium.content_browsertests_apk-RchFo_8uzwLoY5jHIGStww==/base.apk. target_sdk_version=35, uses_libraries=, library_path=/data/app/~~Qgn2wqEAvH79GiouluTyOA==/org.chromium.content_browsertests_apk-RchFo_8uzwLoY5jHIGStww==/lib/x86_64:/data/app/~~Qgn2wqEAvH79GiouluTyOA==/org.chromium.content_browsertests_apk-RchFo_8uzwLoY5jHIGStww==/base.apk!/lib/x86_64, permitted_path=/data:/mnt/expand:/data/user/0/org.chromium.content_browsertests_apk
09-10 14:53:29.546 6234 6234 D CompatChangeReporter: Compat change id reported: 202956589; UID 99020; state: ENABLED
09-10 14:53:29.553 583 2412 I ActivityManager: Killing 6159:org.chromium.content_browsertests_apk:sandboxed_process0:org.chromium.content.app.SandboxedProcessService0:0/u0a208i18 (adj 0): isolated not needed
09-10 14:53:29.850 0 0 W servicemanager: Isolated app with UID 99020 requested 'connectivity', but the service is not allowed for isolated apps.
09-10 14:53:29.564 6234 6234 I cr_ChildProcessService: Creating new ChildProcessService pid=6234
09-10 14:53:29.860 0 0 W servicemanager: Isolated app with UID 99020 requested 'content_capture', but the service is not allowed for isolated apps.
09-10 14:53:29.569 6234 6245 D nativeloader: Load /data/app/~~Qgn2wqEAvH79GiouluTyOA==/org.chromium.content_browsertests_apk-RchFo_8uzwLoY5jHIGStww==/lib/x86_64/libtest_trace_processor.so using ns clns-9 from class loader (caller=/data/app/~~Qgn2wqEAvH79GiouluTyOA==/org.chromium.content_browsertests_apk-RchFo_8uzwLoY5jHIGStww==/base.apk): ok
09-10 14:53:29.570 382 382 I Zygote : Process 6159 exited cleanly (0)
09-10 14:53:29.871 0 0 W binder_debug: 16 callbacks suppressed
09-10 14:53:29.871 0 0 I binder : send failed reply for transaction 318727 to 6102:6102
09-10 14:53:29.574 583 618 I libprocessgroup: Removed cgroup /sys/fs/cgroup/uid_99018/pid_6159
09-10 14:53:29.875 0 0 I binder : undelivered transaction 318731, process died.
09-10 14:53:29.878 0 0 I binder : undelivered transaction 318732, process died.
09-10 14:53:29.579 583 1822 I ActivityManager: Killing 6169:org.chromium.content_browsertests_apk:sandboxed_process0:org.chromium.content.app.SandboxedProcessService0:1/u0a208i19 (adj 0): isolated not needed
09-10 14:53:29.881 0 0 I binder : undelivered transaction 318734, process died.
09-10 14:53:29.584 583 605 D DisplayManagerService: Drop pending events for gone uid 99018
09-10 14:53:29.892 0 0 I binder : send failed reply for transaction 318806 to 6102:6136
09-10 14:53:29.894 0 0 I binder : undelivered transaction 318831, process died.
09-10 14:53:29.896 0 0 I binder : undelivered transaction 318832, process died.
09-10 14:53:29.595 583 618 I libprocessgroup: Removed cgroup /sys/fs/cgroup/uid_99019/pid_6169
09-10 14:53:29.596 382 382 I Zygote : Process 6169 exited cleanly (0)
09-10 14:53:29.598 583 605 D DisplayManagerService: Drop pending events for gone uid 99019
09-10 14:53:29.900 0 0 I binder : undelivered transaction 318830, process died.
09-10 14:53:29.605 6234 6245 D nativeloader: Load /data/app/~~Qgn2wqEAvH79GiouluTyOA==/org.chromium.content_browsertests_apk-RchFo_8uzwLoY5jHIGStww==/lib/x86_64/libcontent_browsertests__library.so using ns clns-9 from class loader (caller=/data/app/~~Qgn2wqEAvH79GiouluTyOA==/org.chromium.content_browsertests_apk-RchFo_8uzwLoY5jHIGStww==/base.apk): ok
09-10 14:53:29.608 6234 6245 I cr_LibraryLoader: Successfully loaded native library
09-10 14:53:29.609 6234 6245 I cr_CachingUmaRecorder: Flushed 2 samples from 2 histograms, 0 samples were dropped.
09-10 14:53:29.615 6102 6102 I ImeTracker: org.chromium.content_browsertests_apk:test_process:a6d10737: onRequestHide at ORIGIN_CLIENT reason HIDE_SOFT_INPUT_CLOSE_CURRENT_SESSION fromUser false
09-10 14:53:29.616 583 726 I ImeTracker: org.chromium.content_browsertests_apk:test_process:a6d10737: onCancelled at PHASE_SERVER_SHOULD_HIDE
09-10 14:53:29.620 6234 6245 W SystemServiceRegistry: No service published for: uimode
09-10 14:53:29.918 0 0 W servicemanager: Isolated app with UID 99020 requested 'uimode', but the service is not allowed for isolated apps.
09-10 14:53:29.622 6234 6234 I cr_ChildProcessService: Destroying ChildProcessService pid=6234
09-10 14:53:29.622 583 2412 I ActivityManager: Killing 6234:org.chromium.content_browsertests_apk:sandboxed_process0:org.chromium.content.app.SandboxedProcessService0:2/u0a208i20 (adj 0): isolated not needed
09-10 14:53:29.639 583 618 I libprocessgroup: Removed cgroup /sys/fs/cgroup/uid_99020/pid_6234
09-10 14:53:29.640 382 382 I Zygote : Process 6234 exited due to signal 9 (Killed)
09-10 14:53:29.641 992 1046 V WindowManagerShell: Transition requested (#26): android.os.BinderProxy@e7fb8b3 TransitionRequestInfo { type = CLOSE, triggerTask = TaskInfo{userId=0 taskId=16 displayId=0 isRunning=false baseIntent=Intent { act=android.intent.action.MAIN flg=0x10000000 cmp=org.chromium.content_browsertests_apk/.ContentBrowserTestsActivity } baseActivity=null topActivity=null origActivity=null realActivity=ComponentInfo{org.chromium.content_browsertests_apk/org.chromium.content_browsertests_apk.ContentBrowserTestsActivity} numActivities=0 lastActiveTime=246751 supportsMultiWindow=true resizeMode=1 isResizeable=true minWidth=-1 minHeight=-1 defaultMinSize=220 token=WCT{android.window.IWindowContainerToken$Stub$Proxy@41a5e70} topActivityType=1 pictureInPictureParams=null shouldDockBigOverlays=false launchIntoPipHostTaskId=-1 lastParentTaskIdBeforePip=-1 displayCutoutSafeInsets=null topActivityInfo=null launchCookies=[] positionInParent=Point(0, 0) parentTaskId=-1 isFocused=true isVisible=true isVisibleRequested=true isSleeping=false locusId=null displayAreaFeatureId=1 isTopActivityTransparent=false appCompatTaskInfo=AppCompatTaskInfo { topActivityInSizeCompat=false topActivityEligibleForLetterboxEducation= falseisLetterboxEducationEnabled= false isLetterboxDoubleTapEnabled= false topActivityEligibleForUserAspectRatioButton= false topActivityBoundsLetterboxed= false isFromLetterboxDoubleTap= false topActivityLetterboxVerticalPosition= -1 topActivityLetterboxHorizontalPosition= -1 topActivityLetterboxWidth=-1 topActivityLetterboxHeight=-1 isUserFullscreenOverrideEnabled=false isSystemFullscreenOverrideEnabled=false cameraCompatTaskInfo=CameraCompatTaskInfo { cameraCompatControlState=hidden freeformCameraCompatMode=inactive}}}, pipTask = null, remoteTransition = null, displayChange = null, flags = 0, debugId = 26 }
09-10 14:53:29.936 0 0 I binder : undelivered transaction 318978, process died.
09-10 14:53:29.644 583 605 D DisplayManagerService: Drop pending events for gone uid 99020
09-10 14:53:29.646 1255 1255 I TopTaskTracker: onTaskMovedToFront: (moved taskInfo to front) taskId=7, baseIntent=Intent { act=android.intent.action.MAIN cat=[android.intent.category.HOME] flg=0x10000100 cmp=com.google.android.apps.nexuslauncher/.NexusLauncherActivity }
09-10 14:53:29.647 453 453 I BpBinder: onLastStrongRef automatically unlinking death recipients:
09-10 14:53:29.647 5120 5120 I Process : Sending signal. PID: 6102 SIG: 9
09-10 14:53:29.678 382 382 I Zygote : Process 6102 exited due to signal 9 (Killed)
09-10 14:53:29.681 583 1495 I ActivityManager: Process org.chromium.content_browsertests_apk:test_process (pid 6102) has died: fg TOP
09-10 14:53:29.681 583 1812 I ImeTracker: org.chromium.content_browsertests_apk:231cc114: onRequestHide at ORIGIN_SERVER reason HIDE_REMOVE_CLIENT fromUser false
09-10 14:53:29.681 583 1812 I ImeTracker: org.chromium.content_browsertests_apk:231cc114: onCancelled at PHASE_SERVER_SHOULD_HIDE
09-10 14:53:29.681 583 2323 D AutofillSession: handling death of Token{1cffd9 ActivityRecord{74e8e52 u0 org.chromium.content_browsertests_apk/.ContentBrowserTestsActivity t16 f}}} when saving=false
09-10 14:53:29.681 583 605 D AutofillUI: destroySaveUiUiThread(): already destroyed
09-10 14:53:29.682 583 917 D ConnectivityService: releasing NetworkRequest [ REQUEST id=176, [ Capabilities: INTERNET&NOT_RESTRICTED&TRUSTED&NOT_VCN_MANAGED&NOT_BANDWIDTH_CONSTRAINED Uid: 10208 RequestorUid: 10208 RequestorPkg: org.chromium.content_browsertests_apk UnderlyingNetworks: Null] ] (release request)
09-10 14:53:29.980 0 0 I binder : undelivered TRANSACTION_COMPLETE
09-10 14:53:29.683 583 1815 I WindowManager: WIN DEATH: Window{367f361 u0 org.chromium.content_browsertests_apk/org.chromium.content_browsertests_apk.ContentBrowserTestsActivity}
09-10 14:53:29.683 583 1815 W InputManager-JNI: Input channel object '367f361 org.chromium.content_browsertests_apk/org.chromium.content_browsertests_apk.ContentBrowserTestsActivity (client)' was disposed without first being removed with the input manager!
09-10 14:53:29.683 583 618 I libprocessgroup: Removed cgroup /sys/fs/cgroup/uid_10208/pid_6102
09-10 14:53:29.689 583 1818 I AppWidgetServiceImpl: startListening() 0
09-10 14:53:29.689 583 607 W ActivityManager: setHasOverlayUi called on unknown pid: 6102
09-10 14:53:29.691 1255 1255 D StatsLog: LAUNCHER_ONRESUME
09-10 14:53:29.692 992 1046 D WindowManagerShell: setLauncherKeepClearAreaHeight: visible=true, height=525
09-10 14:53:29.693 583 1811 W OptProp : Cannot read opt property android.window.PROPERTY_COMPAT_ALLOW_USER_ASPECT_RATIO_OVERRIDE
09-10 14:53:29.693 583 1811 W OptProp : Cannot read opt property android.window.PROPERTY_COMPAT_ALLOW_USER_ASPECT_RATIO_FULLSCREEN_OVERRIDE
09-10 14:53:29.693 583 1811 W OptProp : Cannot read opt property android.window.PROPERTY_COMPAT_ALLOW_ORIENTATION_OVERRIDE
09-10 14:53:29.693 583 1614 W AppSearchIcing: icing-search-engine.cc:321: Error: 5, Message: Document (com.google.android.googlequicksearchbox$OneSearchZeroStateGoogleSuggestions/default, zp) not found.
09-10 14:53:29.693 583 1811 V GrammaticalInflectionUtils: AttributionSource: AttributionSource { uid = 10208, packageName = null, attributionTag = null, token = android.os.Binder@7b78a50, deviceId = 0, next = null } does not have READ_SYSTEM_GRAMMATICAL_GENDER permission.
09-10 14:53:29.693 583 1811 W OptProp : Cannot read opt property android.window.PROPERTY_COMPAT_ALLOW_RESIZEABLE_ACTIVITY_OVERRIDES
09-10 14:53:29.693 583 1811 W OptProp : Cannot read opt property android.window.PROPERTY_COMPAT_ALLOW_MIN_ASPECT_RATIO_OVERRIDE
09-10 14:53:29.694 1255 2183 D OneSearchSuggestProvider: AppSearch 0-state cache not available, fallback to AGA
09-10 14:53:29.694 1255 2183 D OneSearchSuggestProvider: java.util.concurrent.CompletionException: java.util.NoSuchElementException: No value present
09-10 14:53:29.694 1255 2183 D OneSearchSuggestProvider: at java.util.concurrent.CompletableFuture.encodeThrowable(CompletableFuture.java:308)
09-10 14:53:29.694 1255 2183 D OneSearchSuggestProvider: at java.util.concurrent.CompletableFuture.completeThrowable(CompletableFuture.java:323)
09-10 14:53:29.694 1255 2183 D OneSearchSuggestProvider: at java.util.concurrent.CompletableFuture$UniAccept.tryFire(CompletableFuture.java:684)
09-10 14:53:29.694 1255 2183 D OneSearchSuggestProvider: at java.util.concurrent.CompletableFuture.postComplete(CompletableFuture.java:486)
09-10 14:53:29.694 1255 2183 D OneSearchSuggestProvider: at java.util.concurrent.CompletableFuture.completeExceptionally(CompletableFuture.java:2138)
09-10 14:53:29.694 1255 2183 D OneSearchSuggestProvider: at com.google.android.apps.nexuslauncher.allapps.E0.onResult(go/retraceme 31f9979659277bb965985aff1272c33e3c3c9e755b77166d20a2465454178f2c:67)
09-10 14:53:29.694 1255 2183 D OneSearchSuggestProvider: at android.app.appsearch.SearchSessionUtil$1.lambda$onResult$0(go/retraceme 64eee9e9f568ff45978879ad2ff83146f2618ee8a88278736fbdf5fae931976e:144)
09-10 14:53:29.694 1255 2183 D OneSearchSuggestProvider: at android.app.appsearch.SearchSessionUtil$1.$r8$lambda$CEk3q8sDAQVhU3rQwVueB8FAj_M(go/retraceme 64eee9e9f568ff45978879ad2ff83146f2618ee8a88278736fbdf5fae931976e:1)
09-10 14:53:29.694 1255 2183 D OneSearchSuggestProvider: at android.app.appsearch.SearchSessionUtil$1$$ExternalSyntheticLambda0.run(go/retraceme 64eee9e9f568ff45978879ad2ff83146f2618ee8a88278736fbdf5fae931976e:22)
09-10 14:53:29.694 1255 2183 D OneSearchSuggestProvider: at android.os.Handler.handleCallback(Handler.java:959)
09-10 14:53:29.694 1255 2183 D OneSearchSuggestProvider: at android.os.Handler.dispatchMessage(Handler.java:100)
09-10 14:53:29.694 1255 2183 D OneSearchSuggestProvider: at android.os.Looper.loopOnce(Looper.java:232)
09-10 14:53:29.694 1255 2183 D OneSearchSuggestProvider: at android.os.Looper.loop(Looper.java:317)
09-10 14:53:29.694 1255 2183 D OneSearchSuggestProvider: at android.os.HandlerThread.run(HandlerThread.java:85)
09-10 14:53:29.694 1255 2183 D OneSearchSuggestProvider: Caused by: java.util.NoSuchElementException: No value present
09-10 14:53:29.694 1255 2183 D OneSearchSuggestProvider: at java.util.Optional.get(Optional.java:143)
09-10 14:53:29.694 1255 2183 D OneSearchSuggestProvider: at com.google.android.apps.nexuslauncher.allapps.E0.onResult(go/retraceme 31f9979659277bb965985aff1272c33e3c3c9e755b77166d20a2465454178f2c:28)
09-10 14:53:29.694 1255 2183 D OneSearchSuggestProvider: ... 8 more
09-10 14:53:29.696 1255 2183 D OneSearchSuggestProvider: Created the binder channel successfully for end point service =com.google.android.apps.search.googleapp.search.suggest.plugins.onesearch.server.OneSearchSuggestService , mChannel=i1{delegate=f{logId=31, target=directaddress:///AndroidComponentAddress%5BIntent%20%7B%20act=grpc.io.action.BIND%20cmp=com.google.android.googlequicksearchbox/com.google.android.apps.search.googleapp.search.suggest.plugins.onesearch.server.OneSearchSuggestService%20%7D%5D}} , mOneSearchConnection=l2.Z@66bcd9d
09-10 14:53:29.697 1255 1255 D NexusLauncherModelDelegate: notifySmartspaceEvent: SmartspaceTargetEvent{mSmartspaceTarget=null, mSmartspaceActionId='null', mEventType=6}
09-10 14:53:29.698 1255 1303 D QuickstepModelDelegate: notifyAppTargetEvent action=1 launchLocation=workspace/0/[-1,-1]/[1,1]
09-10 14:53:29.699 583 1811 V SplashScreenExceptionList: SplashScreen checking exception for package org.chromium.content_browsertests_apk (target sdk:35) -> false
09-10 14:53:29.700 583 1811 I ActivityTaskManager: Add Task{13bc523 #16 type=standard A=10208:org.chromium.content_browsertests_apk} to hidden list because adding Task{2266406 #17 type=standard A=10208:org.chromium.content_browsertests_apk}
09-10 14:53:29.701 583 1811 I ActivityTaskManager: START u0 {act=android.intent.action.MAIN flg=0x10000000 cmp=org.chromium.content_browsertests_apk/.ContentBrowserTestsActivity (has extras)} with LAUNCH_SINGLE_TASK from uid 10208 (BAL_ALLOW_PERMISSION) result code=0
09-10 14:53:29.703 583 607 V GrammaticalInflectionUtils: AttributionSource: AttributionSource { uid = 10208, packageName = null, attributionTag = null, token = android.os.Binder@7b78a50, deviceId = 0, next = null } does not have READ_SYSTEM_GRAMMATICAL_GENDER permission.
09-10 14:53:29.712 992 1092 D SplashScreenView: Build android.window.SplashScreenView{25c326e V.E...... ......ID 0,0-0,0}
09-10 14:53:29.712 992 1092 D SplashScreenView: Icon: view: null drawable: null size: 0
09-10 14:53:29.712 992 1092 D SplashScreenView: Branding: view: android.view.View{7b32d0f G.ED..... ......I. 0,0-0,0 #1020503 android:id/splashscreen_branding_view} drawable: null size w: 0 h: 0
09-10 14:53:29.714 505 505 W IPCThreadState: Sending oneway calls to frozen process.
09-10 14:53:29.717 382 382 D Zygote : Forked child process 6248
09-10 14:53:29.717 382 382 I Zygote : Process 6149 exited cleanly (0)
09-10 14:53:29.721 1255 1255 D BaseDepthController: setSurface:
09-10 14:53:29.721 1255 1255 D BaseDepthController: mWaitingOnSurfaceValidity: false
09-10 14:53:29.721 1255 1255 D BaseDepthController: mSurface: Surface(name=com.google.android.apps.nexuslauncher/com.google.android.apps.nexuslauncher.NexusLauncherActivity)/@0x668f0d3
09-10 14:53:29.722 583 1822 I ActivityManager: Process org.chromium.content_browsertests_apk:privileged_process0 (pid 6149) has died: fg SVC
09-10 14:53:29.722 583 618 I libprocessgroup: Removed cgroup /sys/fs/cgroup/uid_10208/pid_6149
09-10 14:53:29.724 4025 4025 I A : (REDACTED) Created gRPC endpoint for service %s
09-10 14:53:29.731 6248 6248 I pk:test_process: Using CollectorTypeCMC GC.
09-10 14:53:29.732 6248 6248 W pk:test_process: Unexpected CPU variant for x86: x86_64.
09-10 14:53:29.732 6248 6248 W pk:test_process: Known variants: atom, sandybridge, silvermont, goldmont, goldmont-plus, goldmont-without-sha-xsaves, tremont, kabylake, default
09-10 14:53:29.735 6248 6248 E pk:test_process: Not starting debugger since process cannot load the jdwp agent.
09-10 14:53:29.745 1537 1886 I AiAiEcho: Predicting[0]: [CONTEXT sampling_count=5 ]
09-10 14:53:29.745 1537 1886 I AiAiEcho: EchoTargets:
09-10 14:53:29.745 1537 1886 I AiAiEcho: Filtered by AiAi flag check:
09-10 14:53:29.745 1537 1886 I AiAiEcho: [CONTEXT ratelimit_period="10 SECONDS" ]
09-10 14:53:29.745 583 608 W ActivityTaskManager: Unable to send transaction to client proc org.chromium.content_browsertests_apk:test_process: no app thread
