09-10 14:54:01.642 1515 5888 W MediaProvider: Ignoring param:deletedata post U for external apps
09-10 14:54:01.645 1255 1255 D SearchTargetUtil: query= size=0
09-10 14:54:01.653 1515 5888 I MediaProvider: Deleted 1 0 0 0 0 0 0 items on external_primary due to org.chromium.content_browsertests_apk
09-10 14:54:01.673 1515 5197 W MediaProvider: Ignoring param:deletedata post U for external apps
09-10 14:54:01.675 1515 5197 I MediaProvider: Deleted 1 0 0 0 0 0 0 items on external_primary due to org.chromium.content_browsertests_apk
09-10 14:54:01.678 1515 5888 W MediaProvider: Ignoring param:deletedata post U for external apps
09-10 14:54:01.681 1515 5888 I MediaProvider: Deleted 1 0 0 0 0 0 0 items on external_primary due to org.chromium.content_browsertests_apk
09-10 14:54:01.719 1515 4876 W MediaProvider: Ignoring param:deletedata post U for external apps
09-10 14:54:01.724 1515 1552 I FuseDaemon: Background concurrent mark compact GC freed 3364KB AllocSpace bytes, 0(0B) LOS objects, 49% free, 3271KB/6543KB, paused 12.701ms,864us total 80.383ms
09-10 14:54:01.736 1515 4876 I MediaProvider: Deleted 1 0 0 0 0 0 0 items on external_primary due to org.chromium.content_browsertests_apk
09-10 14:54:01.737 1515 2614 W MediaProvider: Ignoring param:deletedata post U for external apps
09-10 14:54:01.747 1515 2614 I MediaProvider: Deleted 1 0 0 0 0 0 0 items on external_primary due to org.chromium.content_browsertests_apk
09-10 14:54:01.750 1515 5201 W MediaProvider: Ignoring param:deletedata post U for external apps
09-10 14:54:01.751 1515 5201 I MediaProvider: Deleted 1 0 0 0 0 0 0 items on external_primary due to org.chromium.content_browsertests_apk
09-10 14:54:01.752 1515 5201 W MediaProvider: Ignoring param:deletedata post U for external apps
09-10 14:54:01.754 1515 5201 I MediaProvider: Deleted 1 0 0 0 0 0 0 items on external_primary due to org.chromium.content_browsertests_apk
09-10 14:54:01.756 1515 1803 W MediaProvider: Ignoring param:deletedata post U for external apps
09-10 14:54:01.758 1515 1803 I MediaProvider: Deleted 1 0 0 0 0 0 0 items on external_primary due to org.chromium.content_browsertests_apk
09-10 14:54:01.760 1515 7638 W MediaProvider: Ignoring param:deletedata post U for external apps
09-10 14:54:01.762 1515 7638 I MediaProvider: Deleted 1 0 0 0 0 0 0 items on external_primary due to org.chromium.content_browsertests_apk
09-10 14:54:01.771 1515 1803 W MediaProvider: Ignoring param:deletedata post U for external apps
09-10 14:54:01.839 1515 1803 I MediaProvider: Deleted 1 0 0 0 0 0 0 items on external_primary due to org.chromium.content_browsertests_apk
09-10 14:54:01.841 1515 5201 W MediaProvider: Ignoring param:deletedata post U for external apps
09-10 14:54:01.843 1515 5201 I MediaProvider: Deleted 1 0 0 0 0 0 0 items on external_primary due to org.chromium.content_browsertests_apk
09-10 14:54:01.867 1515 4876 W MediaProvider: Ignoring param:deletedata post U for external apps
09-10 14:54:01.871 1515 4876 I MediaProvider: Deleted 1 0 0 0 0 0 0 items on external_primary due to org.chromium.content_browsertests_apk
09-10 14:54:01.872 1255 1927 D EGL_emulation: app_time_stats: avg=538.28ms min=20.69ms max=1985.16ms count=4
09-10 14:54:01.872 1515 5202 W MediaProvider: Ignoring param:deletedata post U for external apps
09-10 14:54:01.874 1515 5202 I MediaProvider: Deleted 1 0 0 0 0 0 0 items on external_primary due to org.chromium.content_browsertests_apk
09-10 14:54:01.891 1515 5201 W MediaProvider: Ignoring param:deletedata post U for external apps
09-10 14:54:01.893 1515 5201 I MediaProvider: Deleted 1 0 0 0 0 0 0 items on external_primary due to org.chromium.content_browsertests_apk
09-10 14:54:01.898 1515 1802 W MediaProvider: Ignoring param:deletedata post U for external apps
09-10 14:54:01.899 1515 1802 I MediaProvider: Deleted 1 0 0 0 0 0 0 items on external_primary due to org.chromium.content_browsertests_apk
09-10 14:54:01.905 1515 7638 W MediaProvider: Ignoring param:deletedata post U for external apps
09-10 14:54:01.938 1515 7638 I MediaProvider: Deleted 1 0 0 0 0 0 0 items on external_primary due to org.chromium.content_browsertests_apk
09-10 14:54:01.939 1515 5197 W MediaProvider: Ignoring param:deletedata post U for external apps
09-10 14:54:01.940 1515 5197 I MediaProvider: Deleted 1 0 0 0 0 0 0 items on external_primary due to org.chromium.content_browsertests_apk
09-10 14:54:01.946 1515 1803 W MediaProvider: Ignoring param:deletedata post U for external apps
09-10 14:54:01.947 1515 1803 I MediaProvider: Deleted 1 0 0 0 0 0 0 items on external_primary due to org.chromium.content_browsertests_apk
09-10 14:54:01.948 1515 1802 W MediaProvider: Ignoring param:deletedata post U for external apps
09-10 14:54:01.953 1515 1802 I MediaProvider: Deleted 1 0 0 0 0 0 0 items on external_primary due to org.chromium.content_browsertests_apk
09-10 14:54:01.967 1515 5199 W MediaProvider: Ignoring param:deletedata post U for external apps
09-10 14:54:01.971 1515 5199 I MediaProvider: Deleted 1 0 0 0 0 0 0 items on external_primary due to org.chromium.content_browsertests_apk
09-10 14:54:01.979 1515 5202 W MediaProvider: Ignoring param:deletedata post U for external apps
09-10 14:54:02.010 1515 5202 I MediaProvider: Deleted 1 0 0 0 0 0 0 items on external_primary due to org.chromium.content_browsertests_apk
09-10 14:54:02.016 1515 5201 W MediaProvider: Ignoring param:deletedata post U for external apps
09-10 14:54:02.017 1515 5201 I MediaProvider: Deleted 1 0 0 0 0 0 0 items on external_primary due to org.chromium.content_browsertests_apk
09-10 14:54:02.021 1515 5197 W MediaProvider: Ignoring param:deletedata post U for external apps
09-10 14:54:02.024 992 1046 V WindowManagerShell: Transition animation finished (aborted=false), notifying core (#35) android.os.BinderProxy@5f5db44@0
09-10 14:54:02.036 1515 5197 I MediaProvider: Deleted 1 0 0 0 0 0 0 items on external_primary due to org.chromium.content_browsertests_apk
09-10 14:54:02.037 583 604 V WindowManager: Finish Transition (#35): created at
09-10 07:54:01.207 collect-started=0.062ms request-sent=0.311ms started=3.827ms ready=260.838ms sent=274.752ms finished=824.205ms
09-10 14:54:02.046 1515 5199 W MediaProvider: Ignoring param:deletedata post U for external apps
09-10 14:54:02.048 583 2234 E IPCThreadState: Binder transaction failure. id: 412992, BR_*: 29189, error: -22 (Invalid argument)
09-10 14:54:02.048 583 2234 W ActivityManager: pid 583 system sent binder code 7 with flags 1 to frozen apps and got error -32
09-10 14:54:02.048 583 2234 W WindowManager: Exception thrown during dispatchAppVisibility Window{81dca05 u0 org.chromium.content_browsertests_apk/org.chromium.content_browsertests_apk.ContentBrowserTestsActivity EXITING}
09-10 14:54:02.048 583 2234 W WindowManager: android.os.DeadObjectException
09-10 14:54:02.048 583 2234 W WindowManager: at android.os.BinderProxy.transactNative(Native Method)
09-10 14:54:02.048 583 2234 W WindowManager: at android.os.BinderProxy.transact(BinderProxy.java:586)
09-10 14:54:02.048 583 2234 W WindowManager: at android.view.IWindow$Stub$Proxy.dispatchAppVisibility(IWindow.java:553)
09-10 14:54:02.048 583 2234 W WindowManager: at com.android.server.wm.WindowState.sendAppVisibilityToClients(WindowState.java:3253)
09-10 14:54:02.048 583 2234 W WindowManager: at com.android.server.wm.WindowContainer.sendAppVisibilityToClients(WindowContainer.java:1289)
09-10 14:54:02.048 583 2234 W WindowManager: at com.android.server.wm.WindowToken.setClientVisible(WindowToken.java:403)
09-10 14:54:02.048 583 2234 W WindowManager: at com.android.server.wm.ActivityRecord.setClientVisible(ActivityRecord.java:7166)
09-10 14:54:02.048 583 2234 W WindowManager: at com.android.server.wm.ActivityRecord.postApplyAnimation(ActivityRecord.java:5881)
09-10 14:54:02.048 583 2234 W WindowManager: at com.android.server.wm.ActivityRecord.commitVisibility(ActivityRecord.java:5823)
09-10 14:54:02.048 583 2234 W WindowManager: at com.android.server.wm.Transition.finishTransition(Transition.java:1286)
09-10 14:54:02.048 583 2234 W WindowManager: at com.android.server.wm.TransitionController.finishTransition(TransitionController.java:937)
09-10 14:54:02.048 583 2234 W WindowManager: at com.android.server.wm.WindowOrganizerController.finishTransition(WindowOrganizerController.java:494)
09-10 14:54:02.048 583 2234 W WindowManager: at android.window.IWindowOrganizerController$Stub.onTransact(IWindowOrganizerController.java:289)
09-10 14:54:02.048 583 2234 W WindowManager: at com.android.server.wm.WindowOrganizerController.onTransact(WindowOrganizerController.java:204)
09-10 14:54:02.048 583 2234 W WindowManager: at android.os.Binder.execTransactInternal(Binder.java:1505)
09-10 14:54:02.048 583 2234 W WindowManager: at android.os.Binder.execTransact(Binder.java:1444)
09-10 14:54:02.048 583 2234 W Process : Unable to open /proc/7511/status
09-10 14:54:02.054 1515 5199 I MediaProvider: Deleted 1 0 0 0 0 0 0 items on external_primary due to org.chromium.content_browsertests_apk
09-10 14:54:02.076 1515 4876 W MediaProvider: Ignoring param:deletedata post U for external apps
09-10 14:54:02.082 992 1046 V WindowManagerShell: Track 0 became idle
09-10 14:54:02.082 992 1046 V WindowManagerShell: All active transition animations finished
09-10 14:54:02.082 992 1046 W Looper : Slow dispatch took 59ms wmshell.main h=android.os.Handler c=com.android.wm.shell.transition.DefaultTransitionHandler$$ExternalSyntheticLambda0@197526a m=0
09-10 14:54:02.086 1515 4876 I MediaProvider: Deleted 1 0 0 0 0 0 0 items on external_primary due to org.chromium.content_browsertests_apk
09-10 14:54:02.097 1515 7638 W MediaProvider: Ignoring param:deletedata post U for external apps
09-10 14:54:02.102 1255 1255 I TopTaskTracker: onTaskRemoved: taskId=25
09-10 14:54:02.102 1255 1255 I TopTaskTracker: onTaskRemoved: taskId=25
09-10 14:54:02.123 1515 7638 I MediaProvider: Deleted 1 0 0 0 0 0 0 items on external_primary due to org.chromium.content_browsertests_apk
09-10 14:54:02.129 583 1083 W UserManagerService: Requested status bar icon for non-badged user 0
09-10 14:54:02.130 583 601 W UserManagerService: Requested status bar icon for non-badged user 0
09-10 14:54:02.131 583 601 W UserManagerService: Requested status bar icon for non-badged user 0
09-10 14:54:02.131 1515 5199 W MediaProvider: Ignoring param:deletedata post U for external apps
09-10 14:54:02.141 992 1139 D EGL_emulation: app_time_stats: avg=239.52ms min=6.93ms max=2015.46ms count=9
09-10 14:54:02.159 453 453 E BpTransactionCompletedListener: Failed to transact (-32)
09-10 14:54:02.159 1515 5199 I MediaProvider: Deleted 1 0 0 0 0 0 0 items on external_primary due to org.chromium.content_browsertests_apk
09-10 14:54:02.162 1515 2614 W MediaProvider: Ignoring param:deletedata post U for external apps
09-10 14:54:02.175 1515 2614 I MediaProvider: Deleted 1 0 0 0 0 0 0 items on external_primary due to org.chromium.content_browsertests_apk
09-10 14:54:02.180 1515 5201 W MediaProvider: Ignoring param:deletedata post U for external apps
09-10 14:54:02.184 1515 5201 I MediaProvider: Deleted 1 0 0 0 0 0 0 items on external_primary due to org.chromium.content_browsertests_apk
09-10 14:54:02.191 1515 5201 W MediaProvider: Ignoring param:deletedata post U for external apps
09-10 14:54:02.193 1515 5201 I MediaProvider: Deleted 1 0 0 0 0 0 0 items on external_primary due to org.chromium.content_browsertests_apk
09-10 14:54:02.197 1515 4876 W MediaProvider: Ignoring param:deletedata post U for external apps
09-10 14:54:02.198 1515 4876 I MediaProvider: Deleted 1 0 0 0 0 0 0 items on external_primary due to org.chromium.content_browsertests_apk
09-10 14:54:02.212 1515 5202 W MediaProvider: Ignoring param:deletedata post U for external apps
09-10 14:54:02.214 1515 5202 I MediaProvider: Deleted 1 0 0 0 0 0 0 items on external_primary due to org.chromium.content_browsertests_apk
09-10 14:54:02.221 1515 7638 W MediaProvider: Ignoring param:deletedata post U for external apps
09-10 14:54:02.237 1515 7638 I MediaProvider: Deleted 1 0 0 0 0 0 0 items on external_primary due to org.chromium.content_browsertests_apk
09-10 14:54:02.240 1515 4876 W MediaProvider: Ignoring param:deletedata post U for external apps
09-10 14:54:02.243 1515 4876 I MediaProvider: Deleted 1 0 0 0 0 0 0 items on external_primary due to org.chromium.content_browsertests_apk
09-10 14:54:02.244 1515 2614 W MediaProvider: Ignoring param:deletedata post U for external apps
09-10 14:54:02.252 1515 2614 I MediaProvider: Deleted 1 0 0 0 0 0 0 items on external_primary due to org.chromium.content_browsertests_apk
09-10 14:54:02.255 1515 2614 W MediaProvider: Ignoring param:deletedata post U for external apps
09-10 14:54:02.257 1515 2614 I MediaProvider: Deleted 1 0 0 0 0 0 0 items on external_primary due to org.chromium.content_browsertests_apk
09-10 14:54:02.258 1515 2614 W MediaProvider: Ignoring param:deletedata post U for external apps
09-10 14:54:02.260 1515 2614 I MediaProvider: Deleted 1 0 0 0 0 0 0 items on external_primary due to org.chromium.content_browsertests_apk
09-10 14:54:02.261 1515 7638 W MediaProvider: Ignoring param:deletedata post U for external apps
09-10 14:54:02.278 1515 7638 I MediaProvider: Deleted 1 0 0 0 0 0 0 items on external_primary due to org.chromium.content_browsertests_apk
09-10 14:54:02.279 1515 5201 W MediaProvider: Ignoring param:deletedata post U for external apps
09-10 14:54:02.280 1515 5201 I MediaProvider: Deleted 1 0 0 0 0 0 0 items on external_primary due to org.chromium.content_browsertests_apk
09-10 14:54:02.282 1515 4876 W MediaProvider: Ignoring param:deletedata post U for external apps
09-10 14:54:02.284 1515 4876 I MediaProvider: Deleted 1 0 0 0 0 0 0 items on external_primary due to org.chromium.content_browsertests_apk
09-10 14:54:02.289 1515 5199 W MediaProvider: Ignoring param:deletedata post U for external apps
09-10 14:54:02.291 1515 5199 I MediaProvider: Deleted 1 0 0 0 0 0 0 items on external_primary due to org.chromium.content_browsertests_apk
09-10 14:54:02.292 1515 4876 W MediaProvider: Ignoring param:deletedata post U for external apps
09-10 14:54:02.299 1515 4876 I MediaProvider: Deleted 1 0 0 0 0 0 0 items on external_primary due to org.chromium.content_browsertests_apk
09-10 14:54:02.301 1515 5888 W MediaProvider: Ignoring param:deletedata post U for external apps
09-10 14:54:02.302 1515 5888 I MediaProvider: Deleted 1 0 0 0 0 0 0 items on external_primary due to org.chromium.content_browsertests_apk
09-10 14:54:02.303 1515 7638 W MediaProvider: Ignoring param:deletedata post U for external apps
09-10 14:54:02.306 1515 7638 I MediaProvider: Deleted 1 0 0 0 0 0 0 items on external_primary due to org.chromium.content_browsertests_apk
09-10 14:54:02.309 1515 1803 W MediaProvider: Ignoring param:deletedata post U for external apps
09-10 14:54:02.310 1515 1803 I MediaProvider: Deleted 1 0 0 0 0 0 0 items on external_primary due to org.chromium.content_browsertests_apk
09-10 14:54:02.311 1515 5888 W MediaProvider: Ignoring param:deletedata post U for external apps
09-10 14:54:02.314 1515 5888 I MediaProvider: Deleted 1 0 0 0 0 0 0 items on external_primary due to org.chromium.content_browsertests_apk
09-10 14:54:02.317 1515 2614 W MediaProvider: Ignoring param:deletedata post U for external apps
09-10 14:54:02.318 1515 2614 I MediaProvider: Deleted 1 0 0 0 0 0 0 items on external_primary due to org.chromium.content_browsertests_apk
09-10 14:54:02.321 1515 5199 W MediaProvider: Ignoring param:deletedata post U for external apps
09-10 14:54:02.323 1515 5199 I MediaProvider: Deleted 1 0 0 0 0 0 0 items on external_primary due to org.chromium.content_browsertests_apk
09-10 14:54:02.325 1515 5202 W MediaProvider: Ignoring param:deletedata post U for external apps
09-10 14:54:02.326 1515 5202 I MediaProvider: Deleted 1 0 0 0 0 0 0 items on external_primary due to org.chromium.content_browsertests_apk
09-10 14:54:02.327 1515 5888 W MediaProvider: Ignoring param:deletedata post U for external apps
09-10 14:54:02.332 1515 5888 I MediaProvider: Deleted 1 0 0 0 0 0 0 items on external_primary due to org.chromium.content_browsertests_apk
09-10 14:54:02.333 1515 1803 W MediaProvider: Ignoring param:deletedata post U for external apps
09-10 14:54:02.334 1515 1803 I MediaProvider: Deleted 1 0 0 0 0 0 0 items on external_primary due to org.chromium.content_browsertests_apk
09-10 14:54:02.335 1515 7638 W MediaProvider: Ignoring param:deletedata post U for external apps
09-10 14:54:02.336 1515 7638 I MediaProvider: Deleted 1 0 0 0 0 0 0 items on external_primary due to org.chromium.content_browsertests_apk
09-10 14:54:02.339 7641 7641 D nativeloader: Load /data/app/~~Qgn2wqEAvH79GiouluTyOA==/org.chromium.content_browsertests_apk-RchFo_8uzwLoY5jHIGStww==/lib/x86_64/libtest_trace_processor.so using ns clns-9 from class loader (caller=/data/app/~~Qgn2wqEAvH79GiouluTyOA==/org.chromium.content_browsertests_apk-RchFo_8uzwLoY5jHIGStww==/base.apk): ok
09-10 14:54:02.379 7641 7641 D nativeloader: Load /data/app/~~Qgn2wqEAvH79GiouluTyOA==/org.chromium.content_browsertests_apk-RchFo_8uzwLoY5jHIGStww==/lib/x86_64/libcontent_browsertests__library.so using ns clns-9 from class loader (caller=/data/app/~~Qgn2wqEAvH79GiouluTyOA==/org.chromium.content_browsertests_apk-RchFo_8uzwLoY5jHIGStww==/base.apk): ok
09-10 14:54:02.381 7641 7641 I cr_LibraryLoader: Successfully loaded native library
09-10 14:54:02.382 7641 7641 I cr_CachingUmaRecorder: Flushed 2 samples from 2 histograms, 0 samples were dropped.
09-10 14:54:02.398 7641 7641 W HWUI : Unknown dataspace 0
09-10 14:54:02.415 583 2234 D CoreBackPreview: Window{c7267b6 u0 org.chromium.content_browsertests_apk/org.chromium.content_browsertests_apk.ContentBrowserTestsActivity}: Setting back callback OnBackInvokedCallbackInfo{mCallback=android.window.IOnBackInvokedCallback$Stub$Proxy@e581c24, mPriority=0, mIsAnimationCallback=false}
09-10 14:54:02.419 7641 7656 I EGL_emulation: Opening libGLESv1_CM_emulation.so
09-10 14:54:02.419 7641 7656 I EGL_emulation: Opening libGLESv2_emulation.so
09-10 14:54:02.429 7641 7656 W HWUI : Failed to initialize 101010-2 format, error = EGL_SUCCESS
09-10 14:54:02.466 164 164 I hwservicemanager: getTransport: Cannot find entry android.hardware.graphics.mapper@4.0::IMapper/default in either framework or device VINTF manifest.
09-10 14:54:02.760 0 0 I servicemanager: Caller(pid=7641,uid=10208,sid=u:r:untrusted_app:s0:c208,c256,c512,c768) Could not find android.hardware.graphics.allocator.IAllocator/default in the VINTF manifest. No alternative instances declared in VINTF.
09-10 14:54:02.466 7641 7656 I Gralloc4: mapper 4.x is not supported
09-10 14:54:02.903 7641 7641 I chromium: Redirecting stdout to file: /sdcard/Download/temp_file-8c9235bba0aea.gtest_out
09-10 14:54:02.914 583 604 I ActivityTaskManager: Displayed org.chromium.content_browsertests_apk/.ContentBrowserTestsActivity for user 0: +1s637ms
09-10 14:54:03.071 1515 2614 W MediaProvider: isAppCloneUserPair for user 0: false
09-10 14:54:03.092 7641 7641 W chromium: [7641:7641:0910/145403.091781:WARNING:field_trial_util.cc(109)] Field trial config study skipped: PruneRedundantAXInlineTextBoxText.Enabled (some of its features are already overridden)
09-10 14:54:03.098 1515 5201 W MediaProvider: isAppCloneUserPair for user 0: false
09-10 14:54:03.125 7641 7669 W chromium: [7641:7669:0910/145403.125262:WARNING:dns_config_service_android.cc(81)] Failed to read DnsConfig.
09-10 14:54:03.181 1515 4876 W MediaProvider: isAppCloneUserPair for user 0: false
09-10 14:54:03.181 1515 1803 W MediaProvider: isAppCloneUserPair for user 0: false
09-10 14:54:03.189 1515 5197 W MediaProvider: isAppCloneUserPair for user 0: false
09-10 14:54:03.194 1515 5888 W MediaProvider: isAppCloneUserPair for user 0: false
09-10 14:54:03.196 1515 5201 W MediaProvider: isAppCloneUserPair for user 0: false
09-10 14:54:03.198 1515 5202 W MediaProvider: isAppCloneUserPair for user 0: false
09-10 14:54:03.207 1515 7638 W MediaProvider: isAppCloneUserPair for user 0: false
09-10 14:54:03.209 7641 7641 D CompatChangeReporter: Compat change id reported: 63938206; UID 10208; state: ENABLED
09-10 14:54:03.224 7641 7641 D CompatChangeReporter: Compat change id reported: 303326708; UID 10208; state: ENABLED
09-10 14:54:03.224 1515 5197 W MediaProvider: isAppCloneUserPair for user 0: false
09-10 14:54:03.229 1515 1803 W MediaProvider: isAppCloneUserPair for user 0: false
09-10 14:54:03.235 583 1083 D OomAdjuster: Not killing cached processes
09-10 14:54:03.241 583 601 D ConnectivityService: requestNetwork for uid/pid:10208/7641 activeRequest: null callbackRequest: 205 [NetworkRequest [ REQUEST id=206, [ Capabilities: INTERNET&NOT_RESTRICTED&TRUSTED&NOT_VCN_MANAGED&NOT_BANDWIDTH_CONSTRAINED Uid: 10208 RequestorUid: 10208 RequestorPkg: org.chromium.content_browsertests_apk UnderlyingNetworks: Null] ]] callback flags: 0 order: 2147483647 isUidTracked: false
09-10 14:54:03.245 1515 4876 W MediaProvider: isAppCloneUserPair for user 0: false
09-10 14:54:03.251 992 1091 W WindowOnBackDispatcher: sendCancelIfRunning: isInProgress=false callback=android.view.ViewRootImpl$$ExternalSyntheticLambda11@3a5b74f
09-10 14:54:03.251 583 1083 D CoreBackPreview: Window{20612e8 u0 Splash Screen org.chromium.content_browsertests_apk EXITING}: Setting back callback null
09-10 14:54:03.253 1515 5199 W MediaProvider: isAppCloneUserPair for user 0: false
09-10 14:54:03.254 583 2234 W InputManager-JNI: Input channel object '20612e8 Splash Screen org.chromium.content_browsertests_apk (client)' was disposed without first being removed with the input manager!
09-10 14:54:03.255 505 505 W IPCThreadState: Sending oneway calls to frozen process.
09-10 14:54:03.255 1515 2614 W MediaProvider: isAppCloneUserPair for user 0: false
09-10 14:54:03.257 583 917 D ConnectivityService: NetReassign [no changes] [c 0] [a 0] [i 1]
09-10 14:54:03.257 583 917 D ConnectivityService: NetReassign [no changes] [c 0] [a 0] [i 1]
09-10 14:54:03.258 583 726 I ImeTracker: org.chromium.content_browsertests_apk:466556fd: onRequestHide at ORIGIN_SERVER reason HIDE_UNSPECIFIED_WINDOW fromUser false
09-10 14:54:03.259 583 726 I ImeTracker: org.chromium.content_browsertests_apk:466556fd: onCancelled at PHASE_SERVER_SHOULD_HIDE
09-10 14:54:03.261 583 910 D OemPaidWifiNetworkFactory: got request NetworkRequest [ REQUEST id=206, [ Capabilities: INTERNET&NOT_RESTRICTED&TRUSTED&NOT_VCN_MANAGED&NOT_BANDWIDTH_CONSTRAINED Uid: 10208 RequestorUid: 10208 RequestorPkg: org.chromium.content_browsertests_apk UnderlyingNetworks: Null] ]
09-10 14:54:03.261 583 910 D MultiInternetWifiNetworkFactory: got request NetworkRequest [ REQUEST id=206, [ Capabilities: INTERNET&NOT_RESTRICTED&TRUSTED&NOT_VCN_MANAGED&NOT_BANDWIDTH_CONSTRAINED Uid: 10208 RequestorUid: 10208 RequestorPkg: org.chromium.content_browsertests_apk UnderlyingNetworks: Null] ]
09-10 14:54:03.261 583 910 D WifiNetworkFactory: got request NetworkRequest [ REQUEST id=206, [ Capabilities: INTERNET&NOT_RESTRICTED&TRUSTED&NOT_VCN_MANAGED&NOT_BANDWIDTH_CONSTRAINED Uid: 10208 RequestorUid: 10208 RequestorPkg: org.chromium.content_browsertests_apk UnderlyingNetworks: Null] ]
09-10 14:54:03.261 583 910 D UntrustedWifiNetworkFactory: got request NetworkRequest [ REQUEST id=206, [ Capabilities: INTERNET&NOT_RESTRICTED&TRUSTED&NOT_VCN_MANAGED&NOT_BANDWIDTH_CONSTRAINED Uid: 10208 RequestorUid: 10208 RequestorPkg: org.chromium.content_browsertests_apk UnderlyingNetworks: Null] ]
09-10 14:54:03.204 7641 7641 W ThreadPoolForeg: type=1400 audit(0.0:63): avc: denied { ioctl } for path=2F73746F726167652F656D756C617465642F302F6368726F6D69756D5F74657374735F726F6F742F636F6E74656E745F7368656C6C2F5368617265642044696374696F6E6172792F6462 dev="fuse" ino=148191 ioctlcmd=0xf50c scontext=u:r:untrusted_app:s0:c208,c256,c512,c768 tcontext=u:object_r:fuse:s0 tclass=file permissive=0 app=org.chromium.content_browsertests_apk
09-10 14:54:03.269 583 601 I Telecom : TelecomServiceImpl$1: isInEmergencyCall: false: TSI.iIEC@ARs🔒
09-10 14:54:03.273 1255 1255 D BaseDepthController: setSurface:
09-10 14:54:03.273 1255 1255 D BaseDepthController: mWaitingOnSurfaceValidity: false
09-10 14:54:03.273 1255 1255 D BaseDepthController: mSurface: null
09-10 14:54:03.273 7641 7641 D AutofillManager: notifyViewReadyInner:1073741824
09-10 14:54:03.273 1255 1255 D BaseDepthController: mSurface is null and mCurrentBlur is: 0
09-10 14:54:03.275 381 381 I netd : tetherGetStats() -> {[]} <2.48ms>
09-10 14:54:03.277 1255 1255 D StateManager: goToState - fromState: Normal, toState: Normal, partial trace:
09-10 14:54:03.277 1255 1255 D StateManager: at com.android.launcher3.statemanager.StateManager.moveToRestState(go/retraceme 31f9979659277bb965985aff1272c33e3c3c9e755b77166d20a2465454178f2c:4)
09-10 14:54:03.277 1255 1255 D StateManager: at com.android.launcher3.statemanager.StateManager.moveToRestState(go/retraceme 31f9979659277bb965985aff1272c33e3c3c9e755b77166d20a2465454178f2c:1)
09-10 14:54:03.277 1255 1255 D StateManager: at com.android.launcher3.statemanager.StatefulActivity.onStop(go/retraceme 31f9979659277bb965985aff1272c33e3c3c9e755b77166d20a2465454178f2c:34)
09-10 14:54:03.277 1255 1255 D StatsLog: LAUNCHER_ONSTOP
09-10 14:54:03.278 583 1083 I AppWidgetServiceImpl: setAppWidgetHidden() 0
09-10 14:54:03.283 1255 1255 D StatsLog: LAUNCHER_GOOGLE_SEARCH_RESTORE_LIST_SIZE_AFTER_ACTIVITY_RESTART
09-10 14:54:03.283 1255 1255 D NexusLauncherModelDelegate: notifySmartspaceEvent: SmartspaceTargetEvent{mSmartspaceTarget=null, mSmartspaceActionId='null', mEventType=7}
09-10 14:54:03.284 1255 2183 D OneSearchSuggestProvider: Shut down the binder channel
09-10 14:54:03.284 1255 1255 D NexusLauncherModelDelegate: notifySmartspaceEvent: SmartspaceTargetEvent{mSmartspaceTarget=null, mSmartspaceActionId='null', mEventType=7}
09-10 14:54:03.286 1255 1323 I IPCThreadState: oneway function results for code 2 on binder at 0x79edbcb8a0e0 will be dropped but finished with status UNKNOWN_TRANSACTION
09-10 14:54:03.294 3955 3955 I GoogleInputMethodService: GoogleInputMethodService.onFinishInput():3157
09-10 14:54:03.301 992 1091 W FrameTracker: Missed App frame:UNKNOWN: 24, 49174, 0, CUJ=J<SPLASHSCREEN_EXIT_ANIM>
09-10 14:54:03.301 992 1091 W FrameTracker: Missed SF frame:UNKNOWN: 24, 49174, 0, CUJ=J<SPLASHSCREEN_EXIT_ANIM>
09-10 14:54:03.301 992 1091 W FrameTracker: Missing HWUI jank callback for vsyncId: 49174, CUJ=J<SPLASHSCREEN_EXIT_ANIM>
09-10 14:54:03.301 992 1091 W FrameTracker: Missed SF frame:UNKNOWN: 80, 49203, 0, CUJ=J<SPLASHSCREEN_EXIT_ANIM>
09-10 14:54:03.301 992 1091 W FrameTracker: Missing HWUI jank callback for vsyncId: 49203, CUJ=J<SPLASHSCREEN_EXIT_ANIM>
09-10 14:54:03.301 992 1091 W FrameTracker: Missed App frame:UNKNOWN: 88, 49218, 67053908, CUJ=J<SPLASHSCREEN_EXIT_ANIM>
09-10 14:54:03.301 992 1091 W FrameTracker: Missed SF frame:UNKNOWN: 88, 49218, 67053908, CUJ=J<SPLASHSCREEN_EXIT_ANIM>
09-10 14:54:03.301 992 1091 W FrameTracker: Missed App frame:UNKNOWN: 74, 49233, 73854377, CUJ=J<SPLASHSCREEN_EXIT_ANIM>
09-10 14:54:03.301 992 1091 W FrameTracker: Missed SF frame:UNKNOWN: 74, 49233, 73854377, CUJ=J<SPLASHSCREEN_EXIT_ANIM>
09-10 14:54:03.301 992 1091 W FrameTracker: Missed App frame:UNKNOWN: 88, 49248, 83527784, CUJ=J<SPLASHSCREEN_EXIT_ANIM>
09-10 14:54:03.301 992 1091 W FrameTracker: Missed SF frame:UNKNOWN: 88, 49248, 83527784, CUJ=J<SPLASHSCREEN_EXIT_ANIM>
09-10 14:54:03.301 992 1091 W FrameTracker: Missed App frame:UNKNOWN: 72, 49270, 86455298, CUJ=J<SPLASHSCREEN_EXIT_ANIM>
09-10 14:54:03.301 992 1091 W FrameTracker: Missed App frame:UNKNOWN: 88, 49285, 105762031, CUJ=J<SPLASHSCREEN_EXIT_ANIM>
09-10 14:54:03.301 992 1091 W FrameTracker: Missed SF frame:UNKNOWN: 88, 49285, 105762031, CUJ=J<SPLASHSCREEN_EXIT_ANIM>
09-10 14:54:03.301 992 1091 W FrameTracker: Missed App frame:UNKNOWN: 72, 49307, 107160475, CUJ=J<SPLASHSCREEN_EXIT_ANIM>
09-10 14:54:03.301 992 1091 W FrameTracker: Missed App frame:UNKNOWN: 74, 49336, 103869659, CUJ=J<SPLASHSCREEN_EXIT_ANIM>
09-10 14:54:03.301 992 1091 W FrameTracker: Missed SF frame:UNKNOWN: 74, 49336, 103869659, CUJ=J<SPLASHSCREEN_EXIT_ANIM>
09-10 14:54:03.302 992 1067 V PerfettoTrigger: Not triggering com.android.telemetry.interaction-jank-monitor-39 - not enough time since last trigger
09-10 14:54:03.302 3955 3955 I GoogleInputMethodService: GoogleInputMethodService.updateDeviceLockedStatus():2248 repeatCheckTimes = 0, locked = false
09-10 14:54:03.303 3955 3955 I GoogleInputMethodService: GoogleInputMethodService.onStartInput():1986 onStartInput(EditorInfo{EditorInfo{packageName=org.chromium.content_browsertests_apk, inputType=0, inputTypeString=NULL, enableLearning=false, autoCorrection=false, autoComplete=false, imeOptions=12000000, privateImeOptions=null, actionName=UNSPECIFIED, actionLabel=null, initialSelStart=-1, initialSelEnd=-1, initialCapsMode=0, label=null, fieldId=0, fieldName=null, extras=null, hintText=null, hintLocales=[]}}, false)
09-10 14:54:03.304 3955 3955 I GoogleInputMethodService: GoogleInputMethodService.updateDeviceLockedStatus():2248 repeatCheckTimes = 1, locked = false
09-10 14:54:03.305 3955 3955 I AndroidIME: InputBundleManager.loadActiveInputBundleId():450 loadActiveInputBundleId: und-Latn-x-password, password
09-10 14:54:03.306 583 1810 W PackageConfigPersister: App-specific configuration not found for packageName: org.chromium.content_browsertests_apk and userId: 0
09-10 14:54:03.318 1515 5199 W MediaProvider: isAppCloneUserPair for user 0: false
09-10 14:54:03.364 1255 1927 D EGL_emulation: app_time_stats: avg=745.62ms min=42.66ms max=1448.59ms count=2
09-10 14:54:03.371 583 1832 V GrammaticalInflectionUtils: AttributionSource: AttributionSource { uid = 10208, packageName = null, attributionTag = null, token = android.os.Binder@7b78a50, deviceId = 0, next = null } does not have READ_SYSTEM_GRAMMATICAL_GENDER permission.
09-10 14:54:03.397 382 382 D Zygote : Forked child process 7687
09-10 14:54:03.404 583 617 I ActivityManager: Start proc 7687:org.chromium.content_browsertests_apk:privileged_process0/u0a208 for service {org.chromium.content_browsertests_apk/org.chromium.content.app.PrivilegedProcessService0}
09-10 14:54:03.405 7641 7677 W cr_media: BLUETOOTH_CONNECT permission is missing.
09-10 14:54:03.433 7641 7677 W cr_media: getBluetoothAdapter() requires BLUETOOTH permission
09-10 14:54:03.434 7641 7677 W cr_media: registerBluetoothIntentsIfNeeded: Requires BLUETOOTH permission
09-10 14:54:03.449 1515 5199 W MediaProvider: isAppCloneUserPair for user 0: false
09-10 14:54:03.469 7641 7641 I WindowExtensionsImpl: Initializing Window Extensions, vendor API level=6, activity embedding enabled=true
09-10 14:54:03.470 7687 7687 I ileged_process0: Using CollectorTypeCMC GC.
09-10 14:54:03.472 7687 7687 W ileged_process0: Unexpected CPU variant for x86: x86_64.
09-10 14:54:03.472 7687 7687 W ileged_process0: Known variants: atom, sandybridge, silvermont, goldmont, goldmont-plus, goldmont-without-sha-xsaves, tremont, kabylake, default
09-10 14:54:03.476 1515 4876 W MediaProvider: isAppCloneUserPair for user 0: false
09-10 14:54:03.482 7687 7687 E ileged_process0: Not starting debugger since process cannot load the jdwp agent.
09-10 14:54:03.521 992 1139 D EGL_emulation: app_time_stats: avg=149.63ms min=9.55ms max=1223.26ms count=9
09-10 14:54:03.526 1515 1803 W MediaProvider: isAppCloneUserPair for user 0: false
09-10 14:54:03.534 7687 7687 D nativeloader: Load libframework-connectivity-tiramisu-jni.so using APEX ns com_android_tethering for caller /apex/com.android.tethering/javalib/framework-connectivity-t.jar: ok
09-10 14:54:03.536 583 1810 V GrammaticalInflectionUtils: AttributionSource: AttributionSource { uid = 99049, packageName = null, attributionTag = null, token = android.os.Binder@7b78a50, deviceId = 0, next = null } does not have READ_SYSTEM_GRAMMATICAL_GENDER permission.
09-10 14:54:03.542 583 1810 V GrammaticalInflectionUtils: AttributionSource: AttributionSource { uid = 99050, packageName = null, attributionTag = null, token = android.os.Binder@7b78a50, deviceId = 0, next = null } does not have READ_SYSTEM_GRAMMATICAL_GENDER permission.
09-10 14:54:03.557 382 382 D Zygote : Forked child process 7697
09-10 14:54:03.561 583 617 I ActivityManager: Start proc 7697:org.chromium.content_browsertests_apk:sandboxed_process0:org.chromium.content.app.SandboxedProcessService0:0/u0i49 for service {org.chromium.content_browsertests_apk/org.chromium.content.app.SandboxedProcessService0:0}
09-10 14:54:03.567 1515 7638 W MediaProvider: isAppCloneUserPair for user 0: false
09-10 14:54:03.581 382 382 D Zygote : Forked child process 7698
09-10 14:54:03.583 583 617 I ActivityManager: Start proc 7698:org.chromium.content_browsertests_apk:sandboxed_process0:org.chromium.content.app.SandboxedProcessService0:1/u0i50 for service {org.chromium.content_browsertests_apk/org.chromium.content.app.SandboxedProcessService0:1}
09-10 14:54:03.585 1515 2614 W MediaProvider: isAppCloneUserPair for user 0: false
09-10 14:54:03.591 7697 7697 I ocessService0:0: Using CollectorTypeCMC GC.
09-10 14:54:03.592 7697 7697 W ocessService0:0: Unexpected CPU variant for x86: x86_64.
09-10 14:54:03.592 7697 7697 W ocessService0:0: Known variants: atom, sandybridge, silvermont, goldmont, goldmont-plus, goldmont-without-sha-xsaves, tremont, kabylake, default
09-10 14:54:03.593 1515 1802 W MediaProvider: isAppCloneUserPair for user 0: false
09-10 14:54:03.595 7697 7697 E ocessService0:0: Not starting debugger since process cannot load the jdwp agent.
09-10 14:54:03.598 7698 7698 I ocessService0:1: Using CollectorTypeCMC GC.
09-10 14:54:03.599 7698 7698 W ocessService0:1: Unexpected CPU variant for x86: x86_64.
09-10 14:54:03.599 7698 7698 W ocessService0:1: Known variants: atom, sandybridge, silvermont, goldmont, goldmont-plus, goldmont-without-sha-xsaves, tremont, kabylake, default
09-10 14:54:03.600 1515 5201 W MediaProvider: isAppCloneUserPair for user 0: false
09-10 14:54:03.602 7698 7698 E ocessService0:1: Not starting debugger since process cannot load the jdwp agent.
09-10 14:54:03.607 7697 7697 D nativeloader: Load libframework-connectivity-tiramisu-jni.so using APEX ns com_android_tethering for caller /apex/com.android.tethering/javalib/framework-connectivity-t.jar: ok
09-10 14:54:03.609 7698 7698 D nativeloader: Load libframework-connectivity-tiramisu-jni.so using APEX ns com_android_tethering for caller /apex/com.android.tethering/javalib/framework-connectivity-t.jar: ok
09-10 14:54:03.610 1515 4876 W MediaProvider: isAppCloneUserPair for user 0: false
09-10 14:54:03.625 7687 7687 D ApplicationLoaders: Returning zygote-cached class loader: /system/framework/android.test.base.jar
09-10 14:54:03.633 7687 7687 D nativeloader: Configuring clns-7 for other apk /system/framework/android.test.mock.jar. target_sdk_version=35, uses_libraries=ALL, library_path=/data/app/~~Qgn2wqEAvH79GiouluTyOA==/org.chromium.content_browsertests_apk-RchFo_8uzwLoY5jHIGStww==/lib/x86_64:/data/app/~~Qgn2wqEAvH79GiouluTyOA==/org.chromium.content_browsertests_apk-RchFo_8uzwLoY5jHIGStww==/base.apk!/lib/x86_64, permitted_path=/data:/mnt/expand:/data/user/0/org.chromium.content_browsertests_apk
09-10 14:54:03.645 7687 7687 D ApplicationLoaders: Returning zygote-cached class loader: /system/framework/android.test.base.jar
09-10 14:54:03.942 0 0 W servicemanager: Isolated app with UID 99049 requested 'network_management', but the service is not allowed for isolated apps.
09-10 14:54:03.647 1515 2614 W MediaProvider: isAppCloneUserPair for user 0: false
09-10 14:54:03.651 1515 1803 W MediaProvider: isAppCloneUserPair for user 0: false
09-10 14:54:03.651 7697 7697 D ApplicationLoaders: Returning zygote-cached class loader: /system/framework/android.test.base.jar
09-10 14:54:03.653 7697 7697 D nativeloader: Configuring clns-7 for other apk /system/framework/android.test.mock.jar. target_sdk_version=35, uses_libraries=ALL, library_path=/data/app/~~Qgn2wqEAvH79GiouluTyOA==/org.chromium.content_browsertests_apk-RchFo_8uzwLoY5jHIGStww==/lib/x86_64:/data/app/~~Qgn2wqEAvH79GiouluTyOA==/org.chromium.content_browsertests_apk-RchFo_8uzwLoY5jHIGStww==/base.apk!/lib/x86_64, permitted_path=/data:/mnt/expand:/data/user/0/org.chromium.content_browsertests_apk
09-10 14:54:03.654 7697 7697 D ApplicationLoaders: Returning zygote-cached class loader: /system/framework/android.test.base.jar
09-10 14:54:03.657 7687 7687 D nativeloader: Configuring clns-8 for other apk /system/framework/android.test.runner.jar. target_sdk_version=35, uses_libraries=ALL, library_path=/data/app/~~Qgn2wqEAvH79GiouluTyOA==/org.chromium.content_browsertests_apk-RchFo_8uzwLoY5jHIGStww==/lib/x86_64:/data/app/~~Qgn2wqEAvH79GiouluTyOA==/org.chromium.content_browsertests_apk-RchFo_8uzwLoY5jHIGStww==/base.apk!/lib/x86_64, permitted_path=/data:/mnt/expand:/data/user/0/org.chromium.content_browsertests_apk
09-10 14:54:03.657 7687 7687 D ApplicationLoaders: Returning zygote-cached class loader: /system_ext/framework/androidx.window.extensions.jar
09-10 14:54:03.659 7697 7697 D nativeloader: Configuring clns-8 for other apk /system/framework/android.test.runner.jar. target_sdk_version=35, uses_libraries=ALL, library_path=/data/app/~~Qgn2wqEAvH79GiouluTyOA==/org.chromium.content_browsertests_apk-RchFo_8uzwLoY5jHIGStww==/lib/x86_64:/data/app/~~Qgn2wqEAvH79GiouluTyOA==/org.chromium.content_browsertests_apk-RchFo_8uzwLoY5jHIGStww==/base.apk!/lib/x86_64, permitted_path=/data:/mnt/expand:/data/user/0/org.chromium.content_browsertests_apk
09-10 14:54:03.660 7697 7697 D ApplicationLoaders: Returning zygote-cached class loader: /system_ext/framework/androidx.window.extensions.jar
09-10 14:54:03.661 7698 7698 D ApplicationLoaders: Returning zygote-cached class loader: /system/framework/android.test.base.jar
09-10 14:54:03.662 7697 7697 D nativeloader: Configuring clns-9 for other apk /data/app/~~Qgn2wqEAvH79GiouluTyOA==/org.chromium.content_browsertests_apk-RchFo_8uzwLoY5jHIGStww==/base.apk. target_sdk_version=35, uses_libraries=, library_path=/data/app/~~Qgn2wqEAvH79GiouluTyOA==/org.chromium.content_browsertests_apk-RchFo_8uzwLoY5jHIGStww==/lib/x86_64:/data/app/~~Qgn2wqEAvH79GiouluTyOA==/org.chromium.content_browsertests_apk-RchFo_8uzwLoY5jHIGStww==/base.apk!/lib/x86_64, permitted_path=/data:/mnt/expand:/data/user/0/org.chromium.content_browsertests_apk
09-10 14:54:03.954 0 0 W servicemanager: Isolated app with UID 99050 requested 'network_management', but the service is not allowed for isolated apps.
09-10 14:54:03.664 7697 7697 D CompatChangeReporter: Compat change id reported: 202956589; UID 99049; state: ENABLED
09-10 14:54:03.664 7698 7698 D nativeloader: Configuring clns-7 for other apk /system/framework/android.test.mock.jar. target_sdk_version=35, uses_libraries=ALL, library_path=/data/app/~~Qgn2wqEAvH79GiouluTyOA==/org.chromium.content_browsertests_apk-RchFo_8uzwLoY5jHIGStww==/lib/x86_64:/data/app/~~Qgn2wqEAvH79GiouluTyOA==/org.chromium.content_browsertests_apk-RchFo_8uzwLoY5jHIGStww==/base.apk!/lib/x86_64, permitted_path=/data:/mnt/expand:/data/user/0/org.chromium.content_browsertests_apk
09-10 14:54:03.665 7698 7698 D ApplicationLoaders: Returning zygote-cached class loader: /system/framework/android.test.base.jar
09-10 14:54:03.668 7687 7687 D nativeloader: Configuring clns-9 for other apk /data/app/~~Qgn2wqEAvH79GiouluTyOA==/org.chromium.content_browsertests_apk-RchFo_8uzwLoY5jHIGStww==/base.apk. target_sdk_version=35, uses_libraries=, library_path=/data/app/~~Qgn2wqEAvH79GiouluTyOA==/org.chromium.content_browsertests_apk-RchFo_8uzwLoY5jHIGStww==/lib/x86_64:/data/app/~~Qgn2wqEAvH79GiouluTyOA==/org.chromium.content_browsertests_apk-RchFo_8uzwLoY5jHIGStww==/base.apk!/lib/x86_64, permitted_path=/data:/mnt/expand:/data/user/0/org.chromium.content_browsertests_apk
09-10 14:54:03.668 7687 7687 D CompatChangeReporter: Compat change id reported: 202956589; UID 10208; state: ENABLED
09-10 14:54:03.670 7698 7698 D nativeloader: Configuring clns-8 for other apk /system/framework/android.test.runner.jar. target_sdk_version=35, uses_libraries=ALL, library_path=/data/app/~~Qgn2wqEAvH79GiouluTyOA==/org.chromium.content_browsertests_apk-RchFo_8uzwLoY5jHIGStww==/lib/x86_64:/data/app/~~Qgn2wqEAvH79GiouluTyOA==/org.chromium.content_browsertests_apk-RchFo_8uzwLoY5jHIGStww==/base.apk!/lib/x86_64, permitted_path=/data:/mnt/expand:/data/user/0/org.chromium.content_browsertests_apk
09-10 14:54:03.671 7698 7698 D ApplicationLoaders: Returning zygote-cached class loader: /system_ext/framework/androidx.window.extensions.jar
09-10 14:54:03.674 7698 7698 D nativeloader: Configuring clns-9 for other apk /data/app/~~Qgn2wqEAvH79GiouluTyOA==/org.chromium.content_browsertests_apk-RchFo_8uzwLoY5jHIGStww==/base.apk. target_sdk_version=35, uses_libraries=, library_path=/data/app/~~Qgn2wqEAvH79GiouluTyOA==/org.chromium.content_browsertests_apk-RchFo_8uzwLoY5jHIGStww==/lib/x86_64:/data/app/~~Qgn2wqEAvH79GiouluTyOA==/org.chromium.content_browsertests_apk-RchFo_8uzwLoY5jHIGStww==/base.apk!/lib/x86_64, permitted_path=/data:/mnt/expand:/data/user/0/org.chromium.content_browsertests_apk
09-10 14:54:03.679 7698 7698 D CompatChangeReporter: Compat change id reported: 202956589; UID 99050; state: ENABLED
09-10 14:54:03.681 7687 7687 V GraphicsEnvironment: Currently set values for:
09-10 14:54:03.681 7687 7687 V GraphicsEnvironment: angle_gl_driver_selection_pkgs=[]
09-10 14:54:03.681 7687 7687 V GraphicsEnvironment: angle_gl_driver_selection_values=[]
09-10 14:54:03.681 7687 7687 V GraphicsEnvironment: Global.Settings values are invalid: number of packages: 0, number of values: 0
09-10 14:54:03.681 7687 7687 V GraphicsEnvironment: Neither updatable production driver nor prerelease driver is supported.
09-10 14:54:03.976 0 0 W servicemanager: Isolated app with UID 99049 requested 'connectivity', but the service is not allowed for isolated apps.
09-10 14:54:03.984 0 0 W servicemanager: Isolated app with UID 99050 requested 'connectivity', but the service is not allowed for isolated apps.
09-10 14:54:03.690 1515 5199 W MediaProvider: isAppCloneUserPair for user 0: false
09-10 14:54:03.996 0 0 W servicemanager: Isolated app with UID 99049 requested 'content_capture', but the service is not allowed for isolated apps.
09-10 14:54:04.000 0 0 W servicemanager: Isolated app with UID 99050 requested 'content_capture', but the service is not allowed for isolated apps.
09-10 14:54:03.705 7697 7697 I cr_ChildProcessService: Creating new ChildProcessService pid=7697
09-10 14:54:03.706 7687 7687 I cr_ChildProcessService: Creating new ChildProcessService pid=7687
09-10 14:54:03.710 7698 7698 I cr_ChildProcessService: Creating new ChildProcessService pid=7698
09-10 14:54:03.713 1515 5202 W MediaProvider: isAppCloneUserPair for user 0: false
09-10 14:54:03.716 7697 7721 D nativeloader: Load /data/app/~~Qgn2wqEAvH79GiouluTyOA==/org.chromium.content_browsertests_apk-RchFo_8uzwLoY5jHIGStww==/lib/x86_64/libtest_trace_processor.so using ns clns-9 from class loader (caller=/data/app/~~Qgn2wqEAvH79GiouluTyOA==/org.chromium.content_browsertests_apk-RchFo_8uzwLoY5jHIGStww==/base.apk): ok
09-10 14:54:03.717 7698 7723 D nativeloader: Load /data/app/~~Qgn2wqEAvH79GiouluTyOA==/org.chromium.content_browsertests_apk-RchFo_8uzwLoY5jHIGStww==/lib/x86_64/libtest_trace_processor.so using ns clns-9 from class loader (caller=/data/app/~~Qgn2wqEAvH79GiouluTyOA==/org.chromium.content_browsertests_apk-RchFo_8uzwLoY5jHIGStww==/base.apk): ok
09-10 14:54:03.719 7687 7722 D nativeloader: Load /data/app/~~Qgn2wqEAvH79GiouluTyOA==/org.chromium.content_browsertests_apk-RchFo_8uzwLoY5jHIGStww==/lib/x86_64/libtest_trace_processor.so using ns clns-9 from class loader (caller=/data/app/~~Qgn2wqEAvH79GiouluTyOA==/org.chromium.content_browsertests_apk-RchFo_8uzwLoY5jHIGStww==/base.apk): ok
09-10 14:54:03.733 1515 4876 W MediaProvider: isAppCloneUserPair for user 0: false
09-10 14:54:03.736 1515 2614 W MediaProvider: isAppCloneUserPair for user 0: false
09-10 14:54:03.740 1515 5888 W MediaProvider: isAppCloneUserPair for user 0: false
09-10 14:54:03.747 1515 5199 W MediaProvider: isAppCloneUserPair for user 0: false
09-10 14:54:03.768 1515 7638 W MediaProvider: isAppCloneUserPair for user 0: false
09-10 14:54:03.783 7698 7723 D nativeloader: Load /data/app/~~Qgn2wqEAvH79GiouluTyOA==/org.chromium.content_browsertests_apk-RchFo_8uzwLoY5jHIGStww==/lib/x86_64/libcontent_browsertests__library.so using ns clns-9 from class loader (caller=/data/app/~~Qgn2wqEAvH79GiouluTyOA==/org.chromium.content_browsertests_apk-RchFo_8uzwLoY5jHIGStww==/base.apk): ok
09-10 14:54:03.785 7698 7723 I cr_LibraryLoader: Successfully loaded native library
09-10 14:54:03.786 7698 7723 I cr_CachingUmaRecorder: Flushed 2 samples from 2 histograms, 0 samples were dropped.
09-10 14:54:03.786 7687 7722 D nativeloader: Load /data/app/~~Qgn2wqEAvH79GiouluTyOA==/org.chromium.content_browsertests_apk-RchFo_8uzwLoY5jHIGStww==/lib/x86_64/libcontent_browsertests__library.so using ns clns-9 from class loader (caller=/data/app/~~Qgn2wqEAvH79GiouluTyOA==/org.chromium.content_browsertests_apk-RchFo_8uzwLoY5jHIGStww==/base.apk): ok
09-10 14:54:03.788 7687 7722 I cr_LibraryLoader: Successfully loaded native library
09-10 14:54:03.789 7687 7722 I cr_CachingUmaRecorder: Flushed 2 samples from 2 histograms, 0 samples were dropped.
09-10 14:54:03.797 7697 7721 D nativeloader: Load /data/app/~~Qgn2wqEAvH79GiouluTyOA==/org.chromium.content_browsertests_apk-RchFo_8uzwLoY5jHIGStww==/lib/x86_64/libcontent_browsertests__library.so using ns clns-9 from class loader (caller=/data/app/~~Qgn2wqEAvH79GiouluTyOA==/org.chromium.content_browsertests_apk-RchFo_8uzwLoY5jHIGStww==/base.apk): ok
09-10 14:54:03.801 7697 7721 I cr_LibraryLoader: Successfully loaded native library
09-10 14:54:03.802 7698 7723 W SystemServiceRegistry: No service published for: uimode
09-10 14:54:04.095 0 0 W servicemanager: Isolated app with UID 99050 requested 'uimode', but the service is not allowed for isolated apps.
09-10 14:54:03.803 7697 7721 I cr_CachingUmaRecorder: Flushed 2 samples from 2 histograms, 0 samples were dropped.
09-10 14:54:04.131 0 0 W servicemanager: Isolated app with UID 99049 requested 'uimode', but the service is not allowed for isolated apps.
09-10 14:54:03.841 3670 4141 I FontLog : Received query name=Google Sans&weight=700&besteffort=false, URI content://com.google.android.gms.fonts [CONTEXT service_id=132 ]
09-10 14:54:03.841 3670 4141 I FontLog : Query [name=Google Sans&weight=700&besteffort=false] resolved to {Google Sans, wdth 100.0, wght 700, ital 0.0, bestEffort false} [CONTEXT service_id=132 ]
09-10 14:54:03.843 7697 7721 W SystemServiceRegistry: No service published for: uimode
09-10 14:54:03.848 3670 4141 I FontLog : Font PFD returned from cache for {Google Sans, wdth 100.0, wght 700, ital 0.0, bestEffort false} [CONTEXT service_id=132 ]
09-10 14:54:03.848 3670 4141 I FontLog : Fetch {Google Sans, wdth 100.0, wght 700, ital 0.0, bestEffort false} end status Status{statusCode=SUCCESS, resolution=null} [CONTEXT service_id=132 ]
09-10 14:54:03.865 7687 7722 I EGL_emulation: Opening libGLESv1_CM_emulation.so
09-10 14:54:03.868 3670 4141 I FontLog : Pulling font file for id = 68, cache size = 64 [CONTEXT service_id=132 ]
09-10 14:54:03.868 7687 7722 I EGL_emulation: Opening libGLESv2_emulation.so
09-10 14:54:03.875 3670 4141 I FontLog : Received query name=Noto Color Emoji Compat&weight=400&besteffort=false, URI content://com.google.android.gms.fonts [CONTEXT service_id=132 ]
09-10 14:54:03.875 3670 4141 I FontLog : Query [name=Noto Color Emoji Compat&weight=400&besteffort=false] resolved to {Noto Color Emoji Compat, wdth 100.0, wght 400, ital 0.0, bestEffort false} [CONTEXT service_id=132 ]
09-10 14:54:03.880 381 7736 I resolv : GetAddrInfoHandler::run: {0 786432 0 983040 10144 0}
09-10 14:54:03.885 1515 7638 W MediaProvider: isAppCloneUserPair for user 0: false
09-10 14:54:03.886 1515 5888 W MediaProvider: isAppCloneUserPair for user 0: false
09-10 14:54:03.888 7687 7722 E EGL_emulation: eglCreateContext: EGL_BAD_CONFIG: no ES 3.2 support
09-10 14:54:03.889 7687 7722 E EGL_emulation: tid 7722: eglCreateContext(1830): error 0x3005 (EGL_BAD_CONFIG)
09-10 14:54:03.889 7687 7722 E EGL_emulation: eglCreateContext: EGL_BAD_CONFIG: no ES 3.1 support
09-10 14:54:03.890 7687 7722 E EGL_emulation: tid 7722: eglCreateContext(1824): error 0x3005 (EGL_BAD_CONFIG)
09-10 14:54:03.894 1515 1685 E StorageManager: Failed to open /storage/emulated/0/chromium_tests_root/content_shell/GPUCache/index-dir/temp-index to set project id.: No such file or directory
09-10 14:54:03.896 1515 1685 W MediaProvider: Failed to update quota type for /storage/emulated/0/chromium_tests_root/content_shell/GPUCache/index-dir/temp-index
09-10 14:54:03.896 1515 1685 W MediaProvider: java.io.IOException: Failed to update quota type for /storage/emulated/0/chromium_tests_root/content_shell/GPUCache/index-dir/temp-index
09-10 14:54:03.896 1515 1685 W MediaProvider: at android.os.storage.StorageManager.updateExternalStorageFileQuotaType(StorageManager.java:2598)
09-10 14:54:03.896 1515 1685 W MediaProvider: at com.android.providers.media.MediaProvider.updateQuotaTypeForFileInternal(MediaProvider.java:976)
09-10 14:54:03.896 1515 1685 W MediaProvider: at com.android.providers.media.MediaProvider.updateQuotaTypeForUri(MediaProvider.java:951)
09-10 14:54:03.896 1515 1685 W MediaProvider: at com.android.providers.media.MediaProvider$5.lambda$onInsert$0(MediaProvider.java:1010)
09-10 14:54:03.896 1515 1685 W MediaProvider: at com.android.providers.media.MediaProvider$5.$r8$lambda$4KU7YPdO1inr9tOLVzprJ5YcfCE(MediaProvider.java:0)
09-10 14:54:03.896 1515 1685 W MediaProvider: at com.android.providers.media.MediaProvider$5$$ExternalSyntheticLambda2.run(R8$$SyntheticClass:0)
09-10 14:54:03.896 1515 1685 W MediaProvider: at android.os.Handler.handleCallback(Handler.java:959)
09-10 14:54:03.896 1515 1685 W MediaProvider: at android.os.Handler.dispatchMessage(Handler.java:100)
