09-10 14:53:49.779 583 910 D WifiNetworkFactory: got request NetworkRequest [ REQUEST id=194, [ Capabilities: INTERNET&NOT_RESTRICTED&TRUSTED&NOT_VCN_MANAGED&NOT_BANDWIDTH_CONSTRAINED Uid: 10208 RequestorUid: 10208 RequestorPkg: org.chromium.content_browsertests_apk UnderlyingNetworks: Null] ]
09-10 14:53:49.779 583 910 D UntrustedWifiNetworkFactory: got request NetworkRequest [ REQUEST id=194, [ Capabilities: INTERNET&NOT_RESTRICTED&TRUSTED&NOT_VCN_MANAGED&NOT_BANDWIDTH_CONSTRAINED Uid: 10208 RequestorUid: 10208 RequestorPkg: org.chromium.content_browsertests_apk UnderlyingNetworks: Null] ]
09-10 14:53:49.785 1515 5199 W MediaProvider: isAppCloneUserPair for user 0: false
09-10 14:53:49.793 583 679 I Telecom : TelecomServiceImpl$1: isInEmergencyCall: false: TSI.iIEC@ARc🔒
09-10 14:53:49.794 583 726 I ImeTracker: org.chromium.content_browsertests_apk:f1a76ad6: onRequestHide at ORIGIN_SERVER reason HIDE_UNSPECIFIED_WINDOW fromUser false
09-10 14:53:49.794 583 726 I ImeTracker: org.chromium.content_browsertests_apk:f1a76ad6: onCancelled at PHASE_SERVER_SHOULD_HIDE
09-10 14:53:49.801 7083 7083 D AutofillManager: notifyViewReadyInner:1073741824
09-10 14:53:49.792 7083 7083 W ThreadPoolForeg: type=1400 audit(0.0:57): avc: denied { ioctl } for path=2F73746F726167652F656D756C617465642F302F6368726F6D69756D5F74657374735F726F6F742F636F6E74656E745F7368656C6C2F5368617265642044696374696F6E6172792F6462 dev="fuse" ino=148194 ioctlcmd=0xf50c scontext=u:r:untrusted_app:s0:c208,c256,c512,c768 tcontext=u:object_r:fuse:s0 tclass=file permissive=0 app=org.chromium.content_browsertests_apk
09-10 14:53:49.836 3955 3955 I GoogleInputMethodService: GoogleInputMethodService.onFinishInput():3157
09-10 14:53:49.845 1255 1255 D BaseDepthController: setSurface:
09-10 14:53:49.845 1255 1255 D BaseDepthController: mWaitingOnSurfaceValidity: false
09-10 14:53:49.845 1255 1255 D BaseDepthController: mSurface: null
09-10 14:53:49.845 3955 3955 I GoogleInputMethodService: GoogleInputMethodService.updateDeviceLockedStatus():2248 repeatCheckTimes = 0, locked = false
09-10 14:53:49.845 1255 1255 D BaseDepthController: mSurface is null and mCurrentBlur is: 0
09-10 14:53:49.845 505 505 W IPCThreadState: Sending oneway calls to frozen process.
09-10 14:53:49.846 1255 1255 D StateManager: goToState - fromState: Normal, toState: Normal, partial trace:
09-10 14:53:49.846 1255 1255 D StateManager: at com.android.launcher3.statemanager.StateManager.moveToRestState(go/retraceme 31f9979659277bb965985aff1272c33e3c3c9e755b77166d20a2465454178f2c:4)
09-10 14:53:49.846 1255 1255 D StateManager: at com.android.launcher3.statemanager.StateManager.moveToRestState(go/retraceme 31f9979659277bb965985aff1272c33e3c3c9e755b77166d20a2465454178f2c:1)
09-10 14:53:49.846 1255 1255 D StateManager: at com.android.launcher3.statemanager.StatefulActivity.onStop(go/retraceme 31f9979659277bb965985aff1272c33e3c3c9e755b77166d20a2465454178f2c:34)
09-10 14:53:49.847 1255 1255 D StatsLog: LAUNCHER_ONSTOP
09-10 14:53:49.847 583 601 I AppWidgetServiceImpl: setAppWidgetHidden() 0
09-10 14:53:49.848 1255 1255 D StatsLog: LAUNCHER_GOOGLE_SEARCH_RESTORE_LIST_SIZE_AFTER_ACTIVITY_RESTART
09-10 14:53:49.848 1255 2183 D OneSearchSuggestProvider: Shut down the binder channel
09-10 14:53:49.848 1255 1255 D NexusLauncherModelDelegate: notifySmartspaceEvent: SmartspaceTargetEvent{mSmartspaceTarget=null, mSmartspaceActionId='null', mEventType=7}
09-10 14:53:49.849 992 1091 W WindowOnBackDispatcher: sendCancelIfRunning: isInProgress=false callback=android.view.ViewRootImpl$$ExternalSyntheticLambda11@2e19391
09-10 14:53:49.850 583 601 D CoreBackPreview: Window{a1972ec u0 Splash Screen org.chromium.content_browsertests_apk EXITING}: Setting back callback null
09-10 14:53:49.851 583 1812 W InputManager-JNI: Input channel object 'a1972ec Splash Screen org.chromium.content_browsertests_apk (client)' was disposed without first being removed with the input manager!
09-10 14:53:49.854 1255 1255 D NexusLauncherModelDelegate: notifySmartspaceEvent: SmartspaceTargetEvent{mSmartspaceTarget=null, mSmartspaceActionId='null', mEventType=7}
09-10 14:53:49.856 1255 5027 I IPCThreadState: oneway function results for code 2 on binder at 0x79edbcb85a00 will be dropped but finished with status UNKNOWN_TRANSACTION
09-10 14:53:49.865 381 381 I netd : tetherGetStats() -> {[]} <0.96ms>
09-10 14:53:49.866 3955 3955 I GoogleInputMethodService: GoogleInputMethodService.onStartInput():1986 onStartInput(EditorInfo{EditorInfo{packageName=org.chromium.content_browsertests_apk, inputType=0, inputTypeString=NULL, enableLearning=false, autoCorrection=false, autoComplete=false, imeOptions=12000000, privateImeOptions=null, actionName=UNSPECIFIED, actionLabel=null, initialSelStart=-1, initialSelEnd=-1, initialCapsMode=0, label=null, fieldId=0, fieldName=null, extras=null, hintText=null, hintLocales=[]}}, false)
09-10 14:53:49.866 3955 3955 I GoogleInputMethodService: GoogleInputMethodService.updateDeviceLockedStatus():2248 repeatCheckTimes = 1, locked = false
09-10 14:53:49.871 3955 3955 I AndroidIME: InputBundleManager.loadActiveInputBundleId():450 loadActiveInputBundleId: und-Latn-x-password, password
09-10 14:53:49.872 583 2343 W PackageConfigPersister: App-specific configuration not found for packageName: org.chromium.content_browsertests_apk and userId: 0
09-10 14:53:49.900 583 2343 V GrammaticalInflectionUtils: AttributionSource: AttributionSource { uid = 10208, packageName = null, attributionTag = null, token = android.os.Binder@7b78a50, deviceId = 0, next = null } does not have READ_SYSTEM_GRAMMATICAL_GENDER permission.
09-10 14:53:49.901 992 1091 W FrameTracker: Missed SF frame:JANK_SURFACEFLINGER_DEADLINE_MISSED, 41111, 0, CUJ=J<SPLASHSCREEN_EXIT_ANIM>
09-10 14:53:49.901 992 1091 W FrameTracker: Missing HWUI jank callback for vsyncId: 41111, CUJ=J<SPLASHSCREEN_EXIT_ANIM>
09-10 14:53:49.901 992 1091 W FrameTracker: Missed App frame:UNKNOWN: 24, 41126, 0, CUJ=J<SPLASHSCREEN_EXIT_ANIM>
09-10 14:53:49.901 992 1091 W FrameTracker: Missed SF frame:UNKNOWN: 24, 41126, 0, CUJ=J<SPLASHSCREEN_EXIT_ANIM>
09-10 14:53:49.901 992 1091 W FrameTracker: Missing HWUI jank callback for vsyncId: 41126, CUJ=J<SPLASHSCREEN_EXIT_ANIM>
09-10 14:53:49.901 992 1091 W FrameTracker: Missed App frame:UNKNOWN: 72, 41140, 51647511, CUJ=J<SPLASHSCREEN_EXIT_ANIM>
09-10 14:53:49.901 992 1091 W FrameTracker: Missed App frame:UNKNOWN: 74, 41147, 57924160, CUJ=J<SPLASHSCREEN_EXIT_ANIM>
09-10 14:53:49.901 992 1091 W FrameTracker: Missed SF frame:UNKNOWN: 74, 41147, 57924160, CUJ=J<SPLASHSCREEN_EXIT_ANIM>
09-10 14:53:49.901 992 1091 W FrameTracker: Missed App frame:UNKNOWN: 88, 41155, 85976401, CUJ=J<SPLASHSCREEN_EXIT_ANIM>
09-10 14:53:49.901 992 1091 W FrameTracker: Missed SF frame:UNKNOWN: 88, 41155, 85976401, CUJ=J<SPLASHSCREEN_EXIT_ANIM>
09-10 14:53:49.901 992 1091 W FrameTracker: Missed App frame:UNKNOWN: 74, 41163, 0, CUJ=J<SPLASHSCREEN_EXIT_ANIM>
09-10 14:53:49.901 992 1091 W FrameTracker: Missed SF frame:UNKNOWN: 74, 41163, 0, CUJ=J<SPLASHSCREEN_EXIT_ANIM>
09-10 14:53:49.901 992 1091 W FrameTracker: Missing HWUI jank callback for vsyncId: 41163, CUJ=J<SPLASHSCREEN_EXIT_ANIM>
09-10 14:53:49.901 992 1091 W FrameTracker: Missed App frame:UNKNOWN: 72, 41171, 90376713, CUJ=J<SPLASHSCREEN_EXIT_ANIM>
09-10 14:53:49.901 992 1091 W FrameTracker: Missed App frame:UNKNOWN: 74, 41179, 0, CUJ=J<SPLASHSCREEN_EXIT_ANIM>
09-10 14:53:49.901 992 1091 W FrameTracker: Missed SF frame:UNKNOWN: 74, 41179, 0, CUJ=J<SPLASHSCREEN_EXIT_ANIM>
09-10 14:53:49.901 992 1091 W FrameTracker: Missing HWUI jank callback for vsyncId: 41179, CUJ=J<SPLASHSCREEN_EXIT_ANIM>
09-10 14:53:49.901 992 1091 W FrameTracker: Missed App frame:UNKNOWN: 74, 41187, 123415145, CUJ=J<SPLASHSCREEN_EXIT_ANIM>
09-10 14:53:49.901 992 1091 W FrameTracker: Missed SF frame:UNKNOWN: 74, 41187, 123415145, CUJ=J<SPLASHSCREEN_EXIT_ANIM>
09-10 14:53:49.901 992 1067 V PerfettoTrigger: Not triggering com.android.telemetry.interaction-jank-monitor-39 - not enough time since last trigger
09-10 14:53:49.907 1515 5199 W MediaProvider: isAppCloneUserPair for user 0: false
09-10 14:53:49.912 1515 5202 W MediaProvider: isAppCloneUserPair for user 0: false
09-10 14:53:49.917 7083 7120 W cr_media: BLUETOOTH_CONNECT permission is missing.
09-10 14:53:49.917 7083 7083 I WindowExtensionsImpl: Initializing Window Extensions, vendor API level=6, activity embedding enabled=true
09-10 14:53:49.918 1515 5888 W MediaProvider: isAppCloneUserPair for user 0: false
09-10 14:53:49.928 7083 7120 W cr_media: getBluetoothAdapter() requires BLUETOOTH permission
09-10 14:53:49.928 7083 7120 W cr_media: registerBluetoothIntentsIfNeeded: Requires BLUETOOTH permission
09-10 14:53:49.942 382 382 D Zygote : Forked child process 7131
09-10 14:53:49.942 583 617 I ActivityManager: Start proc 7131:org.chromium.content_browsertests_apk:privileged_process0/u0a208 for service {org.chromium.content_browsertests_apk/org.chromium.content.app.PrivilegedProcessService0}
09-10 14:53:49.979 7131 7131 I ileged_process0: Using CollectorTypeCMC GC.
09-10 14:53:49.980 7131 7131 W ileged_process0: Unexpected CPU variant for x86: x86_64.
09-10 14:53:49.980 7131 7131 W ileged_process0: Known variants: atom, sandybridge, silvermont, goldmont, goldmont-plus, goldmont-without-sha-xsaves, tremont, kabylake, default
09-10 14:53:49.989 7131 7131 E ileged_process0: Not starting debugger since process cannot load the jdwp agent.
09-10 14:53:50.000 7131 7131 D nativeloader: Load libframework-connectivity-tiramisu-jni.so using APEX ns com_android_tethering for caller /apex/com.android.tethering/javalib/framework-connectivity-t.jar: ok
09-10 14:53:50.006 1255 1927 D EGL_emulation: app_time_stats: avg=166.99ms min=1.70ms max=1268.12ms count=8
09-10 14:53:50.063 1515 4876 W MediaProvider: isAppCloneUserPair for user 0: false
09-10 14:53:50.077 1515 5197 W MediaProvider: isAppCloneUserPair for user 0: false
09-10 14:53:50.080 1515 1803 W MediaProvider: isAppCloneUserPair for user 0: false
09-10 14:53:50.085 1515 5201 W MediaProvider: isAppCloneUserPair for user 0: false
09-10 14:53:50.090 583 679 V GrammaticalInflectionUtils: AttributionSource: AttributionSource { uid = 99039, packageName = null, attributionTag = null, token = android.os.Binder@7b78a50, deviceId = 0, next = null } does not have READ_SYSTEM_GRAMMATICAL_GENDER permission.
09-10 14:53:50.109 382 382 D Zygote : Forked child process 7142
09-10 14:53:50.110 583 617 I ActivityManager: Start proc 7142:org.chromium.content_browsertests_apk:sandboxed_process0:org.chromium.content.app.SandboxedProcessService0:0/u0i39 for service {org.chromium.content_browsertests_apk/org.chromium.content.app.SandboxedProcessService0:0}
09-10 14:53:50.112 1515 5197 W MediaProvider: isAppCloneUserPair for user 0: false
09-10 14:53:50.113 992 1139 D EGL_emulation: app_time_stats: avg=119.56ms min=9.94ms max=994.42ms count=10
09-10 14:53:50.127 583 679 V GrammaticalInflectionUtils: AttributionSource: AttributionSource { uid = 99040, packageName = null, attributionTag = null, token = android.os.Binder@7b78a50, deviceId = 0, next = null } does not have READ_SYSTEM_GRAMMATICAL_GENDER permission.
09-10 14:53:50.131 7142 7142 I ocessService0:0: Using CollectorTypeCMC GC.
09-10 14:53:50.132 7142 7142 W ocessService0:0: Unexpected CPU variant for x86: x86_64.
09-10 14:53:50.132 7142 7142 W ocessService0:0: Known variants: atom, sandybridge, silvermont, goldmont, goldmont-plus, goldmont-without-sha-xsaves, tremont, kabylake, default
09-10 14:53:50.138 7142 7142 E ocessService0:0: Not starting debugger since process cannot load the jdwp agent.
09-10 14:53:50.148 7131 7131 D ApplicationLoaders: Returning zygote-cached class loader: /system/framework/android.test.base.jar
09-10 14:53:50.152 7131 7131 D nativeloader: Configuring clns-7 for other apk /system/framework/android.test.mock.jar. target_sdk_version=35, uses_libraries=ALL, library_path=/data/app/~~Qgn2wqEAvH79GiouluTyOA==/org.chromium.content_browsertests_apk-RchFo_8uzwLoY5jHIGStww==/lib/x86_64:/data/app/~~Qgn2wqEAvH79GiouluTyOA==/org.chromium.content_browsertests_apk-RchFo_8uzwLoY5jHIGStww==/base.apk!/lib/x86_64, permitted_path=/data:/mnt/expand:/data/user/0/org.chromium.content_browsertests_apk
09-10 14:53:50.153 7131 7131 D ApplicationLoaders: Returning zygote-cached class loader: /system/framework/android.test.base.jar
09-10 14:53:50.155 382 382 D Zygote : Forked child process 7145
09-10 14:53:50.155 583 617 I ActivityManager: Start proc 7145:org.chromium.content_browsertests_apk:sandboxed_process0:org.chromium.content.app.SandboxedProcessService0:1/u0i40 for service {org.chromium.content_browsertests_apk/org.chromium.content.app.SandboxedProcessService0:1}
09-10 14:53:50.160 1515 5197 W MediaProvider: isAppCloneUserPair for user 0: false
09-10 14:53:50.161 7131 7131 D nativeloader: Configuring clns-8 for other apk /system/framework/android.test.runner.jar. target_sdk_version=35, uses_libraries=ALL, library_path=/data/app/~~Qgn2wqEAvH79GiouluTyOA==/org.chromium.content_browsertests_apk-RchFo_8uzwLoY5jHIGStww==/lib/x86_64:/data/app/~~Qgn2wqEAvH79GiouluTyOA==/org.chromium.content_browsertests_apk-RchFo_8uzwLoY5jHIGStww==/base.apk!/lib/x86_64, permitted_path=/data:/mnt/expand:/data/user/0/org.chromium.content_browsertests_apk
09-10 14:53:50.162 7131 7131 D ApplicationLoaders: Returning zygote-cached class loader: /system_ext/framework/androidx.window.extensions.jar
09-10 14:53:50.162 1515 4876 W MediaProvider: isAppCloneUserPair for user 0: false
09-10 14:53:50.167 7131 7131 D nativeloader: Configuring clns-9 for other apk /data/app/~~Qgn2wqEAvH79GiouluTyOA==/org.chromium.content_browsertests_apk-RchFo_8uzwLoY5jHIGStww==/base.apk. target_sdk_version=35, uses_libraries=, library_path=/data/app/~~Qgn2wqEAvH79GiouluTyOA==/org.chromium.content_browsertests_apk-RchFo_8uzwLoY5jHIGStww==/lib/x86_64:/data/app/~~Qgn2wqEAvH79GiouluTyOA==/org.chromium.content_browsertests_apk-RchFo_8uzwLoY5jHIGStww==/base.apk!/lib/x86_64, permitted_path=/data:/mnt/expand:/data/user/0/org.chromium.content_browsertests_apk
09-10 14:53:50.168 7131 7131 D CompatChangeReporter: Compat change id reported: 202956589; UID 10208; state: ENABLED
09-10 14:53:50.183 1515 5199 W MediaProvider: isAppCloneUserPair for user 0: false
09-10 14:53:50.185 7145 7145 I ocessService0:1: Using CollectorTypeCMC GC.
09-10 14:53:50.186 1515 4568 W MediaProvider: isAppCloneUserPair for user 0: false
09-10 14:53:50.191 7145 7145 W ocessService0:1: Unexpected CPU variant for x86: x86_64.
09-10 14:53:50.191 7145 7145 W ocessService0:1: Known variants: atom, sandybridge, silvermont, goldmont, goldmont-plus, goldmont-without-sha-xsaves, tremont, kabylake, default
09-10 14:53:50.196 7145 7145 E ocessService0:1: Not starting debugger since process cannot load the jdwp agent.
09-10 14:53:50.206 7142 7142 D nativeloader: Load libframework-connectivity-tiramisu-jni.so using APEX ns com_android_tethering for caller /apex/com.android.tethering/javalib/framework-connectivity-t.jar: ok
09-10 14:53:50.233 7145 7145 D nativeloader: Load libframework-connectivity-tiramisu-jni.so using APEX ns com_android_tethering for caller /apex/com.android.tethering/javalib/framework-connectivity-t.jar: ok
09-10 14:53:50.236 7131 7131 V GraphicsEnvironment: Currently set values for:
09-10 14:53:50.236 7131 7131 V GraphicsEnvironment: angle_gl_driver_selection_pkgs=[]
09-10 14:53:50.236 7131 7131 V GraphicsEnvironment: angle_gl_driver_selection_values=[]
09-10 14:53:50.236 7131 7131 V GraphicsEnvironment: Global.Settings values are invalid: number of packages: 0, number of values: 0
09-10 14:53:50.236 7131 7131 V GraphicsEnvironment: Neither updatable production driver nor prerelease driver is supported.
09-10 14:53:50.254 7131 7131 I cr_ChildProcessService: Creating new ChildProcessService pid=7131
09-10 14:53:50.261 7131 7165 D nativeloader: Load /data/app/~~Qgn2wqEAvH79GiouluTyOA==/org.chromium.content_browsertests_apk-RchFo_8uzwLoY5jHIGStww==/lib/x86_64/libtest_trace_processor.so using ns clns-9 from class loader (caller=/data/app/~~Qgn2wqEAvH79GiouluTyOA==/org.chromium.content_browsertests_apk-RchFo_8uzwLoY5jHIGStww==/base.apk): ok
09-10 14:53:50.560 0 0 W servicemanager: Isolated app with UID 99040 requested 'network_management', but the service is not allowed for isolated apps.
09-10 14:53:50.267 7145 7145 D ApplicationLoaders: Returning zygote-cached class loader: /system/framework/android.test.base.jar
09-10 14:53:50.270 7145 7145 D nativeloader: Configuring clns-7 for other apk /system/framework/android.test.mock.jar. target_sdk_version=35, uses_libraries=ALL, library_path=/data/app/~~Qgn2wqEAvH79GiouluTyOA==/org.chromium.content_browsertests_apk-RchFo_8uzwLoY5jHIGStww==/lib/x86_64:/data/app/~~Qgn2wqEAvH79GiouluTyOA==/org.chromium.content_browsertests_apk-RchFo_8uzwLoY5jHIGStww==/base.apk!/lib/x86_64, permitted_path=/data:/mnt/expand:/data/user/0/org.chromium.content_browsertests_apk
09-10 14:53:50.271 7145 7145 D ApplicationLoaders: Returning zygote-cached class loader: /system/framework/android.test.base.jar
09-10 14:53:50.274 7145 7145 D nativeloader: Configuring clns-8 for other apk /system/framework/android.test.runner.jar. target_sdk_version=35, uses_libraries=ALL, library_path=/data/app/~~Qgn2wqEAvH79GiouluTyOA==/org.chromium.content_browsertests_apk-RchFo_8uzwLoY5jHIGStww==/lib/x86_64:/data/app/~~Qgn2wqEAvH79GiouluTyOA==/org.chromium.content_browsertests_apk-RchFo_8uzwLoY5jHIGStww==/base.apk!/lib/x86_64, permitted_path=/data:/mnt/expand:/data/user/0/org.chromium.content_browsertests_apk
09-10 14:53:50.274 7145 7145 D ApplicationLoaders: Returning zygote-cached class loader: /system_ext/framework/androidx.window.extensions.jar
09-10 14:53:50.277 7145 7145 D nativeloader: Configuring clns-9 for other apk /data/app/~~Qgn2wqEAvH79GiouluTyOA==/org.chromium.content_browsertests_apk-RchFo_8uzwLoY5jHIGStww==/base.apk. target_sdk_version=35, uses_libraries=, library_path=/data/app/~~Qgn2wqEAvH79GiouluTyOA==/org.chromium.content_browsertests_apk-RchFo_8uzwLoY5jHIGStww==/lib/x86_64:/data/app/~~Qgn2wqEAvH79GiouluTyOA==/org.chromium.content_browsertests_apk-RchFo_8uzwLoY5jHIGStww==/base.apk!/lib/x86_64, permitted_path=/data:/mnt/expand:/data/user/0/org.chromium.content_browsertests_apk
09-10 14:53:50.278 7145 7145 D CompatChangeReporter: Compat change id reported: 202956589; UID 99040; state: ENABLED
09-10 14:53:50.581 0 0 W servicemanager: Isolated app with UID 99040 requested 'connectivity', but the service is not allowed for isolated apps.
09-10 14:53:50.586 0 0 W servicemanager: Isolated app with UID 99039 requested 'network_management', but the service is not allowed for isolated apps.
09-10 14:53:50.290 7142 7142 D ApplicationLoaders: Returning zygote-cached class loader: /system/framework/android.test.base.jar
09-10 14:53:50.291 7142 7142 D nativeloader: Configuring clns-7 for other apk /system/framework/android.test.mock.jar. target_sdk_version=35, uses_libraries=ALL, library_path=/data/app/~~Qgn2wqEAvH79GiouluTyOA==/org.chromium.content_browsertests_apk-RchFo_8uzwLoY5jHIGStww==/lib/x86_64:/data/app/~~Qgn2wqEAvH79GiouluTyOA==/org.chromium.content_browsertests_apk-RchFo_8uzwLoY5jHIGStww==/base.apk!/lib/x86_64, permitted_path=/data:/mnt/expand:/data/user/0/org.chromium.content_browsertests_apk
09-10 14:53:50.292 7142 7142 D ApplicationLoaders: Returning zygote-cached class loader: /system/framework/android.test.base.jar
09-10 14:53:50.293 7142 7142 D nativeloader: Configuring clns-8 for other apk /system/framework/android.test.runner.jar. target_sdk_version=35, uses_libraries=ALL, library_path=/data/app/~~Qgn2wqEAvH79GiouluTyOA==/org.chromium.content_browsertests_apk-RchFo_8uzwLoY5jHIGStww==/lib/x86_64:/data/app/~~Qgn2wqEAvH79GiouluTyOA==/org.chromium.content_browsertests_apk-RchFo_8uzwLoY5jHIGStww==/base.apk!/lib/x86_64, permitted_path=/data:/mnt/expand:/data/user/0/org.chromium.content_browsertests_apk
09-10 14:53:50.294 7142 7142 D ApplicationLoaders: Returning zygote-cached class loader: /system_ext/framework/androidx.window.extensions.jar
09-10 14:53:50.296 7142 7142 D nativeloader: Configuring clns-9 for other apk /data/app/~~Qgn2wqEAvH79GiouluTyOA==/org.chromium.content_browsertests_apk-RchFo_8uzwLoY5jHIGStww==/base.apk. target_sdk_version=35, uses_libraries=, library_path=/data/app/~~Qgn2wqEAvH79GiouluTyOA==/org.chromium.content_browsertests_apk-RchFo_8uzwLoY5jHIGStww==/lib/x86_64:/data/app/~~Qgn2wqEAvH79GiouluTyOA==/org.chromium.content_browsertests_apk-RchFo_8uzwLoY5jHIGStww==/base.apk!/lib/x86_64, permitted_path=/data:/mnt/expand:/data/user/0/org.chromium.content_browsertests_apk
09-10 14:53:50.297 7142 7142 D CompatChangeReporter: Compat change id reported: 202956589; UID 99039; state: ENABLED
09-10 14:53:50.304 7145 7145 I cr_ChildProcessService: Creating new ChildProcessService pid=7145
09-10 14:53:50.600 0 0 W servicemanager: Isolated app with UID 99040 requested 'content_capture', but the service is not allowed for isolated apps.
09-10 14:53:50.607 0 0 W servicemanager: Isolated app with UID 99039 requested 'connectivity', but the service is not allowed for isolated apps.
09-10 14:53:50.316 7145 7166 D nativeloader: Load /data/app/~~Qgn2wqEAvH79GiouluTyOA==/org.chromium.content_browsertests_apk-RchFo_8uzwLoY5jHIGStww==/lib/x86_64/libtest_trace_processor.so using ns clns-9 from class loader (caller=/data/app/~~Qgn2wqEAvH79GiouluTyOA==/org.chromium.content_browsertests_apk-RchFo_8uzwLoY5jHIGStww==/base.apk): ok
09-10 14:53:50.319 7131 7165 D nativeloader: Load /data/app/~~Qgn2wqEAvH79GiouluTyOA==/org.chromium.content_browsertests_apk-RchFo_8uzwLoY5jHIGStww==/lib/x86_64/libcontent_browsertests__library.so using ns clns-9 from class loader (caller=/data/app/~~Qgn2wqEAvH79GiouluTyOA==/org.chromium.content_browsertests_apk-RchFo_8uzwLoY5jHIGStww==/base.apk): ok
09-10 14:53:50.321 7131 7165 I cr_LibraryLoader: Successfully loaded native library
09-10 14:53:50.322 7131 7165 I cr_CachingUmaRecorder: Flushed 2 samples from 2 histograms, 0 samples were dropped.
09-10 14:53:50.327 7142 7142 I cr_ChildProcessService: Creating new ChildProcessService pid=7142
09-10 14:53:50.619 0 0 W servicemanager: Isolated app with UID 99039 requested 'content_capture', but the service is not allowed for isolated apps.
09-10 14:53:50.344 7142 7167 D nativeloader: Load /data/app/~~Qgn2wqEAvH79GiouluTyOA==/org.chromium.content_browsertests_apk-RchFo_8uzwLoY5jHIGStww==/lib/x86_64/libtest_trace_processor.so using ns clns-9 from class loader (caller=/data/app/~~Qgn2wqEAvH79GiouluTyOA==/org.chromium.content_browsertests_apk-RchFo_8uzwLoY5jHIGStww==/base.apk): ok
09-10 14:53:50.355 7145 7166 D nativeloader: Load /data/app/~~Qgn2wqEAvH79GiouluTyOA==/org.chromium.content_browsertests_apk-RchFo_8uzwLoY5jHIGStww==/lib/x86_64/libcontent_browsertests__library.so using ns clns-9 from class loader (caller=/data/app/~~Qgn2wqEAvH79GiouluTyOA==/org.chromium.content_browsertests_apk-RchFo_8uzwLoY5jHIGStww==/base.apk): ok
09-10 14:53:50.357 7145 7166 I cr_LibraryLoader: Successfully loaded native library
09-10 14:53:50.358 7145 7166 I cr_CachingUmaRecorder: Flushed 2 samples from 2 histograms, 0 samples were dropped.
09-10 14:53:50.371 7145 7166 W SystemServiceRegistry: No service published for: uimode
09-10 14:53:50.667 0 0 W servicemanager: Isolated app with UID 99040 requested 'uimode', but the service is not allowed for isolated apps.
09-10 14:53:50.373 7131 7165 I EGL_emulation: Opening libGLESv1_CM_emulation.so
09-10 14:53:50.374 7131 7165 I EGL_emulation: Opening libGLESv2_emulation.so
09-10 14:53:50.404 1515 5888 W MediaProvider: isAppCloneUserPair for user 0: false
09-10 14:53:50.407 7142 7167 D nativeloader: Load /data/app/~~Qgn2wqEAvH79GiouluTyOA==/org.chromium.content_browsertests_apk-RchFo_8uzwLoY5jHIGStww==/lib/x86_64/libcontent_browsertests__library.so using ns clns-9 from class loader (caller=/data/app/~~Qgn2wqEAvH79GiouluTyOA==/org.chromium.content_browsertests_apk-RchFo_8uzwLoY5jHIGStww==/base.apk): ok
09-10 14:53:50.408 1515 1802 W MediaProvider: isAppCloneUserPair for user 0: false
09-10 14:53:50.413 7142 7167 I cr_LibraryLoader: Successfully loaded native library
09-10 14:53:50.415 7142 7167 I cr_CachingUmaRecorder: Flushed 2 samples from 2 histograms, 0 samples were dropped.
09-10 14:53:50.424 1515 2614 W MediaProvider: isAppCloneUserPair for user 0: false
09-10 14:53:50.424 1515 1803 W MediaProvider: isAppCloneUserPair for user 0: false
09-10 14:53:50.427 7131 7165 E EGL_emulation: eglCreateContext: EGL_BAD_CONFIG: no ES 3.2 support
09-10 14:53:50.427 7131 7165 E EGL_emulation: tid 7165: eglCreateContext(1830): error 0x3005 (EGL_BAD_CONFIG)
09-10 14:53:50.427 7131 7165 E EGL_emulation: eglCreateContext: EGL_BAD_CONFIG: no ES 3.1 support
09-10 14:53:50.427 7131 7165 E EGL_emulation: tid 7165: eglCreateContext(1824): error 0x3005 (EGL_BAD_CONFIG)
09-10 14:53:50.431 1515 1802 W MediaProvider: isAppCloneUserPair for user 0: false
09-10 14:53:50.436 1515 5199 W MediaProvider: isAppCloneUserPair for user 0: false
09-10 14:53:50.439 3670 3823 I FontLog : Received query name=Google Sans&weight=700&besteffort=false, URI content://com.google.android.gms.fonts [CONTEXT service_id=132 ]
09-10 14:53:50.440 3670 3823 I FontLog : Query [name=Google Sans&weight=700&besteffort=false] resolved to {Google Sans, wdth 100.0, wght 700, ital 0.0, bestEffort false} [CONTEXT service_id=132 ]
09-10 14:53:50.737 0 0 W servicemanager: Isolated app with UID 99039 requested 'uimode', but the service is not allowed for isolated apps.
09-10 14:53:50.443 3670 3823 I FontLog : Font PFD returned from cache for {Google Sans, wdth 100.0, wght 700, ital 0.0, bestEffort false} [CONTEXT service_id=132 ]
09-10 14:53:50.443 3670 3823 I FontLog : Fetch {Google Sans, wdth 100.0, wght 700, ital 0.0, bestEffort false} end status Status{statusCode=SUCCESS, resolution=null} [CONTEXT service_id=132 ]
09-10 14:53:50.445 1515 5888 W MediaProvider: isAppCloneUserPair for user 0: false
09-10 14:53:50.447 7142 7167 W SystemServiceRegistry: No service published for: uimode
09-10 14:53:50.449 1515 5201 W MediaProvider: isAppCloneUserPair for user 0: false
09-10 14:53:50.449 3670 3766 I FontLog : Pulling font file for id = 52, cache size = 48 [CONTEXT service_id=132 ]
09-10 14:53:50.455 3670 3766 I FontLog : Received query name=Noto Color Emoji Compat&weight=400&besteffort=false, URI content://com.google.android.gms.fonts [CONTEXT service_id=132 ]
09-10 14:53:50.456 3670 3766 I FontLog : Query [name=Noto Color Emoji Compat&weight=400&besteffort=false] resolved to {Noto Color Emoji Compat, wdth 100.0, wght 400, ital 0.0, bestEffort false} [CONTEXT service_id=132 ]
09-10 14:53:50.456 1515 4568 W MediaProvider: isAppCloneUserPair for user 0: false
09-10 14:53:50.477 381 7189 I resolv : GetAddrInfoHandler::run: {0 786432 0 983040 10144 0}
09-10 14:53:50.486 381 7191 I resolv : GetAddrInfoHandler::run: {0 786432 0 983040 10144 0}
09-10 14:53:50.496 3670 3790 I FontLog : Download failed for https://fonts.gstatic.com/s/a/directory025.pb [ERROR: UNUSED LOG ARGUMENTS] [CONTEXT service_id=132 ]
09-10 14:53:50.498 1515 2614 W MediaProvider: isAppCloneUserPair for user 0: false
09-10 14:53:50.507 1515 1803 W MediaProvider: isAppCloneUserPair for user 0: false
09-10 14:53:50.511 1515 5202 W MediaProvider: isAppCloneUserPair for user 0: false
09-10 14:53:50.518 583 1812 V AutofillSession: Primary service component name: ComponentInfo{com.google.android.gms/com.google.android.gms.autofill.service.AutofillService}, secondary service component name: ComponentInfo{com.android.credentialmanager/com.android.credentialmanager.autofill.CredentialAutofillService}
09-10 14:53:50.518 583 1812 V SecondaryProviderHandler: Creating a secondary provider handler with component name, ComponentInfo{com.android.credentialmanager/com.android.credentialmanager.autofill.CredentialAutofillService}
09-10 14:53:50.519 583 1812 D RequestId: nextId(): requestId = 490
09-10 14:53:50.520 583 1812 W FillRequestEventLogger: Couldn't find packageName: com.google.android.inputmethod.latin
09-10 14:53:50.521 583 679 W PresentationStatsEventLogger: Bad view state for: -1
09-10 14:53:50.522 583 583 D AutofillInlineSuggestionsRequestSession: onCreateInlineSuggestionsRequestLocked called: 1073741824@1302609743
09-10 14:53:50.523 583 1812 D AutofillInlineSuggestionsRequestSession: onInlineSuggestionsSessionInvalidated() called.
09-10 14:53:50.524 7131 7165 E platform: Failed to open rendernode: No such file or directory
09-10 14:53:50.527 3670 3771 W FontLog : Connection failure for https://fonts.gstatic.com/s/a/directory025.pb [CONTEXT service_id=132 ]
09-10 14:53:50.527 3670 3771 W FontLog : java.util.concurrent.ExecutionException: bpsy: Failed to process request
09-10 14:53:50.527 3670 3771 W FontLog : at hkh.n(:com.google.android.gms@242632041@24.26.32 (190800-650348549):21)
09-10 14:53:50.527 3670 3771 W FontLog : at hkh.get(:com.google.android.gms@242632041@24.26.32 (190800-650348549):28)
09-10 14:53:50.527 3670 3771 W FontLog : at hkn.get(:com.google.android.gms@242632041@24.26.32 (190800-650348549):2)
09-10 14:53:50.527 3670 3771 W FontLog : at bbvj.run(:com.google.android.gms@242632041@24.26.32 (190800-650348549):13)
09-10 14:53:50.527 3670 3771 W FontLog : at anzz.c(:com.google.android.gms@242632041@24.26.32 (190800-650348549):50)
09-10 14:53:50.527 3670 3771 W FontLog : at anzz.run(:com.google.android.gms@242632041@24.26.32 (190800-650348549):76)
09-10 14:53:50.527 3670 3771 W FontLog : at java.util.concurrent.ThreadPoolExecutor.runWorker(ThreadPoolExecutor.java:1145)
09-10 14:53:50.527 3670 3771 W FontLog : at java.util.concurrent.ThreadPoolExecutor$Worker.run(ThreadPoolExecutor.java:644)
09-10 14:53:50.527 3670 3771 W FontLog : at aofk.run(:com.google.android.gms@242632041@24.26.32 (190800-650348549):8)
09-10 14:53:50.527 3670 3771 W FontLog : at java.lang.Thread.run(Thread.java:1012)
09-10 14:53:50.527 3670 3771 W FontLog : Caused by: bpsy: Failed to process request
09-10 14:53:50.527 3670 3771 W FontLog : at bpwp.b(:com.google.android.gms@242632041@24.26.32 (190800-650348549):19)
09-10 14:53:50.527 3670 3771 W FontLog : at bpxd.onFailed(:com.google.android.gms@242632041@24.26.32 (190800-650348549):15)
09-10 14:53:50.527 3670 3771 W FontLog : at m.ms.onFailed(:com.google.android.gms.dynamite_cronetdynamite@242632041@24.26.32 (190800-0):3)
09-10 14:53:50.527 3670 3771 W FontLog : at m.lt.run(:com.google.android.gms.dynamite_cronetdynamite@242632041@24.26.32 (190800-0):9)
09-10 14:53:50.527 3670 3771 W FontLog : ... 6 more
09-10 14:53:50.527 3670 3771 W FontLog : Caused by: m.mc: Exception in CronetUrlRequest: net::ERR_INTERNET_DISCONNECTED, ErrorCode=2, InternalErrorCode=-106, Retryable=false
09-10 14:53:50.527 3670 3771 W FontLog : at org.chromium.net.impl.CronetUrlRequest.onError(:com.google.android.gms.dynamite_cronetdynamite@242632041@24.26.32 (190800-0):4)
09-10 14:53:50.527 1515 5199 W MediaProvider: isAppCloneUserPair for user 0: false
09-10 14:53:50.527 3670 3771 W FontLog : No resolver, short-circuit {Noto Color Emoji Compat, wdth 100.0, wght 400, ital 0.0, bestEffort false} for org.chromium.content_browsertests_apk to failure [CONTEXT service_id=132 ]
09-10 14:53:50.527 3670 3766 I FontLog : Fetch {Noto Color Emoji Compat, wdth 100.0, wght 400, ital 0.0, bestEffort false} end status Status{statusCode=Unavailable, resolution=null} [CONTEXT service_id=132 ]
09-10 14:53:50.533 7083 7083 I AssistStructure: Flattened final assist data: 1212 bytes, containing 1 windows, 6 views
09-10 14:53:50.534 583 1812 D AutofillSession: createPendingIntent for request 490
09-10 14:53:50.535 583 1812 D ContentCapturePerUserService: Notified activity assist data for activity: Token{93dc4a7 ActivityRecord{f767dc1 u0 org.chromium.content_browsertests_apk/.ContentBrowserTestsActivity t22}} without a session Id
09-10 14:53:50.538 3670 3995 I FontLog : Received query name=Google Sans Flex&weight=400&besteffort=false, URI content://com.google.android.gms.fonts [CONTEXT service_id=132 ]
09-10 14:53:50.538 3670 3995 I FontLog : Query [name=Google Sans Flex&weight=400&besteffort=false] resolved to {Google Sans Flex, wdth 100.0, wght 400, ital 0.0, bestEffort false} [CONTEXT service_id=132 ]
09-10 14:53:50.541 7131 7165 D vulkan : searching for layers in '/data/app/~~Qgn2wqEAvH79GiouluTyOA==/org.chromium.content_browsertests_apk-RchFo_8uzwLoY5jHIGStww==/lib/x86_64'
09-10 14:53:50.541 7131 7165 D vulkan : searching for layers in '/data/app/~~Qgn2wqEAvH79GiouluTyOA==/org.chromium.content_browsertests_apk-RchFo_8uzwLoY5jHIGStww==/base.apk!/lib/x86_64'
09-10 14:53:50.546 3670 3995 I FontLog : Font PFD returned from cache for {Google Sans Flex, wdth 100.0, wght 400, ital 0.0, bestEffort false} [CONTEXT service_id=132 ]
09-10 14:53:50.546 3670 3995 I FontLog : Fetch {Google Sans Flex, wdth 100.0, wght 400, ital 0.0, bestEffort false} end status Status{statusCode=SUCCESS, resolution=null} [CONTEXT service_id=132 ]
09-10 14:53:50.550 3670 3995 I FontLog : Pulling font file for id = 53, cache size = 49 [CONTEXT service_id=132 ]
09-10 14:53:50.553 1515 5202 W MediaProvider: isAppCloneUserPair for user 0: false
09-10 14:53:50.554 1515 5197 W MediaProvider: isAppCloneUserPair for user 0: false
09-10 14:53:50.564 3670 3995 I FontLog : Received query name=Google Sans&weight=400&besteffort=false, URI content://com.google.android.gms.fonts [CONTEXT service_id=132 ]
09-10 14:53:50.564 3670 3995 I FontLog : Query [name=Google Sans&weight=400&besteffort=false] resolved to {Google Sans, wdth 100.0, wght 400, ital 0.0, bestEffort false} [CONTEXT service_id=132 ]
09-10 14:53:50.565 3670 3995 I FontLog : Font PFD returned from cache for {Google Sans, wdth 100.0, wght 400, ital 0.0, bestEffort false} [CONTEXT service_id=132 ]
09-10 14:53:50.565 3670 3995 I FontLog : Fetch {Google Sans, wdth 100.0, wght 400, ital 0.0, bestEffort false} end status Status{statusCode=SUCCESS, resolution=null} [CONTEXT service_id=132 ]
09-10 14:53:50.565 3670 3995 I FontLog : Pulling font file for id = 54, cache size = 50 [CONTEXT service_id=132 ]
09-10 14:53:50.568 3670 3995 I FontLog : Received query name=Google Sans&weight=500&besteffort=false, URI content://com.google.android.gms.fonts [CONTEXT service_id=132 ]
09-10 14:53:50.568 3670 3995 I FontLog : Query [name=Google Sans&weight=500&besteffort=false] resolved to {Google Sans, wdth 100.0, wght 500, ital 0.0, bestEffort false} [CONTEXT service_id=132 ]
09-10 14:53:50.574 3670 3995 I FontLog : Font PFD returned from cache for {Google Sans, wdth 100.0, wght 500, ital 0.0, bestEffort false} [CONTEXT service_id=132 ]
09-10 14:53:50.574 3670 3995 I FontLog : Fetch {Google Sans, wdth 100.0, wght 500, ital 0.0, bestEffort false} end status Status{statusCode=SUCCESS, resolution=null} [CONTEXT service_id=132 ]
09-10 14:53:50.577 1515 1803 W MediaProvider: isAppCloneUserPair for user 0: false
09-10 14:53:50.581 3670 3766 I FontLog : Pulling font file for id = 55, cache size = 51 [CONTEXT service_id=132 ]
09-10 14:53:50.585 7131 7165 W chromium: [7131:7165:0910/145350.585054:WARNING:viz_main_impl.cc(85)] VizNullHypothesis is disabled (not a warning)
09-10 14:53:50.589 1515 5199 W MediaProvider: isAppCloneUserPair for user 0: false
09-10 14:53:50.610 1515 2614 W MediaProvider: isAppCloneUserPair for user 0: false
09-10 14:53:50.611 7131 7206 E EGL_emulation: eglCreateContext: EGL_BAD_CONFIG: no ES 3.2 support
09-10 14:53:50.611 7131 7206 E EGL_emulation: tid 7206: eglCreateContext(1830): error 0x3005 (EGL_BAD_CONFIG)
09-10 14:53:50.611 7131 7206 E EGL_emulation: eglCreateContext: EGL_BAD_CONFIG: no ES 3.1 support
09-10 14:53:50.611 7131 7206 E EGL_emulation: tid 7206: eglCreateContext(1824): error 0x3005 (EGL_BAD_CONFIG)
09-10 14:53:50.661 583 679 V GrammaticalInflectionUtils: AttributionSource: AttributionSource { uid = 99041, packageName = null, attributionTag = null, token = android.os.Binder@7b78a50, deviceId = 0, next = null } does not have READ_SYSTEM_GRAMMATICAL_GENDER permission.
09-10 14:53:50.688 382 382 D Zygote : Forked child process 7214
09-10 14:53:50.689 583 617 I ActivityManager: Start proc 7214:org.chromium.content_browsertests_apk:sandboxed_process0:org.chromium.content.app.SandboxedProcessService0:2/u0i41 for service {org.chromium.content_browsertests_apk/org.chromium.content.app.SandboxedProcessService0:2}
09-10 14:53:50.721 7214 7214 I ocessService0:2: Using CollectorTypeCMC GC.
09-10 14:53:50.722 7214 7214 W ocessService0:2: Unexpected CPU variant for x86: x86_64.
09-10 14:53:50.722 7214 7214 W ocessService0:2: Known variants: atom, sandybridge, silvermont, goldmont, goldmont-plus, goldmont-without-sha-xsaves, tremont, kabylake, default
09-10 14:53:50.724 7214 7214 E ocessService0:2: Not starting debugger since process cannot load the jdwp agent.
09-10 14:53:50.731 7214 7214 D nativeloader: Load libframework-connectivity-tiramisu-jni.so using APEX ns com_android_tethering for caller /apex/com.android.tethering/javalib/framework-connectivity-t.jar: ok
09-10 14:53:51.032 0 0 I servicemanager: Caller(pid=7131,uid=10208,sid=u:r:untrusted_app:s0:c208,c256,c512,c768) Could not find android.hardware.graphics.allocator.IAllocator/default in the VINTF manifest. No alternative instances declared in VINTF.
09-10 14:53:50.739 164 164 I hwservicemanager: getTransport: Cannot find entry android.hardware.graphics.mapper@4.0::IMapper/default in either framework or device VINTF manifest.
09-10 14:53:50.739 7131 7206 I Gralloc4: mapper 4.x is not supported
09-10 14:53:50.794 381 7224 I resolv : GetAddrInfoHandler::run: {0 786432 0 983040 10144 0}
09-10 14:53:50.796 3670 4490 W gdnw : [{0}] Failed to resolve name. status={1}
09-10 14:53:50.807 1515 1803 W MediaProvider: isAppCloneUserPair for user 0: false
09-10 14:53:50.856 583 2343 I ActivityManager: Killing 7142:org.chromium.content_browsertests_apk:sandboxed_process0:org.chromium.content.app.SandboxedProcessService0:0/u0a208i39 (adj 0): isolated not needed
09-10 14:53:50.864 7214 7214 D ApplicationLoaders: Returning zygote-cached class loader: /system/framework/android.test.base.jar
09-10 14:53:51.156 0 0 W servicemanager: Isolated app with UID 99041 requested 'network_management', but the service is not allowed for isolated apps.
09-10 14:53:50.869 7214 7214 D nativeloader: Configuring clns-7 for other apk /system/framework/android.test.mock.jar. target_sdk_version=35, uses_libraries=ALL, library_path=/data/app/~~Qgn2wqEAvH79GiouluTyOA==/org.chromium.content_browsertests_apk-RchFo_8uzwLoY5jHIGStww==/lib/x86_64:/data/app/~~Qgn2wqEAvH79GiouluTyOA==/org.chromium.content_browsertests_apk-RchFo_8uzwLoY5jHIGStww==/base.apk!/lib/x86_64, permitted_path=/data:/mnt/expand:/data/user/0/org.chromium.content_browsertests_apk
09-10 14:53:50.870 7214 7214 D ApplicationLoaders: Returning zygote-cached class loader: /system/framework/android.test.base.jar
09-10 14:53:50.872 7214 7214 D nativeloader: Configuring clns-8 for other apk /system/framework/android.test.runner.jar. target_sdk_version=35, uses_libraries=ALL, library_path=/data/app/~~Qgn2wqEAvH79GiouluTyOA==/org.chromium.content_browsertests_apk-RchFo_8uzwLoY5jHIGStww==/lib/x86_64:/data/app/~~Qgn2wqEAvH79GiouluTyOA==/org.chromium.content_browsertests_apk-RchFo_8uzwLoY5jHIGStww==/base.apk!/lib/x86_64, permitted_path=/data:/mnt/expand:/data/user/0/org.chromium.content_browsertests_apk
09-10 14:53:50.872 7214 7214 D ApplicationLoaders: Returning zygote-cached class loader: /system_ext/framework/androidx.window.extensions.jar
09-10 14:53:51.173 0 0 I binder : send failed reply for transaction 383820 to 7083:7083
09-10 14:53:50.877 381 381 I netd : tetherGetStats() -> {[]} <1.72ms>
09-10 14:53:50.879 7214 7214 D nativeloader: Configuring clns-9 for other apk /data/app/~~Qgn2wqEAvH79GiouluTyOA==/org.chromium.content_browsertests_apk-RchFo_8uzwLoY5jHIGStww==/base.apk. target_sdk_version=35, uses_libraries=, library_path=/data/app/~~Qgn2wqEAvH79GiouluTyOA==/org.chromium.content_browsertests_apk-RchFo_8uzwLoY5jHIGStww==/lib/x86_64:/data/app/~~Qgn2wqEAvH79GiouluTyOA==/org.chromium.content_browsertests_apk-RchFo_8uzwLoY5jHIGStww==/base.apk!/lib/x86_64, permitted_path=/data:/mnt/expand:/data/user/0/org.chromium.content_browsertests_apk
09-10 14:53:50.882 7214 7214 D CompatChangeReporter: Compat change id reported: 202956589; UID 99041; state: ENABLED
09-10 14:53:51.176 0 0 I binder : undelivered transaction 383825, process died.
09-10 14:53:50.884 583 618 I libprocessgroup: Removed cgroup /sys/fs/cgroup/uid_99039/pid_7142
09-10 14:53:50.885 583 1812 I ActivityManager: Killing 7145:org.chromium.content_browsertests_apk:sandboxed_process0:org.chromium.content.app.SandboxedProcessService0:1/u0a208i40 (adj 0): isolated not needed
09-10 14:53:50.887 382 382 I Zygote : Process 7142 exited cleanly (0)
09-10 14:53:50.890 583 605 D DisplayManagerService: Drop pending events for gone uid 99039
09-10 14:53:51.190 0 0 W servicemanager: Isolated app with UID 99041 requested 'connectivity', but the service is not allowed for isolated apps.
09-10 14:53:51.203 0 0 W servicemanager: Isolated app with UID 99041 requested 'content_capture', but the service is not allowed for isolated apps.
09-10 14:53:50.908 7214 7214 I cr_ChildProcessService: Creating new ChildProcessService pid=7214
09-10 14:53:50.909 583 605 D DisplayManagerService: Drop pending events for gone uid 99040
09-10 14:53:50.911 382 382 I Zygote : Process 7145 exited due to signal 9 (Killed)
09-10 14:53:50.912 583 618 I libprocessgroup: Removed cgroup /sys/fs/cgroup/uid_99040/pid_7145
09-10 14:53:50.917 7214 7226 D nativeloader: Load /data/app/~~Qgn2wqEAvH79GiouluTyOA==/org.chromium.content_browsertests_apk-RchFo_8uzwLoY5jHIGStww==/lib/x86_64/libtest_trace_processor.so using ns clns-9 from class loader (caller=/data/app/~~Qgn2wqEAvH79GiouluTyOA==/org.chromium.content_browsertests_apk-RchFo_8uzwLoY5jHIGStww==/base.apk): ok
09-10 14:53:50.964 7214 7226 D nativeloader: Load /data/app/~~Qgn2wqEAvH79GiouluTyOA==/org.chromium.content_browsertests_apk-RchFo_8uzwLoY5jHIGStww==/lib/x86_64/libcontent_browsertests__library.so using ns clns-9 from class loader (caller=/data/app/~~Qgn2wqEAvH79GiouluTyOA==/org.chromium.content_browsertests_apk-RchFo_8uzwLoY5jHIGStww==/base.apk): ok
09-10 14:53:50.967 7214 7226 I cr_LibraryLoader: Successfully loaded native library
09-10 14:53:50.968 7214 7226 I cr_CachingUmaRecorder: Flushed 2 samples from 2 histograms, 0 samples were dropped.
09-10 14:53:50.981 7214 7226 W SystemServiceRegistry: No service published for: uimode
09-10 14:53:51.278 0 0 W servicemanager: Isolated app with UID 99041 requested 'uimode', but the service is not allowed for isolated apps.
09-10 14:53:50.995 382 382 I Zygote : Process 7214 exited cleanly (0)
09-10 14:53:50.996 7083 7127 W cr_ChildProcessConn: onServiceDisconnected (crash or killed by oom): pid=7214 bindings:WV
09-10 14:53:50.996 583 2343 I ActivityManager: Process org.chromium.content_browsertests_apk:sandboxed_process0:org.chromium.content.app.SandboxedProcessService0:2 (pid 7214) has died: vis BTOP
09-10 14:53:50.997 583 2343 W ActivityManager: Scheduling restart of crashed service org.chromium.content_browsertests_apk/org.chromium.content.app.SandboxedProcessService0:2 in 1000ms for connection
09-10 14:53:50.997 583 618 I libprocessgroup: Removed cgroup /sys/fs/cgroup/uid_99041/pid_7214
09-10 14:53:50.999 583 605 D DisplayManagerService: Drop pending events for gone uid 99041
09-10 14:53:51.135 7131 7206 E chromium: [7131:7206:0910/145351.135539:ERROR:shared_image_manager.cc(248)] SharedImageManager::ProduceSkia: Trying to Produce a Skia representation from a non-existent mailbox.
09-10 14:53:51.310 7083 7083 I ImeTracker: org.chromium.content_browsertests_apk:test_process:c78263f8: onRequestHide at ORIGIN_CLIENT reason HIDE_SOFT_INPUT_CLOSE_CURRENT_SESSION fromUser false
09-10 14:53:51.311 583 726 I ImeTracker: org.chromium.content_browsertests_apk:test_process:c78263f8: onCancelled at PHASE_SERVER_SHOULD_HIDE
09-10 14:53:51.315 1515 5888 W MediaProvider: isAppCloneUserPair for user 0: false
09-10 14:53:51.339 1515 1803 W MediaProvider: isAppCloneUserPair for user 0: false
09-10 14:53:51.348 1515 5201 W MediaProvider: Database update failed while renaming /storage/emulated/0/chromium_tests_root/content_shell/GPUCache/index-dir/temp-index
09-10 14:53:51.348 1515 5201 W MediaProvider: android.database.sqlite.SQLiteConstraintException: UNIQUE constraint failed: files._data (code 2067 SQLITE_CONSTRAINT_UNIQUE)
09-10 14:53:51.348 1515 5201 W MediaProvider: at android.database.sqlite.SQLiteConnection.nativeExecuteForChangedRowCount(Native Method)
09-10 14:53:51.348 1515 5201 W MediaProvider: at android.database.sqlite.SQLiteConnection.executeForChangedRowCount(SQLiteConnection.java:926)
09-10 14:53:51.348 1515 5201 W MediaProvider: at android.database.sqlite.SQLiteSession.executeForChangedRowCount(SQLiteSession.java:780)
09-10 14:53:51.348 1515 5201 W MediaProvider: at android.database.sqlite.SQLiteStatement.executeUpdateDelete(SQLiteStatement.java:67)
09-10 14:53:51.348 1515 5201 W MediaProvider: at com.android.providers.media.util.DatabaseUtils.executeUpdateDelete(DatabaseUtils.java:499)
09-10 14:53:51.348 1515 5201 W MediaProvider: at com.android.providers.media.util.SQLiteQueryBuilder.update(SQLiteQueryBuilder.java:726)
09-10 14:53:51.348 1515 5201 W MediaProvider: at com.android.providers.media.util.SQLiteQueryBuilder.lambda$update$2(SQLiteQueryBuilder.java:648)
09-10 14:53:51.348 1515 5201 W MediaProvider: at com.android.providers.media.util.SQLiteQueryBuilder.$r8$lambda$V5i8aaD8hBMOL_-PCdDrUiXRenE(SQLiteQueryBuilder.java:0)
09-10 14:53:51.348 1515 5201 W MediaProvider: at com.android.providers.media.util.SQLiteQueryBuilder$$ExternalSyntheticLambda1.apply(R8$$SyntheticClass:0)
09-10 14:53:51.348 1515 5201 W MediaProvider: at com.android.providers.media.DatabaseHelper.runWithTransaction(DatabaseHelper.java:891)
09-10 14:53:51.348 1515 5201 W MediaProvider: at com.android.providers.media.util.SQLiteQueryBuilder.update(SQLiteQueryBuilder.java:647)
09-10 14:53:51.348 1515 5201 W MediaProvider: at com.android.providers.media.MediaProvider.lambda$updateDatabaseForFuseRename$18(MediaProvider.java:3084)
09-10 14:53:51.348 1515 5201 W MediaProvider: at com.android.providers.media.MediaProvider.$r8$lambda$SsJLM9omZuZqR6R57GeVw8lP7d0(MediaProvider.java:0)
09-10 14:53:51.348 1515 5201 W MediaProvider: at com.android.providers.media.MediaProvider$$ExternalSyntheticLambda36.apply(R8$$SyntheticClass:0)
09-10 14:53:51.348 1515 5201 W MediaProvider: at com.android.providers.media.DatabaseHelper.runWithTransaction(DatabaseHelper.java:891)
09-10 14:53:51.348 1515 5201 W MediaProvider: at com.android.providers.media.MediaProvider.updateDatabaseForFuseRename(MediaProvider.java:3076)
09-10 14:53:51.348 1515 5201 W MediaProvider: at com.android.providers.media.MediaProvider.updateDatabaseForFuseRename(MediaProvider.java:3043)
09-10 14:53:51.348 1515 5201 W MediaProvider: at com.android.providers.media.MediaProvider.updateDatabaseForFuseRename(MediaProvider.java:3037)
09-10 14:53:51.348 1515 5201 W MediaProvider: at com.android.providers.media.MediaProvider.renameFileForFuse(MediaProvider.java:3408)
09-10 14:53:51.348 1515 5201 W MediaProvider: at com.android.providers.media.MediaProvider.renameFileUncheckedForFuse(MediaProvider.java:3388)
09-10 14:53:51.348 1515 5201 W MediaProvider: at com.android.providers.media.MediaProvider.renameUncheckedForFuse(MediaProvider.java:3475)
09-10 14:53:51.348 1515 5201 W MediaProvider: at com.android.providers.media.MediaProvider.renameForFuse(MediaProvider.java:3523)
09-10 14:53:51.351 1515 5201 I MediaProvider: Retrying database update after deleting conflicting entry
09-10 14:53:51.386 992 1046 V WindowManagerShell: Transition requested (#32): android.os.BinderProxy@2bbf0df TransitionRequestInfo { type = CLOSE, triggerTask = TaskInfo{userId=0 taskId=22 displayId=0 isRunning=false baseIntent=Intent { act=android.intent.action.MAIN flg=0x10000000 cmp=org.chromium.content_browsertests_apk/.ContentBrowserTestsActivity } baseActivity=null topActivity=null origActivity=null realActivity=ComponentInfo{org.chromium.content_browsertests_apk/org.chromium.content_browsertests_apk.ContentBrowserTestsActivity} numActivities=0 lastActiveTime=268741 supportsMultiWindow=true resizeMode=1 isResizeable=true minWidth=-1 minHeight=-1 defaultMinSize=220 token=WCT{android.window.IWindowContainerToken$Stub$Proxy@8e3b12c} topActivityType=1 pictureInPictureParams=null shouldDockBigOverlays=false launchIntoPipHostTaskId=-1 lastParentTaskIdBeforePip=-1 displayCutoutSafeInsets=null topActivityInfo=null launchCookies=[] positionInParent=Point(0, 0) parentTaskId=-1 isFocused=true isVisible=true isVisibleRequested=true isSleeping=false locusId=null displayAreaFeatureId=1 isTopActivityTransparent=false appCompatTaskInfo=AppCompatTaskInfo { topActivityInSizeCompat=false topActivityEligibleForLetterboxEducation= falseisLetterboxEducationEnabled= false isLetterboxDoubleTapEnabled= false topActivityEligibleForUserAspectRatioButton= false topActivityBoundsLetterboxed= false isFromLetterboxDoubleTap= false topActivityLetterboxVerticalPosition= -1 topActivityLetterboxHorizontalPosition= -1 topActivityLetterboxWidth=-1 topActivityLetterboxHeight=-1 isUserFullscreenOverrideEnabled=false isSystemFullscreenOverrideEnabled=false cameraCompatTaskInfo=CameraCompatTaskInfo { cameraCompatControlState=hidden freeformCameraCompatMode=inactive}}}, pipTask = null, remoteTransition = null, displayChange = null, flags = 0, debugId = 32 }
09-10 14:53:51.395 1255 1255 I TopTaskTracker: onTaskMovedToFront: (moved taskInfo to front) taskId=7, baseIntent=Intent { act=android.intent.action.MAIN cat=[android.intent.category.HOME] flg=0x10000100 cmp=com.google.android.apps.nexuslauncher/.NexusLauncherActivity }
09-10 14:53:51.396 5120 5120 I Process : Sending signal. PID: 7083 SIG: 9
