09-10 14:53:34.853 583 608 W ActivityTaskManager: Unable to send transaction to client proc org.chromium.content_browsertests_apk:test_process: no app thread
09-10 14:53:34.854 6533 6533 D nativeloader: Configuring clns-9 for other apk /data/app/~~Qgn2wqEAvH79GiouluTyOA==/org.chromium.content_browsertests_apk-RchFo_8uzwLoY5jHIGStww==/base.apk. target_sdk_version=35, uses_libraries=, library_path=/data/app/~~Qgn2wqEAvH79GiouluTyOA==/org.chromium.content_browsertests_apk-RchFo_8uzwLoY5jHIGStww==/lib/x86_64:/data/app/~~Qgn2wqEAvH79GiouluTyOA==/org.chromium.content_browsertests_apk-RchFo_8uzwLoY5jHIGStww==/base.apk!/lib/x86_64, permitted_path=/data:/mnt/expand:/data/user/0/org.chromium.content_browsertests_apk
09-10 14:53:34.856 6533 6533 D CompatChangeReporter: Compat change id reported: 202956589; UID 10208; state: ENABLED
09-10 14:53:34.858 583 607 W ProcessStats: Tracking association SourceState{c278c78 system/1000 BFgs #3634} whose proc state 4 is better than process ProcessState{381231f com.google.android.ext.services/10187 pkg=com.google.android.ext.services} proc state 14 (9 skipped)
09-10 14:53:34.866 6533 6533 V GraphicsEnvironment: Currently set values for:
09-10 14:53:34.866 992 1020 V WindowManagerShell: onTransitionReady(transaction=2503965934655)
09-10 14:53:34.866 6533 6533 V GraphicsEnvironment: angle_gl_driver_selection_pkgs=[]
09-10 14:53:34.866 6533 6533 V GraphicsEnvironment: angle_gl_driver_selection_values=[]
09-10 14:53:34.866 6533 6533 V GraphicsEnvironment: Global.Settings values are invalid: number of packages: 0, number of values: 0
09-10 14:53:34.866 6533 6533 V GraphicsEnvironment: Neither updatable production driver nor prerelease driver is supported.
09-10 14:53:34.871 992 1046 V WindowManagerShell: onTransitionReady (#27) android.os.BinderProxy@cf5d4d0: {id=27 t=CLOSE f=0x0 trk=0 r=[0@Point(0, 0)] c=[{WCT{android.window.IWindowContainerToken$Stub$Proxy@3d01200} m=OPEN f=MOVE_TO_TOP leash=Surface(name=Task=18)/@0x2118094 sb=Rect(0, 0 - 1080, 1920) eb=Rect(0, 0 - 1080, 1920) d=0 taskParent=-1},{WCT{android.window.IWindowContainerToken$Stub$Proxy@113da39} m=CLOSE f=NONE leash=Surface(name=Task=17)/@0xd19073d sb=Rect(0, 0 - 1080, 1920) eb=Rect(0, 0 - 1080, 1920) d=0 taskParent=-1},{null m=TO_FRONT f=IS_WALLPAPER leash=Surface(name=WallpaperWindowToken{c93c71e token=android.os.Binder@33bbf59})/@0xa0adb32 sb=Rect(0, 0 - 1080, 1920) eb=Rect(0, 0 - 1080, 1920) d=0}]}
09-10 14:53:34.871 992 1046 V WindowManagerShell: Playing animation for (#27) android.os.BinderProxy@cf5d4d0@0
09-10 14:53:34.872 992 1046 V WindowManagerShell: try handler com.android.wm.shell.transition.DefaultMixedHandler@f3e5596
09-10 14:53:34.872 992 1046 V WindowManagerShell: try handler com.android.wm.shell.keyguard.KeyguardTransitionHandler@3a25517
09-10 14:53:34.872 992 1046 V WindowManagerShell: try handler com.android.wm.shell.pip.PipTransition@8d56d04
09-10 14:53:34.872 992 1046 V WindowManagerShell: try handler com.android.wm.shell.activityembedding.ActivityEmbeddingController@f2ed2ed
09-10 14:53:34.872 992 1046 V WindowManagerShell: try handler com.android.wm.shell.recents.RecentsTransitionHandler@b823522
09-10 14:53:34.872 992 1046 V ShellRecents: RecentsTransitionHandler.startAnimation: no controller found
09-10 14:53:34.872 992 1046 V WindowManagerShell: try handler com.android.wm.shell.splitscreen.StageCoordinator@ced2bb3
09-10 14:53:34.872 992 1046 V WindowManagerShell: try handler com.android.wm.shell.transition.RemoteTransitionHandler@3be5570
09-10 14:53:34.872 992 1046 V WindowManagerShell: Transition doesn't have explicit remote, search filters for match for {id=27 t=CLOSE f=0x0 trk=0 r=[0@Point(0, 0)] c=[{WCT{android.window.IWindowContainerToken$Stub$Proxy@3d01200} m=OPEN f=MOVE_TO_TOP leash=Surface(name=Task=18)/@0x2118094 sb=Rect(0, 0 - 1080, 1920) eb=Rect(0, 0 - 1080, 1920) d=0 taskParent=-1},{WCT{android.window.IWindowContainerToken$Stub$Proxy@113da39} m=CLOSE f=NONE leash=Surface(name=Task=17)/@0xd19073d sb=Rect(0, 0 - 1080, 1920) eb=Rect(0, 0 - 1080, 1920) d=0 taskParent=-1},{null m=TO_FRONT f=IS_WALLPAPER leash=Surface(name=WallpaperWindowToken{c93c71e token=android.os.Binder@33bbf59})/@0xa0adb32 sb=Rect(0, 0 - 1080, 1920) eb=Rect(0, 0 - 1080, 1920) d=0}]}
09-10 14:53:34.872 992 1046 V WindowManagerShell: Checking filter Pair{{types=[] flags=0x0] notFlags=0x0 checks=[{atype=undefined independent=true modes=[OPEN,TO_FRONT] flags=IN_TASK_WITH_EMBEDDED_ACTIVITY mustBeTask=false order=ANY topActivity=ComponentInfo{com.google.android.apps.nexuslauncher/com.google.android.apps.nexuslauncher.NexusLauncherActivity} launchCookie=null},{atype=undefined independent=true modes=[CLOSE,TO_BACK] flags=IN_TASK_WITH_EMBEDDED_ACTIVITY mustBeTask=false order=ANY topActivity=null launchCookie=null}]} RemoteTransition { remoteTransition = android.window.IRemoteTransition$Stub$Proxy@dc63f4e, appThread = android.app.IApplicationThread$Stub$Proxy@906e86f, debugName = OverlaySwipeBack }}
09-10 14:53:34.872 992 1046 V WindowManagerShell: Checking filter Pair{{types=[] flags=0x0] notFlags=0x0 checks=[{atype=dream independent=true modes=[OPEN,TO_FRONT] flags=NONE mustBeTask=false order=ANY topActivity=null launchCookie=null},{atype=home independent=true modes=[CLOSE,TO_BACK] flags=NONE mustBeTask=false order=ANY topActivity=null launchCookie=null}]} RemoteTransition { remoteTransition = android.window.IRemoteTransition$Stub$Proxy@79cf97c, appThread = android.app.IApplicationThread$Stub$Proxy@3c23205, debugName = LauncherToDream }}
09-10 14:53:34.872 992 1046 V WindowManagerShell: Checking filter Pair{{types=[] flags=0x0] notFlags=0x100 checks=[{atype=home independent=true modes=[OPEN,TO_FRONT] flags=NONE mustBeTask=false order=TOP topActivity=ComponentInfo{com.google.android.apps.nexuslauncher/com.google.android.apps.nexuslauncher.NexusLauncherActivity} launchCookie=null},{atype=standard independent=true modes=[CLOSE,TO_BACK] flags=NONE mustBeTask=false order=ANY topActivity=null launchCookie=null}]} RemoteTransition { remoteTransition = android.window.IRemoteTransition$Stub$Proxy@9cb025a, appThread = android.app.IApplicationThread$Stub$Proxy@1c39c8b, debugName = QuickstepLaunchHome }}
09-10 14:53:34.872 992 1046 V WindowManagerShell: Delegate animation for (#27) to null
09-10 14:53:34.872 992 1046 V WindowManagerShell: try handler com.android.wm.shell.transition.DefaultTransitionHandler@ab2b0e9
09-10 14:53:34.873 992 1046 V WindowManagerShell: start default transition animation, info = {id=27 t=CLOSE f=0x0 trk=0 r=[0@Point(0, 0)] c=[{WCT{android.window.IWindowContainerToken$Stub$Proxy@3d01200} m=OPEN f=MOVE_TO_TOP leash=Surface(name=Task=18)/@0x2118094 sb=Rect(0, 0 - 1080, 1920) eb=Rect(0, 0 - 1080, 1920) d=0 taskParent=-1},{WCT{android.window.IWindowContainerToken$Stub$Proxy@113da39} m=CLOSE f=NONE leash=Surface(name=Task=17)/@0xd19073d sb=Rect(0, 0 - 1080, 1920) eb=Rect(0, 0 - 1080, 1920) d=0 taskParent=-1},{null m=TO_FRONT f=IS_WALLPAPER leash=Surface(name=WallpaperWindowToken{c93c71e token=android.os.Binder@33bbf59})/@0xa0adb32 sb=Rect(0, 0 - 1080, 1920) eb=Rect(0, 0 - 1080, 1920) d=0}]}
09-10 14:53:34.873 992 1046 V WindowManagerShell: loadAnimation: anim=android.view.animation.AnimationSet@307787e animAttr=0xb type=CLOSE isEntrance=false
09-10 14:53:34.874 992 1046 V WindowManagerShell: loadAnimation: anim=android.view.animation.AnimationSet@58e1df animAttr=0xa type=CLOSE isEntrance=true
09-10 14:53:34.880 992 1046 V WindowManagerShell: animated by com.android.wm.shell.transition.DefaultTransitionHandler@ab2b0e9
09-10 14:53:34.888 583 604 V WindowManager: Sent Transition (#27) createdAt=09-10 07:53:34.654 via request=TransitionRequestInfo { type = CLOSE, triggerTask = TaskInfo{userId=0 taskId=17 displayId=0 isRunning=false baseIntent=Intent { act=android.intent.action.MAIN flg=0x10000000 cmp=org.chromium.content_browsertests_apk/.ContentBrowserTestsActivity } baseActivity=null topActivity=null origActivity=null realActivity=ComponentInfo{org.chromium.content_browsertests_apk/org.chromium.content_browsertests_apk.ContentBrowserTestsActivity} numActivities=0 lastActiveTime=250181 supportsMultiWindow=true resizeMode=1 isResizeable=true minWidth=-1 minHeight=-1 defaultMinSize=220 token=WCT{RemoteToken{2416645 Task{2266406 #17 type=standard A=10208:org.chromium.content_browsertests_apk}}} topActivityType=1 pictureInPictureParams=null shouldDockBigOverlays=false launchIntoPipHostTaskId=-1 lastParentTaskIdBeforePip=-1 displayCutoutSafeInsets=null topActivityInfo=null launchCookies=[] positionInParent=Point(0, 0) parentTaskId=-1 isFocused=true isVisible=true isVisibleRequested=true isSleeping=false locusId=null displayAreaFeatureId=1 isTopActivityTransparent=false appCompatTaskInfo=AppCompatTaskInfo { topActivityInSizeCompat=false topActivityEligibleForLetterboxEducation= falseisLetterboxEducationEnabled= false isLetterboxDoubleTapEnabled= false topActivityEligibleForUserAspectRatioButton= false topActivityBoundsLetterboxed= false isFromLetterboxDoubleTap= false topActivityLetterboxVerticalPosition= -1 topActivityLetterboxHorizontalPosition= -1 topActivityLetterboxWidth=-1 topActivityLetterboxHeight=-1 isUserFullscreenOverrideEnabled=false isSystemFullscreenOverrideEnabled=false cameraCompatTaskInfo=CameraCompatTaskInfo { cameraCompatControlState=hidden freeformCameraCompatMode=inactive}}}, pipTask = null, remoteTransition = null, displayChange = null, flags = 0, debugId = 27 }
09-10 14:53:34.888 583 604 V WindowManager: startWCT=WindowContainerTransaction { changes = {} hops = [] errorCallbackToken=null taskFragmentOrganizer=null }
09-10 14:53:34.888 583 604 V WindowManager: info={id=27 t=CLOSE f=0x0 trk=0 r=[0@Point(0, 0)] c=[
09-10 14:53:34.888 583 604 V WindowManager: {WCT{RemoteToken{7595312 Task{12f3e80 #18 type=standard A=10208:org.chromium.content_browsertests_apk}}} m=OPEN f=MOVE_TO_TOP leash=Surface(name=Task=18)/@0x7a8a147 sb=Rect(0, 0 - 1080, 1920) eb=Rect(0, 0 - 1080, 1920) d=0 taskParent=-1},
09-10 14:53:34.888 583 604 V WindowManager: {WCT{RemoteToken{2416645 Task{2266406 #17 type=standard A=10208:org.chromium.content_browsertests_apk}}} m=CLOSE f=NONE leash=Surface(name=Task=17)/@0x74372af sb=Rect(0, 0 - 1080, 1920) eb=Rect(0, 0 - 1080, 1920) d=0 taskParent=-1},
09-10 14:53:34.888 583 604 V WindowManager: {null m=TO_FRONT f=IS_WALLPAPER leash=Surface(name=WallpaperWindowToken{c93c71e token=android.os.Binder@33bbf59})/@0xe8d88da sb=Rect(0, 0 - 1080, 1920) eb=Rect(0, 0 - 1080, 1920) d=0}
09-10 14:53:34.888 583 604 V WindowManager: ]}
09-10 14:53:34.914 381 6551 I resolv : GetAddrInfoHandler::run: {0 262144 0 983040 10143 0}
09-10 14:53:34.919 381 6552 I resolv : GetAddrInfoHandler::run: {0 262144 0 983040 10143 0}
09-10 14:53:34.923 4025 4086 W A : CompleteServer request has failed and can't show offline suggestions.
09-10 14:53:34.923 4025 4086 W A : com.google.frameworks.client.data.android.ac: Http networking stack error
09-10 14:53:34.923 4025 4086 W A : at com.google.frameworks.client.data.android.x.run(PG:36)
09-10 14:53:34.923 4025 4086 W A : at com.google.android.libraries.k.x.run(PG:3)
09-10 14:53:34.923 4025 4086 W A : at com.google.common.n.c.c.run(PG:50)
09-10 14:53:34.923 4025 4086 W A : at com.google.android.libraries.k.e.run(PG:8)
09-10 14:53:34.923 4025 4086 W A : at java.lang.Thread.run(Thread.java:1012)
09-10 14:53:34.923 4025 4086 W A : at com.google.android.libraries.k.d.b.run(PG:74)
09-10 14:53:34.923 4025 4086 W A : Caused by: m.mc: Exception in CronetUrlRequest: net::ERR_INTERNET_DISCONNECTED, ErrorCode=2, InternalErrorCode=-106, Retryable=false
09-10 14:53:34.923 4025 4086 W A : at org.chromium.net.impl.CronetUrlRequest.onError(:com.google.android.gms.dynamite_cronetdynamite@242632041@24.26.32 (190800-0):4)
09-10 14:53:34.926 583 1822 W UserManagerService: Requested status bar icon for non-badged user 0
09-10 14:53:34.926 4025 4139 W A : #getSuggestions failed
09-10 14:53:34.926 4025 4139 W A : com.google.frameworks.client.data.android.ac: Http networking stack error
09-10 14:53:34.926 4025 4139 W A : at com.google.frameworks.client.data.android.x.run(PG:36)
09-10 14:53:34.926 4025 4139 W A : at com.google.android.libraries.k.x.run(PG:3)
09-10 14:53:34.926 4025 4139 W A : at com.google.common.n.c.c.run(PG:50)
09-10 14:53:34.926 4025 4139 W A : at com.google.android.libraries.k.e.run(PG:8)
09-10 14:53:34.926 4025 4139 W A : at java.lang.Thread.run(Thread.java:1012)
09-10 14:53:34.926 4025 4139 W A : at com.google.android.libraries.k.d.b.run(PG:74)
09-10 14:53:34.926 4025 4139 W A : Caused by: m.mc: Exception in CronetUrlRequest: net::ERR_INTERNET_DISCONNECTED, ErrorCode=2, InternalErrorCode=-106, Retryable=false
09-10 14:53:34.926 4025 4139 W A : at org.chromium.net.impl.CronetUrlRequest.onError(:com.google.android.gms.dynamite_cronetdynamite@242632041@24.26.32 (190800-0):4)
09-10 14:53:34.929 1255 6547 E OneSearchSuggestProvider: Unable to get suggestions from AGA
09-10 14:53:34.929 1255 6547 E OneSearchSuggestProvider: io.grpc.StatusRuntimeException: UNKNOWN
09-10 14:53:34.929 1255 6547 E OneSearchSuggestProvider: at k3.e.a(go/retraceme 31f9979659277bb965985aff1272c33e3c3c9e755b77166d20a2465454178f2c:77)
09-10 14:53:34.929 1255 6547 E OneSearchSuggestProvider: at i3.l.b(go/retraceme 31f9979659277bb965985aff1272c33e3c3c9e755b77166d20a2465454178f2c:43)
09-10 14:53:34.929 1255 6547 E OneSearchSuggestProvider: at i3.l.a(go/retraceme 31f9979659277bb965985aff1272c33e3c3c9e755b77166d20a2465454178f2c:27)
09-10 14:53:34.929 1255 6547 E OneSearchSuggestProvider: at i3.z.run(go/retraceme 31f9979659277bb965985aff1272c33e3c3c9e755b77166d20a2465454178f2c:7)
09-10 14:53:34.929 1255 6547 E OneSearchSuggestProvider: at i3.m2.run(go/retraceme 31f9979659277bb965985aff1272c33e3c3c9e755b77166d20a2465454178f2c:19)
09-10 14:53:34.929 1255 6547 E OneSearchSuggestProvider: at java.util.concurrent.ThreadPoolExecutor.runWorker(ThreadPoolExecutor.java:1145)
09-10 14:53:34.929 1255 6547 E OneSearchSuggestProvider: at java.util.concurrent.ThreadPoolExecutor$Worker.run(ThreadPoolExecutor.java:644)
09-10 14:53:34.929 1255 6547 E OneSearchSuggestProvider: at java.lang.Thread.run(Thread.java:1012)
09-10 14:53:34.931 1255 1255 D SearchTargetUtil: query= size=0
09-10 14:53:35.002 6533 6533 I cr_NativeTest: Extras:
09-10 14:53:35.002 6533 6533 I cr_NativeTest: org.chromium.native_test.NativeTest.GtestFilter
09-10 14:53:35.002 6533 6533 I cr_NativeTest: org.chromium.native_test.NativeTest.StdoutFile
09-10 14:53:35.006 6533 6533 D CompatChangeReporter: Compat change id reported: 279646685; UID 10208; state: ENABLED
09-10 14:53:35.013 6533 6533 D CompatChangeReporter: Compat change id reported: 309578419; UID 10208; state: ENABLED
09-10 14:53:35.023 1515 5197 W MediaProvider: Ignoring param:deletedata post U for external apps
09-10 14:53:35.036 1515 5197 I MediaProvider: Deleted 1 0 0 0 0 0 0 items on external_primary due to org.chromium.content_browsertests_apk
09-10 14:53:35.052 1515 1803 W MediaProvider: Ignoring param:deletedata post U for external apps
09-10 14:53:35.054 1515 1803 I MediaProvider: Deleted 1 0 0 0 0 0 0 items on external_primary due to org.chromium.content_browsertests_apk
09-10 14:53:35.055 1515 5202 W MediaProvider: Ignoring param:deletedata post U for external apps
09-10 14:53:35.062 1515 5202 I MediaProvider: Deleted 1 0 0 0 0 0 0 items on external_primary due to org.chromium.content_browsertests_apk
09-10 14:53:35.063 1515 5201 W MediaProvider: Ignoring param:deletedata post U for external apps
09-10 14:53:35.086 1515 5201 I MediaProvider: Deleted 1 0 0 0 0 0 0 items on external_primary due to org.chromium.content_browsertests_apk
09-10 14:53:35.089 1515 5201 W MediaProvider: Ignoring param:deletedata post U for external apps
09-10 14:53:35.104 1515 5201 I MediaProvider: Deleted 1 0 0 0 0 0 0 items on external_primary due to org.chromium.content_browsertests_apk
09-10 14:53:35.110 1515 4876 W MediaProvider: Ignoring param:deletedata post U for external apps
09-10 14:53:35.112 1515 4876 I MediaProvider: Deleted 1 0 0 0 0 0 0 items on external_primary due to org.chromium.content_browsertests_apk
09-10 14:53:35.115 1515 5888 W MediaProvider: Ignoring param:deletedata post U for external apps
09-10 14:53:35.116 1515 5888 I MediaProvider: Deleted 1 0 0 0 0 0 0 items on external_primary due to org.chromium.content_browsertests_apk
09-10 14:53:35.117 1515 2614 W MediaProvider: Ignoring param:deletedata post U for external apps
09-10 14:53:35.126 1515 2614 I MediaProvider: Deleted 1 0 0 0 0 0 0 items on external_primary due to org.chromium.content_browsertests_apk
09-10 14:53:35.149 1515 5202 W MediaProvider: Ignoring param:deletedata post U for external apps
09-10 14:53:35.153 1515 5202 I MediaProvider: Deleted 1 0 0 0 0 0 0 items on external_primary due to org.chromium.content_browsertests_apk
09-10 14:53:35.155 1515 2614 W MediaProvider: Ignoring param:deletedata post U for external apps
09-10 14:53:35.173 1515 2614 I MediaProvider: Deleted 1 0 0 0 0 0 0 items on external_primary due to org.chromium.content_browsertests_apk
09-10 14:53:35.202 1515 4568 W MediaProvider: Ignoring param:deletedata post U for external apps
09-10 14:53:35.204 1515 4568 I MediaProvider: Deleted 1 0 0 0 0 0 0 items on external_primary due to org.chromium.content_browsertests_apk
09-10 14:53:35.209 1515 5201 W MediaProvider: Ignoring param:deletedata post U for external apps
09-10 14:53:35.211 1515 5201 I MediaProvider: Deleted 1 0 0 0 0 0 0 items on external_primary due to org.chromium.content_browsertests_apk
09-10 14:53:35.219 1515 1803 W MediaProvider: Ignoring param:deletedata post U for external apps
09-10 14:53:35.220 1515 1803 I MediaProvider: Deleted 1 0 0 0 0 0 0 items on external_primary due to org.chromium.content_browsertests_apk
09-10 14:53:35.223 1515 5197 W MediaProvider: Ignoring param:deletedata post U for external apps
09-10 14:53:35.224 1515 5197 I MediaProvider: Deleted 1 0 0 0 0 0 0 items on external_primary due to org.chromium.content_browsertests_apk
09-10 14:53:35.229 1515 5201 W MediaProvider: Ignoring param:deletedata post U for external apps
09-10 14:53:35.231 1515 5201 I MediaProvider: Deleted 1 0 0 0 0 0 0 items on external_primary due to org.chromium.content_browsertests_apk
09-10 14:53:35.232 1515 5201 W MediaProvider: Ignoring param:deletedata post U for external apps
09-10 14:53:35.255 1515 5201 I MediaProvider: Deleted 1 0 0 0 0 0 0 items on external_primary due to org.chromium.content_browsertests_apk
09-10 14:53:35.257 1515 2614 W MediaProvider: Ignoring param:deletedata post U for external apps
09-10 14:53:35.257 1255 1927 D EGL_emulation: app_time_stats: avg=624.28ms min=2.99ms max=3623.56ms count=6
09-10 14:53:35.261 1515 2614 I MediaProvider: Deleted 1 0 0 0 0 0 0 items on external_primary due to org.chromium.content_browsertests_apk
09-10 14:53:35.261 1515 4876 W MediaProvider: Ignoring param:deletedata post U for external apps
09-10 14:53:35.277 1515 4876 I MediaProvider: Deleted 1 0 0 0 0 0 0 items on external_primary due to org.chromium.content_browsertests_apk
09-10 14:53:35.278 1515 5197 W MediaProvider: Ignoring param:deletedata post U for external apps
09-10 14:53:35.281 1515 5197 I MediaProvider: Deleted 1 0 0 0 0 0 0 items on external_primary due to org.chromium.content_browsertests_apk
09-10 14:53:35.301 1515 4568 W MediaProvider: Ignoring param:deletedata post U for external apps
09-10 14:53:35.302 1515 4568 I MediaProvider: Deleted 1 0 0 0 0 0 0 items on external_primary due to org.chromium.content_browsertests_apk
09-10 14:53:35.309 992 1007 I ndroid.systemui: NativeAlloc concurrent mark compact GC freed 8651KB AllocSpace bytes, 23(524KB) LOS objects, 50% free, 18MB/36MB, paused 710us,3.590ms total 419.733ms
09-10 14:53:35.331 1515 5888 W MediaProvider: Ignoring param:deletedata post U for external apps
09-10 14:53:35.348 992 1011 W ndroid.systemui: ApkAssets: Deleting an ApkAssets object '<empty> and /product/priv-app/PrebuiltGmsCore/PrebuiltGmsCore.apk' with 1 weak references
09-10 14:53:35.356 1515 5888 I MediaProvider: Deleted 1 0 0 0 0 0 0 items on external_primary due to org.chromium.content_browsertests_apk
09-10 14:53:35.359 583 606 I DropBoxManagerService: add tag=system_app_strictmode isTagEnabled=true flags=0x2
09-10 14:53:35.364 1515 4876 W MediaProvider: Ignoring param:deletedata post U for external apps
09-10 14:53:35.376 1515 4876 I MediaProvider: Deleted 1 0 0 0 0 0 0 items on external_primary due to org.chromium.content_browsertests_apk
09-10 14:53:35.398 992 1046 V WindowManagerShell: Transition animation finished (aborted=false), notifying core (#27) android.os.BinderProxy@cf5d4d0@0
09-10 14:53:35.399 583 1832 E IPCThreadState: Binder transaction failure. id: 342306, BR_*: 29189, error: -22 (Invalid argument)
09-10 14:53:35.399 583 1832 W ActivityManager: pid 583 system sent binder code 7 with flags 1 to frozen apps and got error -32
09-10 14:53:35.399 583 1832 W WindowManager: Exception thrown during dispatchAppVisibility Window{c770833 u0 org.chromium.content_browsertests_apk/org.chromium.content_browsertests_apk.ContentBrowserTestsActivity EXITING}
09-10 14:53:35.399 583 1832 W WindowManager: android.os.DeadObjectException
09-10 14:53:35.399 583 1832 W WindowManager: at android.os.BinderProxy.transactNative(Native Method)
09-10 14:53:35.399 583 1832 W WindowManager: at android.os.BinderProxy.transact(BinderProxy.java:586)
09-10 14:53:35.399 583 1832 W WindowManager: at android.view.IWindow$Stub$Proxy.dispatchAppVisibility(IWindow.java:553)
09-10 14:53:35.399 583 1832 W WindowManager: at com.android.server.wm.WindowState.sendAppVisibilityToClients(WindowState.java:3253)
09-10 14:53:35.399 583 1832 W WindowManager: at com.android.server.wm.WindowContainer.sendAppVisibilityToClients(WindowContainer.java:1289)
09-10 14:53:35.399 583 1832 W WindowManager: at com.android.server.wm.WindowToken.setClientVisible(WindowToken.java:403)
09-10 14:53:35.399 583 1832 W WindowManager: at com.android.server.wm.ActivityRecord.setClientVisible(ActivityRecord.java:7166)
09-10 14:53:35.399 583 1832 W WindowManager: at com.android.server.wm.ActivityRecord.postApplyAnimation(ActivityRecord.java:5881)
09-10 14:53:35.399 583 1832 W WindowManager: at com.android.server.wm.ActivityRecord.commitVisibility(ActivityRecord.java:5823)
09-10 14:53:35.399 583 1832 W WindowManager: at com.android.server.wm.Transition.finishTransition(Transition.java:1286)
09-10 14:53:35.399 583 1832 W WindowManager: at com.android.server.wm.TransitionController.finishTransition(TransitionController.java:937)
09-10 14:53:35.399 583 1832 W WindowManager: at com.android.server.wm.WindowOrganizerController.finishTransition(WindowOrganizerController.java:494)
09-10 14:53:35.399 583 1832 W WindowManager: at android.window.IWindowOrganizerController$Stub.onTransact(IWindowOrganizerController.java:289)
09-10 14:53:35.399 583 1832 W WindowManager: at com.android.server.wm.WindowOrganizerController.onTransact(WindowOrganizerController.java:204)
09-10 14:53:35.399 583 1832 W WindowManager: at android.os.Binder.execTransactInternal(Binder.java:1505)
09-10 14:53:35.399 583 1832 W WindowManager: at android.os.Binder.execTransact(Binder.java:1444)
09-10 14:53:35.404 583 1832 W Process : Unable to open /proc/6248/status
09-10 14:53:35.415 1515 1803 W MediaProvider: Ignoring param:deletedata post U for external apps
09-10 14:53:35.432 583 604 V WindowManager: Finish Transition (#27): created at
09-10 07:53:34.654 collect-started=0.074ms request-sent=0.305ms started=7.008ms ready=202.004ms sent=210.788ms finished=744.189ms
09-10 14:53:35.450 1515 1803 I MediaProvider: Deleted 1 0 0 0 0 0 0 items on external_primary due to org.chromium.content_browsertests_apk
09-10 14:53:35.739 0 0 W healthd : battery l=100 v=5000 t=25.0 h=2 st=2 c=900000 fc=3000000 cc=10 chg=a
09-10 14:53:35.461 992 1046 V WindowManagerShell: Track 0 became idle
09-10 14:53:35.461 992 1046 V WindowManagerShell: All active transition animations finished
09-10 14:53:35.461 992 1046 W Looper : Slow dispatch took 64ms wmshell.main h=android.os.Handler c=com.android.wm.shell.transition.DefaultTransitionHandler$$ExternalSyntheticLambda0@a38c169 m=0
09-10 14:53:35.461 992 1046 W Looper : Slow delivery took 52ms wmshell.main h=android.os.Handler c=android.window.TaskOrganizer$1$$ExternalSyntheticLambda4@54e87ee m=0
09-10 14:53:35.461 992 1046 W Looper : Drained
09-10 14:53:35.476 1515 5199 W MediaProvider: Ignoring param:deletedata post U for external apps
09-10 14:53:35.479 992 1139 D EGL_emulation: app_time_stats: avg=651.13ms min=12.27ms max=3763.69ms count=6
09-10 14:53:35.482 583 1818 W UserManagerService: Requested status bar icon for non-badged user 0
09-10 14:53:35.490 583 1744 W UserManagerService: Requested status bar icon for non-badged user 0
09-10 14:53:35.491 583 1744 W UserManagerService: Requested status bar icon for non-badged user 0
09-10 14:53:35.503 453 453 E BpTransactionCompletedListener: Failed to transact (-32)
09-10 14:53:35.506 1255 1255 I TopTaskTracker: onTaskRemoved: taskId=17
09-10 14:53:35.506 1255 1255 I TopTaskTracker: onTaskRemoved: taskId=17
09-10 14:53:35.507 1515 5199 I MediaProvider: Deleted 1 0 0 0 0 0 0 items on external_primary due to org.chromium.content_browsertests_apk
09-10 14:53:35.534 1515 4568 W MediaProvider: Ignoring param:deletedata post U for external apps
09-10 14:53:35.543 1515 4568 I MediaProvider: Deleted 1 0 0 0 0 0 0 items on external_primary due to org.chromium.content_browsertests_apk
09-10 14:53:35.555 1515 4568 W MediaProvider: Ignoring param:deletedata post U for external apps
09-10 14:53:35.557 1515 4568 I MediaProvider: Deleted 1 0 0 0 0 0 0 items on external_primary due to org.chromium.content_browsertests_apk
09-10 14:53:35.567 1515 5199 W MediaProvider: Ignoring param:deletedata post U for external apps
09-10 14:53:35.590 1515 5199 I MediaProvider: Deleted 1 0 0 0 0 0 0 items on external_primary due to org.chromium.content_browsertests_apk
09-10 14:53:35.595 1515 4568 W MediaProvider: Ignoring param:deletedata post U for external apps
09-10 14:53:35.597 1515 4568 I MediaProvider: Deleted 1 0 0 0 0 0 0 items on external_primary due to org.chromium.content_browsertests_apk
09-10 14:53:35.604 1515 5197 W MediaProvider: Ignoring param:deletedata post U for external apps
09-10 14:53:35.605 1515 5197 I MediaProvider: Deleted 1 0 0 0 0 0 0 items on external_primary due to org.chromium.content_browsertests_apk
09-10 14:53:35.619 1515 5197 W MediaProvider: Ignoring param:deletedata post U for external apps
09-10 14:53:35.621 1515 5197 I MediaProvider: Deleted 1 0 0 0 0 0 0 items on external_primary due to org.chromium.content_browsertests_apk
09-10 14:53:35.624 1515 5202 W MediaProvider: Ignoring param:deletedata post U for external apps
09-10 14:53:35.626 1515 5202 I MediaProvider: Deleted 1 0 0 0 0 0 0 items on external_primary due to org.chromium.content_browsertests_apk
09-10 14:53:35.628 1515 5201 W MediaProvider: Ignoring param:deletedata post U for external apps
09-10 14:53:35.633 1515 5201 I MediaProvider: Deleted 1 0 0 0 0 0 0 items on external_primary due to org.chromium.content_browsertests_apk
09-10 14:53:35.635 1515 1802 W MediaProvider: Ignoring param:deletedata post U for external apps
09-10 14:53:35.636 1515 1802 I MediaProvider: Deleted 1 0 0 0 0 0 0 items on external_primary due to org.chromium.content_browsertests_apk
09-10 14:53:35.639 1515 4568 W MediaProvider: Ignoring param:deletedata post U for external apps
09-10 14:53:35.641 1515 4568 I MediaProvider: Deleted 1 0 0 0 0 0 0 items on external_primary due to org.chromium.content_browsertests_apk
09-10 14:53:35.643 1515 5199 W MediaProvider: Ignoring param:deletedata post U for external apps
09-10 14:53:35.645 1515 5199 I MediaProvider: Deleted 1 0 0 0 0 0 0 items on external_primary due to org.chromium.content_browsertests_apk
09-10 14:53:35.647 1515 5197 W MediaProvider: Ignoring param:deletedata post U for external apps
09-10 14:53:35.650 1515 5197 I MediaProvider: Deleted 1 0 0 0 0 0 0 items on external_primary due to org.chromium.content_browsertests_apk
09-10 14:53:35.652 1515 5202 W MediaProvider: Ignoring param:deletedata post U for external apps
09-10 14:53:35.654 1515 5202 I MediaProvider: Deleted 1 0 0 0 0 0 0 items on external_primary due to org.chromium.content_browsertests_apk
09-10 14:53:35.655 1515 5201 W MediaProvider: Ignoring param:deletedata post U for external apps
09-10 14:53:35.657 583 706 D ActivityManager: freezing 3717 com.google.android.gms
09-10 14:53:35.659 1515 5201 I MediaProvider: Deleted 1 0 0 0 0 0 0 items on external_primary due to org.chromium.content_browsertests_apk
09-10 14:53:35.660 1515 1802 W MediaProvider: Ignoring param:deletedata post U for external apps
09-10 14:53:35.663 1515 1802 I MediaProvider: Deleted 1 0 0 0 0 0 0 items on external_primary due to org.chromium.content_browsertests_apk
09-10 14:53:35.666 1515 1802 W MediaProvider: Ignoring param:deletedata post U for external apps
09-10 14:53:35.668 1515 1802 I MediaProvider: Deleted 1 0 0 0 0 0 0 items on external_primary due to org.chromium.content_browsertests_apk
09-10 14:53:35.669 1515 5197 W MediaProvider: Ignoring param:deletedata post U for external apps
09-10 14:53:35.671 1515 5197 I MediaProvider: Deleted 1 0 0 0 0 0 0 items on external_primary due to org.chromium.content_browsertests_apk
09-10 14:53:35.672 1515 1803 W MediaProvider: Ignoring param:deletedata post U for external apps
09-10 14:53:35.675 1515 1803 I MediaProvider: Deleted 1 0 0 0 0 0 0 items on external_primary due to org.chromium.content_browsertests_apk
09-10 14:53:35.676 1515 5888 W MediaProvider: Ignoring param:deletedata post U for external apps
09-10 14:53:35.681 1515 5888 I MediaProvider: Deleted 1 0 0 0 0 0 0 items on external_primary due to org.chromium.content_browsertests_apk
09-10 14:53:35.682 1515 4876 W MediaProvider: Ignoring param:deletedata post U for external apps
09-10 14:53:35.684 1515 4876 I MediaProvider: Deleted 1 0 0 0 0 0 0 items on external_primary due to org.chromium.content_browsertests_apk
09-10 14:53:35.687 6533 6533 D nativeloader: Load /data/app/~~Qgn2wqEAvH79GiouluTyOA==/org.chromium.content_browsertests_apk-RchFo_8uzwLoY5jHIGStww==/lib/x86_64/libtest_trace_processor.so using ns clns-9 from class loader (caller=/data/app/~~Qgn2wqEAvH79GiouluTyOA==/org.chromium.content_browsertests_apk-RchFo_8uzwLoY5jHIGStww==/base.apk): ok
09-10 14:53:35.721 6533 6533 D nativeloader: Load /data/app/~~Qgn2wqEAvH79GiouluTyOA==/org.chromium.content_browsertests_apk-RchFo_8uzwLoY5jHIGStww==/lib/x86_64/libcontent_browsertests__library.so using ns clns-9 from class loader (caller=/data/app/~~Qgn2wqEAvH79GiouluTyOA==/org.chromium.content_browsertests_apk-RchFo_8uzwLoY5jHIGStww==/base.apk): ok
09-10 14:53:35.724 6533 6533 I cr_LibraryLoader: Successfully loaded native library
09-10 14:53:35.725 6533 6533 I cr_CachingUmaRecorder: Flushed 2 samples from 2 histograms, 0 samples were dropped.
09-10 14:53:35.742 6533 6533 W HWUI : Unknown dataspace 0
09-10 14:53:35.748 583 1818 D CoreBackPreview: Window{8565a79 u0 org.chromium.content_browsertests_apk/org.chromium.content_browsertests_apk.ContentBrowserTestsActivity}: Setting back callback OnBackInvokedCallbackInfo{mCallback=android.window.IOnBackInvokedCallback$Stub$Proxy@397fb6c, mPriority=0, mIsAnimationCallback=false}
09-10 14:53:35.758 6533 6549 I EGL_emulation: Opening libGLESv1_CM_emulation.so
09-10 14:53:35.759 6533 6549 I EGL_emulation: Opening libGLESv2_emulation.so
09-10 14:53:35.769 6533 6549 W HWUI : Failed to initialize 101010-2 format, error = EGL_SUCCESS
09-10 14:53:35.799 164 164 I hwservicemanager: getTransport: Cannot find entry android.hardware.graphics.mapper@4.0::IMapper/default in either framework or device VINTF manifest.
09-10 14:53:35.799 6533 6549 I Gralloc4: mapper 4.x is not supported
09-10 14:53:36.093 0 0 I servicemanager: Caller(pid=6533,uid=10208,sid=u:r:untrusted_app:s0:c208,c256,c512,c768) Could not find android.hardware.graphics.allocator.IAllocator/default in the VINTF manifest. No alternative instances declared in VINTF.
09-10 14:53:36.256 1255 1927 D EGL_emulation: app_time_stats: avg=89.94ms min=9.98ms max=687.09ms count=15
09-10 14:53:36.428 6533 6533 I chromium: Redirecting stdout to file: /sdcard/Download/temp_file-8c9235bba0aea.gtest_out
09-10 14:53:36.446 583 604 I ActivityTaskManager: Displayed org.chromium.content_browsertests_apk/.ContentBrowserTestsActivity for user 0: +1s698ms
09-10 14:53:36.611 1515 4568 W MediaProvider: isAppCloneUserPair for user 0: false
09-10 14:53:36.622 6533 6533 W chromium: [6533:6533:0910/145336.622117:WARNING:field_trial_util.cc(109)] Field trial config study skipped: PartitionNetworkStateByNetworkAnonymizationKey.EnableFeatureForTests (some of its features are already overridden)
09-10 14:53:36.680 1515 5197 W MediaProvider: isAppCloneUserPair for user 0: false
09-10 14:53:36.742 6533 6566 W chromium: [6533:6566:0910/145336.742870:WARNING:dns_config_service_android.cc(81)] Failed to read DnsConfig.
09-10 14:53:36.747 583 1832 D OomAdjuster: Not killing cached processes
09-10 14:53:36.763 505 505 W IPCThreadState: Sending oneway calls to frozen process.
09-10 14:53:36.780 381 381 I netd : tetherGetStats() -> {[]} <5.47ms>
09-10 14:53:36.788 1515 4876 W MediaProvider: isAppCloneUserPair for user 0: false
09-10 14:53:36.789 1515 2614 W MediaProvider: isAppCloneUserPair for user 0: false
09-10 14:53:36.791 1515 5888 W MediaProvider: isAppCloneUserPair for user 0: false
09-10 14:53:36.794 1515 1802 W MediaProvider: isAppCloneUserPair for user 0: false
09-10 14:53:36.796 1515 4568 W MediaProvider: isAppCloneUserPair for user 0: false
09-10 14:53:36.800 6533 6533 D CompatChangeReporter: Compat change id reported: 63938206; UID 10208; state: ENABLED
09-10 14:53:36.807 992 1091 W WindowOnBackDispatcher: sendCancelIfRunning: isInProgress=false callback=android.view.ViewRootImpl$$ExternalSyntheticLambda11@289fb0b
09-10 14:53:36.807 1515 1803 W MediaProvider: isAppCloneUserPair for user 0: false
09-10 14:53:36.808 583 1744 W InputManager-JNI: Input channel object '265d98 Splash Screen org.chromium.content_browsertests_apk (client)' was disposed without first being removed with the input manager!
09-10 14:53:36.809 583 1832 D CoreBackPreview: Window{265d98 u0 Splash Screen org.chromium.content_browsertests_apk EXITING}: Setting back callback null
09-10 14:53:36.809 6533 6533 D CompatChangeReporter: Compat change id reported: 303326708; UID 10208; state: ENABLED
09-10 14:53:36.811 1515 5199 W MediaProvider: isAppCloneUserPair for user 0: false
09-10 14:53:36.813 1255 1255 D BaseDepthController: setSurface:
09-10 14:53:36.813 1255 1255 D BaseDepthController: mWaitingOnSurfaceValidity: false
09-10 14:53:36.813 1255 1255 D BaseDepthController: mSurface: null
09-10 14:53:36.814 1255 1255 D BaseDepthController: mSurface is null and mCurrentBlur is: 0
09-10 14:53:36.815 1255 1255 D StateManager: goToState - fromState: Normal, toState: Normal, partial trace:
09-10 14:53:36.815 1255 1255 D StateManager: at com.android.launcher3.statemanager.StateManager.moveToRestState(go/retraceme 31f9979659277bb965985aff1272c33e3c3c9e755b77166d20a2465454178f2c:4)
09-10 14:53:36.815 1255 1255 D StateManager: at com.android.launcher3.statemanager.StateManager.moveToRestState(go/retraceme 31f9979659277bb965985aff1272c33e3c3c9e755b77166d20a2465454178f2c:1)
09-10 14:53:36.815 1255 1255 D StateManager: at com.android.launcher3.statemanager.StatefulActivity.onStop(go/retraceme 31f9979659277bb965985aff1272c33e3c3c9e755b77166d20a2465454178f2c:34)
09-10 14:53:36.815 1255 1255 D StatsLog: LAUNCHER_ONSTOP
09-10 14:53:36.816 583 1744 I AppWidgetServiceImpl: setAppWidgetHidden() 0
09-10 14:53:36.818 1255 2183 D OneSearchSuggestProvider: Shut down the binder channel
09-10 14:53:36.820 1255 1255 D StatsLog: LAUNCHER_GOOGLE_SEARCH_RESTORE_LIST_SIZE_AFTER_ACTIVITY_RESTART
09-10 14:53:36.821 1255 1255 D NexusLauncherModelDelegate: notifySmartspaceEvent: SmartspaceTargetEvent{mSmartspaceTarget=null, mSmartspaceActionId='null', mEventType=7}
09-10 14:53:36.822 1255 1255 D NexusLauncherModelDelegate: notifySmartspaceEvent: SmartspaceTargetEvent{mSmartspaceTarget=null, mSmartspaceActionId='null', mEventType=7}
09-10 14:53:36.827 1255 1668 I IPCThreadState: oneway function results for code 2 on binder at 0x79edbcb778d0 will be dropped but finished with status UNKNOWN_TRANSACTION
09-10 14:53:36.828 583 1744 D ConnectivityService: requestNetwork for uid/pid:10208/6533 activeRequest: null callbackRequest: 181 [NetworkRequest [ REQUEST id=182, [ Capabilities: INTERNET&NOT_RESTRICTED&TRUSTED&NOT_VCN_MANAGED&NOT_BANDWIDTH_CONSTRAINED Uid: 10208 RequestorUid: 10208 RequestorPkg: org.chromium.content_browsertests_apk UnderlyingNetworks: Null] ]] callback flags: 0 order: 2147483647 isUidTracked: false
09-10 14:53:36.832 583 917 D ConnectivityService: NetReassign [no changes] [c 0] [a 0] [i 2]
09-10 14:53:36.836 583 910 D OemPaidWifiNetworkFactory: got request NetworkRequest [ REQUEST id=182, [ Capabilities: INTERNET&NOT_RESTRICTED&TRUSTED&NOT_VCN_MANAGED&NOT_BANDWIDTH_CONSTRAINED Uid: 10208 RequestorUid: 10208 RequestorPkg: org.chromium.content_browsertests_apk UnderlyingNetworks: Null] ]
09-10 14:53:36.845 583 910 D MultiInternetWifiNetworkFactory: got request NetworkRequest [ REQUEST id=182, [ Capabilities: INTERNET&NOT_RESTRICTED&TRUSTED&NOT_VCN_MANAGED&NOT_BANDWIDTH_CONSTRAINED Uid: 10208 RequestorUid: 10208 RequestorPkg: org.chromium.content_browsertests_apk UnderlyingNetworks: Null] ]
09-10 14:53:36.846 583 910 D WifiNetworkFactory: got request NetworkRequest [ REQUEST id=182, [ Capabilities: INTERNET&NOT_RESTRICTED&TRUSTED&NOT_VCN_MANAGED&NOT_BANDWIDTH_CONSTRAINED Uid: 10208 RequestorUid: 10208 RequestorPkg: org.chromium.content_browsertests_apk UnderlyingNetworks: Null] ]
09-10 14:53:36.846 583 910 D UntrustedWifiNetworkFactory: got request NetworkRequest [ REQUEST id=182, [ Capabilities: INTERNET&NOT_RESTRICTED&TRUSTED&NOT_VCN_MANAGED&NOT_BANDWIDTH_CONSTRAINED Uid: 10208 RequestorUid: 10208 RequestorPkg: org.chromium.content_browsertests_apk UnderlyingNetworks: Null] ]
09-10 14:53:36.848 583 917 D ConnectivityService: NetReassign [no changes] [c 0] [a 0] [i 0]
09-10 14:53:36.812 6533 6533 W ThreadPoolForeg: type=1400 audit(0.0:53): avc: denied { ioctl } for path=2F73746F726167652F656D756C617465642F302F6368726F6D69756D5F74657374735F726F6F742F636F6E74656E745F7368656C6C2F5368617265642044696374696F6E6172792F6462 dev="fuse" ino=148194 ioctlcmd=0xf50c scontext=u:r:untrusted_app:s0:c208,c256,c512,c768 tcontext=u:object_r:fuse:s0 tclass=file permissive=0 app=org.chromium.content_browsertests_apk
09-10 14:53:36.852 583 1822 I Telecom : TelecomServiceImpl$1: isInEmergencyCall: false: TSI.iIEC@ARM🔒
09-10 14:53:36.857 992 1091 W FrameTracker: Missed SF frame:JANK_SURFACEFLINGER_DEADLINE_MISSED, 32826, 0, CUJ=J<SPLASHSCREEN_EXIT_ANIM>
09-10 14:53:36.858 992 1091 W FrameTracker: Missing HWUI jank callback for vsyncId: 32826, CUJ=J<SPLASHSCREEN_EXIT_ANIM>
09-10 14:53:36.858 992 1091 W FrameTracker: Missed App frame:UNKNOWN: 10, 32848, 0, CUJ=J<SPLASHSCREEN_EXIT_ANIM>
09-10 14:53:36.858 992 1091 W FrameTracker: Missed SF frame:UNKNOWN: 10, 32848, 0, CUJ=J<SPLASHSCREEN_EXIT_ANIM>
09-10 14:53:36.858 992 1091 W FrameTracker: Missing HWUI jank callback for vsyncId: 32848, CUJ=J<SPLASHSCREEN_EXIT_ANIM>
09-10 14:53:36.858 992 1091 W FrameTracker: Missed App frame:UNKNOWN: 74, 32863, 70701663, CUJ=J<SPLASHSCREEN_EXIT_ANIM>
09-10 14:53:36.858 992 1091 W FrameTracker: Missed SF frame:UNKNOWN: 74, 32863, 70701663, CUJ=J<SPLASHSCREEN_EXIT_ANIM>
09-10 14:53:36.858 992 1091 W FrameTracker: Missed App frame:UNKNOWN: 74, 32870, 78624074, CUJ=J<SPLASHSCREEN_EXIT_ANIM>
09-10 14:53:36.858 992 1091 W FrameTracker: Missed SF frame:UNKNOWN: 74, 32870, 78624074, CUJ=J<SPLASHSCREEN_EXIT_ANIM>
09-10 14:53:36.858 992 1091 W FrameTracker: Missed App frame:UNKNOWN: 74, 32877, 0, CUJ=J<SPLASHSCREEN_EXIT_ANIM>
09-10 14:53:36.858 992 1091 W FrameTracker: Missed SF frame:UNKNOWN: 74, 32877, 0, CUJ=J<SPLASHSCREEN_EXIT_ANIM>
09-10 14:53:36.858 992 1091 W FrameTracker: Missing HWUI jank callback for vsyncId: 32877, CUJ=J<SPLASHSCREEN_EXIT_ANIM>
09-10 14:53:36.858 992 1091 W FrameTracker: Missed App frame:UNKNOWN: 74, 32892, 0, CUJ=J<SPLASHSCREEN_EXIT_ANIM>
09-10 14:53:36.858 992 1091 W FrameTracker: Missed SF frame:UNKNOWN: 74, 32892, 0, CUJ=J<SPLASHSCREEN_EXIT_ANIM>
09-10 14:53:36.858 992 1091 W FrameTracker: Missing HWUI jank callback for vsyncId: 32892, CUJ=J<SPLASHSCREEN_EXIT_ANIM>
09-10 14:53:36.858 992 1091 W FrameTracker: Missed App frame:UNKNOWN: 72, 32908, 150928870, CUJ=J<SPLASHSCREEN_EXIT_ANIM>
09-10 14:53:36.859 992 1067 V PerfettoTrigger: Not triggering com.android.telemetry.interaction-jank-monitor-39 - not enough time since last trigger
09-10 14:53:36.886 6533 6533 D AutofillManager: notifyViewReadyInner:1073741824
09-10 14:53:36.890 583 726 I ImeTracker: org.chromium.content_browsertests_apk:cbcb72b7: onRequestHide at ORIGIN_SERVER reason HIDE_UNSPECIFIED_WINDOW fromUser false
09-10 14:53:36.891 583 726 I ImeTracker: org.chromium.content_browsertests_apk:cbcb72b7: onCancelled at PHASE_SERVER_SHOULD_HIDE
09-10 14:53:36.891 1515 5888 W MediaProvider: isAppCloneUserPair for user 0: false
09-10 14:53:36.897 1515 5197 W MediaProvider: isAppCloneUserPair for user 0: false
09-10 14:53:36.909 1515 2614 W MediaProvider: isAppCloneUserPair for user 0: false
09-10 14:53:36.923 1515 4568 W MediaProvider: isAppCloneUserPair for user 0: false
09-10 14:53:36.923 1515 4876 W MediaProvider: isAppCloneUserPair for user 0: false
09-10 14:53:36.927 1515 1803 W MediaProvider: isAppCloneUserPair for user 0: false
09-10 14:53:36.959 583 1832 V GrammaticalInflectionUtils: AttributionSource: AttributionSource { uid = 10208, packageName = null, attributionTag = null, token = android.os.Binder@7b78a50, deviceId = 0, next = null } does not have READ_SYSTEM_GRAMMATICAL_GENDER permission.
09-10 14:53:37.006 1515 5197 W MediaProvider: isAppCloneUserPair for user 0: false
09-10 14:53:37.016 382 382 D Zygote : Forked child process 6591
09-10 14:53:37.022 583 617 W ActivityManager: Slow operation: 64ms so far, now at startProcess: returned from zygote!
09-10 14:53:37.022 583 617 W ActivityManager: Slow operation: 64ms so far, now at startProcess: done updating battery stats
09-10 14:53:37.022 583 617 W ActivityManager: Slow operation: 64ms so far, now at startProcess: building log message
09-10 14:53:37.023 583 617 I ActivityManager: Start proc 6591:org.chromium.content_browsertests_apk:privileged_process0/u0a208 for service {org.chromium.content_browsertests_apk/org.chromium.content.app.PrivilegedProcessService0}
09-10 14:53:37.023 583 617 W ActivityManager: Slow operation: 64ms so far, now at startProcess: starting to update pids map
09-10 14:53:37.032 1255 1927 D EGL_emulation: app_time_stats: avg=350.81ms min=27.24ms max=1524.39ms count=5
09-10 14:53:37.037 6533 6533 I WindowExtensionsImpl: Initializing Window Extensions, vendor API level=6, activity embedding enabled=true
09-10 14:53:37.038 1515 4568 W MediaProvider: isAppCloneUserPair for user 0: false
09-10 14:53:37.045 583 617 W ActivityManager: Slow operation: 86ms so far, now at startProcess: done updating pids map
09-10 14:53:37.049 1515 4876 W MediaProvider: isAppCloneUserPair for user 0: false
09-10 14:53:37.054 3955 3955 I GoogleInputMethodService: GoogleInputMethodService.onFinishInput():3157
09-10 14:53:37.059 3955 3955 I GoogleInputMethodService: GoogleInputMethodService.updateDeviceLockedStatus():2248 repeatCheckTimes = 0, locked = false
09-10 14:53:37.060 3955 3955 I GoogleInputMethodService: GoogleInputMethodService.onStartInput():1986 onStartInput(EditorInfo{EditorInfo{packageName=org.chromium.content_browsertests_apk, inputType=0, inputTypeString=NULL, enableLearning=false, autoCorrection=false, autoComplete=false, imeOptions=12000000, privateImeOptions=null, actionName=UNSPECIFIED, actionLabel=null, initialSelStart=-1, initialSelEnd=-1, initialCapsMode=0, label=null, fieldId=0, fieldName=null, extras=null, hintText=null, hintLocales=[]}}, false)
09-10 14:53:37.068 3955 3955 I GoogleInputMethodService: GoogleInputMethodService.updateDeviceLockedStatus():2248 repeatCheckTimes = 1, locked = false
09-10 14:53:37.069 3955 3955 I AndroidIME: InputBundleManager.loadActiveInputBundleId():450 loadActiveInputBundleId: und-Latn-x-password, password
09-10 14:53:37.076 6591 6591 I ileged_process0: Using CollectorTypeCMC GC.
09-10 14:53:37.077 583 1744 W PackageConfigPersister: App-specific configuration not found for packageName: org.chromium.content_browsertests_apk and userId: 0
09-10 14:53:37.078 6591 6591 W ileged_process0: Unexpected CPU variant for x86: x86_64.
09-10 14:53:37.078 6591 6591 W ileged_process0: Known variants: atom, sandybridge, silvermont, goldmont, goldmont-plus, goldmont-without-sha-xsaves, tremont, kabylake, default
09-10 14:53:37.082 6591 6591 E ileged_process0: Not starting debugger since process cannot load the jdwp agent.
09-10 14:53:37.086 6533 6571 W cr_media: BLUETOOTH_CONNECT permission is missing.
09-10 14:53:37.087 6591 6591 D nativeloader: Load libframework-connectivity-tiramisu-jni.so using APEX ns com_android_tethering for caller /apex/com.android.tethering/javalib/framework-connectivity-t.jar: ok
09-10 14:53:37.091 6533 6571 W cr_media: getBluetoothAdapter() requires BLUETOOTH permission
09-10 14:53:37.091 6533 6571 W cr_media: registerBluetoothIntentsIfNeeded: Requires BLUETOOTH permission
09-10 14:53:37.100 1515 5202 W MediaProvider: isAppCloneUserPair for user 0: false
09-10 14:53:37.115 992 1139 D EGL_emulation: app_time_stats: avg=227.05ms min=6.94ms max=1511.29ms count=7
09-10 14:53:37.119 6591 6591 D ApplicationLoaders: Returning zygote-cached class loader: /system/framework/android.test.base.jar
09-10 14:53:37.122 6591 6591 D nativeloader: Configuring clns-7 for other apk /system/framework/android.test.mock.jar. target_sdk_version=35, uses_libraries=ALL, library_path=/data/app/~~Qgn2wqEAvH79GiouluTyOA==/org.chromium.content_browsertests_apk-RchFo_8uzwLoY5jHIGStww==/lib/x86_64:/data/app/~~Qgn2wqEAvH79GiouluTyOA==/org.chromium.content_browsertests_apk-RchFo_8uzwLoY5jHIGStww==/base.apk!/lib/x86_64, permitted_path=/data:/mnt/expand:/data/user/0/org.chromium.content_browsertests_apk
09-10 14:53:37.123 6591 6591 D ApplicationLoaders: Returning zygote-cached class loader: /system/framework/android.test.base.jar
09-10 14:53:37.124 6591 6591 D nativeloader: Configuring clns-8 for other apk /system/framework/android.test.runner.jar. target_sdk_version=35, uses_libraries=ALL, library_path=/data/app/~~Qgn2wqEAvH79GiouluTyOA==/org.chromium.content_browsertests_apk-RchFo_8uzwLoY5jHIGStww==/lib/x86_64:/data/app/~~Qgn2wqEAvH79GiouluTyOA==/org.chromium.content_browsertests_apk-RchFo_8uzwLoY5jHIGStww==/base.apk!/lib/x86_64, permitted_path=/data:/mnt/expand:/data/user/0/org.chromium.content_browsertests_apk
09-10 14:53:37.125 6591 6591 D ApplicationLoaders: Returning zygote-cached class loader: /system_ext/framework/androidx.window.extensions.jar
09-10 14:53:37.126 583 1822 V GrammaticalInflectionUtils: AttributionSource: AttributionSource { uid = 99030, packageName = null, attributionTag = null, token = android.os.Binder@7b78a50, deviceId = 0, next = null } does not have READ_SYSTEM_GRAMMATICAL_GENDER permission.
09-10 14:53:37.127 6591 6591 D nativeloader: Configuring clns-9 for other apk /data/app/~~Qgn2wqEAvH79GiouluTyOA==/org.chromium.content_browsertests_apk-RchFo_8uzwLoY5jHIGStww==/base.apk. target_sdk_version=35, uses_libraries=, library_path=/data/app/~~Qgn2wqEAvH79GiouluTyOA==/org.chromium.content_browsertests_apk-RchFo_8uzwLoY5jHIGStww==/lib/x86_64:/data/app/~~Qgn2wqEAvH79GiouluTyOA==/org.chromium.content_browsertests_apk-RchFo_8uzwLoY5jHIGStww==/base.apk!/lib/x86_64, permitted_path=/data:/mnt/expand:/data/user/0/org.chromium.content_browsertests_apk
09-10 14:53:37.128 6591 6591 D CompatChangeReporter: Compat change id reported: 202956589; UID 10208; state: ENABLED
09-10 14:53:37.146 382 382 D Zygote : Forked child process 6602
09-10 14:53:37.148 583 617 I ActivityManager: Start proc 6602:org.chromium.content_browsertests_apk:sandboxed_process0:org.chromium.content.app.SandboxedProcessService0:0/u0i30 for service {org.chromium.content_browsertests_apk/org.chromium.content.app.SandboxedProcessService0:0}
09-10 14:53:37.154 1515 5888 W MediaProvider: isAppCloneUserPair for user 0: false
09-10 14:53:37.163 583 2232 V GrammaticalInflectionUtils: AttributionSource: AttributionSource { uid = 99031, packageName = null, attributionTag = null, token = android.os.Binder@7b78a50, deviceId = 0, next = null } does not have READ_SYSTEM_GRAMMATICAL_GENDER permission.
09-10 14:53:37.164 6591 6591 V GraphicsEnvironment: Currently set values for:
09-10 14:53:37.164 6591 6591 V GraphicsEnvironment: angle_gl_driver_selection_pkgs=[]
09-10 14:53:37.164 6591 6591 V GraphicsEnvironment: angle_gl_driver_selection_values=[]
09-10 14:53:37.164 6591 6591 V GraphicsEnvironment: Global.Settings values are invalid: number of packages: 0, number of values: 0
09-10 14:53:37.164 6591 6591 V GraphicsEnvironment: Neither updatable production driver nor prerelease driver is supported.
09-10 14:53:37.182 382 382 D Zygote : Forked child process 6603
09-10 14:53:37.183 6602 6602 I ocessService0:0: Using CollectorTypeCMC GC.
09-10 14:53:37.184 6602 6602 W ocessService0:0: Unexpected CPU variant for x86: x86_64.
09-10 14:53:37.184 6602 6602 W ocessService0:0: Known variants: atom, sandybridge, silvermont, goldmont, goldmont-plus, goldmont-without-sha-xsaves, tremont, kabylake, default
09-10 14:53:37.186 6602 6602 E ocessService0:0: Not starting debugger since process cannot load the jdwp agent.
