09-10 14:54:05.152 1515 5201 W MediaProvider: Ignoring param:deletedata post U for external apps
09-10 14:54:05.155 1515 5201 I MediaProvider: Deleted 1 0 0 0 0 0 0 items on external_primary due to org.chromium.content_browsertests_apk
09-10 14:54:05.158 992 1046 V WindowManagerShell: Track 0 became idle
09-10 14:54:05.158 992 1046 V WindowManagerShell: All active transition animations finished
09-10 14:54:05.159 992 1046 W Looper : Slow dispatch took 39ms wmshell.main h=android.os.Handler c=com.android.wm.shell.transition.DefaultTransitionHandler$$ExternalSyntheticLambda0@57fb1 m=0
09-10 14:54:05.164 1255 1255 I TopTaskTracker: onTaskRemoved: taskId=26
09-10 14:54:05.165 1255 1255 I TopTaskTracker: onTaskRemoved: taskId=26
09-10 14:54:05.165 583 1495 W UserManagerService: Requested status bar icon for non-badged user 0
09-10 14:54:05.171 1515 5201 W MediaProvider: Ignoring param:deletedata post U for external apps
09-10 14:54:05.174 1515 5201 I MediaProvider: Deleted 1 0 0 0 0 0 0 items on external_primary due to org.chromium.content_browsertests_apk
09-10 14:54:05.176 1515 5202 W MediaProvider: Ignoring param:deletedata post U for external apps
09-10 14:54:05.180 583 2234 W UserManagerService: Requested status bar icon for non-badged user 0
09-10 14:54:05.180 583 1495 W UserManagerService: Requested status bar icon for non-badged user 0
09-10 14:54:05.186 453 453 E BpTransactionCompletedListener: Failed to transact (-32)
09-10 14:54:05.190 992 1139 D EGL_emulation: app_time_stats: avg=231.60ms min=5.34ms max=1534.34ms count=7
09-10 14:54:05.193 1515 5202 I MediaProvider: Deleted 1 0 0 0 0 0 0 items on external_primary due to org.chromium.content_browsertests_apk
09-10 14:54:05.216 1515 5199 W MediaProvider: Ignoring param:deletedata post U for external apps
09-10 14:54:05.217 1515 5199 I MediaProvider: Deleted 1 0 0 0 0 0 0 items on external_primary due to org.chromium.content_browsertests_apk
09-10 14:54:05.228 1515 5202 W MediaProvider: Ignoring param:deletedata post U for external apps
09-10 14:54:05.230 1515 5202 I MediaProvider: Deleted 1 0 0 0 0 0 0 items on external_primary due to org.chromium.content_browsertests_apk
09-10 14:54:05.244 1515 5888 W MediaProvider: Ignoring param:deletedata post U for external apps
09-10 14:54:05.245 1515 5888 I MediaProvider: Deleted 1 0 0 0 0 0 0 items on external_primary due to org.chromium.content_browsertests_apk
09-10 14:54:05.247 1515 7638 W MediaProvider: Ignoring param:deletedata post U for external apps
09-10 14:54:05.252 1515 7638 I MediaProvider: Deleted 1 0 0 0 0 0 0 items on external_primary due to org.chromium.content_browsertests_apk
09-10 14:54:05.255 1515 7638 W MediaProvider: Ignoring param:deletedata post U for external apps
09-10 14:54:05.260 1515 7638 I MediaProvider: Deleted 1 0 0 0 0 0 0 items on external_primary due to org.chromium.content_browsertests_apk
09-10 14:54:05.263 1515 5197 W MediaProvider: Ignoring param:deletedata post U for external apps
09-10 14:54:05.279 1515 5197 I MediaProvider: Deleted 1 0 0 0 0 0 0 items on external_primary due to org.chromium.content_browsertests_apk
09-10 14:54:05.283 1515 4876 W MediaProvider: Ignoring param:deletedata post U for external apps
09-10 14:54:05.289 1515 4876 I MediaProvider: Deleted 1 0 0 0 0 0 0 items on external_primary due to org.chromium.content_browsertests_apk
09-10 14:54:05.291 1515 5201 W MediaProvider: Ignoring param:deletedata post U for external apps
09-10 14:54:05.295 1515 5201 I MediaProvider: Deleted 1 0 0 0 0 0 0 items on external_primary due to org.chromium.content_browsertests_apk
09-10 14:54:05.309 1515 5202 W MediaProvider: Ignoring param:deletedata post U for external apps
09-10 14:54:05.311 1515 5202 I MediaProvider: Deleted 1 0 0 0 0 0 0 items on external_primary due to org.chromium.content_browsertests_apk
09-10 14:54:05.313 1515 5888 W MediaProvider: Ignoring param:deletedata post U for external apps
09-10 14:54:05.318 1515 5888 I MediaProvider: Deleted 1 0 0 0 0 0 0 items on external_primary due to org.chromium.content_browsertests_apk
09-10 14:54:05.320 1515 5888 W MediaProvider: Ignoring param:deletedata post U for external apps
09-10 14:54:05.341 1515 5888 I MediaProvider: Deleted 1 0 0 0 0 0 0 items on external_primary due to org.chromium.content_browsertests_apk
09-10 14:54:05.343 1515 5197 W MediaProvider: Ignoring param:deletedata post U for external apps
09-10 14:54:05.346 1515 5197 I MediaProvider: Deleted 1 0 0 0 0 0 0 items on external_primary due to org.chromium.content_browsertests_apk
09-10 14:54:05.358 1515 2614 W MediaProvider: Ignoring param:deletedata post U for external apps
09-10 14:54:05.359 1515 2614 I MediaProvider: Deleted 1 0 0 0 0 0 0 items on external_primary due to org.chromium.content_browsertests_apk
09-10 14:54:05.361 1515 5201 W MediaProvider: Ignoring param:deletedata post U for external apps
09-10 14:54:05.363 1515 5201 I MediaProvider: Deleted 1 0 0 0 0 0 0 items on external_primary due to org.chromium.content_browsertests_apk
09-10 14:54:05.370 1515 5199 W MediaProvider: Ignoring param:deletedata post U for external apps
09-10 14:54:05.372 1515 5199 I MediaProvider: Deleted 1 0 0 0 0 0 0 items on external_primary due to org.chromium.content_browsertests_apk
09-10 14:54:05.375 1515 4876 W MediaProvider: Ignoring param:deletedata post U for external apps
09-10 14:54:05.376 1515 4876 I MediaProvider: Deleted 1 0 0 0 0 0 0 items on external_primary due to org.chromium.content_browsertests_apk
09-10 14:54:05.377 1515 2614 W MediaProvider: Ignoring param:deletedata post U for external apps
09-10 14:54:05.381 1515 2614 I MediaProvider: Deleted 1 0 0 0 0 0 0 items on external_primary due to org.chromium.content_browsertests_apk
09-10 14:54:05.383 1515 5197 W MediaProvider: Ignoring param:deletedata post U for external apps
09-10 14:54:05.384 1515 5197 I MediaProvider: Deleted 1 0 0 0 0 0 0 items on external_primary due to org.chromium.content_browsertests_apk
09-10 14:54:05.386 1515 1802 W MediaProvider: Ignoring param:deletedata post U for external apps
09-10 14:54:05.388 1515 1802 I MediaProvider: Deleted 1 0 0 0 0 0 0 items on external_primary due to org.chromium.content_browsertests_apk
09-10 14:54:05.391 7780 7780 D nativeloader: Load /data/app/~~Qgn2wqEAvH79GiouluTyOA==/org.chromium.content_browsertests_apk-RchFo_8uzwLoY5jHIGStww==/lib/x86_64/libtest_trace_processor.so using ns clns-9 from class loader (caller=/data/app/~~Qgn2wqEAvH79GiouluTyOA==/org.chromium.content_browsertests_apk-RchFo_8uzwLoY5jHIGStww==/base.apk): ok
09-10 14:54:05.432 7780 7780 D nativeloader: Load /data/app/~~Qgn2wqEAvH79GiouluTyOA==/org.chromium.content_browsertests_apk-RchFo_8uzwLoY5jHIGStww==/lib/x86_64/libcontent_browsertests__library.so using ns clns-9 from class loader (caller=/data/app/~~Qgn2wqEAvH79GiouluTyOA==/org.chromium.content_browsertests_apk-RchFo_8uzwLoY5jHIGStww==/base.apk): ok
09-10 14:54:05.434 7780 7780 I cr_LibraryLoader: Successfully loaded native library
09-10 14:54:05.434 7780 7780 I cr_CachingUmaRecorder: Flushed 2 samples from 2 histograms, 0 samples were dropped.
09-10 14:54:05.463 7780 7780 W HWUI : Unknown dataspace 0
09-10 14:54:05.491 583 2234 D CoreBackPreview: Window{7bde99c u0 org.chromium.content_browsertests_apk/org.chromium.content_browsertests_apk.ContentBrowserTestsActivity}: Setting back callback OnBackInvokedCallbackInfo{mCallback=android.window.IOnBackInvokedCallback$Stub$Proxy@96c8707, mPriority=0, mIsAnimationCallback=false}
09-10 14:54:05.496 583 595 I system_server: NativeAlloc concurrent mark compact GC freed 14MB AllocSpace bytes, 76(1520KB) LOS objects, 47% free, 26MB/50MB, paused 831us,1.820ms total 233.794ms
09-10 14:54:05.496 7780 7796 I EGL_emulation: Opening libGLESv1_CM_emulation.so
09-10 14:54:05.496 7780 7796 I EGL_emulation: Opening libGLESv2_emulation.so
09-10 14:54:05.512 7780 7796 W HWUI : Failed to initialize 101010-2 format, error = EGL_SUCCESS
09-10 14:54:05.539 164 164 I hwservicemanager: getTransport: Cannot find entry android.hardware.graphics.mapper@4.0::IMapper/default in either framework or device VINTF manifest.
09-10 14:54:05.539 7780 7796 I Gralloc4: mapper 4.x is not supported
09-10 14:54:05.832 0 0 I servicemanager: Caller(pid=7780,uid=10208,sid=u:r:untrusted_app:s0:c208,c256,c512,c768) Could not find android.hardware.graphics.allocator.IAllocator/default in the VINTF manifest. No alternative instances declared in VINTF.
09-10 14:54:05.983 7780 7780 I chromium: Redirecting stdout to file: /sdcard/Download/temp_file-8c9235bba0aea.gtest_out
09-10 14:54:05.988 583 604 I ActivityTaskManager: Displayed org.chromium.content_browsertests_apk/.ContentBrowserTestsActivity for user 0: +1s540ms
09-10 14:54:06.162 1515 5888 W MediaProvider: isAppCloneUserPair for user 0: false
09-10 14:54:06.215 7780 7809 W chromium: [7780:7809:0910/145406.213844:WARNING:dns_config_service_android.cc(81)] Failed to read DnsConfig.
09-10 14:54:06.227 1515 5888 W MediaProvider: isAppCloneUserPair for user 0: false
09-10 14:54:06.238 1515 5888 W MediaProvider: isAppCloneUserPair for user 0: false
09-10 14:54:06.269 1515 5201 W MediaProvider: isAppCloneUserPair for user 0: false
09-10 14:54:06.276 1515 1803 W MediaProvider: isAppCloneUserPair for user 0: false
09-10 14:54:06.281 1515 1802 W MediaProvider: isAppCloneUserPair for user 0: false
09-10 14:54:06.285 1515 5202 W MediaProvider: isAppCloneUserPair for user 0: false
09-10 14:54:06.301 7780 7780 D CompatChangeReporter: Compat change id reported: 63938206; UID 10208; state: ENABLED
09-10 14:54:06.314 505 505 W IPCThreadState: Sending oneway calls to frozen process.
09-10 14:54:06.315 7780 7780 D CompatChangeReporter: Compat change id reported: 303326708; UID 10208; state: ENABLED
09-10 14:54:06.317 1515 5199 W MediaProvider: isAppCloneUserPair for user 0: false
09-10 14:54:06.324 381 381 I netd : tetherGetStats() -> {[]} <1.20ms>
09-10 14:54:06.337 992 1091 W WindowOnBackDispatcher: sendCancelIfRunning: isInProgress=false callback=android.view.ViewRootImpl$$ExternalSyntheticLambda11@2612a1a
09-10 14:54:06.338 583 2234 D CoreBackPreview: Window{cc9c4e3 u0 Splash Screen org.chromium.content_browsertests_apk EXITING}: Setting back callback null
09-10 14:54:06.340 583 2879 E TaskPersister: File error accessing recents directory (directory doesn't exist?).
09-10 14:54:06.342 583 1832 W InputManager-JNI: Input channel object 'cc9c4e3 Splash Screen org.chromium.content_browsertests_apk (client)' was disposed without first being removed with the input manager!
09-10 14:54:06.342 583 1495 D ConnectivityService: requestNetwork for uid/pid:10208/7780 activeRequest: null callbackRequest: 208 [NetworkRequest [ REQUEST id=209, [ Capabilities: INTERNET&NOT_RESTRICTED&TRUSTED&NOT_VCN_MANAGED&NOT_BANDWIDTH_CONSTRAINED Uid: 10208 RequestorUid: 10208 RequestorPkg: org.chromium.content_browsertests_apk UnderlyingNetworks: Null] ]] callback flags: 0 order: 2147483647 isUidTracked: false
09-10 14:54:06.355 583 910 D OemPaidWifiNetworkFactory: got request NetworkRequest [ REQUEST id=209, [ Capabilities: INTERNET&NOT_RESTRICTED&TRUSTED&NOT_VCN_MANAGED&NOT_BANDWIDTH_CONSTRAINED Uid: 10208 RequestorUid: 10208 RequestorPkg: org.chromium.content_browsertests_apk UnderlyingNetworks: Null] ]
09-10 14:54:06.355 583 910 D MultiInternetWifiNetworkFactory: got request NetworkRequest [ REQUEST id=209, [ Capabilities: INTERNET&NOT_RESTRICTED&TRUSTED&NOT_VCN_MANAGED&NOT_BANDWIDTH_CONSTRAINED Uid: 10208 RequestorUid: 10208 RequestorPkg: org.chromium.content_browsertests_apk UnderlyingNetworks: Null] ]
09-10 14:54:06.355 583 910 D WifiNetworkFactory: got request NetworkRequest [ REQUEST id=209, [ Capabilities: INTERNET&NOT_RESTRICTED&TRUSTED&NOT_VCN_MANAGED&NOT_BANDWIDTH_CONSTRAINED Uid: 10208 RequestorUid: 10208 RequestorPkg: org.chromium.content_browsertests_apk UnderlyingNetworks: Null] ]
09-10 14:54:06.355 583 910 D UntrustedWifiNetworkFactory: got request NetworkRequest [ REQUEST id=209, [ Capabilities: INTERNET&NOT_RESTRICTED&TRUSTED&NOT_VCN_MANAGED&NOT_BANDWIDTH_CONSTRAINED Uid: 10208 RequestorUid: 10208 RequestorPkg: org.chromium.content_browsertests_apk UnderlyingNetworks: Null] ]
09-10 14:54:06.355 583 917 D ConnectivityService: NetReassign [no changes] [c 0] [a 0] [i 1]
09-10 14:54:06.356 583 917 D ConnectivityService: NetReassign [no changes] [c 0] [a 0] [i 0]
09-10 14:54:06.357 1515 5197 W MediaProvider: isAppCloneUserPair for user 0: false
09-10 14:54:06.362 1255 1927 D EGL_emulation: app_time_stats: avg=265.58ms min=6.63ms max=1253.03ms count=5
09-10 14:54:06.365 1515 4876 W MediaProvider: isAppCloneUserPair for user 0: false
09-10 14:54:06.373 1515 2614 W MediaProvider: isAppCloneUserPair for user 0: false
09-10 14:54:06.374 1515 5888 W MediaProvider: isAppCloneUserPair for user 0: false
09-10 14:54:06.382 1255 1255 D BaseDepthController: setSurface:
09-10 14:54:06.382 1255 1255 D BaseDepthController: mWaitingOnSurfaceValidity: false
09-10 14:54:06.382 1255 1255 D BaseDepthController: mSurface: null
09-10 14:54:06.382 583 1832 I Telecom : TelecomServiceImpl$1: isInEmergencyCall: false: TSI.iIEC@ARw🔒
09-10 14:54:06.388 992 1091 W FrameTracker: Missed App frame:JANK_APP_DEADLINE_MISSED, 50936, 0, CUJ=J<SPLASHSCREEN_EXIT_ANIM>
09-10 14:54:06.388 992 1091 W FrameTracker: Missing HWUI jank callback for vsyncId: 50936, CUJ=J<SPLASHSCREEN_EXIT_ANIM>
09-10 14:54:06.388 992 1091 W FrameTracker: Missed SF frame:UNKNOWN: 66, 50957, 50267275, CUJ=J<SPLASHSCREEN_EXIT_ANIM>
09-10 14:54:06.388 992 1091 W FrameTracker: Missed App frame:UNKNOWN: 74, 50965, 0, CUJ=J<SPLASHSCREEN_EXIT_ANIM>
09-10 14:54:06.388 992 1091 W FrameTracker: Missed SF frame:UNKNOWN: 74, 50965, 0, CUJ=J<SPLASHSCREEN_EXIT_ANIM>
09-10 14:54:06.388 992 1091 W FrameTracker: Missing HWUI jank callback for vsyncId: 50965, CUJ=J<SPLASHSCREEN_EXIT_ANIM>
09-10 14:54:06.388 992 1091 W FrameTracker: Missed App frame:UNKNOWN: 72, 50973, 75002633, CUJ=J<SPLASHSCREEN_EXIT_ANIM>
09-10 14:54:06.388 992 1091 W FrameTracker: Missed App frame:UNKNOWN: 74, 50982, 0, CUJ=J<SPLASHSCREEN_EXIT_ANIM>
09-10 14:54:06.388 992 1091 W FrameTracker: Missed SF frame:UNKNOWN: 74, 50982, 0, CUJ=J<SPLASHSCREEN_EXIT_ANIM>
09-10 14:54:06.388 992 1091 W FrameTracker: Missing HWUI jank callback for vsyncId: 50982, CUJ=J<SPLASHSCREEN_EXIT_ANIM>
09-10 14:54:06.388 992 1091 W FrameTracker: Missed App frame:UNKNOWN: 72, 50990, 68918960, CUJ=J<SPLASHSCREEN_EXIT_ANIM>
09-10 14:54:06.388 992 1091 W FrameTracker: Missed App frame:UNKNOWN: 74, 50997, 0, CUJ=J<SPLASHSCREEN_EXIT_ANIM>
09-10 14:54:06.388 992 1091 W FrameTracker: Missed SF frame:UNKNOWN: 74, 50997, 0, CUJ=J<SPLASHSCREEN_EXIT_ANIM>
09-10 14:54:06.388 992 1091 W FrameTracker: Missing HWUI jank callback for vsyncId: 50997, CUJ=J<SPLASHSCREEN_EXIT_ANIM>
09-10 14:54:06.388 992 1091 W FrameTracker: Missed App frame:UNKNOWN: 72, 51012, 92368504, CUJ=J<SPLASHSCREEN_EXIT_ANIM>
09-10 14:54:06.388 992 1091 W FrameTracker: Missed App frame:UNKNOWN: 74, 51020, 91411957, CUJ=J<SPLASHSCREEN_EXIT_ANIM>
09-10 14:54:06.388 992 1091 W FrameTracker: Missed SF frame:UNKNOWN: 74, 51020, 91411957, CUJ=J<SPLASHSCREEN_EXIT_ANIM>
09-10 14:54:06.388 7780 7780 D AutofillManager: notifyViewReadyInner:1073741824
09-10 14:54:06.388 992 1067 V PerfettoTrigger: Not triggering com.android.telemetry.interaction-jank-monitor-39 - not enough time since last trigger
09-10 14:54:06.394 1255 1255 D BaseDepthController: mSurface is null and mCurrentBlur is: 0
09-10 14:54:06.395 583 726 I ImeTracker: org.chromium.content_browsertests_apk:b6c56e66: onRequestHide at ORIGIN_SERVER reason HIDE_UNSPECIFIED_WINDOW fromUser false
09-10 14:54:06.395 583 726 I ImeTracker: org.chromium.content_browsertests_apk:b6c56e66: onCancelled at PHASE_SERVER_SHOULD_HIDE
09-10 14:54:06.408 3955 3955 I GoogleInputMethodService: GoogleInputMethodService.onFinishInput():3157
09-10 14:54:06.413 3955 3955 I GoogleInputMethodService: GoogleInputMethodService.updateDeviceLockedStatus():2248 repeatCheckTimes = 0, locked = false
09-10 14:54:06.413 3955 3955 I GoogleInputMethodService: GoogleInputMethodService.onStartInput():1986 onStartInput(EditorInfo{EditorInfo{packageName=org.chromium.content_browsertests_apk, inputType=0, inputTypeString=NULL, enableLearning=false, autoCorrection=false, autoComplete=false, imeOptions=12000000, privateImeOptions=null, actionName=UNSPECIFIED, actionLabel=null, initialSelStart=-1, initialSelEnd=-1, initialCapsMode=0, label=null, fieldId=0, fieldName=null, extras=null, hintText=null, hintLocales=[]}}, false)
09-10 14:54:06.414 3955 3955 I GoogleInputMethodService: GoogleInputMethodService.updateDeviceLockedStatus():2248 repeatCheckTimes = 1, locked = false
09-10 14:54:06.414 3955 3955 I AndroidIME: InputBundleManager.loadActiveInputBundleId():450 loadActiveInputBundleId: und-Latn-x-password, password
09-10 14:54:06.415 583 1832 W PackageConfigPersister: App-specific configuration not found for packageName: org.chromium.content_browsertests_apk and userId: 0
09-10 14:54:06.431 1255 1255 D StateManager: goToState - fromState: Normal, toState: Normal, partial trace:
09-10 14:54:06.431 1255 1255 D StateManager: at com.android.launcher3.statemanager.StateManager.moveToRestState(go/retraceme 31f9979659277bb965985aff1272c33e3c3c9e755b77166d20a2465454178f2c:4)
09-10 14:54:06.431 1255 1255 D StateManager: at com.android.launcher3.statemanager.StateManager.moveToRestState(go/retraceme 31f9979659277bb965985aff1272c33e3c3c9e755b77166d20a2465454178f2c:1)
09-10 14:54:06.431 1255 1255 D StateManager: at com.android.launcher3.statemanager.StatefulActivity.onStop(go/retraceme 31f9979659277bb965985aff1272c33e3c3c9e755b77166d20a2465454178f2c:34)
09-10 14:54:06.431 1255 1255 D StatsLog: LAUNCHER_ONSTOP
09-10 14:54:06.432 583 1832 I AppWidgetServiceImpl: setAppWidgetHidden() 0
09-10 14:54:06.437 1255 1255 D StatsLog: LAUNCHER_GOOGLE_SEARCH_RESTORE_LIST_SIZE_AFTER_ACTIVITY_RESTART
09-10 14:54:06.437 1255 1255 D NexusLauncherModelDelegate: notifySmartspaceEvent: SmartspaceTargetEvent{mSmartspaceTarget=null, mSmartspaceActionId='null', mEventType=7}
09-10 14:54:06.442 1255 1255 D NexusLauncherModelDelegate: notifySmartspaceEvent: SmartspaceTargetEvent{mSmartspaceTarget=null, mSmartspaceActionId='null', mEventType=7}
09-10 14:54:06.455 1255 2183 D OneSearchSuggestProvider: Shut down the binder channel
09-10 14:54:06.477 1255 1280 I IPCThreadState: oneway function results for code 2 on binder at 0x79edbcb73b20 will be dropped but finished with status UNKNOWN_TRANSACTION
09-10 14:54:06.515 583 1832 V GrammaticalInflectionUtils: AttributionSource: AttributionSource { uid = 10208, packageName = null, attributionTag = null, token = android.os.Binder@7b78a50, deviceId = 0, next = null } does not have READ_SYSTEM_GRAMMATICAL_GENDER permission.
09-10 14:54:06.531 1515 2614 W MediaProvider: isAppCloneUserPair for user 0: false
09-10 14:54:06.540 382 382 D Zygote : Forked child process 7827
09-10 14:54:06.492 7780 7780 W ThreadPoolForeg: type=1400 audit(0.0:64): avc: denied { ioctl } for path=2F73746F726167652F656D756C617465642F302F6368726F6D69756D5F74657374735F726F6F742F636F6E74656E745F7368656C6C2F5368617265642044696374696F6E6172792F6462 dev="fuse" ino=148203 ioctlcmd=0xf50c scontext=u:r:untrusted_app:s0:c208,c256,c512,c768 tcontext=u:object_r:fuse:s0 tclass=file permissive=0 app=org.chromium.content_browsertests_apk
09-10 14:54:06.557 7780 7780 I WindowExtensionsImpl: Initializing Window Extensions, vendor API level=6, activity embedding enabled=true
09-10 14:54:06.561 7827 7827 I ileged_process0: Using CollectorTypeCMC GC.
09-10 14:54:06.571 7827 7827 W ileged_process0: Unexpected CPU variant for x86: x86_64.
09-10 14:54:06.571 7827 7827 W ileged_process0: Known variants: atom, sandybridge, silvermont, goldmont, goldmont-plus, goldmont-without-sha-xsaves, tremont, kabylake, default
09-10 14:54:06.578 583 617 W ActivityManager: Slow operation: 63ms so far, now at startProcess: building log message
09-10 14:54:06.579 583 617 I ActivityManager: Start proc 7827:org.chromium.content_browsertests_apk:privileged_process0/u0a208 for service {org.chromium.content_browsertests_apk/org.chromium.content.app.PrivilegedProcessService0}
09-10 14:54:06.579 583 617 W ActivityManager: Slow operation: 63ms so far, now at startProcess: starting to update pids map
09-10 14:54:06.581 7827 7827 E ileged_process0: Not starting debugger since process cannot load the jdwp agent.
09-10 14:54:06.581 583 617 W ActivityManager: Slow operation: 66ms so far, now at startProcess: done updating pids map
09-10 14:54:06.595 7780 7817 W cr_media: BLUETOOTH_CONNECT permission is missing.
09-10 14:54:06.597 7780 7817 W cr_media: getBluetoothAdapter() requires BLUETOOTH permission
09-10 14:54:06.597 7780 7817 W cr_media: registerBluetoothIntentsIfNeeded: Requires BLUETOOTH permission
09-10 14:54:06.605 1515 2614 W MediaProvider: isAppCloneUserPair for user 0: false
09-10 14:54:06.606 583 2234 V GrammaticalInflectionUtils: AttributionSource: AttributionSource { uid = 99051, packageName = null, attributionTag = null, token = android.os.Binder@7b78a50, deviceId = 0, next = null } does not have READ_SYSTEM_GRAMMATICAL_GENDER permission.
09-10 14:54:06.607 7827 7827 D nativeloader: Load libframework-connectivity-tiramisu-jni.so using APEX ns com_android_tethering for caller /apex/com.android.tethering/javalib/framework-connectivity-t.jar: ok
09-10 14:54:06.618 382 382 D Zygote : Forked child process 7836
09-10 14:54:06.627 1515 5197 W MediaProvider: isAppCloneUserPair for user 0: false
09-10 14:54:06.628 1515 1802 W MediaProvider: isAppCloneUserPair for user 0: false
09-10 14:54:06.632 583 617 I ActivityManager: Start proc 7836:org.chromium.content_browsertests_apk:sandboxed_process0:org.chromium.content.app.SandboxedProcessService0:0/u0i51 for service {org.chromium.content_browsertests_apk/org.chromium.content.app.SandboxedProcessService0:0}
09-10 14:54:06.633 583 2234 V GrammaticalInflectionUtils: AttributionSource: AttributionSource { uid = 99052, packageName = null, attributionTag = null, token = android.os.Binder@7b78a50, deviceId = 0, next = null } does not have READ_SYSTEM_GRAMMATICAL_GENDER permission.
09-10 14:54:06.644 992 1139 D EGL_emulation: app_time_stats: avg=139.67ms min=5.12ms max=1307.87ms count=10
09-10 14:54:06.644 382 382 D Zygote : Forked child process 7838
09-10 14:54:06.645 583 617 I ActivityManager: Start proc 7838:org.chromium.content_browsertests_apk:sandboxed_process0:org.chromium.content.app.SandboxedProcessService0:1/u0i52 for service {org.chromium.content_browsertests_apk/org.chromium.content.app.SandboxedProcessService0:1}
09-10 14:54:06.650 7827 7827 D ApplicationLoaders: Returning zygote-cached class loader: /system/framework/android.test.base.jar
09-10 14:54:06.653 7827 7827 D nativeloader: Configuring clns-7 for other apk /system/framework/android.test.mock.jar. target_sdk_version=35, uses_libraries=ALL, library_path=/data/app/~~Qgn2wqEAvH79GiouluTyOA==/org.chromium.content_browsertests_apk-RchFo_8uzwLoY5jHIGStww==/lib/x86_64:/data/app/~~Qgn2wqEAvH79GiouluTyOA==/org.chromium.content_browsertests_apk-RchFo_8uzwLoY5jHIGStww==/base.apk!/lib/x86_64, permitted_path=/data:/mnt/expand:/data/user/0/org.chromium.content_browsertests_apk
09-10 14:54:06.653 7827 7827 D ApplicationLoaders: Returning zygote-cached class loader: /system/framework/android.test.base.jar
09-10 14:54:06.674 7838 7838 I ocessService0:1: Using CollectorTypeCMC GC.
09-10 14:54:06.675 7836 7836 I ocessService0:0: Using CollectorTypeCMC GC.
09-10 14:54:06.675 7838 7838 W ocessService0:1: Unexpected CPU variant for x86: x86_64.
09-10 14:54:06.675 7838 7838 W ocessService0:1: Known variants: atom, sandybridge, silvermont, goldmont, goldmont-plus, goldmont-without-sha-xsaves, tremont, kabylake, default
09-10 14:54:06.675 7836 7836 W ocessService0:0: Unexpected CPU variant for x86: x86_64.
09-10 14:54:06.675 7836 7836 W ocessService0:0: Known variants: atom, sandybridge, silvermont, goldmont, goldmont-plus, goldmont-without-sha-xsaves, tremont, kabylake, default
09-10 14:54:06.678 7838 7838 E ocessService0:1: Not starting debugger since process cannot load the jdwp agent.
09-10 14:54:06.679 7836 7836 E ocessService0:0: Not starting debugger since process cannot load the jdwp agent.
09-10 14:54:06.682 7836 7836 D nativeloader: Load libframework-connectivity-tiramisu-jni.so using APEX ns com_android_tethering for caller /apex/com.android.tethering/javalib/framework-connectivity-t.jar: ok
09-10 14:54:06.688 1515 5201 W MediaProvider: isAppCloneUserPair for user 0: false
09-10 14:54:06.697 7838 7838 D nativeloader: Load libframework-connectivity-tiramisu-jni.so using APEX ns com_android_tethering for caller /apex/com.android.tethering/javalib/framework-connectivity-t.jar: ok
09-10 14:54:06.697 7827 7827 D nativeloader: Configuring clns-8 for other apk /system/framework/android.test.runner.jar. target_sdk_version=35, uses_libraries=ALL, library_path=/data/app/~~Qgn2wqEAvH79GiouluTyOA==/org.chromium.content_browsertests_apk-RchFo_8uzwLoY5jHIGStww==/lib/x86_64:/data/app/~~Qgn2wqEAvH79GiouluTyOA==/org.chromium.content_browsertests_apk-RchFo_8uzwLoY5jHIGStww==/base.apk!/lib/x86_64, permitted_path=/data:/mnt/expand:/data/user/0/org.chromium.content_browsertests_apk
09-10 14:54:06.698 7827 7827 D ApplicationLoaders: Returning zygote-cached class loader: /system_ext/framework/androidx.window.extensions.jar
09-10 14:54:06.709 7827 7827 D nativeloader: Configuring clns-9 for other apk /data/app/~~Qgn2wqEAvH79GiouluTyOA==/org.chromium.content_browsertests_apk-RchFo_8uzwLoY5jHIGStww==/base.apk. target_sdk_version=35, uses_libraries=, library_path=/data/app/~~Qgn2wqEAvH79GiouluTyOA==/org.chromium.content_browsertests_apk-RchFo_8uzwLoY5jHIGStww==/lib/x86_64:/data/app/~~Qgn2wqEAvH79GiouluTyOA==/org.chromium.content_browsertests_apk-RchFo_8uzwLoY5jHIGStww==/base.apk!/lib/x86_64, permitted_path=/data:/mnt/expand:/data/user/0/org.chromium.content_browsertests_apk
09-10 14:54:06.714 7827 7827 D CompatChangeReporter: Compat change id reported: 202956589; UID 10208; state: ENABLED
09-10 14:54:06.719 1515 1803 W MediaProvider: isAppCloneUserPair for user 0: false
09-10 14:54:06.724 7827 7827 V GraphicsEnvironment: Currently set values for:
09-10 14:54:06.724 7827 7827 V GraphicsEnvironment: angle_gl_driver_selection_pkgs=[]
09-10 14:54:06.724 7827 7827 V GraphicsEnvironment: angle_gl_driver_selection_values=[]
09-10 14:54:06.724 7827 7827 V GraphicsEnvironment: Global.Settings values are invalid: number of packages: 0, number of values: 0
09-10 14:54:06.724 7827 7827 V GraphicsEnvironment: Neither updatable production driver nor prerelease driver is supported.
09-10 14:54:06.734 7836 7836 D ApplicationLoaders: Returning zygote-cached class loader: /system/framework/android.test.base.jar
09-10 14:54:07.029 0 0 W servicemanager: Isolated app with UID 99051 requested 'network_management', but the service is not allowed for isolated apps.
09-10 14:54:06.746 7827 7827 I cr_ChildProcessService: Creating new ChildProcessService pid=7827
09-10 14:54:06.748 1515 5202 W MediaProvider: isAppCloneUserPair for user 0: false
09-10 14:54:06.756 1515 7638 W MediaProvider: isAppCloneUserPair for user 0: false
09-10 14:54:06.768 1515 5201 W MediaProvider: isAppCloneUserPair for user 0: false
09-10 14:54:06.770 7836 7836 D nativeloader: Configuring clns-7 for other apk /system/framework/android.test.mock.jar. target_sdk_version=35, uses_libraries=ALL, library_path=/data/app/~~Qgn2wqEAvH79GiouluTyOA==/org.chromium.content_browsertests_apk-RchFo_8uzwLoY5jHIGStww==/lib/x86_64:/data/app/~~Qgn2wqEAvH79GiouluTyOA==/org.chromium.content_browsertests_apk-RchFo_8uzwLoY5jHIGStww==/base.apk!/lib/x86_64, permitted_path=/data:/mnt/expand:/data/user/0/org.chromium.content_browsertests_apk
09-10 14:54:06.773 7836 7836 D ApplicationLoaders: Returning zygote-cached class loader: /system/framework/android.test.base.jar
09-10 14:54:06.783 7827 7861 D nativeloader: Load /data/app/~~Qgn2wqEAvH79GiouluTyOA==/org.chromium.content_browsertests_apk-RchFo_8uzwLoY5jHIGStww==/lib/x86_64/libtest_trace_processor.so using ns clns-9 from class loader (caller=/data/app/~~Qgn2wqEAvH79GiouluTyOA==/org.chromium.content_browsertests_apk-RchFo_8uzwLoY5jHIGStww==/base.apk): ok
09-10 14:54:06.783 7836 7836 D nativeloader: Configuring clns-8 for other apk /system/framework/android.test.runner.jar. target_sdk_version=35, uses_libraries=ALL, library_path=/data/app/~~Qgn2wqEAvH79GiouluTyOA==/org.chromium.content_browsertests_apk-RchFo_8uzwLoY5jHIGStww==/lib/x86_64:/data/app/~~Qgn2wqEAvH79GiouluTyOA==/org.chromium.content_browsertests_apk-RchFo_8uzwLoY5jHIGStww==/base.apk!/lib/x86_64, permitted_path=/data:/mnt/expand:/data/user/0/org.chromium.content_browsertests_apk
09-10 14:54:06.784 7836 7836 D ApplicationLoaders: Returning zygote-cached class loader: /system_ext/framework/androidx.window.extensions.jar
09-10 14:54:06.786 7836 7836 D nativeloader: Configuring clns-9 for other apk /data/app/~~Qgn2wqEAvH79GiouluTyOA==/org.chromium.content_browsertests_apk-RchFo_8uzwLoY5jHIGStww==/base.apk. target_sdk_version=35, uses_libraries=, library_path=/data/app/~~Qgn2wqEAvH79GiouluTyOA==/org.chromium.content_browsertests_apk-RchFo_8uzwLoY5jHIGStww==/lib/x86_64:/data/app/~~Qgn2wqEAvH79GiouluTyOA==/org.chromium.content_browsertests_apk-RchFo_8uzwLoY5jHIGStww==/base.apk!/lib/x86_64, permitted_path=/data:/mnt/expand:/data/user/0/org.chromium.content_browsertests_apk
09-10 14:54:06.788 7836 7836 D CompatChangeReporter: Compat change id reported: 202956589; UID 99051; state: ENABLED
09-10 14:54:07.083 0 0 W servicemanager: Isolated app with UID 99052 requested 'network_management', but the service is not allowed for isolated apps.
09-10 14:54:07.092 0 0 W servicemanager: Isolated app with UID 99051 requested 'connectivity', but the service is not allowed for isolated apps.
09-10 14:54:06.796 7838 7838 D ApplicationLoaders: Returning zygote-cached class loader: /system/framework/android.test.base.jar
09-10 14:54:06.799 7838 7838 D nativeloader: Configuring clns-7 for other apk /system/framework/android.test.mock.jar. target_sdk_version=35, uses_libraries=ALL, library_path=/data/app/~~Qgn2wqEAvH79GiouluTyOA==/org.chromium.content_browsertests_apk-RchFo_8uzwLoY5jHIGStww==/lib/x86_64:/data/app/~~Qgn2wqEAvH79GiouluTyOA==/org.chromium.content_browsertests_apk-RchFo_8uzwLoY5jHIGStww==/base.apk!/lib/x86_64, permitted_path=/data:/mnt/expand:/data/user/0/org.chromium.content_browsertests_apk
09-10 14:54:06.800 7838 7838 D ApplicationLoaders: Returning zygote-cached class loader: /system/framework/android.test.base.jar
09-10 14:54:06.801 7838 7838 D nativeloader: Configuring clns-8 for other apk /system/framework/android.test.runner.jar. target_sdk_version=35, uses_libraries=ALL, library_path=/data/app/~~Qgn2wqEAvH79GiouluTyOA==/org.chromium.content_browsertests_apk-RchFo_8uzwLoY5jHIGStww==/lib/x86_64:/data/app/~~Qgn2wqEAvH79GiouluTyOA==/org.chromium.content_browsertests_apk-RchFo_8uzwLoY5jHIGStww==/base.apk!/lib/x86_64, permitted_path=/data:/mnt/expand:/data/user/0/org.chromium.content_browsertests_apk
09-10 14:54:06.802 7838 7838 D ApplicationLoaders: Returning zygote-cached class loader: /system_ext/framework/androidx.window.extensions.jar
09-10 14:54:06.805 7838 7838 D nativeloader: Configuring clns-9 for other apk /data/app/~~Qgn2wqEAvH79GiouluTyOA==/org.chromium.content_browsertests_apk-RchFo_8uzwLoY5jHIGStww==/base.apk. target_sdk_version=35, uses_libraries=, library_path=/data/app/~~Qgn2wqEAvH79GiouluTyOA==/org.chromium.content_browsertests_apk-RchFo_8uzwLoY5jHIGStww==/lib/x86_64:/data/app/~~Qgn2wqEAvH79GiouluTyOA==/org.chromium.content_browsertests_apk-RchFo_8uzwLoY5jHIGStww==/base.apk!/lib/x86_64, permitted_path=/data:/mnt/expand:/data/user/0/org.chromium.content_browsertests_apk
09-10 14:54:06.806 7838 7838 D CompatChangeReporter: Compat change id reported: 202956589; UID 99052; state: ENABLED
09-10 14:54:07.110 0 0 W servicemanager: Isolated app with UID 99052 requested 'connectivity', but the service is not allowed for isolated apps.
09-10 14:54:06.825 7836 7836 I cr_ChildProcessService: Creating new ChildProcessService pid=7836
09-10 14:54:07.120 0 0 W servicemanager: Isolated app with UID 99051 requested 'content_capture', but the service is not allowed for isolated apps.
09-10 14:54:07.132 0 0 W servicemanager: Isolated app with UID 99052 requested 'content_capture', but the service is not allowed for isolated apps.
09-10 14:54:06.835 7838 7838 I cr_ChildProcessService: Creating new ChildProcessService pid=7838
09-10 14:54:06.844 7838 7865 D nativeloader: Load /data/app/~~Qgn2wqEAvH79GiouluTyOA==/org.chromium.content_browsertests_apk-RchFo_8uzwLoY5jHIGStww==/lib/x86_64/libtest_trace_processor.so using ns clns-9 from class loader (caller=/data/app/~~Qgn2wqEAvH79GiouluTyOA==/org.chromium.content_browsertests_apk-RchFo_8uzwLoY5jHIGStww==/base.apk): ok
09-10 14:54:06.847 7836 7864 D nativeloader: Load /data/app/~~Qgn2wqEAvH79GiouluTyOA==/org.chromium.content_browsertests_apk-RchFo_8uzwLoY5jHIGStww==/lib/x86_64/libtest_trace_processor.so using ns clns-9 from class loader (caller=/data/app/~~Qgn2wqEAvH79GiouluTyOA==/org.chromium.content_browsertests_apk-RchFo_8uzwLoY5jHIGStww==/base.apk): ok
09-10 14:54:06.849 7827 7861 D nativeloader: Load /data/app/~~Qgn2wqEAvH79GiouluTyOA==/org.chromium.content_browsertests_apk-RchFo_8uzwLoY5jHIGStww==/lib/x86_64/libcontent_browsertests__library.so using ns clns-9 from class loader (caller=/data/app/~~Qgn2wqEAvH79GiouluTyOA==/org.chromium.content_browsertests_apk-RchFo_8uzwLoY5jHIGStww==/base.apk): ok
09-10 14:54:06.853 7827 7861 I cr_LibraryLoader: Successfully loaded native library
09-10 14:54:06.854 7827 7861 I cr_CachingUmaRecorder: Flushed 2 samples from 2 histograms, 0 samples were dropped.
09-10 14:54:06.889 7838 7865 D nativeloader: Load /data/app/~~Qgn2wqEAvH79GiouluTyOA==/org.chromium.content_browsertests_apk-RchFo_8uzwLoY5jHIGStww==/lib/x86_64/libcontent_browsertests__library.so using ns clns-9 from class loader (caller=/data/app/~~Qgn2wqEAvH79GiouluTyOA==/org.chromium.content_browsertests_apk-RchFo_8uzwLoY5jHIGStww==/base.apk): ok
09-10 14:54:06.893 7836 7864 D nativeloader: Load /data/app/~~Qgn2wqEAvH79GiouluTyOA==/org.chromium.content_browsertests_apk-RchFo_8uzwLoY5jHIGStww==/lib/x86_64/libcontent_browsertests__library.so using ns clns-9 from class loader (caller=/data/app/~~Qgn2wqEAvH79GiouluTyOA==/org.chromium.content_browsertests_apk-RchFo_8uzwLoY5jHIGStww==/base.apk): ok
09-10 14:54:06.894 7838 7865 I cr_LibraryLoader: Successfully loaded native library
09-10 14:54:06.895 7838 7865 I cr_CachingUmaRecorder: Flushed 2 samples from 2 histograms, 0 samples were dropped.
09-10 14:54:06.899 7836 7864 I cr_LibraryLoader: Successfully loaded native library
09-10 14:54:06.900 7836 7864 I cr_CachingUmaRecorder: Flushed 2 samples from 2 histograms, 0 samples were dropped.
09-10 14:54:06.900 7827 7861 I EGL_emulation: Opening libGLESv1_CM_emulation.so
09-10 14:54:06.900 7827 7861 I EGL_emulation: Opening libGLESv2_emulation.so
09-10 14:54:06.917 7836 7864 W SystemServiceRegistry: No service published for: uimode
09-10 14:54:07.212 0 0 W servicemanager: Isolated app with UID 99051 requested 'uimode', but the service is not allowed for isolated apps.
09-10 14:54:06.928 7827 7861 E EGL_emulation: eglCreateContext: EGL_BAD_CONFIG: no ES 3.2 support
09-10 14:54:06.928 7827 7861 E EGL_emulation: tid 7861: eglCreateContext(1830): error 0x3005 (EGL_BAD_CONFIG)
09-10 14:54:06.928 7827 7861 E EGL_emulation: eglCreateContext: EGL_BAD_CONFIG: no ES 3.1 support
09-10 14:54:06.928 7827 7861 E EGL_emulation: tid 7861: eglCreateContext(1824): error 0x3005 (EGL_BAD_CONFIG)
09-10 14:54:06.938 1515 5202 W MediaProvider: isAppCloneUserPair for user 0: false
09-10 14:54:06.939 1515 7638 W MediaProvider: isAppCloneUserPair for user 0: false
09-10 14:54:06.939 1515 5199 W MediaProvider: isAppCloneUserPair for user 0: false
09-10 14:54:06.940 1515 5197 W MediaProvider: isAppCloneUserPair for user 0: false
09-10 14:54:06.941 1515 5888 W MediaProvider: isAppCloneUserPair for user 0: false
09-10 14:54:07.238 0 0 W servicemanager: Isolated app with UID 99052 requested 'uimode', but the service is not allowed for isolated apps.
09-10 14:54:06.942 7838 7865 W SystemServiceRegistry: No service published for: uimode
09-10 14:54:06.948 1515 1803 W MediaProvider: isAppCloneUserPair for user 0: false
09-10 14:54:06.968 1515 5201 W MediaProvider: isAppCloneUserPair for user 0: false
09-10 14:54:06.975 3670 4141 I FontLog : Received query name=Google Sans&weight=700&besteffort=false, URI content://com.google.android.gms.fonts [CONTEXT service_id=132 ]
09-10 14:54:06.977 3670 4141 I FontLog : Query [name=Google Sans&weight=700&besteffort=false] resolved to {Google Sans, wdth 100.0, wght 700, ital 0.0, bestEffort false} [CONTEXT service_id=132 ]
09-10 14:54:06.979 1515 5199 W MediaProvider: isAppCloneUserPair for user 0: false
09-10 14:54:06.980 3670 4141 I FontLog : Font PFD returned from cache for {Google Sans, wdth 100.0, wght 700, ital 0.0, bestEffort false} [CONTEXT service_id=132 ]
09-10 14:54:06.980 3670 4141 I FontLog : Fetch {Google Sans, wdth 100.0, wght 700, ital 0.0, bestEffort false} end status Status{statusCode=SUCCESS, resolution=null} [CONTEXT service_id=132 ]
09-10 14:54:06.986 3670 3995 I FontLog : Pulling font file for id = 72, cache size = 68 [CONTEXT service_id=132 ]
09-10 14:54:06.988 1515 5888 W MediaProvider: isAppCloneUserPair for user 0: false
09-10 14:54:06.990 3670 4141 I FontLog : Received query name=Noto Color Emoji Compat&weight=400&besteffort=false, URI content://com.google.android.gms.fonts [CONTEXT service_id=132 ]
09-10 14:54:06.990 3670 4141 I FontLog : Query [name=Noto Color Emoji Compat&weight=400&besteffort=false] resolved to {Noto Color Emoji Compat, wdth 100.0, wght 400, ital 0.0, bestEffort false} [CONTEXT service_id=132 ]
09-10 14:54:06.994 1515 4876 W MediaProvider: isAppCloneUserPair for user 0: false
09-10 14:54:07.000 1515 7638 W MediaProvider: isAppCloneUserPair for user 0: false
09-10 14:54:07.003 7827 7861 E platform: Failed to open rendernode: No such file or directory
09-10 14:54:07.009 381 7891 I resolv : GetAddrInfoHandler::run: {0 786432 0 983040 10144 0}
09-10 14:54:07.012 381 7892 I resolv : GetAddrInfoHandler::run: {0 786432 0 983040 10144 0}
09-10 14:54:07.014 7827 7861 D vulkan : searching for layers in '/data/app/~~Qgn2wqEAvH79GiouluTyOA==/org.chromium.content_browsertests_apk-RchFo_8uzwLoY5jHIGStww==/lib/x86_64'
09-10 14:54:07.015 7827 7861 D vulkan : searching for layers in '/data/app/~~Qgn2wqEAvH79GiouluTyOA==/org.chromium.content_browsertests_apk-RchFo_8uzwLoY5jHIGStww==/base.apk!/lib/x86_64'
09-10 14:54:07.025 3670 3836 I FontLog : Download failed for https://fonts.gstatic.com/s/a/directory025.pb [ERROR: UNUSED LOG ARGUMENTS] [CONTEXT service_id=132 ]
09-10 14:54:07.027 3670 3790 W FontLog : Connection failure for https://fonts.gstatic.com/s/a/directory025.pb [CONTEXT service_id=132 ]
09-10 14:54:07.027 3670 3790 W FontLog : java.util.concurrent.ExecutionException: bpsy: Failed to process request
09-10 14:54:07.027 3670 3790 W FontLog : at hkh.n(:com.google.android.gms@242632041@24.26.32 (190800-650348549):21)
09-10 14:54:07.027 3670 3790 W FontLog : at hkh.get(:com.google.android.gms@242632041@24.26.32 (190800-650348549):28)
09-10 14:54:07.027 3670 3790 W FontLog : at hkn.get(:com.google.android.gms@242632041@24.26.32 (190800-650348549):2)
09-10 14:54:07.027 3670 3790 W FontLog : at bbvj.run(:com.google.android.gms@242632041@24.26.32 (190800-650348549):13)
09-10 14:54:07.027 3670 3790 W FontLog : at anzz.c(:com.google.android.gms@242632041@24.26.32 (190800-650348549):50)
09-10 14:54:07.027 3670 3790 W FontLog : at anzz.run(:com.google.android.gms@242632041@24.26.32 (190800-650348549):76)
09-10 14:54:07.027 3670 3790 W FontLog : at java.util.concurrent.ThreadPoolExecutor.runWorker(ThreadPoolExecutor.java:1145)
09-10 14:54:07.027 3670 3790 W FontLog : at java.util.concurrent.ThreadPoolExecutor$Worker.run(ThreadPoolExecutor.java:644)
09-10 14:54:07.027 3670 3790 W FontLog : at aofk.run(:com.google.android.gms@242632041@24.26.32 (190800-650348549):8)
09-10 14:54:07.027 3670 3790 W FontLog : at java.lang.Thread.run(Thread.java:1012)
09-10 14:54:07.027 3670 3790 W FontLog : Caused by: bpsy: Failed to process request
09-10 14:54:07.027 3670 3790 W FontLog : at bpwp.b(:com.google.android.gms@242632041@24.26.32 (190800-650348549):19)
09-10 14:54:07.027 3670 3790 W FontLog : at bpxd.onFailed(:com.google.android.gms@242632041@24.26.32 (190800-650348549):15)
09-10 14:54:07.027 3670 3790 W FontLog : at m.ms.onFailed(:com.google.android.gms.dynamite_cronetdynamite@242632041@24.26.32 (190800-0):3)
09-10 14:54:07.027 3670 3790 W FontLog : at m.lt.run(:com.google.android.gms.dynamite_cronetdynamite@242632041@24.26.32 (190800-0):9)
09-10 14:54:07.027 3670 3790 W FontLog : ... 6 more
09-10 14:54:07.027 3670 3790 W FontLog : Caused by: m.mc: Exception in CronetUrlRequest: net::ERR_INTERNET_DISCONNECTED, ErrorCode=2, InternalErrorCode=-106, Retryable=false
09-10 14:54:07.027 3670 3790 W FontLog : at org.chromium.net.impl.CronetUrlRequest.onError(:com.google.android.gms.dynamite_cronetdynamite@242632041@24.26.32 (190800-0):4)
09-10 14:54:07.031 1515 5199 W MediaProvider: isAppCloneUserPair for user 0: false
09-10 14:54:07.033 3670 3790 W FontLog : No resolver, short-circuit {Noto Color Emoji Compat, wdth 100.0, wght 400, ital 0.0, bestEffort false} for org.chromium.content_browsertests_apk to failure [CONTEXT service_id=132 ]
09-10 14:54:07.034 3670 4141 I FontLog : Fetch {Noto Color Emoji Compat, wdth 100.0, wght 400, ital 0.0, bestEffort false} end status Status{statusCode=Unavailable, resolution=null} [CONTEXT service_id=132 ]
09-10 14:54:07.038 7827 7861 W chromium: [7827:7861:0910/145407.038651:WARNING:viz_main_impl.cc(85)] VizNullHypothesis is disabled (not a warning)
09-10 14:54:07.040 1515 7638 W MediaProvider: isAppCloneUserPair for user 0: false
09-10 14:54:07.044 3670 4141 I FontLog : Received query name=Google Sans Flex&weight=400&besteffort=false, URI content://com.google.android.gms.fonts [CONTEXT service_id=132 ]
09-10 14:54:07.044 3670 4141 I FontLog : Query [name=Google Sans Flex&weight=400&besteffort=false] resolved to {Google Sans Flex, wdth 100.0, wght 400, ital 0.0, bestEffort false} [CONTEXT service_id=132 ]
09-10 14:54:07.049 3670 4141 I FontLog : Font PFD returned from cache for {Google Sans Flex, wdth 100.0, wght 400, ital 0.0, bestEffort false} [CONTEXT service_id=132 ]
09-10 14:54:07.050 3670 4141 I FontLog : Fetch {Google Sans Flex, wdth 100.0, wght 400, ital 0.0, bestEffort false} end status Status{statusCode=SUCCESS, resolution=null} [CONTEXT service_id=132 ]
09-10 14:54:07.058 3670 4141 I FontLog : Pulling font file for id = 73, cache size = 68 [CONTEXT service_id=132 ]
09-10 14:54:07.060 3670 4141 I FontLog : Received query name=Google Sans&weight=400&besteffort=false, URI content://com.google.android.gms.fonts [CONTEXT service_id=132 ]
09-10 14:54:07.061 3670 4141 I FontLog : Query [name=Google Sans&weight=400&besteffort=false] resolved to {Google Sans, wdth 100.0, wght 400, ital 0.0, bestEffort false} [CONTEXT service_id=132 ]
09-10 14:54:07.062 3670 4141 I FontLog : Font PFD returned from cache for {Google Sans, wdth 100.0, wght 400, ital 0.0, bestEffort false} [CONTEXT service_id=132 ]
09-10 14:54:07.064 3670 4141 I FontLog : Fetch {Google Sans, wdth 100.0, wght 400, ital 0.0, bestEffort false} end status Status{statusCode=SUCCESS, resolution=null} [CONTEXT service_id=132 ]
09-10 14:54:07.067 3670 3995 I FontLog : Pulling font file for id = 74, cache size = 69 [CONTEXT service_id=132 ]
09-10 14:54:07.083 1515 1803 W MediaProvider: isAppCloneUserPair for user 0: false
09-10 14:54:07.084 3670 3995 I FontLog : Received query name=Google Sans&weight=500&besteffort=false, URI content://com.google.android.gms.fonts [CONTEXT service_id=132 ]
09-10 14:54:07.084 3670 3995 I FontLog : Query [name=Google Sans&weight=500&besteffort=false] resolved to {Google Sans, wdth 100.0, wght 500, ital 0.0, bestEffort false} [CONTEXT service_id=132 ]
09-10 14:54:07.086 3670 3995 I FontLog : Font PFD returned from cache for {Google Sans, wdth 100.0, wght 500, ital 0.0, bestEffort false} [CONTEXT service_id=132 ]
09-10 14:54:07.086 3670 3995 I FontLog : Fetch {Google Sans, wdth 100.0, wght 500, ital 0.0, bestEffort false} end status Status{statusCode=SUCCESS, resolution=null} [CONTEXT service_id=132 ]
09-10 14:54:07.088 583 2234 V AutofillSession: Primary service component name: ComponentInfo{com.google.android.gms/com.google.android.gms.autofill.service.AutofillService}, secondary service component name: ComponentInfo{com.android.credentialmanager/com.android.credentialmanager.autofill.CredentialAutofillService}
09-10 14:54:07.088 583 2234 V SecondaryProviderHandler: Creating a secondary provider handler with component name, ComponentInfo{com.android.credentialmanager/com.android.credentialmanager.autofill.CredentialAutofillService}
09-10 14:54:07.088 583 2234 D RequestId: nextId(): requestId = 500
09-10 14:54:07.089 583 2234 W FillRequestEventLogger: Couldn't find packageName: com.google.android.inputmethod.latin
09-10 14:54:07.089 583 1495 W PresentationStatsEventLogger: Bad view state for: -1
09-10 14:54:07.090 583 583 D AutofillInlineSuggestionsRequestSession: onCreateInlineSuggestionsRequestLocked called: 1073741824@1804504997
09-10 14:54:07.092 583 2234 D AutofillInlineSuggestionsRequestSession: onInlineSuggestionsSessionInvalidated() called.
09-10 14:54:07.093 1515 1802 W MediaProvider: isAppCloneUserPair for user 0: false
09-10 14:54:07.099 3670 3995 I FontLog : Pulling font file for id = 75, cache size = 68 [CONTEXT service_id=132 ]
09-10 14:54:07.100 1515 5202 W MediaProvider: isAppCloneUserPair for user 0: false
09-10 14:54:07.114 1515 2614 W MediaProvider: isAppCloneUserPair for user 0: false
09-10 14:54:07.123 7780 7780 I AssistStructure: Flattened final assist data: 1220 bytes, containing 1 windows, 6 views
09-10 14:54:07.123 583 2234 D AutofillSession: createPendingIntent for request 500
09-10 14:54:07.123 583 2234 D ContentCapturePerUserService: Notified activity assist data for activity: Token{366bb47 ActivityRecord{f3aab61 u0 org.chromium.content_browsertests_apk/.ContentBrowserTestsActivity t27}} without a session Id
09-10 14:54:07.131 7827 7904 E EGL_emulation: eglCreateContext: EGL_BAD_CONFIG: no ES 3.2 support
09-10 14:54:07.141 7827 7904 E EGL_emulation: tid 7904: eglCreateContext(1830): error 0x3005 (EGL_BAD_CONFIG)
09-10 14:54:07.141 7827 7904 E EGL_emulation: eglCreateContext: EGL_BAD_CONFIG: no ES 3.1 support
09-10 14:54:07.141 7827 7904 E EGL_emulation: tid 7904: eglCreateContext(1824): error 0x3005 (EGL_BAD_CONFIG)
09-10 14:54:07.166 1515 4876 W MediaProvider: isAppCloneUserPair for user 0: false
09-10 14:54:07.197 382 382 D Zygote : Forked child process 7911
09-10 14:54:07.197 583 617 I ActivityManager: Start proc 7911:org.chromium.content_browsertests_apk:sandboxed_process0:org.chromium.content.app.SandboxedProcessService0:2/u0i53 for service {org.chromium.content_browsertests_apk/org.chromium.content.app.SandboxedProcessService0:2}
09-10 14:54:07.239 7911 7911 I ocessService0:2: Using CollectorTypeCMC GC.
09-10 14:54:07.241 7911 7911 W ocessService0:2: Unexpected CPU variant for x86: x86_64.
09-10 14:54:07.241 7911 7911 W ocessService0:2: Known variants: atom, sandybridge, silvermont, goldmont, goldmont-plus, goldmont-without-sha-xsaves, tremont, kabylake, default
09-10 14:54:07.242 583 1832 W PresentationStatsEventLogger: Bad view state for: -1
09-10 14:54:07.244 7911 7911 E ocessService0:2: Not starting debugger since process cannot load the jdwp agent.
09-10 14:54:07.247 7911 7911 D nativeloader: Load libframework-connectivity-tiramisu-jni.so using APEX ns com_android_tethering for caller /apex/com.android.tethering/javalib/framework-connectivity-t.jar: ok
09-10 14:54:07.538 0 0 I servicemanager: Caller(pid=7827,uid=10208,sid=u:r:untrusted_app:s0:c208,c256,c512,c768) Could not find android.hardware.graphics.allocator.IAllocator/default in the VINTF manifest. No alternative instances declared in VINTF.
09-10 14:54:07.255 164 164 I hwservicemanager: getTransport: Cannot find entry android.hardware.graphics.mapper@4.0::IMapper/default in either framework or device VINTF manifest.
09-10 14:54:07.255 7827 7904 I Gralloc4: mapper 4.x is not supported
09-10 14:54:07.623 0 0 W servicemanager: Isolated app with UID 99053 requested 'network_management', but the service is not allowed for isolated apps.
09-10 14:54:07.331 7911 7911 D ApplicationLoaders: Returning zygote-cached class loader: /system/framework/android.test.base.jar
09-10 14:54:07.341 7911 7911 D nativeloader: Configuring clns-7 for other apk /system/framework/android.test.mock.jar. target_sdk_version=35, uses_libraries=ALL, library_path=/data/app/~~Qgn2wqEAvH79GiouluTyOA==/org.chromium.content_browsertests_apk-RchFo_8uzwLoY5jHIGStww==/lib/x86_64:/data/app/~~Qgn2wqEAvH79GiouluTyOA==/org.chromium.content_browsertests_apk-RchFo_8uzwLoY5jHIGStww==/base.apk!/lib/x86_64, permitted_path=/data:/mnt/expand:/data/user/0/org.chromium.content_browsertests_apk
09-10 14:54:07.342 7911 7911 D ApplicationLoaders: Returning zygote-cached class loader: /system/framework/android.test.base.jar
09-10 14:54:07.346 7911 7911 D nativeloader: Configuring clns-8 for other apk /system/framework/android.test.runner.jar. target_sdk_version=35, uses_libraries=ALL, library_path=/data/app/~~Qgn2wqEAvH79GiouluTyOA==/org.chromium.content_browsertests_apk-RchFo_8uzwLoY5jHIGStww==/lib/x86_64:/data/app/~~Qgn2wqEAvH79GiouluTyOA==/org.chromium.content_browsertests_apk-RchFo_8uzwLoY5jHIGStww==/base.apk!/lib/x86_64, permitted_path=/data:/mnt/expand:/data/user/0/org.chromium.content_browsertests_apk
09-10 14:54:07.347 7911 7911 D ApplicationLoaders: Returning zygote-cached class loader: /system_ext/framework/androidx.window.extensions.jar
