09-10 14:53:41.248 1515 5197 I MediaProvider: Deleted 1 0 0 0 0 0 0 items on external_primary due to org.chromium.content_browsertests_apk
09-10 14:53:41.251 1515 5888 W MediaProvider: Ignoring param:deletedata post U for external apps
09-10 14:53:41.253 1515 5888 I MediaProvider: Deleted 1 0 0 0 0 0 0 items on external_primary due to org.chromium.content_browsertests_apk
09-10 14:53:41.253 1515 4876 W MediaProvider: Ignoring param:deletedata post U for external apps
09-10 14:53:41.271 1515 4876 I MediaProvider: Deleted 1 0 0 0 0 0 0 items on external_primary due to org.chromium.content_browsertests_apk
09-10 14:53:41.273 1515 2614 W MediaProvider: Ignoring param:deletedata post U for external apps
09-10 14:53:41.276 1515 2614 I MediaProvider: Deleted 1 0 0 0 0 0 0 items on external_primary due to org.chromium.content_browsertests_apk
09-10 14:53:41.277 1515 5202 W MediaProvider: Ignoring param:deletedata post U for external apps
09-10 14:53:41.279 1515 5202 I MediaProvider: Deleted 1 0 0 0 0 0 0 items on external_primary due to org.chromium.content_browsertests_apk
09-10 14:53:41.282 1515 5199 W MediaProvider: Ignoring param:deletedata post U for external apps
09-10 14:53:41.283 1515 5199 I MediaProvider: Deleted 1 0 0 0 0 0 0 items on external_primary due to org.chromium.content_browsertests_apk
09-10 14:53:41.284 1515 5202 W MediaProvider: Ignoring param:deletedata post U for external apps
09-10 14:53:41.285 1515 5202 I MediaProvider: Deleted 1 0 0 0 0 0 0 items on external_primary due to org.chromium.content_browsertests_apk
09-10 14:53:41.286 1515 2614 W MediaProvider: Ignoring param:deletedata post U for external apps
09-10 14:53:41.288 1515 2614 I MediaProvider: Deleted 1 0 0 0 0 0 0 items on external_primary due to org.chromium.content_browsertests_apk
09-10 14:53:41.289 1515 4568 W MediaProvider: Ignoring param:deletedata post U for external apps
09-10 14:53:41.295 1515 4568 I MediaProvider: Deleted 1 0 0 0 0 0 0 items on external_primary due to org.chromium.content_browsertests_apk
09-10 14:53:41.303 1515 2614 W MediaProvider: Ignoring param:deletedata post U for external apps
09-10 14:53:41.310 1515 2614 I MediaProvider: Deleted 1 0 0 0 0 0 0 items on external_primary due to org.chromium.content_browsertests_apk
09-10 14:53:41.312 1515 2614 W MediaProvider: Ignoring param:deletedata post U for external apps
09-10 14:53:41.315 1515 2614 I MediaProvider: Deleted 1 0 0 0 0 0 0 items on external_primary due to org.chromium.content_browsertests_apk
09-10 14:53:41.317 1515 5199 W MediaProvider: Ignoring param:deletedata post U for external apps
09-10 14:53:41.320 1515 5199 I MediaProvider: Deleted 1 0 0 0 0 0 0 items on external_primary due to org.chromium.content_browsertests_apk
09-10 14:53:41.322 1515 2614 W MediaProvider: Ignoring param:deletedata post U for external apps
09-10 14:53:41.324 1515 2614 I MediaProvider: Deleted 1 0 0 0 0 0 0 items on external_primary due to org.chromium.content_browsertests_apk
09-10 14:53:41.325 1515 5202 W MediaProvider: Ignoring param:deletedata post U for external apps
09-10 14:53:41.340 1515 5202 I MediaProvider: Deleted 1 0 0 0 0 0 0 items on external_primary due to org.chromium.content_browsertests_apk
09-10 14:53:41.343 1515 2614 W MediaProvider: Ignoring param:deletedata post U for external apps
09-10 14:53:41.343 1255 1927 D EGL_emulation: app_time_stats: avg=459.82ms min=13.83ms max=1271.11ms count=3
09-10 14:53:41.347 1515 2614 I MediaProvider: Deleted 1 0 0 0 0 0 0 items on external_primary due to org.chromium.content_browsertests_apk
09-10 14:53:41.361 1515 4568 W MediaProvider: Ignoring param:deletedata post U for external apps
09-10 14:53:41.372 1515 4568 I MediaProvider: Deleted 1 0 0 0 0 0 0 items on external_primary due to org.chromium.content_browsertests_apk
09-10 14:53:41.379 1515 2614 W MediaProvider: Ignoring param:deletedata post U for external apps
09-10 14:53:41.382 1515 2614 I MediaProvider: Deleted 1 0 0 0 0 0 0 items on external_primary due to org.chromium.content_browsertests_apk
09-10 14:53:41.390 1515 4568 W MediaProvider: Ignoring param:deletedata post U for external apps
09-10 14:53:41.391 1515 4568 I MediaProvider: Deleted 1 0 0 0 0 0 0 items on external_primary due to org.chromium.content_browsertests_apk
09-10 14:53:41.395 1515 4568 W MediaProvider: Ignoring param:deletedata post U for external apps
09-10 14:53:41.399 1515 4568 I MediaProvider: Deleted 1 0 0 0 0 0 0 items on external_primary due to org.chromium.content_browsertests_apk
09-10 14:53:41.407 1515 5201 W MediaProvider: Ignoring param:deletedata post U for external apps
09-10 14:53:41.409 1515 5201 I MediaProvider: Deleted 1 0 0 0 0 0 0 items on external_primary due to org.chromium.content_browsertests_apk
09-10 14:53:41.420 1515 1803 W MediaProvider: Ignoring param:deletedata post U for external apps
09-10 14:53:41.421 1515 1803 I MediaProvider: Deleted 1 0 0 0 0 0 0 items on external_primary due to org.chromium.content_browsertests_apk
09-10 14:53:41.422 1515 5199 W MediaProvider: Ignoring param:deletedata post U for external apps
09-10 14:53:41.424 1515 5199 I MediaProvider: Deleted 1 0 0 0 0 0 0 items on external_primary due to org.chromium.content_browsertests_apk
09-10 14:53:41.426 1515 5888 W MediaProvider: Ignoring param:deletedata post U for external apps
09-10 14:53:41.427 583 607 W ActivityTaskManager: Activity top resumed state loss timeout for ActivityRecord{5d99889 u0 org.chromium.content_browsertests_apk/.ContentBrowserTestsActivity t19 f} isExiting}
09-10 14:53:41.427 1515 5888 I MediaProvider: Deleted 1 0 0 0 0 0 0 items on external_primary due to org.chromium.content_browsertests_apk
09-10 14:53:41.428 1515 1802 W MediaProvider: Ignoring param:deletedata post U for external apps
09-10 14:53:41.447 1515 1802 I MediaProvider: Deleted 1 0 0 0 0 0 0 items on external_primary due to org.chromium.content_browsertests_apk
09-10 14:53:41.449 1515 5201 W MediaProvider: Ignoring param:deletedata post U for external apps
09-10 14:53:41.452 1515 5201 I MediaProvider: Deleted 1 0 0 0 0 0 0 items on external_primary due to org.chromium.content_browsertests_apk
09-10 14:53:41.453 1515 5197 W MediaProvider: Ignoring param:deletedata post U for external apps
09-10 14:53:41.454 1515 5197 I MediaProvider: Deleted 1 0 0 0 0 0 0 items on external_primary due to org.chromium.content_browsertests_apk
09-10 14:53:41.457 1515 1802 W MediaProvider: Ignoring param:deletedata post U for external apps
09-10 14:53:41.460 1515 1802 I MediaProvider: Deleted 1 0 0 0 0 0 0 items on external_primary due to org.chromium.content_browsertests_apk
09-10 14:53:41.462 1515 5199 W MediaProvider: Ignoring param:deletedata post U for external apps
09-10 14:53:41.464 1515 5199 I MediaProvider: Deleted 1 0 0 0 0 0 0 items on external_primary due to org.chromium.content_browsertests_apk
09-10 14:53:41.465 1515 5197 W MediaProvider: Ignoring param:deletedata post U for external apps
09-10 14:53:41.470 1515 5197 I MediaProvider: Deleted 1 0 0 0 0 0 0 items on external_primary due to org.chromium.content_browsertests_apk
09-10 14:53:41.471 1515 2614 W MediaProvider: Ignoring param:deletedata post U for external apps
09-10 14:53:41.482 1515 2614 I MediaProvider: Deleted 1 0 0 0 0 0 0 items on external_primary due to org.chromium.content_browsertests_apk
09-10 14:53:41.491 1515 4876 W MediaProvider: Ignoring param:deletedata post U for external apps
09-10 14:53:41.493 1515 4876 I MediaProvider: Deleted 1 0 0 0 0 0 0 items on external_primary due to org.chromium.content_browsertests_apk
09-10 14:53:41.495 1515 1802 W MediaProvider: Ignoring param:deletedata post U for external apps
09-10 14:53:41.499 1515 1802 I MediaProvider: Deleted 1 0 0 0 0 0 0 items on external_primary due to org.chromium.content_browsertests_apk
09-10 14:53:41.508 1515 5201 W MediaProvider: Ignoring param:deletedata post U for external apps
09-10 14:53:41.509 1515 5201 I MediaProvider: Deleted 1 0 0 0 0 0 0 items on external_primary due to org.chromium.content_browsertests_apk
09-10 14:53:41.512 1515 2614 W MediaProvider: Ignoring param:deletedata post U for external apps
09-10 14:53:41.515 1515 2614 I MediaProvider: Deleted 1 0 0 0 0 0 0 items on external_primary due to org.chromium.content_browsertests_apk
09-10 14:53:41.523 1515 1803 W MediaProvider: Ignoring param:deletedata post U for external apps
09-10 14:53:41.524 1515 1803 I MediaProvider: Deleted 1 0 0 0 0 0 0 items on external_primary due to org.chromium.content_browsertests_apk
09-10 14:53:41.528 6811 6811 D nativeloader: Load /data/app/~~Qgn2wqEAvH79GiouluTyOA==/org.chromium.content_browsertests_apk-RchFo_8uzwLoY5jHIGStww==/lib/x86_64/libtest_trace_processor.so using ns clns-9 from class loader (caller=/data/app/~~Qgn2wqEAvH79GiouluTyOA==/org.chromium.content_browsertests_apk-RchFo_8uzwLoY5jHIGStww==/base.apk): ok
09-10 14:53:41.582 6811 6811 D nativeloader: Load /data/app/~~Qgn2wqEAvH79GiouluTyOA==/org.chromium.content_browsertests_apk-RchFo_8uzwLoY5jHIGStww==/lib/x86_64/libcontent_browsertests__library.so using ns clns-9 from class loader (caller=/data/app/~~Qgn2wqEAvH79GiouluTyOA==/org.chromium.content_browsertests_apk-RchFo_8uzwLoY5jHIGStww==/base.apk): ok
09-10 14:53:41.586 6811 6811 I cr_LibraryLoader: Successfully loaded native library
09-10 14:53:41.587 6811 6811 I cr_CachingUmaRecorder: Flushed 2 samples from 2 histograms, 0 samples were dropped.
09-10 14:53:41.628 6811 6811 W HWUI : Unknown dataspace 0
09-10 14:53:41.649 992 1046 V WindowManagerShell: Transition animation finished (aborted=false), notifying core (#29) android.os.BinderProxy@a61435e@0
09-10 14:53:41.650 583 601 D CoreBackPreview: Window{fec4f8a u0 org.chromium.content_browsertests_apk/org.chromium.content_browsertests_apk.ContentBrowserTestsActivity}: Setting back callback OnBackInvokedCallbackInfo{mCallback=android.window.IOnBackInvokedCallback$Stub$Proxy@cf5ba18, mPriority=0, mIsAnimationCallback=false}
09-10 14:53:41.661 583 604 V WindowManager: Finish Transition (#29): created at
09-10 07:53:40.923 collect-started=0.054ms request-sent=0.193ms started=3.786ms ready=196.387ms sent=199.876ms finished=737.541ms
09-10 14:53:41.661 583 1818 E IPCThreadState: Binder transaction failure. id: 359459, BR_*: 29189, error: -22 (Invalid argument)
09-10 14:53:41.662 583 1818 W ActivityManager: pid 583 system sent binder code 7 with flags 1 to frozen apps and got error -32
09-10 14:53:41.662 583 1818 D ActivityManager: Too many transaction errors, throttling freezer binder callback.
09-10 14:53:41.663 583 1818 W WindowManager: Exception thrown during dispatchAppVisibility Window{9223de4 u0 org.chromium.content_browsertests_apk/org.chromium.content_browsertests_apk.ContentBrowserTestsActivity EXITING}
09-10 14:53:41.663 583 1818 W WindowManager: android.os.DeadObjectException
09-10 14:53:41.663 583 1818 W WindowManager: at android.os.BinderProxy.transactNative(Native Method)
09-10 14:53:41.663 583 1818 W WindowManager: at android.os.BinderProxy.transact(BinderProxy.java:586)
09-10 14:53:41.663 583 1818 W WindowManager: at android.view.IWindow$Stub$Proxy.dispatchAppVisibility(IWindow.java:553)
09-10 14:53:41.663 583 1818 W WindowManager: at com.android.server.wm.WindowState.sendAppVisibilityToClients(WindowState.java:3253)
09-10 14:53:41.663 583 1818 W WindowManager: at com.android.server.wm.WindowContainer.sendAppVisibilityToClients(WindowContainer.java:1289)
09-10 14:53:41.663 583 1818 W WindowManager: at com.android.server.wm.WindowToken.setClientVisible(WindowToken.java:403)
09-10 14:53:41.663 583 1818 W WindowManager: at com.android.server.wm.ActivityRecord.setClientVisible(ActivityRecord.java:7166)
09-10 14:53:41.663 583 1818 W WindowManager: at com.android.server.wm.ActivityRecord.postApplyAnimation(ActivityRecord.java:5881)
09-10 14:53:41.663 583 1818 W WindowManager: at com.android.server.wm.ActivityRecord.commitVisibility(ActivityRecord.java:5823)
09-10 14:53:41.663 583 1818 W WindowManager: at com.android.server.wm.Transition.finishTransition(Transition.java:1286)
09-10 14:53:41.663 583 1818 W WindowManager: at com.android.server.wm.TransitionController.finishTransition(TransitionController.java:937)
09-10 14:53:41.663 583 1818 W WindowManager: at com.android.server.wm.WindowOrganizerController.finishTransition(WindowOrganizerController.java:494)
09-10 14:53:41.663 583 1818 W WindowManager: at android.window.IWindowOrganizerController$Stub.onTransact(IWindowOrganizerController.java:289)
09-10 14:53:41.663 583 1818 W WindowManager: at com.android.server.wm.WindowOrganizerController.onTransact(WindowOrganizerController.java:204)
09-10 14:53:41.663 583 1818 W WindowManager: at android.os.Binder.execTransactInternal(Binder.java:1505)
09-10 14:53:41.663 583 1818 W WindowManager: at android.os.Binder.execTransact(Binder.java:1444)
09-10 14:53:41.663 583 1818 W Process : Unable to open /proc/6679/status
09-10 14:53:41.665 6811 6826 I EGL_emulation: Opening libGLESv1_CM_emulation.so
09-10 14:53:41.665 6811 6826 I EGL_emulation: Opening libGLESv2_emulation.so
09-10 14:53:41.671 992 1046 V WindowManagerShell: Track 0 became idle
09-10 14:53:41.671 992 1046 V WindowManagerShell: All active transition animations finished
09-10 14:53:41.683 1255 1255 I TopTaskTracker: onTaskRemoved: taskId=19
09-10 14:53:41.684 1255 1255 I TopTaskTracker: onTaskRemoved: taskId=19
09-10 14:53:41.690 6811 6826 W HWUI : Failed to initialize 101010-2 format, error = EGL_SUCCESS
09-10 14:53:41.692 583 1495 W UserManagerService: Requested status bar icon for non-badged user 0
09-10 14:53:41.693 583 1495 W UserManagerService: Requested status bar icon for non-badged user 0
09-10 14:53:41.695 583 1495 W UserManagerService: Requested status bar icon for non-badged user 0
09-10 14:53:41.697 453 453 E BpTransactionCompletedListener: Failed to transact (-32)
09-10 14:53:41.703 992 1139 D EGL_emulation: app_time_stats: avg=184.61ms min=8.88ms max=1358.05ms count=8
09-10 14:53:41.734 164 164 I hwservicemanager: getTransport: Cannot find entry android.hardware.graphics.mapper@4.0::IMapper/default in either framework or device VINTF manifest.
09-10 14:53:41.734 6811 6826 I Gralloc4: mapper 4.x is not supported
09-10 14:53:42.026 0 0 I servicemanager: Caller(pid=6811,uid=10208,sid=u:r:untrusted_app:s0:c208,c256,c512,c768) Could not find android.hardware.graphics.allocator.IAllocator/default in the VINTF manifest. No alternative instances declared in VINTF.
09-10 14:53:42.220 6811 6811 I chromium: Redirecting stdout to file: /sdcard/Download/temp_file-8c9235bba0aea.gtest_out
09-10 14:53:42.243 583 604 I ActivityTaskManager: Displayed org.chromium.content_browsertests_apk/.ContentBrowserTestsActivity for user 0: +1s244ms
09-10 14:53:42.364 1515 5197 W MediaProvider: isAppCloneUserPair for user 0: false
09-10 14:53:42.376 6811 6811 W chromium: [6811:6811:0910/145342.376171:WARNING:field_trial_util.cc(109)] Field trial config study skipped: CookieDeprecationFacilitatedTestingCookieDeprecation.Treatment_PreStable_20231002 (some of its features are already overridden)
09-10 14:53:42.377 6811 6811 W chromium: [6811:6811:0910/145342.377123:WARNING:field_trial_util.cc(109)] Field trial config study skipped: FLEDGEBiddingAndAuctionServer.Enabled (some of its features are already overridden)
09-10 14:53:42.379 6811 6811 W chromium: [6811:6811:0910/145342.379891:WARNING:field_trial_util.cc(109)] Field trial config study skipped: PrivacySandboxAdsAPIs.Enabled_Notice_M1_AllAPIs_Expanded_NoOT_Stable (some of its features are already overridden)
09-10 14:53:42.380 6811 6811 W chromium: [6811:6811:0910/145342.380209:WARNING:field_trial_util.cc(109)] Field trial config study skipped: ProtectedAudienceDealsSupport.Enabled (some of its features are already overridden)
09-10 14:53:42.380 6811 6811 W chromium: [6811:6811:0910/145342.380397:WARNING:field_trial_util.cc(109)] Field trial config study skipped: ProtectedAudiencesHeaderDirectFromSellerSignalsStudy.Enabled (some of its features are already overridden)
09-10 14:53:42.380 6811 6811 W chromium: [6811:6811:0910/145342.380481:WARNING:field_trial_util.cc(109)] Field trial config study skipped: ProtectedAudiencesKAnonymityEnforcementStudy.Enabled (some of its features are already overridden)
09-10 14:53:42.380 6811 6811 W chromium: [6811:6811:0910/145342.380522:WARNING:field_trial_util.cc(109)] Field trial config study skipped: ProtectedAudiencesRealTimeReporting.Enabled (some of its features are already overridden)
09-10 14:53:42.401 1515 1802 W MediaProvider: isAppCloneUserPair for user 0: false
09-10 14:53:42.405 6811 6847 W chromium: [6811:6847:0910/145342.405655:WARNING:dns_config_service_android.cc(81)] Failed to read DnsConfig.
09-10 14:53:42.445 1515 5199 W MediaProvider: isAppCloneUserPair for user 0: false
09-10 14:53:42.459 1515 1802 W MediaProvider: isAppCloneUserPair for user 0: false
09-10 14:53:42.470 1515 2614 W MediaProvider: isAppCloneUserPair for user 0: false
09-10 14:53:42.472 1515 4568 W MediaProvider: isAppCloneUserPair for user 0: false
09-10 14:53:42.477 1515 5201 W MediaProvider: isAppCloneUserPair for user 0: false
09-10 14:53:42.505 1515 4568 W MediaProvider: isAppCloneUserPair for user 0: false
09-10 14:53:42.512 1515 5201 W MediaProvider: isAppCloneUserPair for user 0: false
09-10 14:53:42.518 583 1818 D OomAdjuster: Not killing cached processes
09-10 14:53:42.565 6811 6811 D CompatChangeReporter: Compat change id reported: 303326708; UID 10208; state: ENABLED
09-10 14:53:42.569 1515 5199 W MediaProvider: isAppCloneUserPair for user 0: false
09-10 14:53:42.592 381 381 I netd : tetherGetStats() -> {[]} <1.19ms>
09-10 14:53:42.597 583 1818 D ConnectivityService: requestNetwork for uid/pid:10208/6811 activeRequest: null callbackRequest: 187 [NetworkRequest [ REQUEST id=188, [ Capabilities: INTERNET&NOT_RESTRICTED&TRUSTED&NOT_VCN_MANAGED&NOT_BANDWIDTH_CONSTRAINED Uid: 10208 RequestorUid: 10208 RequestorPkg: org.chromium.content_browsertests_apk UnderlyingNetworks: Null] ]] callback flags: 0 order: 2147483647 isUidTracked: false
09-10 14:53:42.607 1515 2614 W MediaProvider: isAppCloneUserPair for user 0: false
09-10 14:53:42.612 583 917 D ConnectivityService: NetReassign [no changes] [c 0] [a 0] [i 8]
09-10 14:53:42.612 583 917 D ConnectivityService: NetReassign [no changes] [c 0] [a 0] [i 1]
09-10 14:53:42.613 992 1091 W WindowOnBackDispatcher: sendCancelIfRunning: isInProgress=false callback=android.view.ViewRootImpl$$ExternalSyntheticLambda11@7e12dd1
09-10 14:53:42.625 583 910 D OemPaidWifiNetworkFactory: got request NetworkRequest [ REQUEST id=188, [ Capabilities: INTERNET&NOT_RESTRICTED&TRUSTED&NOT_VCN_MANAGED&NOT_BANDWIDTH_CONSTRAINED Uid: 10208 RequestorUid: 10208 RequestorPkg: org.chromium.content_browsertests_apk UnderlyingNetworks: Null] ]
09-10 14:53:42.625 583 910 D MultiInternetWifiNetworkFactory: got request NetworkRequest [ REQUEST id=188, [ Capabilities: INTERNET&NOT_RESTRICTED&TRUSTED&NOT_VCN_MANAGED&NOT_BANDWIDTH_CONSTRAINED Uid: 10208 RequestorUid: 10208 RequestorPkg: org.chromium.content_browsertests_apk UnderlyingNetworks: Null] ]
09-10 14:53:42.625 583 910 D WifiNetworkFactory: got request NetworkRequest [ REQUEST id=188, [ Capabilities: INTERNET&NOT_RESTRICTED&TRUSTED&NOT_VCN_MANAGED&NOT_BANDWIDTH_CONSTRAINED Uid: 10208 RequestorUid: 10208 RequestorPkg: org.chromium.content_browsertests_apk UnderlyingNetworks: Null] ]
09-10 14:53:42.625 583 910 D UntrustedWifiNetworkFactory: got request NetworkRequest [ REQUEST id=188, [ Capabilities: INTERNET&NOT_RESTRICTED&TRUSTED&NOT_VCN_MANAGED&NOT_BANDWIDTH_CONSTRAINED Uid: 10208 RequestorUid: 10208 RequestorPkg: org.chromium.content_browsertests_apk UnderlyingNetworks: Null] ]
09-10 14:53:42.625 1515 5888 W MediaProvider: isAppCloneUserPair for user 0: false
09-10 14:53:42.625 1515 4568 W MediaProvider: isAppCloneUserPair for user 0: false
09-10 14:53:42.625 1515 4876 W MediaProvider: isAppCloneUserPair for user 0: false
09-10 14:53:42.626 583 601 W InputManager-JNI: Input channel object 'afa2191 Splash Screen org.chromium.content_browsertests_apk (client)' was disposed without first being removed with the input manager!
09-10 14:53:42.629 583 1495 I Telecom : TelecomServiceImpl$1: isInEmergencyCall: false: TSI.iIEC@ARU🔒
09-10 14:53:42.632 583 1818 D CoreBackPreview: Window{afa2191 u0 Splash Screen org.chromium.content_browsertests_apk EXITING}: Setting back callback null
09-10 14:53:42.648 1515 5202 W MediaProvider: isAppCloneUserPair for user 0: false
09-10 14:53:42.659 992 1091 W FrameTracker: Missed App frame:UNKNOWN: 10, 36665, 0, CUJ=J<SPLASHSCREEN_EXIT_ANIM>
09-10 14:53:42.659 992 1091 W FrameTracker: Missed SF frame:UNKNOWN: 10, 36665, 0, CUJ=J<SPLASHSCREEN_EXIT_ANIM>
09-10 14:53:42.659 992 1091 W FrameTracker: Missing HWUI jank callback for vsyncId: 36665, CUJ=J<SPLASHSCREEN_EXIT_ANIM>
09-10 14:53:42.659 992 1091 W FrameTracker: Missed App frame:UNKNOWN: 74, 36694, 0, CUJ=J<SPLASHSCREEN_EXIT_ANIM>
09-10 14:53:42.659 992 1091 W FrameTracker: Missed SF frame:UNKNOWN: 74, 36694, 0, CUJ=J<SPLASHSCREEN_EXIT_ANIM>
09-10 14:53:42.659 992 1091 W FrameTracker: Missing HWUI jank callback for vsyncId: 36694, CUJ=J<SPLASHSCREEN_EXIT_ANIM>
09-10 14:53:42.659 992 1091 W FrameTracker: Missed App frame:UNKNOWN: 74, 36709, 66794487, CUJ=J<SPLASHSCREEN_EXIT_ANIM>
09-10 14:53:42.659 992 1091 W FrameTracker: Missed SF frame:UNKNOWN: 74, 36709, 66794487, CUJ=J<SPLASHSCREEN_EXIT_ANIM>
09-10 14:53:42.659 992 1091 W FrameTracker: Missed App frame:UNKNOWN: 74, 36723, 85158632, CUJ=J<SPLASHSCREEN_EXIT_ANIM>
09-10 14:53:42.659 992 1091 W FrameTracker: Missed SF frame:UNKNOWN: 74, 36723, 85158632, CUJ=J<SPLASHSCREEN_EXIT_ANIM>
09-10 14:53:42.659 992 1091 W FrameTracker: Missed App frame:UNKNOWN: 74, 36738, 104408671, CUJ=J<SPLASHSCREEN_EXIT_ANIM>
09-10 14:53:42.659 992 1091 W FrameTracker: Missed SF frame:UNKNOWN: 74, 36738, 104408671, CUJ=J<SPLASHSCREEN_EXIT_ANIM>
09-10 14:53:42.659 992 1091 W FrameTracker: Missed SF frame:UNKNOWN: 80, 36767, 76138871, CUJ=J<SPLASHSCREEN_EXIT_ANIM>
09-10 14:53:42.659 992 1091 W FrameTracker: Missed App frame:UNKNOWN: 88, 36782, 0, CUJ=J<SPLASHSCREEN_EXIT_ANIM>
09-10 14:53:42.659 992 1091 W FrameTracker: Missed SF frame:UNKNOWN: 88, 36782, 0, CUJ=J<SPLASHSCREEN_EXIT_ANIM>
09-10 14:53:42.659 992 1091 W FrameTracker: Missing HWUI jank callback for vsyncId: 36782, CUJ=J<SPLASHSCREEN_EXIT_ANIM>
09-10 14:53:42.659 992 1091 W FrameTracker: Missing SF jank callback for vsyncId: 36805, CUJ=J<SPLASHSCREEN_EXIT_ANIM>
09-10 14:53:42.660 992 1067 V PerfettoTrigger: Not triggering com.android.telemetry.interaction-jank-monitor-39 - not enough time since last trigger
09-10 14:53:42.678 1255 1255 D BaseDepthController: setSurface:
09-10 14:53:42.678 1255 1255 D BaseDepthController: mWaitingOnSurfaceValidity: false
09-10 14:53:42.678 1255 1255 D BaseDepthController: mSurface: null
09-10 14:53:42.680 1255 1255 D BaseDepthController: mSurface is null and mCurrentBlur is: 0
09-10 14:53:42.686 1255 1255 D StateManager: goToState - fromState: Normal, toState: Normal, partial trace:
09-10 14:53:42.686 1255 1255 D StateManager: at com.android.launcher3.statemanager.StateManager.moveToRestState(go/retraceme 31f9979659277bb965985aff1272c33e3c3c9e755b77166d20a2465454178f2c:4)
09-10 14:53:42.686 1255 1255 D StateManager: at com.android.launcher3.statemanager.StateManager.moveToRestState(go/retraceme 31f9979659277bb965985aff1272c33e3c3c9e755b77166d20a2465454178f2c:1)
09-10 14:53:42.686 1255 1255 D StateManager: at com.android.launcher3.statemanager.StatefulActivity.onStop(go/retraceme 31f9979659277bb965985aff1272c33e3c3c9e755b77166d20a2465454178f2c:34)
09-10 14:53:42.686 1255 1255 D StatsLog: LAUNCHER_ONSTOP
09-10 14:53:42.687 583 601 I AppWidgetServiceImpl: setAppWidgetHidden() 0
09-10 14:53:42.695 6811 6811 D AutofillManager: notifyViewReadyInner:1073741824
09-10 14:53:42.700 583 726 I ImeTracker: org.chromium.content_browsertests_apk:a5e846bf: onRequestHide at ORIGIN_SERVER reason HIDE_UNSPECIFIED_WINDOW fromUser false
09-10 14:53:42.700 583 726 I ImeTracker: org.chromium.content_browsertests_apk:a5e846bf: onCancelled at PHASE_SERVER_SHOULD_HIDE
09-10 14:53:42.714 3955 3955 I GoogleInputMethodService: GoogleInputMethodService.onFinishInput():3157
09-10 14:53:42.729 1255 1255 D StatsLog: LAUNCHER_GOOGLE_SEARCH_RESTORE_LIST_SIZE_AFTER_ACTIVITY_RESTART
09-10 14:53:42.730 1255 1255 D NexusLauncherModelDelegate: notifySmartspaceEvent: SmartspaceTargetEvent{mSmartspaceTarget=null, mSmartspaceActionId='null', mEventType=7}
09-10 14:53:42.739 1255 1255 D NexusLauncherModelDelegate: notifySmartspaceEvent: SmartspaceTargetEvent{mSmartspaceTarget=null, mSmartspaceActionId='null', mEventType=7}
09-10 14:53:42.740 3955 3955 I GoogleInputMethodService: GoogleInputMethodService.updateDeviceLockedStatus():2248 repeatCheckTimes = 0, locked = false
09-10 14:53:42.740 3955 3955 I GoogleInputMethodService: GoogleInputMethodService.onStartInput():1986 onStartInput(EditorInfo{EditorInfo{packageName=org.chromium.content_browsertests_apk, inputType=0, inputTypeString=NULL, enableLearning=false, autoCorrection=false, autoComplete=false, imeOptions=12000000, privateImeOptions=null, actionName=UNSPECIFIED, actionLabel=null, initialSelStart=-1, initialSelEnd=-1, initialCapsMode=0, label=null, fieldId=0, fieldName=null, extras=null, hintText=null, hintLocales=[]}}, false)
09-10 14:53:42.741 1255 2183 D OneSearchSuggestProvider: Shut down the binder channel
09-10 14:53:42.745 1255 1668 I IPCThreadState: oneway function results for code 2 on binder at 0x79edbcb7aa50 will be dropped but finished with status UNKNOWN_TRANSACTION
09-10 14:53:42.754 3955 3955 I GoogleInputMethodService: GoogleInputMethodService.updateDeviceLockedStatus():2248 repeatCheckTimes = 1, locked = false
09-10 14:53:42.755 3955 3955 I AndroidIME: InputBundleManager.loadActiveInputBundleId():450 loadActiveInputBundleId: und-Latn-x-password, password
09-10 14:53:42.761 583 1083 W PackageConfigPersister: App-specific configuration not found for packageName: org.chromium.content_browsertests_apk and userId: 0
09-10 14:53:42.787 1515 5201 W MediaProvider: isAppCloneUserPair for user 0: false
09-10 14:53:42.820 1255 1927 D EGL_emulation: app_time_stats: avg=177.04ms min=4.34ms max=1361.77ms count=8
09-10 14:53:42.859 583 1083 V GrammaticalInflectionUtils: AttributionSource: AttributionSource { uid = 10208, packageName = null, attributionTag = null, token = android.os.Binder@7b78a50, deviceId = 0, next = null } does not have READ_SYSTEM_GRAMMATICAL_GENDER permission.
09-10 14:53:42.872 6811 6843 W cr_media: BLUETOOTH_CONNECT permission is missing.
09-10 14:53:42.874 1515 5197 W MediaProvider: isAppCloneUserPair for user 0: false
09-10 14:53:42.875 6811 6843 W cr_media: getBluetoothAdapter() requires BLUETOOTH permission
09-10 14:53:42.876 6811 6843 W cr_media: registerBluetoothIntentsIfNeeded: Requires BLUETOOTH permission
09-10 14:53:42.878 992 1139 D EGL_emulation: app_time_stats: avg=155.20ms min=4.33ms max=1018.32ms count=7
09-10 14:53:42.879 382 382 D Zygote : Forked child process 6856
09-10 14:53:42.883 583 617 I ActivityManager: Start proc 6856:org.chromium.content_browsertests_apk:privileged_process0/u0a208 for service {org.chromium.content_browsertests_apk/org.chromium.content.app.PrivilegedProcessService0}
09-10 14:53:42.892 6811 6811 I WindowExtensionsImpl: Initializing Window Extensions, vendor API level=6, activity embedding enabled=true
09-10 14:53:42.908 1515 4568 W MediaProvider: isAppCloneUserPair for user 0: false
09-10 14:53:42.909 6856 6856 I ileged_process0: Using CollectorTypeCMC GC.
09-10 14:53:42.910 6856 6856 W ileged_process0: Unexpected CPU variant for x86: x86_64.
09-10 14:53:42.910 6856 6856 W ileged_process0: Known variants: atom, sandybridge, silvermont, goldmont, goldmont-plus, goldmont-without-sha-xsaves, tremont, kabylake, default
09-10 14:53:42.913 6856 6856 E ileged_process0: Not starting debugger since process cannot load the jdwp agent.
09-10 14:53:42.919 6856 6856 D nativeloader: Load libframework-connectivity-tiramisu-jni.so using APEX ns com_android_tethering for caller /apex/com.android.tethering/javalib/framework-connectivity-t.jar: ok
09-10 14:53:42.923 1515 1802 W MediaProvider: isAppCloneUserPair for user 0: false
09-10 14:53:42.932 1515 5888 W MediaProvider: isAppCloneUserPair for user 0: false
09-10 14:53:42.998 583 1083 V GrammaticalInflectionUtils: AttributionSource: AttributionSource { uid = 99034, packageName = null, attributionTag = null, token = android.os.Binder@7b78a50, deviceId = 0, next = null } does not have READ_SYSTEM_GRAMMATICAL_GENDER permission.
09-10 14:53:42.993 1515 2614 W MediaProvider: isAppCloneUserPair for user 0: false
09-10 14:53:43.005 6856 6856 D ApplicationLoaders: Returning zygote-cached class loader: /system/framework/android.test.base.jar
09-10 14:53:43.008 6856 6856 D nativeloader: Configuring clns-7 for other apk /system/framework/android.test.mock.jar. target_sdk_version=35, uses_libraries=ALL, library_path=/data/app/~~Qgn2wqEAvH79GiouluTyOA==/org.chromium.content_browsertests_apk-RchFo_8uzwLoY5jHIGStww==/lib/x86_64:/data/app/~~Qgn2wqEAvH79GiouluTyOA==/org.chromium.content_browsertests_apk-RchFo_8uzwLoY5jHIGStww==/base.apk!/lib/x86_64, permitted_path=/data:/mnt/expand:/data/user/0/org.chromium.content_browsertests_apk
09-10 14:53:43.008 6856 6856 D ApplicationLoaders: Returning zygote-cached class loader: /system/framework/android.test.base.jar
09-10 14:53:43.010 6856 6856 D nativeloader: Configuring clns-8 for other apk /system/framework/android.test.runner.jar. target_sdk_version=35, uses_libraries=ALL, library_path=/data/app/~~Qgn2wqEAvH79GiouluTyOA==/org.chromium.content_browsertests_apk-RchFo_8uzwLoY5jHIGStww==/lib/x86_64:/data/app/~~Qgn2wqEAvH79GiouluTyOA==/org.chromium.content_browsertests_apk-RchFo_8uzwLoY5jHIGStww==/base.apk!/lib/x86_64, permitted_path=/data:/mnt/expand:/data/user/0/org.chromium.content_browsertests_apk
09-10 14:53:43.010 6856 6856 D ApplicationLoaders: Returning zygote-cached class loader: /system_ext/framework/androidx.window.extensions.jar
09-10 14:53:43.014 6856 6856 D nativeloader: Configuring clns-9 for other apk /data/app/~~Qgn2wqEAvH79GiouluTyOA==/org.chromium.content_browsertests_apk-RchFo_8uzwLoY5jHIGStww==/base.apk. target_sdk_version=35, uses_libraries=, library_path=/data/app/~~Qgn2wqEAvH79GiouluTyOA==/org.chromium.content_browsertests_apk-RchFo_8uzwLoY5jHIGStww==/lib/x86_64:/data/app/~~Qgn2wqEAvH79GiouluTyOA==/org.chromium.content_browsertests_apk-RchFo_8uzwLoY5jHIGStww==/base.apk!/lib/x86_64, permitted_path=/data:/mnt/expand:/data/user/0/org.chromium.content_browsertests_apk
09-10 14:53:43.015 6856 6856 D CompatChangeReporter: Compat change id reported: 202956589; UID 10208; state: ENABLED
09-10 14:53:43.016 583 1083 V GrammaticalInflectionUtils: AttributionSource: AttributionSource { uid = 99035, packageName = null, attributionTag = null, token = android.os.Binder@7b78a50, deviceId = 0, next = null } does not have READ_SYSTEM_GRAMMATICAL_GENDER permission.
09-10 14:53:43.030 1515 5201 W MediaProvider: isAppCloneUserPair for user 0: false
09-10 14:53:43.035 382 382 D Zygote : Forked child process 6868
09-10 14:53:43.036 583 617 I ActivityManager: Start proc 6868:org.chromium.content_browsertests_apk:sandboxed_process0:org.chromium.content.app.SandboxedProcessService0:0/u0i34 for service {org.chromium.content_browsertests_apk/org.chromium.content.app.SandboxedProcessService0:0}
09-10 14:53:43.043 382 382 D Zygote : Forked child process 6869
09-10 14:53:43.043 583 617 I ActivityManager: Start proc 6869:org.chromium.content_browsertests_apk:sandboxed_process0:org.chromium.content.app.SandboxedProcessService0:1/u0i35 for service {org.chromium.content_browsertests_apk/org.chromium.content.app.SandboxedProcessService0:1}
09-10 14:53:43.045 6856 6856 V GraphicsEnvironment: Currently set values for:
09-10 14:53:43.046 6856 6856 V GraphicsEnvironment: angle_gl_driver_selection_pkgs=[]
09-10 14:53:43.046 6856 6856 V GraphicsEnvironment: angle_gl_driver_selection_values=[]
09-10 14:53:43.046 6856 6856 V GraphicsEnvironment: Global.Settings values are invalid: number of packages: 0, number of values: 0
09-10 14:53:43.046 6856 6856 V GraphicsEnvironment: Neither updatable production driver nor prerelease driver is supported.
09-10 14:53:43.054 6868 6868 I ocessService0:0: Using CollectorTypeCMC GC.
09-10 14:53:43.055 6868 6868 W ocessService0:0: Unexpected CPU variant for x86: x86_64.
09-10 14:53:43.055 6868 6868 W ocessService0:0: Known variants: atom, sandybridge, silvermont, goldmont, goldmont-plus, goldmont-without-sha-xsaves, tremont, kabylake, default
09-10 14:53:43.061 6868 6868 E ocessService0:0: Not starting debugger since process cannot load the jdwp agent.
09-10 14:53:43.064 6868 6868 D nativeloader: Load libframework-connectivity-tiramisu-jni.so using APEX ns com_android_tethering for caller /apex/com.android.tethering/javalib/framework-connectivity-t.jar: ok
09-10 14:53:43.066 6869 6869 I ocessService0:1: Using CollectorTypeCMC GC.
09-10 14:53:43.067 6869 6869 W ocessService0:1: Unexpected CPU variant for x86: x86_64.
09-10 14:53:43.067 6869 6869 W ocessService0:1: Known variants: atom, sandybridge, silvermont, goldmont, goldmont-plus, goldmont-without-sha-xsaves, tremont, kabylake, default
09-10 14:53:43.072 6856 6856 I cr_ChildProcessService: Creating new ChildProcessService pid=6856
09-10 14:53:43.073 6869 6869 E ocessService0:1: Not starting debugger since process cannot load the jdwp agent.
09-10 14:53:43.078 1515 5202 W MediaProvider: isAppCloneUserPair for user 0: false
09-10 14:53:43.086 6869 6869 D nativeloader: Load libframework-connectivity-tiramisu-jni.so using APEX ns com_android_tethering for caller /apex/com.android.tethering/javalib/framework-connectivity-t.jar: ok
09-10 14:53:43.088 6856 6882 D nativeloader: Load /data/app/~~Qgn2wqEAvH79GiouluTyOA==/org.chromium.content_browsertests_apk-RchFo_8uzwLoY5jHIGStww==/lib/x86_64/libtest_trace_processor.so using ns clns-9 from class loader (caller=/data/app/~~Qgn2wqEAvH79GiouluTyOA==/org.chromium.content_browsertests_apk-RchFo_8uzwLoY5jHIGStww==/base.apk): ok
09-10 14:53:43.100 1515 1802 W MediaProvider: isAppCloneUserPair for user 0: false
09-10 14:53:43.395 0 0 W servicemanager: Isolated app with UID 99034 requested 'network_management', but the service is not allowed for isolated apps.
09-10 14:53:43.106 6868 6868 D ApplicationLoaders: Returning zygote-cached class loader: /system/framework/android.test.base.jar
09-10 14:53:43.113 6868 6868 D nativeloader: Configuring clns-7 for other apk /system/framework/android.test.mock.jar. target_sdk_version=35, uses_libraries=ALL, library_path=/data/app/~~Qgn2wqEAvH79GiouluTyOA==/org.chromium.content_browsertests_apk-RchFo_8uzwLoY5jHIGStww==/lib/x86_64:/data/app/~~Qgn2wqEAvH79GiouluTyOA==/org.chromium.content_browsertests_apk-RchFo_8uzwLoY5jHIGStww==/base.apk!/lib/x86_64, permitted_path=/data:/mnt/expand:/data/user/0/org.chromium.content_browsertests_apk
09-10 14:53:43.115 6868 6868 D ApplicationLoaders: Returning zygote-cached class loader: /system/framework/android.test.base.jar
09-10 14:53:43.116 6868 6868 D nativeloader: Configuring clns-8 for other apk /system/framework/android.test.runner.jar. target_sdk_version=35, uses_libraries=ALL, library_path=/data/app/~~Qgn2wqEAvH79GiouluTyOA==/org.chromium.content_browsertests_apk-RchFo_8uzwLoY5jHIGStww==/lib/x86_64:/data/app/~~Qgn2wqEAvH79GiouluTyOA==/org.chromium.content_browsertests_apk-RchFo_8uzwLoY5jHIGStww==/base.apk!/lib/x86_64, permitted_path=/data:/mnt/expand:/data/user/0/org.chromium.content_browsertests_apk
09-10 14:53:43.119 6868 6868 D ApplicationLoaders: Returning zygote-cached class loader: /system_ext/framework/androidx.window.extensions.jar
09-10 14:53:43.422 0 0 W servicemanager: Isolated app with UID 99035 requested 'network_management', but the service is not allowed for isolated apps.
09-10 14:53:43.128 6869 6869 D ApplicationLoaders: Returning zygote-cached class loader: /system/framework/android.test.base.jar
09-10 14:53:43.131 6868 6868 D nativeloader: Configuring clns-9 for other apk /data/app/~~Qgn2wqEAvH79GiouluTyOA==/org.chromium.content_browsertests_apk-RchFo_8uzwLoY5jHIGStww==/base.apk. target_sdk_version=35, uses_libraries=, library_path=/data/app/~~Qgn2wqEAvH79GiouluTyOA==/org.chromium.content_browsertests_apk-RchFo_8uzwLoY5jHIGStww==/lib/x86_64:/data/app/~~Qgn2wqEAvH79GiouluTyOA==/org.chromium.content_browsertests_apk-RchFo_8uzwLoY5jHIGStww==/base.apk!/lib/x86_64, permitted_path=/data:/mnt/expand:/data/user/0/org.chromium.content_browsertests_apk
09-10 14:53:43.132 1515 5197 W MediaProvider: isAppCloneUserPair for user 0: false
09-10 14:53:43.133 6868 6868 D CompatChangeReporter: Compat change id reported: 202956589; UID 99034; state: ENABLED
09-10 14:53:43.135 6869 6869 D nativeloader: Configuring clns-7 for other apk /system/framework/android.test.mock.jar. target_sdk_version=35, uses_libraries=ALL, library_path=/data/app/~~Qgn2wqEAvH79GiouluTyOA==/org.chromium.content_browsertests_apk-RchFo_8uzwLoY5jHIGStww==/lib/x86_64:/data/app/~~Qgn2wqEAvH79GiouluTyOA==/org.chromium.content_browsertests_apk-RchFo_8uzwLoY5jHIGStww==/base.apk!/lib/x86_64, permitted_path=/data:/mnt/expand:/data/user/0/org.chromium.content_browsertests_apk
09-10 14:53:43.136 6869 6869 D ApplicationLoaders: Returning zygote-cached class loader: /system/framework/android.test.base.jar
09-10 14:53:43.138 6856 6882 D nativeloader: Load /data/app/~~Qgn2wqEAvH79GiouluTyOA==/org.chromium.content_browsertests_apk-RchFo_8uzwLoY5jHIGStww==/lib/x86_64/libcontent_browsertests__library.so using ns clns-9 from class loader (caller=/data/app/~~Qgn2wqEAvH79GiouluTyOA==/org.chromium.content_browsertests_apk-RchFo_8uzwLoY5jHIGStww==/base.apk): ok
09-10 14:53:43.138 6869 6869 D nativeloader: Configuring clns-8 for other apk /system/framework/android.test.runner.jar. target_sdk_version=35, uses_libraries=ALL, library_path=/data/app/~~Qgn2wqEAvH79GiouluTyOA==/org.chromium.content_browsertests_apk-RchFo_8uzwLoY5jHIGStww==/lib/x86_64:/data/app/~~Qgn2wqEAvH79GiouluTyOA==/org.chromium.content_browsertests_apk-RchFo_8uzwLoY5jHIGStww==/base.apk!/lib/x86_64, permitted_path=/data:/mnt/expand:/data/user/0/org.chromium.content_browsertests_apk
09-10 14:53:43.139 6869 6869 D ApplicationLoaders: Returning zygote-cached class loader: /system_ext/framework/androidx.window.extensions.jar
09-10 14:53:43.140 6856 6882 I cr_LibraryLoader: Successfully loaded native library
09-10 14:53:43.140 6869 6869 D nativeloader: Configuring clns-9 for other apk /data/app/~~Qgn2wqEAvH79GiouluTyOA==/org.chromium.content_browsertests_apk-RchFo_8uzwLoY5jHIGStww==/base.apk. target_sdk_version=35, uses_libraries=, library_path=/data/app/~~Qgn2wqEAvH79GiouluTyOA==/org.chromium.content_browsertests_apk-RchFo_8uzwLoY5jHIGStww==/lib/x86_64:/data/app/~~Qgn2wqEAvH79GiouluTyOA==/org.chromium.content_browsertests_apk-RchFo_8uzwLoY5jHIGStww==/base.apk!/lib/x86_64, permitted_path=/data:/mnt/expand:/data/user/0/org.chromium.content_browsertests_apk
09-10 14:53:43.141 6856 6882 I cr_CachingUmaRecorder: Flushed 2 samples from 2 histograms, 0 samples were dropped.
09-10 14:53:43.141 6869 6869 D CompatChangeReporter: Compat change id reported: 202956589; UID 99035; state: ENABLED
09-10 14:53:43.439 0 0 W servicemanager: Isolated app with UID 99034 requested 'connectivity', but the service is not allowed for isolated apps.
09-10 14:53:43.447 0 0 W servicemanager: Isolated app with UID 99035 requested 'connectivity', but the service is not allowed for isolated apps.
09-10 14:53:43.455 0 0 W servicemanager: Isolated app with UID 99034 requested 'content_capture', but the service is not allowed for isolated apps.
09-10 14:53:43.164 1515 5197 W MediaProvider: isAppCloneUserPair for user 0: false
09-10 14:53:43.463 0 0 W servicemanager: Isolated app with UID 99035 requested 'content_capture', but the service is not allowed for isolated apps.
09-10 14:53:43.168 6868 6868 I cr_ChildProcessService: Creating new ChildProcessService pid=6868
09-10 14:53:43.170 6869 6869 I cr_ChildProcessService: Creating new ChildProcessService pid=6869
09-10 14:53:43.177 6868 6893 D nativeloader: Load /data/app/~~Qgn2wqEAvH79GiouluTyOA==/org.chromium.content_browsertests_apk-RchFo_8uzwLoY5jHIGStww==/lib/x86_64/libtest_trace_processor.so using ns clns-9 from class loader (caller=/data/app/~~Qgn2wqEAvH79GiouluTyOA==/org.chromium.content_browsertests_apk-RchFo_8uzwLoY5jHIGStww==/base.apk): ok
09-10 14:53:43.184 6869 6894 D nativeloader: Load /data/app/~~Qgn2wqEAvH79GiouluTyOA==/org.chromium.content_browsertests_apk-RchFo_8uzwLoY5jHIGStww==/lib/x86_64/libtest_trace_processor.so using ns clns-9 from class loader (caller=/data/app/~~Qgn2wqEAvH79GiouluTyOA==/org.chromium.content_browsertests_apk-RchFo_8uzwLoY5jHIGStww==/base.apk): ok
09-10 14:53:43.188 1515 1802 W MediaProvider: isAppCloneUserPair for user 0: false
09-10 14:53:43.204 6856 6882 I EGL_emulation: Opening libGLESv1_CM_emulation.so
09-10 14:53:43.210 6856 6882 I EGL_emulation: Opening libGLESv2_emulation.so
09-10 14:53:43.212 1515 1803 W MediaProvider: isAppCloneUserPair for user 0: false
09-10 14:53:43.227 1515 5202 W MediaProvider: isAppCloneUserPair for user 0: false
09-10 14:53:43.229 6868 6893 D nativeloader: Load /data/app/~~Qgn2wqEAvH79GiouluTyOA==/org.chromium.content_browsertests_apk-RchFo_8uzwLoY5jHIGStww==/lib/x86_64/libcontent_browsertests__library.so using ns clns-9 from class loader (caller=/data/app/~~Qgn2wqEAvH79GiouluTyOA==/org.chromium.content_browsertests_apk-RchFo_8uzwLoY5jHIGStww==/base.apk): ok
09-10 14:53:43.235 6868 6893 I cr_LibraryLoader: Successfully loaded native library
09-10 14:53:43.236 6868 6893 I cr_CachingUmaRecorder: Flushed 2 samples from 2 histograms, 0 samples were dropped.
09-10 14:53:43.238 6869 6894 D nativeloader: Load /data/app/~~Qgn2wqEAvH79GiouluTyOA==/org.chromium.content_browsertests_apk-RchFo_8uzwLoY5jHIGStww==/lib/x86_64/libcontent_browsertests__library.so using ns clns-9 from class loader (caller=/data/app/~~Qgn2wqEAvH79GiouluTyOA==/org.chromium.content_browsertests_apk-RchFo_8uzwLoY5jHIGStww==/base.apk): ok
09-10 14:53:43.242 6869 6894 I cr_LibraryLoader: Successfully loaded native library
09-10 14:53:43.243 6869 6894 I cr_CachingUmaRecorder: Flushed 2 samples from 2 histograms, 0 samples were dropped.
09-10 14:53:43.252 1515 5201 W MediaProvider: isAppCloneUserPair for user 0: false
09-10 14:53:43.252 1515 1803 W MediaProvider: isAppCloneUserPair for user 0: false
09-10 14:53:43.253 1515 1802 W MediaProvider: isAppCloneUserPair for user 0: false
09-10 14:53:43.258 6856 6882 E EGL_emulation: eglCreateContext: EGL_BAD_CONFIG: no ES 3.2 support
09-10 14:53:43.258 6856 6882 E EGL_emulation: tid 6882: eglCreateContext(1830): error 0x3005 (EGL_BAD_CONFIG)
09-10 14:53:43.258 6856 6882 E EGL_emulation: eglCreateContext: EGL_BAD_CONFIG: no ES 3.1 support
09-10 14:53:43.258 6856 6882 E EGL_emulation: tid 6882: eglCreateContext(1824): error 0x3005 (EGL_BAD_CONFIG)
09-10 14:53:43.266 6869 6894 W SystemServiceRegistry: No service published for: uimode
09-10 14:53:43.562 0 0 W servicemanager: Isolated app with UID 99035 requested 'uimode', but the service is not allowed for isolated apps.
09-10 14:53:43.275 6868 6893 W SystemServiceRegistry: No service published for: uimode
09-10 14:53:43.572 0 0 W servicemanager: Isolated app with UID 99034 requested 'uimode', but the service is not allowed for isolated apps.
09-10 14:53:43.288 6869 6894 W chromium: [6869:6894:0910/145343.287877:WARNING:runtime_features.cc(608)] Fenced frames cannot be enabled in this configuration. Use --enable-features=FencedFrames instead.
09-10 14:53:43.288 6869 6894 W chromium: [6869:6894:0910/145343.288141:WARNING:runtime_features.cc(620)] Fenced frames must be enabled in order to enable local unpartitioned data access. Use --enable-features=FencedFrames in addition.
09-10 14:53:43.292 1515 5202 W MediaProvider: isAppCloneUserPair for user 0: false
09-10 14:53:43.294 6868 6893 W chromium: [6868:6893:0910/145343.293916:WARNING:runtime_features.cc(608)] Fenced frames cannot be enabled in this configuration. Use --enable-features=FencedFrames instead.
09-10 14:53:43.294 6868 6893 W chromium: [6868:6893:0910/145343.294073:WARNING:runtime_features.cc(620)] Fenced frames must be enabled in order to enable local unpartitioned data access. Use --enable-features=FencedFrames in addition.
09-10 14:53:43.300 6856 6882 E platform: Failed to open rendernode: No such file or directory
09-10 14:53:43.303 1515 5888 W MediaProvider: isAppCloneUserPair for user 0: false
09-10 14:53:43.308 6856 6882 D vulkan : searching for layers in '/data/app/~~Qgn2wqEAvH79GiouluTyOA==/org.chromium.content_browsertests_apk-RchFo_8uzwLoY5jHIGStww==/lib/x86_64'
09-10 14:53:43.309 6856 6882 D vulkan : searching for layers in '/data/app/~~Qgn2wqEAvH79GiouluTyOA==/org.chromium.content_browsertests_apk-RchFo_8uzwLoY5jHIGStww==/base.apk!/lib/x86_64'
09-10 14:53:43.322 6856 6882 W chromium: [6856:6882:0910/145343.322036:WARNING:viz_main_impl.cc(85)] VizNullHypothesis is disabled (not a warning)
09-10 14:53:43.331 1515 5197 W MediaProvider: isAppCloneUserPair for user 0: false
09-10 14:53:43.334 3670 3766 I FontLog : Received query name=Google Sans&weight=700&besteffort=false, URI content://com.google.android.gms.fonts [CONTEXT service_id=132 ]
09-10 14:53:43.334 3670 3766 I FontLog : Query [name=Google Sans&weight=700&besteffort=false] resolved to {Google Sans, wdth 100.0, wght 700, ital 0.0, bestEffort false} [CONTEXT service_id=132 ]
09-10 14:53:43.337 3670 3766 I FontLog : Font PFD returned from cache for {Google Sans, wdth 100.0, wght 700, ital 0.0, bestEffort false} [CONTEXT service_id=132 ]
09-10 14:53:43.337 3670 3766 I FontLog : Fetch {Google Sans, wdth 100.0, wght 700, ital 0.0, bestEffort false} end status Status{statusCode=SUCCESS, resolution=null} [CONTEXT service_id=132 ]
09-10 14:53:43.340 1515 5201 W MediaProvider: isAppCloneUserPair for user 0: false
09-10 14:53:43.342 3670 3766 I FontLog : Pulling font file for id = 44, cache size = 40 [CONTEXT service_id=132 ]
09-10 14:53:43.368 3670 3766 I FontLog : Received query name=Noto Color Emoji Compat&weight=400&besteffort=false, URI content://com.google.android.gms.fonts [CONTEXT service_id=132 ]
09-10 14:53:43.368 3670 3766 I FontLog : Query [name=Noto Color Emoji Compat&weight=400&besteffort=false] resolved to {Noto Color Emoji Compat, wdth 100.0, wght 400, ital 0.0, bestEffort false} [CONTEXT service_id=132 ]
09-10 14:53:43.372 1515 5202 W MediaProvider: isAppCloneUserPair for user 0: false
09-10 14:53:43.373 381 6932 I resolv : GetAddrInfoHandler::run: {0 786432 0 983040 10144 0}
09-10 14:53:43.374 1515 5197 W MediaProvider: isAppCloneUserPair for user 0: false
09-10 14:53:43.377 381 6933 I resolv : GetAddrInfoHandler::run: {0 786432 0 983040 10144 0}
09-10 14:53:43.378 3670 3771 I FontLog : Download failed for https://fonts.gstatic.com/s/a/directory025.pb [ERROR: UNUSED LOG ARGUMENTS] [CONTEXT service_id=132 ]
09-10 14:53:43.379 3670 3790 W FontLog : Connection failure for https://fonts.gstatic.com/s/a/directory025.pb [CONTEXT service_id=132 ]
09-10 14:53:43.379 3670 3790 W FontLog : java.util.concurrent.ExecutionException: bpsy: Failed to process request
09-10 14:53:43.379 3670 3790 W FontLog : at hkh.n(:com.google.android.gms@242632041@24.26.32 (190800-650348549):21)
09-10 14:53:43.379 3670 3790 W FontLog : at hkh.get(:com.google.android.gms@242632041@24.26.32 (190800-650348549):28)
09-10 14:53:43.379 3670 3790 W FontLog : at hkn.get(:com.google.android.gms@242632041@24.26.32 (190800-650348549):2)
09-10 14:53:43.379 3670 3790 W FontLog : at bbvj.run(:com.google.android.gms@242632041@24.26.32 (190800-650348549):13)
09-10 14:53:43.379 3670 3790 W FontLog : at anzz.c(:com.google.android.gms@242632041@24.26.32 (190800-650348549):50)
09-10 14:53:43.379 3670 3790 W FontLog : at anzz.run(:com.google.android.gms@242632041@24.26.32 (190800-650348549):76)
09-10 14:53:43.379 3670 3790 W FontLog : at java.util.concurrent.ThreadPoolExecutor.runWorker(ThreadPoolExecutor.java:1145)
09-10 14:53:43.379 3670 3790 W FontLog : at java.util.concurrent.ThreadPoolExecutor$Worker.run(ThreadPoolExecutor.java:644)
09-10 14:53:43.379 3670 3790 W FontLog : at aofk.run(:com.google.android.gms@242632041@24.26.32 (190800-650348549):8)
09-10 14:53:43.379 3670 3790 W FontLog : at java.lang.Thread.run(Thread.java:1012)
09-10 14:53:43.379 3670 3790 W FontLog : Caused by: bpsy: Failed to process request
09-10 14:53:43.379 3670 3790 W FontLog : at bpwp.b(:com.google.android.gms@242632041@24.26.32 (190800-650348549):19)
09-10 14:53:43.379 3670 3790 W FontLog : at bpxd.onFailed(:com.google.android.gms@242632041@24.26.32 (190800-650348549):15)
09-10 14:53:43.379 3670 3790 W FontLog : at m.ms.onFailed(:com.google.android.gms.dynamite_cronetdynamite@242632041@24.26.32 (190800-0):3)
09-10 14:53:43.379 3670 3790 W FontLog : at m.lt.run(:com.google.android.gms.dynamite_cronetdynamite@242632041@24.26.32 (190800-0):9)
09-10 14:53:43.379 3670 3790 W FontLog : ... 6 more
09-10 14:53:43.379 3670 3790 W FontLog : Caused by: m.mc: Exception in CronetUrlRequest: net::ERR_INTERNET_DISCONNECTED, ErrorCode=2, InternalErrorCode=-106, Retryable=false
09-10 14:53:43.379 3670 3790 W FontLog : at org.chromium.net.impl.CronetUrlRequest.onError(:com.google.android.gms.dynamite_cronetdynamite@242632041@24.26.32 (190800-0):4)
09-10 14:53:43.381 3670 3790 W FontLog : No resolver, short-circuit {Noto Color Emoji Compat, wdth 100.0, wght 400, ital 0.0, bestEffort false} for org.chromium.content_browsertests_apk to failure [CONTEXT service_id=132 ]
09-10 14:53:43.381 3670 3766 I FontLog : Fetch {Noto Color Emoji Compat, wdth 100.0, wght 400, ital 0.0, bestEffort false} end status Status{statusCode=Unavailable, resolution=null} [CONTEXT service_id=132 ]
