09-10 14:53:04.337 3670 4141 I FontLog : Received query name=Google Sans&weight=500&besteffort=false, URI content://com.google.android.gms.fonts [CONTEXT service_id=132 ]
09-10 14:53:04.337 3670 4141 I FontLog : Query [name=Google Sans&weight=500&besteffort=false] resolved to {Google Sans, wdth 100.0, wght 500, ital 0.0, bestEffort false} [CONTEXT service_id=132 ]
09-10 14:53:04.338 3670 4141 I FontLog : Font PFD returned from cache for {Google Sans, wdth 100.0, wght 500, ital 0.0, bestEffort false} [CONTEXT service_id=132 ]
09-10 14:53:04.338 3670 4141 I FontLog : Fetch {Google Sans, wdth 100.0, wght 500, ital 0.0, bestEffort false} end status Status{statusCode=SUCCESS, resolution=null} [CONTEXT service_id=132 ]
09-10 14:53:04.340 3670 4141 I FontLog : Pulling font file for id = 7, cache size = 7 [CONTEXT service_id=132 ]
09-10 14:53:04.459 5207 5288 E EGL_emulation: eglCreateContext: EGL_BAD_CONFIG: no ES 3.2 support
09-10 14:53:04.459 5207 5288 E EGL_emulation: tid 5288: eglCreateContext(1830): error 0x3005 (EGL_BAD_CONFIG)
09-10 14:53:04.460 5207 5288 E EGL_emulation: eglCreateContext: EGL_BAD_CONFIG: no ES 3.1 support
09-10 14:53:04.460 5207 5288 E EGL_emulation: tid 5288: eglCreateContext(1824): error 0x3005 (EGL_BAD_CONFIG)
09-10 14:53:04.480 583 605 D AutofillUI: destroySaveUiUiThread(): already destroyed
09-10 14:53:04.505 583 1818 D AutofillManagerServiceImpl: Set component for user 0 as ComponentInfo{com.google.android.gms/com.google.android.gms.autofill.service.AutofillService} and info as ServiceInfo{2831392 com.google.android.gms.autofill.service.AutofillService}
09-10 14:53:04.508 3670 3674 I .gms.persistent: Background concurrent mark compact GC freed 7585KB AllocSpace bytes, 8(2292KB) LOS objects, 49% free, 16MB/33MB, paused 312us,1.542ms total 134.050ms
09-10 14:53:04.508 1537 1537 D AugmentedAutofillService: handleOnConnected(): debug=true, verbose=false
09-10 14:53:04.513 1537 2254 I AiAiAutofill: Connected AiAiAugmentedAutofillService.
09-10 14:53:04.514 3670 3676 W .gms.persistent: ApkAssets: Deleting an ApkAssets object '<empty> and /product/priv-app/SafetyHubPrebuilt/SafetyHubPrebuilt.apk' with 1 weak references
09-10 14:53:04.518 3670 3676 W .gms.persistent: ApkAssets: Deleting an ApkAssets object '<empty> and /product/priv-app/WellbeingPrebuilt/WellbeingPrebuilt.apk' with 1 weak references
09-10 14:53:04.519 3670 3676 W System : A resource failed to call close.
09-10 14:53:04.521 583 1494 D RequestId: RequestId(): startId= 465
09-10 14:53:04.523 583 1494 V AutofillSession: Primary service component name: ComponentInfo{com.google.android.gms/com.google.android.gms.autofill.service.AutofillService}, secondary service component name: ComponentInfo{com.android.credentialmanager/com.android.credentialmanager.autofill.CredentialAutofillService}
09-10 14:53:04.524 583 1494 V SecondaryProviderHandler: Creating a secondary provider handler with component name, ComponentInfo{com.android.credentialmanager/com.android.credentialmanager.autofill.CredentialAutofillService}
09-10 14:53:04.525 583 1494 D RequestId: nextId(): requestId = 466
09-10 14:53:04.525 583 1494 W FillRequestEventLogger: Couldn't find packageName: com.google.android.inputmethod.latin
09-10 14:53:04.528 583 1494 W PresentationStatsEventLogger: Bad view state for: -1
09-10 14:53:04.538 583 583 D ActivityManager: sync unfroze 3694 com.google.android.ext.services for 6
09-10 14:53:04.539 583 583 W ProcessStats: Tracking association SourceState{c278c78 system/1000 BFgs #3172} whose proc state 4 is better than process ProcessState{381231f com.google.android.ext.services/10187 pkg=com.google.android.ext.services} proc state 14 (0 skipped)
09-10 14:53:04.551 5150 5150 I AssistStructure: Flattened final assist data: 1204 bytes, containing 1 windows, 6 views
09-10 14:53:04.556 583 1494 D AutofillSession: createPendingIntent for request 466
09-10 14:53:04.559 583 1494 D ContentCapturePerUserService: Notified activity assist data for activity: Token{5dfcbb9 ActivityRecord{683f603 u0 org.chromium.content_browsertests_apk/.ContentBrowserTestsActivity t9}} without a session Id
09-10 14:53:04.572 164 164 I hwservicemanager: getTransport: Cannot find entry android.hardware.graphics.mapper@4.0::IMapper/default in either framework or device VINTF manifest.
09-10 14:53:04.573 5207 5288 I Gralloc4: mapper 4.x is not supported
09-10 14:53:01.037 0 0 I servicemanager: Caller(pid=5207,uid=10208,sid=u:r:untrusted_app:s0:c208,c256,c512,c768) Could not find android.hardware.graphics.allocator.IAllocator/default in the VINTF manifest. No alternative instances declared in VINTF.
09-10 14:53:04.674 583 583 D AutofillInlineSuggestionsRequestSession: onCreateInlineSuggestionsRequestLocked called: 1073741824@2107972844
09-10 14:53:04.735 1515 5198 W MediaProvider: isAppCloneUserPair for user 0: false
09-10 14:53:04.742 1515 4568 W MediaProvider: isAppCloneUserPair for user 0: false
09-10 14:53:04.809 583 1494 V GrammaticalInflectionUtils: AttributionSource: AttributionSource { uid = 99003, packageName = null, attributionTag = null, token = android.os.Binder@7b78a50, deviceId = 0, next = null } does not have READ_SYSTEM_GRAMMATICAL_GENDER permission.
09-10 14:53:04.823 382 382 D Zygote : Forked child process 5298
09-10 14:53:04.832 583 617 I ActivityManager: Start proc 5298:org.chromium.content_browsertests_apk:sandboxed_process0:org.chromium.content.app.SandboxedProcessService0:2/u0i3 for service {org.chromium.content_browsertests_apk/org.chromium.content.app.SandboxedProcessService0:2}
09-10 14:53:04.849 1515 5198 W MediaProvider: isAppCloneUserPair for user 0: false
09-10 14:53:04.850 5150 5150 V chromium: [5150:5150:0910/145304.850115:VERBOSE1:back_forward_cache_impl.cc(726)] BackForwardCacheImpl::GetCurrentBackForwardCacheEligibility: https://a.test:37613/title1.html : Yes
09-10 14:53:04.852 5298 5298 I ocessService0:2: Using CollectorTypeCMC GC.
09-10 14:53:04.855 5298 5298 W ocessService0:2: Unexpected CPU variant for x86: x86_64.
09-10 14:53:04.855 5298 5298 W ocessService0:2: Known variants: atom, sandybridge, silvermont, goldmont, goldmont-plus, goldmont-without-sha-xsaves, tremont, kabylake, default
09-10 14:53:04.856 1515 4568 W MediaProvider: isAppCloneUserPair for user 0: false
09-10 14:53:04.859 5298 5298 E ocessService0:2: Not starting debugger since process cannot load the jdwp agent.
09-10 14:53:04.862 583 1494 W PresentationStatsEventLogger: Bad view state for: -1
09-10 14:53:04.865 5298 5298 D nativeloader: Load libframework-connectivity-tiramisu-jni.so using APEX ns com_android_tethering for caller /apex/com.android.tethering/javalib/framework-connectivity-t.jar: ok
09-10 14:53:01.361 0 0 W servicemanager: Isolated app with UID 99003 requested 'network_management', but the service is not allowed for isolated apps.
09-10 14:53:04.895 5298 5298 D ApplicationLoaders: Returning zygote-cached class loader: /system/framework/android.test.base.jar
09-10 14:53:04.909 5298 5298 D nativeloader: Configuring clns-7 for other apk /system/framework/android.test.mock.jar. target_sdk_version=35, uses_libraries=ALL, library_path=/data/app/~~Qgn2wqEAvH79GiouluTyOA==/org.chromium.content_browsertests_apk-RchFo_8uzwLoY5jHIGStww==/lib/x86_64:/data/app/~~Qgn2wqEAvH79GiouluTyOA==/org.chromium.content_browsertests_apk-RchFo_8uzwLoY5jHIGStww==/base.apk!/lib/x86_64, permitted_path=/data:/mnt/expand:/data/user/0/org.chromium.content_browsertests_apk
09-10 14:53:04.917 5298 5298 D ApplicationLoaders: Returning zygote-cached class loader: /system/framework/android.test.base.jar
09-10 14:53:04.926 5298 5298 D nativeloader: Configuring clns-8 for other apk /system/framework/android.test.runner.jar. target_sdk_version=35, uses_libraries=ALL, library_path=/data/app/~~Qgn2wqEAvH79GiouluTyOA==/org.chromium.content_browsertests_apk-RchFo_8uzwLoY5jHIGStww==/lib/x86_64:/data/app/~~Qgn2wqEAvH79GiouluTyOA==/org.chromium.content_browsertests_apk-RchFo_8uzwLoY5jHIGStww==/base.apk!/lib/x86_64, permitted_path=/data:/mnt/expand:/data/user/0/org.chromium.content_browsertests_apk
09-10 14:53:04.927 5150 5150 V chromium: [5150:5150:0910/145304.927267:VERBOSE1:back_forward_cache_impl.cc(726)] BackForwardCacheImpl::GetCurrentBackForwardCacheEligibility: https://a.test:37613/title1.html : Yes
09-10 14:53:04.931 5298 5298 D ApplicationLoaders: Returning zygote-cached class loader: /system_ext/framework/androidx.window.extensions.jar
09-10 14:53:04.941 5298 5298 D nativeloader: Configuring clns-9 for other apk /data/app/~~Qgn2wqEAvH79GiouluTyOA==/org.chromium.content_browsertests_apk-RchFo_8uzwLoY5jHIGStww==/base.apk. target_sdk_version=35, uses_libraries=, library_path=/data/app/~~Qgn2wqEAvH79GiouluTyOA==/org.chromium.content_browsertests_apk-RchFo_8uzwLoY5jHIGStww==/lib/x86_64:/data/app/~~Qgn2wqEAvH79GiouluTyOA==/org.chromium.content_browsertests_apk-RchFo_8uzwLoY5jHIGStww==/base.apk!/lib/x86_64, permitted_path=/data:/mnt/expand:/data/user/0/org.chromium.content_browsertests_apk
09-10 14:53:04.942 5298 5298 D CompatChangeReporter: Compat change id reported: 202956589; UID 99003; state: ENABLED
09-10 14:53:04.955 5150 5150 V chromium: [5150:5150:0910/145304.955194:VERBOSE1:back_forward_cache_impl.cc(726)] BackForwardCacheImpl::CreateEvictionBackForwardCacheCanStoreTreeResult: https://a.test:37613/title1.html : No: Network request reads too much data and exceeds buffer limit
09-10 14:53:01.423 0 0 W servicemanager: Isolated app with UID 99003 requested 'connectivity', but the service is not allowed for isolated apps.
09-10 14:53:04.965 583 2412 D CompatChangeReporter: Compat change id reported: 311208629; UID 10208; state: ENABLED
09-10 14:53:04.966 583 2412 I ActivityManager: Killing 5223:org.chromium.content_browsertests_apk:sandboxed_process0:org.chromium.content.app.SandboxedProcessService0:1/u0a208i2 (adj 0): isolated not needed
09-10 14:53:04.996 5298 5298 I cr_ChildProcessService: Creating new ChildProcessService pid=5298
09-10 14:53:05.011 382 382 D Zygote : Forked child process 5310
09-10 14:53:05.014 583 617 I ActivityManager: Start proc 5310:org.chromium.content_browsertests_apk:sandboxed_process0:org.chromium.content.app.SandboxedProcessService0:3/u0i4 for service {org.chromium.content_browsertests_apk/org.chromium.content.app.SandboxedProcessService0:3}
09-10 14:53:05.017 5298 5309 D nativeloader: Load /data/app/~~Qgn2wqEAvH79GiouluTyOA==/org.chromium.content_browsertests_apk-RchFo_8uzwLoY5jHIGStww==/lib/x86_64/libtest_trace_processor.so using ns clns-9 from class loader (caller=/data/app/~~Qgn2wqEAvH79GiouluTyOA==/org.chromium.content_browsertests_apk-RchFo_8uzwLoY5jHIGStww==/base.apk): ok
09-10 14:53:05.025 5310 5310 I ocessService0:3: Using CollectorTypeCMC GC.
09-10 14:53:05.028 5310 5310 W ocessService0:3: Unexpected CPU variant for x86: x86_64.
09-10 14:53:05.028 5310 5310 W ocessService0:3: Known variants: atom, sandybridge, silvermont, goldmont, goldmont-plus, goldmont-without-sha-xsaves, tremont, kabylake, default
09-10 14:53:05.029 583 605 D DisplayManagerService: Drop pending events for gone uid 99002
09-10 14:53:01.498 0 0 I binder : undelivered transaction 257950, process died.
09-10 14:53:05.032 382 382 I Zygote : Process 5223 exited due to signal 9 (Killed)
09-10 14:53:05.034 5310 5310 E ocessService0:3: Not starting debugger since process cannot load the jdwp agent.
09-10 14:53:01.504 0 0 I binder : send failed reply for transaction 257982 to 5150:5195
09-10 14:53:05.038 5310 5310 D nativeloader: Load libframework-connectivity-tiramisu-jni.so using APEX ns com_android_tethering for caller /apex/com.android.tethering/javalib/framework-connectivity-t.jar: ok
09-10 14:53:05.050 583 618 I libprocessgroup: Removed cgroup /sys/fs/cgroup/uid_99002/pid_5223
09-10 14:53:05.052 583 1832 D OomAdjuster: Not killing cached processes
09-10 14:53:01.535 0 0 W servicemanager: Isolated app with UID 99004 requested 'network_management', but the service is not allowed for isolated apps.
09-10 14:53:05.068 5310 5310 D ApplicationLoaders: Returning zygote-cached class loader: /system/framework/android.test.base.jar
09-10 14:53:05.070 5310 5310 D nativeloader: Configuring clns-7 for other apk /system/framework/android.test.mock.jar. target_sdk_version=35, uses_libraries=ALL, library_path=/data/app/~~Qgn2wqEAvH79GiouluTyOA==/org.chromium.content_browsertests_apk-RchFo_8uzwLoY5jHIGStww==/lib/x86_64:/data/app/~~Qgn2wqEAvH79GiouluTyOA==/org.chromium.content_browsertests_apk-RchFo_8uzwLoY5jHIGStww==/base.apk!/lib/x86_64, permitted_path=/data:/mnt/expand:/data/user/0/org.chromium.content_browsertests_apk
09-10 14:53:05.071 5310 5310 D ApplicationLoaders: Returning zygote-cached class loader: /system/framework/android.test.base.jar
09-10 14:53:05.073 5310 5310 D nativeloader: Configuring clns-8 for other apk /system/framework/android.test.runner.jar. target_sdk_version=35, uses_libraries=ALL, library_path=/data/app/~~Qgn2wqEAvH79GiouluTyOA==/org.chromium.content_browsertests_apk-RchFo_8uzwLoY5jHIGStww==/lib/x86_64:/data/app/~~Qgn2wqEAvH79GiouluTyOA==/org.chromium.content_browsertests_apk-RchFo_8uzwLoY5jHIGStww==/base.apk!/lib/x86_64, permitted_path=/data:/mnt/expand:/data/user/0/org.chromium.content_browsertests_apk
09-10 14:53:05.073 5310 5310 D ApplicationLoaders: Returning zygote-cached class loader: /system_ext/framework/androidx.window.extensions.jar
09-10 14:53:05.075 5310 5310 D nativeloader: Configuring clns-9 for other apk /data/app/~~Qgn2wqEAvH79GiouluTyOA==/org.chromium.content_browsertests_apk-RchFo_8uzwLoY5jHIGStww==/base.apk. target_sdk_version=35, uses_libraries=, library_path=/data/app/~~Qgn2wqEAvH79GiouluTyOA==/org.chromium.content_browsertests_apk-RchFo_8uzwLoY5jHIGStww==/lib/x86_64:/data/app/~~Qgn2wqEAvH79GiouluTyOA==/org.chromium.content_browsertests_apk-RchFo_8uzwLoY5jHIGStww==/base.apk!/lib/x86_64, permitted_path=/data:/mnt/expand:/data/user/0/org.chromium.content_browsertests_apk
09-10 14:53:05.076 5298 5309 D nativeloader: Load /data/app/~~Qgn2wqEAvH79GiouluTyOA==/org.chromium.content_browsertests_apk-RchFo_8uzwLoY5jHIGStww==/lib/x86_64/libcontent_browsertests__library.so using ns clns-9 from class loader (caller=/data/app/~~Qgn2wqEAvH79GiouluTyOA==/org.chromium.content_browsertests_apk-RchFo_8uzwLoY5jHIGStww==/base.apk): ok
09-10 14:53:05.076 5310 5310 D CompatChangeReporter: Compat change id reported: 202956589; UID 99004; state: ENABLED
09-10 14:53:05.080 5298 5309 I cr_LibraryLoader: Successfully loaded native library
09-10 14:53:05.081 5298 5309 I cr_CachingUmaRecorder: Flushed 2 samples from 2 histograms, 0 samples were dropped.
09-10 14:53:01.553 0 0 W servicemanager: Isolated app with UID 99004 requested 'connectivity', but the service is not allowed for isolated apps.
09-10 14:53:05.095 5310 5310 I cr_ChildProcessService: Creating new ChildProcessService pid=5310
09-10 14:53:01.563 0 0 W servicemanager: Isolated app with UID 99004 requested 'content_capture', but the service is not allowed for isolated apps.
09-10 14:53:01.567 0 0 W servicemanager: Isolated app with UID 99003 requested 'uimode', but the service is not allowed for isolated apps.
09-10 14:53:05.100 5298 5309 W SystemServiceRegistry: No service published for: uimode
09-10 14:53:05.105 5310 5321 D nativeloader: Load /data/app/~~Qgn2wqEAvH79GiouluTyOA==/org.chromium.content_browsertests_apk-RchFo_8uzwLoY5jHIGStww==/lib/x86_64/libtest_trace_processor.so using ns clns-9 from class loader (caller=/data/app/~~Qgn2wqEAvH79GiouluTyOA==/org.chromium.content_browsertests_apk-RchFo_8uzwLoY5jHIGStww==/base.apk): ok
09-10 14:53:05.170 583 1832 W PresentationStatsEventLogger: Bad view state for: -1
09-10 14:53:05.171 5310 5321 D nativeloader: Load /data/app/~~Qgn2wqEAvH79GiouluTyOA==/org.chromium.content_browsertests_apk-RchFo_8uzwLoY5jHIGStww==/lib/x86_64/libcontent_browsertests__library.so using ns clns-9 from class loader (caller=/data/app/~~Qgn2wqEAvH79GiouluTyOA==/org.chromium.content_browsertests_apk-RchFo_8uzwLoY5jHIGStww==/base.apk): ok
09-10 14:53:05.181 5150 5150 V chromium: [5150:5150:0910/145305.181692:VERBOSE1:back_forward_cache_impl.cc(726)] BackForwardCacheImpl::GetCurrentBackForwardCacheEligibility: https://b.test:37613/title2.html : Yes
09-10 14:53:05.185 5150 5170 D EGL_emulation: app_time_stats: avg=251.91ms min=21.39ms max=1245.13ms count=9
09-10 14:53:05.185 5310 5321 I cr_LibraryLoader: Successfully loaded native library
09-10 14:53:05.186 5310 5321 I cr_CachingUmaRecorder: Flushed 2 samples from 2 histograms, 0 samples were dropped.
09-10 14:53:05.225 583 1494 W Process : Unable to open /proc/5243/status
09-10 14:53:05.226 583 1494 W HintManagerService: Tid5243 from list [5150, 5190, 5219, 5243, 5250, 5271, 5280, 5286, 5288] doesn't belong to the calling application 10208
09-10 14:53:05.232 5310 5321 W SystemServiceRegistry: No service published for: uimode
09-10 14:53:01.691 0 0 W servicemanager: Isolated app with UID 99004 requested 'uimode', but the service is not allowed for isolated apps.
09-10 14:53:05.305 583 1494 I ActivityManager: Killing 5298:org.chromium.content_browsertests_apk:sandboxed_process0:org.chromium.content.app.SandboxedProcessService0:2/u0a208i3 (adj 0): isolated not needed
09-10 14:53:05.308 583 1494 I ActivityManager: Killing 5222:org.chromium.content_browsertests_apk:sandboxed_process0:org.chromium.content.app.SandboxedProcessService0:0/u0a208i1 (adj 0): isolated not needed
09-10 14:53:05.321 583 618 I libprocessgroup: Removed cgroup /sys/fs/cgroup/uid_99004/pid_5310
09-10 14:53:05.322 382 382 I Zygote : Process 5310 exited due to signal 9 (Killed)
09-10 14:53:01.790 0 0 I binder : undelivered transaction 259198, process died.
09-10 14:53:01.796 0 0 I binder : undelivered transaction 259199, process died.
09-10 14:53:01.798 0 0 I binder : undelivered transaction 259200, process died.
09-10 14:53:01.801 0 0 I binder : send failed reply for transaction 259212 to 5150:5190
09-10 14:53:05.330 583 618 I libprocessgroup: Removed cgroup /sys/fs/cgroup/uid_99003/pid_5298
09-10 14:53:05.330 382 382 I Zygote : Process 5298 exited due to signal 9 (Killed)
09-10 14:53:05.333 583 605 D DisplayManagerService: Drop pending events for gone uid 99004
09-10 14:53:05.335 381 381 I netd : tetherGetStats() -> {[]} <0.62ms>
09-10 14:53:01.805 0 0 I binder : undelivered transaction 259242, process died.
09-10 14:53:01.807 0 0 I binder : undelivered transaction 259243, process died.
09-10 14:53:01.808 0 0 I binder_alloc: 5298: binder_alloc_buf, no vma
09-10 14:53:01.809 0 0 I binder : undelivered transaction 259244, process died.
09-10 14:53:05.341 583 605 D DisplayManagerService: Drop pending events for gone uid 99003
09-10 14:53:05.346 583 618 I libprocessgroup: Removed cgroup /sys/fs/cgroup/uid_99001/pid_5222
09-10 14:53:01.811 0 0 I binder : cannot allocate buffer: vma cleared, target dead or dying
09-10 14:53:05.347 382 382 I Zygote : Process 5222 exited due to signal 9 (Killed)
09-10 14:53:01.813 0 0 I binder : 5150:5190 transaction call to 5298:0 failed 259284/29189/-3, size 248-0 line 3465
09-10 14:53:01.814 0 0 I binder : send failed reply for transaction 259258 to 5150:5150
09-10 14:53:05.349 5150 5150 V chromium: [5150:5150:0910/145305.349173:VERBOSE1:back_forward_cache_impl.cc(726)] BackForwardCacheImpl::CreateEvictionBackForwardCacheCanStoreTreeResult: https://b.test:37613/title2.html : No: renderer process is killed
09-10 14:53:05.349 583 605 D DisplayManagerService: Drop pending events for gone uid 99001
09-10 14:53:05.350 5150 5190 E IPCThreadState: Binder transaction failure. id: 259284, BR_*: 29189, error: -3 (No such process)
09-10 14:53:05.361 5150 5150 I ImeTracker: org.chromium.content_browsertests_apk:test_process:f2e41955: onRequestHide at ORIGIN_CLIENT reason HIDE_SOFT_INPUT_CLOSE_CURRENT_SESSION fromUser false
09-10 14:53:05.373 1515 5199 W MediaProvider: isAppCloneUserPair for user 0: false
09-10 14:53:05.375 583 726 I ImeTracker: org.chromium.content_browsertests_apk:test_process:f2e41955: onCancelled at PHASE_SERVER_SHOULD_HIDE
09-10 14:53:05.412 1515 2614 W MediaProvider: Database update failed while renaming /storage/emulated/0/chromium_tests_root/content_shell/GPUCache/index-dir/temp-index
09-10 14:53:05.412 1515 2614 W MediaProvider: android.database.sqlite.SQLiteConstraintException: UNIQUE constraint failed: files._data (code 2067 SQLITE_CONSTRAINT_UNIQUE)
09-10 14:53:05.412 1515 2614 W MediaProvider: at android.database.sqlite.SQLiteConnection.nativeExecuteForChangedRowCount(Native Method)
09-10 14:53:05.412 1515 2614 W MediaProvider: at android.database.sqlite.SQLiteConnection.executeForChangedRowCount(SQLiteConnection.java:926)
09-10 14:53:05.412 1515 2614 W MediaProvider: at android.database.sqlite.SQLiteSession.executeForChangedRowCount(SQLiteSession.java:780)
09-10 14:53:05.412 1515 2614 W MediaProvider: at android.database.sqlite.SQLiteStatement.executeUpdateDelete(SQLiteStatement.java:67)
09-10 14:53:05.412 1515 2614 W MediaProvider: at com.android.providers.media.util.DatabaseUtils.executeUpdateDelete(DatabaseUtils.java:499)
09-10 14:53:05.412 1515 2614 W MediaProvider: at com.android.providers.media.util.SQLiteQueryBuilder.update(SQLiteQueryBuilder.java:726)
09-10 14:53:05.412 1515 2614 W MediaProvider: at com.android.providers.media.util.SQLiteQueryBuilder.lambda$update$2(SQLiteQueryBuilder.java:648)
09-10 14:53:05.412 1515 2614 W MediaProvider: at com.android.providers.media.util.SQLiteQueryBuilder.$r8$lambda$V5i8aaD8hBMOL_-PCdDrUiXRenE(SQLiteQueryBuilder.java:0)
09-10 14:53:05.412 1515 2614 W MediaProvider: at com.android.providers.media.util.SQLiteQueryBuilder$$ExternalSyntheticLambda1.apply(R8$$SyntheticClass:0)
09-10 14:53:05.412 1515 2614 W MediaProvider: at com.android.providers.media.DatabaseHelper.runWithTransaction(DatabaseHelper.java:891)
09-10 14:53:05.412 1515 2614 W MediaProvider: at com.android.providers.media.util.SQLiteQueryBuilder.update(SQLiteQueryBuilder.java:647)
09-10 14:53:05.412 1515 2614 W MediaProvider: at com.android.providers.media.MediaProvider.lambda$updateDatabaseForFuseRename$18(MediaProvider.java:3084)
09-10 14:53:05.412 1515 2614 W MediaProvider: at com.android.providers.media.MediaProvider.$r8$lambda$SsJLM9omZuZqR6R57GeVw8lP7d0(MediaProvider.java:0)
09-10 14:53:05.412 1515 2614 W MediaProvider: at com.android.providers.media.MediaProvider$$ExternalSyntheticLambda36.apply(R8$$SyntheticClass:0)
09-10 14:53:05.412 1515 2614 W MediaProvider: at com.android.providers.media.DatabaseHelper.runWithTransaction(DatabaseHelper.java:891)
09-10 14:53:05.412 1515 2614 W MediaProvider: at com.android.providers.media.MediaProvider.updateDatabaseForFuseRename(MediaProvider.java:3076)
09-10 14:53:05.412 1515 2614 W MediaProvider: at com.android.providers.media.MediaProvider.updateDatabaseForFuseRename(MediaProvider.java:3043)
09-10 14:53:05.412 1515 2614 W MediaProvider: at com.android.providers.media.MediaProvider.updateDatabaseForFuseRename(MediaProvider.java:3037)
09-10 14:53:05.412 1515 2614 W MediaProvider: at com.android.providers.media.MediaProvider.renameFileForFuse(MediaProvider.java:3408)
09-10 14:53:05.412 1515 2614 W MediaProvider: at com.android.providers.media.MediaProvider.renameFileUncheckedForFuse(MediaProvider.java:3388)
09-10 14:53:05.412 1515 2614 W MediaProvider: at com.android.providers.media.MediaProvider.renameUncheckedForFuse(MediaProvider.java:3475)
09-10 14:53:05.412 1515 2614 W MediaProvider: at com.android.providers.media.MediaProvider.renameForFuse(MediaProvider.java:3523)
09-10 14:53:05.418 1515 2614 I MediaProvider: Retrying database update after deleting conflicting entry
09-10 14:53:05.446 992 1046 V WindowManagerShell: Transition requested (#19): android.os.BinderProxy@b455534 TransitionRequestInfo { type = CLOSE, triggerTask = TaskInfo{userId=0 taskId=9 displayId=0 isRunning=false baseIntent=Intent { act=android.intent.action.MAIN flg=0x10000000 cmp=org.chromium.content_browsertests_apk/.ContentBrowserTestsActivity } baseActivity=null topActivity=null origActivity=null realActivity=ComponentInfo{org.chromium.content_browsertests_apk/org.chromium.content_browsertests_apk.ContentBrowserTestsActivity} numActivities=0 lastActiveTime=222420 supportsMultiWindow=true resizeMode=1 isResizeable=true minWidth=-1 minHeight=-1 defaultMinSize=220 token=WCT{android.window.IWindowContainerToken$Stub$Proxy@6b34f5d} topActivityType=1 pictureInPictureParams=null shouldDockBigOverlays=false launchIntoPipHostTaskId=-1 lastParentTaskIdBeforePip=-1 displayCutoutSafeInsets=null topActivityInfo=null launchCookies=[] positionInParent=Point(0, 0) parentTaskId=-1 isFocused=true isVisible=true isVisibleRequested=true isSleeping=false locusId=null displayAreaFeatureId=1 isTopActivityTransparent=false appCompatTaskInfo=AppCompatTaskInfo { topActivityInSizeCompat=false topActivityEligibleForLetterboxEducation= falseisLetterboxEducationEnabled= false isLetterboxDoubleTapEnabled= false topActivityEligibleForUserAspectRatioButton= false topActivityBoundsLetterboxed= false isFromLetterboxDoubleTap= false topActivityLetterboxVerticalPosition= -1 topActivityLetterboxHorizontalPosition= -1 topActivityLetterboxWidth=-1 topActivityLetterboxHeight=-1 isUserFullscreenOverrideEnabled=false isSystemFullscreenOverrideEnabled=false cameraCompatTaskInfo=CameraCompatTaskInfo { cameraCompatControlState=hidden freeformCameraCompatMode=inactive}}}, pipTask = null, remoteTransition = null, displayChange = null, flags = 0, debugId = 19 }
09-10 14:53:05.448 1255 1255 I TopTaskTracker: onTaskMovedToFront: (moved taskInfo to front) taskId=7, baseIntent=Intent { act=android.intent.action.MAIN cat=[android.intent.category.HOME] flg=0x10000100 cmp=com.google.android.apps.nexuslauncher/.NexusLauncherActivity }
09-10 14:53:05.449 5120 5120 I Process : Sending signal. PID: 5150 SIG: 9
09-10 14:53:05.463 453 453 I BpBinder: onLastStrongRef automatically unlinking death recipients:
09-10 14:53:05.469 583 1818 I WindowManager: WIN DEATH: Window{422402f u0 org.chromium.content_browsertests_apk/org.chromium.content_browsertests_apk.ContentBrowserTestsActivity}
09-10 14:53:05.469 583 1818 W InputManager-JNI: Input channel object '422402f org.chromium.content_browsertests_apk/org.chromium.content_browsertests_apk.ContentBrowserTestsActivity (client)' was disposed without first being removed with the input manager!
09-10 14:53:05.471 583 1494 I ActivityManager: Process org.chromium.content_browsertests_apk:test_process (pid 5150) has died: fg TOP
09-10 14:53:05.471 583 2343 D AutofillSession: handling death of Token{5dfcbb9 ActivityRecord{683f603 u0 org.chromium.content_browsertests_apk/.ContentBrowserTestsActivity t9 f}}} when saving=false
09-10 14:53:05.471 583 605 D AutofillUI: destroySaveUiUiThread(): already destroyed
09-10 14:53:05.472 583 678 I ImeTracker: org.chromium.content_browsertests_apk:afa6b5a9: onRequestHide at ORIGIN_SERVER reason HIDE_REMOVE_CLIENT fromUser false
09-10 14:53:05.472 583 678 I ImeTracker: org.chromium.content_browsertests_apk:afa6b5a9: onCancelled at PHASE_SERVER_SHOULD_HIDE
09-10 14:53:05.472 382 382 I Zygote : Process 5150 exited due to signal 9 (Killed)
09-10 14:53:05.474 583 618 I libprocessgroup: Removed cgroup /sys/fs/cgroup/uid_10208/pid_5150
09-10 14:53:05.475 583 917 D ConnectivityService: releasing NetworkRequest [ REQUEST id=158, [ Capabilities: INTERNET&NOT_RESTRICTED&TRUSTED&NOT_VCN_MANAGED&NOT_BANDWIDTH_CONSTRAINED Uid: 10208 RequestorUid: 10208 RequestorPkg: org.chromium.content_browsertests_apk UnderlyingNetworks: Null] ] (release request)
09-10 14:53:05.483 583 601 I AppWidgetServiceImpl: startListening() 0
09-10 14:53:05.485 1255 1255 D StatsLog: LAUNCHER_ONRESUME
09-10 14:53:05.487 583 607 W ActivityManager: setHasOverlayUi called on unknown pid: 5150
09-10 14:53:05.491 583 1614 W AppSearchIcing: icing-search-engine.cc:321: Error: 5, Message: Document (com.google.android.googlequicksearchbox$OneSearchZeroStateGoogleSuggestions/default, zp) not found.
09-10 14:53:05.497 583 1818 W OptProp : Cannot read opt property android.window.PROPERTY_COMPAT_ALLOW_USER_ASPECT_RATIO_OVERRIDE
09-10 14:53:05.497 1255 2183 D OneSearchSuggestProvider: AppSearch 0-state cache not available, fallback to AGA
09-10 14:53:05.497 1255 2183 D OneSearchSuggestProvider: java.util.concurrent.CompletionException: java.util.NoSuchElementException: No value present
09-10 14:53:05.497 1255 2183 D OneSearchSuggestProvider: at java.util.concurrent.CompletableFuture.encodeThrowable(CompletableFuture.java:308)
09-10 14:53:05.497 1255 2183 D OneSearchSuggestProvider: at java.util.concurrent.CompletableFuture.completeThrowable(CompletableFuture.java:323)
09-10 14:53:05.497 1255 2183 D OneSearchSuggestProvider: at java.util.concurrent.CompletableFuture$UniAccept.tryFire(CompletableFuture.java:684)
09-10 14:53:05.497 1255 2183 D OneSearchSuggestProvider: at java.util.concurrent.CompletableFuture.postComplete(CompletableFuture.java:486)
09-10 14:53:05.497 1255 2183 D OneSearchSuggestProvider: at java.util.concurrent.CompletableFuture.completeExceptionally(CompletableFuture.java:2138)
09-10 14:53:05.497 1255 2183 D OneSearchSuggestProvider: at com.google.android.apps.nexuslauncher.allapps.E0.onResult(go/retraceme 31f9979659277bb965985aff1272c33e3c3c9e755b77166d20a2465454178f2c:67)
09-10 14:53:05.497 1255 2183 D OneSearchSuggestProvider: at android.app.appsearch.SearchSessionUtil$1.lambda$onResult$0(go/retraceme 64eee9e9f568ff45978879ad2ff83146f2618ee8a88278736fbdf5fae931976e:144)
09-10 14:53:05.497 1255 2183 D OneSearchSuggestProvider: at android.app.appsearch.SearchSessionUtil$1.$r8$lambda$CEk3q8sDAQVhU3rQwVueB8FAj_M(go/retraceme 64eee9e9f568ff45978879ad2ff83146f2618ee8a88278736fbdf5fae931976e:1)
09-10 14:53:05.497 1255 2183 D OneSearchSuggestProvider: at android.app.appsearch.SearchSessionUtil$1$$ExternalSyntheticLambda0.run(go/retraceme 64eee9e9f568ff45978879ad2ff83146f2618ee8a88278736fbdf5fae931976e:22)
09-10 14:53:05.497 1255 2183 D OneSearchSuggestProvider: at android.os.Handler.handleCallback(Handler.java:959)
09-10 14:53:05.497 1255 2183 D OneSearchSuggestProvider: at android.os.Handler.dispatchMessage(Handler.java:100)
09-10 14:53:05.497 1255 2183 D OneSearchSuggestProvider: at android.os.Looper.loopOnce(Looper.java:232)
09-10 14:53:05.497 1255 2183 D OneSearchSuggestProvider: at android.os.Looper.loop(Looper.java:317)
09-10 14:53:05.497 1255 2183 D OneSearchSuggestProvider: at android.os.HandlerThread.run(HandlerThread.java:85)
09-10 14:53:05.497 1255 2183 D OneSearchSuggestProvider: Caused by: java.util.NoSuchElementException: No value present
09-10 14:53:05.497 1255 2183 D OneSearchSuggestProvider: at java.util.Optional.get(Optional.java:143)
09-10 14:53:05.497 1255 2183 D OneSearchSuggestProvider: at com.google.android.apps.nexuslauncher.allapps.E0.onResult(go/retraceme 31f9979659277bb965985aff1272c33e3c3c9e755b77166d20a2465454178f2c:28)
09-10 14:53:05.497 1255 2183 D OneSearchSuggestProvider: ... 8 more
09-10 14:53:05.498 583 1818 W OptProp : Cannot read opt property android.window.PROPERTY_COMPAT_ALLOW_USER_ASPECT_RATIO_FULLSCREEN_OVERRIDE
09-10 14:53:05.498 583 1818 W OptProp : Cannot read opt property android.window.PROPERTY_COMPAT_ALLOW_ORIENTATION_OVERRIDE
09-10 14:53:05.499 583 1818 V GrammaticalInflectionUtils: AttributionSource: AttributionSource { uid = 10208, packageName = null, attributionTag = null, token = android.os.Binder@7b78a50, deviceId = 0, next = null } does not have READ_SYSTEM_GRAMMATICAL_GENDER permission.
09-10 14:53:05.499 1255 2183 D OneSearchSuggestProvider: Created the binder channel successfully for end point service =com.google.android.apps.search.googleapp.search.suggest.plugins.onesearch.server.OneSearchSuggestService , mChannel=i1{delegate=f{logId=7, target=directaddress:///AndroidComponentAddress%5BIntent%20%7B%20act=grpc.io.action.BIND%20cmp=com.google.android.googlequicksearchbox/com.google.android.apps.search.googleapp.search.suggest.plugins.onesearch.server.OneSearchSuggestService%20%7D%5D}} , mOneSearchConnection=l2.Z@2bbf615
09-10 14:53:05.499 583 1818 W OptProp : Cannot read opt property android.window.PROPERTY_COMPAT_ALLOW_RESIZEABLE_ACTIVITY_OVERRIDES
09-10 14:53:05.500 1255 1303 D QuickstepModelDelegate: notifyAppTargetEvent action=1 launchLocation=workspace/0/[-1,-1]/[1,1]
09-10 14:53:05.501 583 1818 W OptProp : Cannot read opt property android.window.PROPERTY_COMPAT_ALLOW_MIN_ASPECT_RATIO_OVERRIDE
09-10 14:53:05.508 583 1818 V SplashScreenExceptionList: SplashScreen checking exception for package org.chromium.content_browsertests_apk (target sdk:35) -> false
09-10 14:53:05.510 583 1818 I ActivityTaskManager: Add Task{476d980 #9 type=standard A=10208:org.chromium.content_browsertests_apk} to hidden list because adding Task{fdec113 #10 type=standard A=10208:org.chromium.content_browsertests_apk}
09-10 14:53:05.513 583 1818 I ActivityTaskManager: START u0 {act=android.intent.action.MAIN flg=0x10000000 cmp=org.chromium.content_browsertests_apk/.ContentBrowserTestsActivity (has extras)} with LAUNCH_SINGLE_TASK from uid 10208 (BAL_ALLOW_PERMISSION) result code=0
09-10 14:53:05.513 583 607 V WindowManager: Unknown focus tokens, dropping reportFocusChanged
09-10 14:53:05.515 1537 1886 I AiAiEcho: Predicting[0]: [CONTEXT sampling_count=5 ]
09-10 14:53:05.515 583 607 V GrammaticalInflectionUtils: AttributionSource: AttributionSource { uid = 10208, packageName = null, attributionTag = null, token = android.os.Binder@7b78a50, deviceId = 0, next = null } does not have READ_SYSTEM_GRAMMATICAL_GENDER permission.
09-10 14:53:05.515 1537 1886 I AiAiEcho: EchoTargets:
09-10 14:53:05.515 1537 1886 I AiAiEcho: Filtered by AiAi flag check:
09-10 14:53:05.515 1537 1886 I AiAiEcho: [CONTEXT ratelimit_period="10 SECONDS" ]
09-10 14:53:05.515 1537 1886 I AiAiEcho: Ranked targets strategy: SORT, count: 0, ranking metadata: [CONTEXT ratelimit_period="10 SECONDS" ]
09-10 14:53:05.515 1537 1886 I AiAiEcho: #remoteViewsTwiddler: feature disabled.
09-10 14:53:05.517 1537 1886 I AiAiEcho: #postPredictionTargets: Sending updates to UISurface home with targets# 0 (types=[])
09-10 14:53:05.519 4025 4025 I A : (REDACTED) Created gRPC endpoint for service %s
09-10 14:53:05.529 382 382 D Zygote : Forked child process 5344
09-10 14:53:05.529 1255 1255 D VRI[NexusLauncherActivity]: visibilityChanged oldVisibility=false newVisibility=true
09-10 14:53:05.530 992 1046 D WindowManagerShell: setLauncherKeepClearAreaHeight: visible=true, height=525
09-10 14:53:05.531 992 1092 D SplashScreenView: Build android.window.SplashScreenView{3ff95a3 V.E...... ......ID 0,0-0,0}
09-10 14:53:05.531 992 1092 D SplashScreenView: Icon: view: null drawable: null size: 0
09-10 14:53:05.531 992 1092 D SplashScreenView: Branding: view: android.view.View{27c90a0 G.ED..... ......I. 0,0-0,0 #1020503 android:id/splashscreen_branding_view} drawable: null size w: 0 h: 0
09-10 14:53:05.532 1255 1255 W SplitSelectStateCtor: Missing session instanceIds
09-10 14:53:05.532 1255 1255 D StatsLog: LAUNCHER_SPLIT_SELECTION_EXIT_INTERRUPTED
09-10 14:53:05.536 1255 1255 I TopTaskTracker: onTaskMovedToFront: (moved taskInfo to front) taskId=10, baseIntent=Intent { act=android.intent.action.MAIN flg=0x10000000 cmp=org.chromium.content_browsertests_apk/.ContentBrowserTestsActivity }
09-10 14:53:05.537 1255 1255 D SsBaseTemplateCard: No text view can be set up
09-10 14:53:05.538 1255 1255 D SsBaseTemplateCard: Passed-in item info is null
09-10 14:53:05.538 1255 1255 D SsBaseTemplateCard: Passed-in item info is null
09-10 14:53:05.538 1255 1255 D SsBaseTemplateCard: Passed-in item info is null
09-10 14:53:05.538 1255 1255 I SsBaseTemplateCard: Secondary card pane is null
09-10 14:53:05.538 1255 1255 D NexusLauncherModelDelegate: notifySmartspaceEvent: SmartspaceTargetEvent{mSmartspaceTarget=null, mSmartspaceActionId='null', mEventType=6}
09-10 14:53:05.553 1255 1255 D BaseDepthController: setSurface:
09-10 14:53:05.553 1255 1255 D BaseDepthController: mWaitingOnSurfaceValidity: false
09-10 14:53:05.553 1255 1255 D BaseDepthController: mSurface: Surface(name=com.google.android.apps.nexuslauncher/com.google.android.apps.nexuslauncher.NexusLauncherActivity)/@0x668f0d3
09-10 14:53:05.559 505 505 W IPCThreadState: Sending oneway calls to frozen process.
09-10 14:53:05.563 992 1046 D WindowManagerShell: setLauncherKeepClearAreaHeight: visible=false, height=525
09-10 14:53:05.567 583 617 W ActivityManager: Slow operation: 52ms so far, now at startProcess: done updating battery stats
09-10 14:53:05.567 583 617 W ActivityManager: Slow operation: 52ms so far, now at startProcess: building log message
09-10 14:53:05.567 583 617 I ActivityManager: Start proc 5344:org.chromium.content_browsertests_apk:test_process/u0a208 for next-top-activity {org.chromium.content_browsertests_apk/org.chromium.content_browsertests_apk.ContentBrowserTestsActivity}
09-10 14:53:05.567 583 617 W ActivityManager: Slow operation: 52ms so far, now at startProcess: starting to update pids map
09-10 14:53:05.567 583 617 W ActivityManager: Slow operation: 52ms so far, now at startProcess: done updating pids map
09-10 14:53:05.573 5344 5344 I pk:test_process: Using CollectorTypeCMC GC.
09-10 14:53:05.575 5344 5344 W pk:test_process: Unexpected CPU variant for x86: x86_64.
09-10 14:53:05.575 5344 5344 W pk:test_process: Known variants: atom, sandybridge, silvermont, goldmont, goldmont-plus, goldmont-without-sha-xsaves, tremont, kabylake, default
09-10 14:53:05.577 5344 5344 E pk:test_process: Not starting debugger since process cannot load the jdwp agent.
09-10 14:53:05.584 583 1494 D CoreBackPreview: Window{aba5d05 u0 Splash Screen org.chromium.content_browsertests_apk}: Setting back callback OnBackInvokedCallbackInfo{mCallback=android.window.IOnBackInvokedCallback$Stub$Proxy@4889868, mPriority=0, mIsAnimationCallback=false}
09-10 14:53:05.589 583 1095 I ActivityManager: Process org.chromium.content_browsertests_apk:privileged_process0 (pid 5207) has died: fg SVC
09-10 14:53:05.591 583 618 I libprocessgroup: Removed cgroup /sys/fs/cgroup/uid_10208/pid_5207
09-10 14:53:05.592 382 382 I Zygote : Process 5207 exited cleanly (0)
09-10 14:53:05.607 5344 5344 D nativeloader: Load libframework-connectivity-tiramisu-jni.so using APEX ns com_android_tethering for caller /apex/com.android.tethering/javalib/framework-connectivity-t.jar: ok
09-10 14:53:05.624 381 5358 I resolv : GetAddrInfoHandler::run: {0 262144 0 983040 10143 0}
09-10 14:53:05.633 381 5359 I resolv : GetAddrInfoHandler::run: {0 262144 0 983040 10143 0}
09-10 14:53:05.644 4025 4139 W A : CompleteServer request has failed and can't show offline suggestions.
09-10 14:53:05.644 4025 4139 W A : com.google.frameworks.client.data.android.ac: Http networking stack error
09-10 14:53:05.644 4025 4139 W A : at com.google.frameworks.client.data.android.x.run(PG:36)
09-10 14:53:05.644 4025 4139 W A : at com.google.android.libraries.k.x.run(PG:3)
09-10 14:53:05.644 4025 4139 W A : at com.google.common.n.c.c.run(PG:50)
09-10 14:53:05.644 4025 4139 W A : at com.google.android.libraries.k.e.run(PG:8)
09-10 14:53:05.644 4025 4139 W A : at java.lang.Thread.run(Thread.java:1012)
09-10 14:53:05.644 4025 4139 W A : at com.google.android.libraries.k.d.b.run(PG:74)
09-10 14:53:05.644 4025 4139 W A : Caused by: m.mc: Exception in CronetUrlRequest: net::ERR_INTERNET_DISCONNECTED, ErrorCode=2, InternalErrorCode=-106, Retryable=false
09-10 14:53:05.644 4025 4139 W A : at org.chromium.net.impl.CronetUrlRequest.onError(:com.google.android.gms.dynamite_cronetdynamite@242632041@24.26.32 (190800-0):4)
09-10 14:53:05.644 4025 4139 W A : #getSuggestions failed
09-10 14:53:05.644 4025 4139 W A : com.google.frameworks.client.data.android.ac: Http networking stack error
09-10 14:53:05.644 4025 4139 W A : at com.google.frameworks.client.data.android.x.run(PG:36)
09-10 14:53:05.644 4025 4139 W A : at com.google.android.libraries.k.x.run(PG:3)
09-10 14:53:05.644 4025 4139 W A : at com.google.common.n.c.c.run(PG:50)
09-10 14:53:05.644 4025 4139 W A : at com.google.android.libraries.k.e.run(PG:8)
09-10 14:53:05.644 4025 4139 W A : at java.lang.Thread.run(Thread.java:1012)
09-10 14:53:05.644 4025 4139 W A : at com.google.android.libraries.k.d.b.run(PG:74)
09-10 14:53:05.644 4025 4139 W A : Caused by: m.mc: Exception in CronetUrlRequest: net::ERR_INTERNET_DISCONNECTED, ErrorCode=2, InternalErrorCode=-106, Retryable=false
09-10 14:53:05.644 4025 4139 W A : at org.chromium.net.impl.CronetUrlRequest.onError(:com.google.android.gms.dynamite_cronetdynamite@242632041@24.26.32 (190800-0):4)
09-10 14:53:05.646 1255 5347 E OneSearchSuggestProvider: Unable to get suggestions from AGA
09-10 14:53:05.646 1255 5347 E OneSearchSuggestProvider: io.grpc.StatusRuntimeException: UNKNOWN
09-10 14:53:05.646 1255 5347 E OneSearchSuggestProvider: at k3.e.a(go/retraceme 31f9979659277bb965985aff1272c33e3c3c9e755b77166d20a2465454178f2c:77)
09-10 14:53:05.646 1255 5347 E OneSearchSuggestProvider: at i3.l.b(go/retraceme 31f9979659277bb965985aff1272c33e3c3c9e755b77166d20a2465454178f2c:43)
09-10 14:53:05.646 1255 5347 E OneSearchSuggestProvider: at i3.l.a(go/retraceme 31f9979659277bb965985aff1272c33e3c3c9e755b77166d20a2465454178f2c:27)
09-10 14:53:05.646 1255 5347 E OneSearchSuggestProvider: at i3.z.run(go/retraceme 31f9979659277bb965985aff1272c33e3c3c9e755b77166d20a2465454178f2c:7)
09-10 14:53:05.646 1255 5347 E OneSearchSuggestProvider: at i3.m2.run(go/retraceme 31f9979659277bb965985aff1272c33e3c3c9e755b77166d20a2465454178f2c:19)
09-10 14:53:05.646 1255 5347 E OneSearchSuggestProvider: at java.util.concurrent.ThreadPoolExecutor.runWorker(ThreadPoolExecutor.java:1145)
09-10 14:53:05.646 1255 5347 E OneSearchSuggestProvider: at java.util.concurrent.ThreadPoolExecutor$Worker.run(ThreadPoolExecutor.java:644)
09-10 14:53:05.646 1255 5347 E OneSearchSuggestProvider: at java.lang.Thread.run(Thread.java:1012)
09-10 14:53:05.648 1255 1255 D SearchTargetUtil: query= size=0
09-10 14:53:05.650 5344 5344 D ApplicationLoaders: Returning zygote-cached class loader: /system/framework/android.test.base.jar
09-10 14:53:05.652 5344 5344 D nativeloader: Configuring clns-7 for other apk /system/framework/android.test.mock.jar. target_sdk_version=35, uses_libraries=ALL, library_path=/data/app/~~Qgn2wqEAvH79GiouluTyOA==/org.chromium.content_browsertests_apk-RchFo_8uzwLoY5jHIGStww==/lib/x86_64:/data/app/~~Qgn2wqEAvH79GiouluTyOA==/org.chromium.content_browsertests_apk-RchFo_8uzwLoY5jHIGStww==/base.apk!/lib/x86_64, permitted_path=/data:/mnt/expand:/data/user/0/org.chromium.content_browsertests_apk
09-10 14:53:05.652 5344 5344 D ApplicationLoaders: Returning zygote-cached class loader: /system/framework/android.test.base.jar
09-10 14:53:05.654 5344 5344 D nativeloader: Configuring clns-8 for other apk /system/framework/android.test.runner.jar. target_sdk_version=35, uses_libraries=ALL, library_path=/data/app/~~Qgn2wqEAvH79GiouluTyOA==/org.chromium.content_browsertests_apk-RchFo_8uzwLoY5jHIGStww==/lib/x86_64:/data/app/~~Qgn2wqEAvH79GiouluTyOA==/org.chromium.content_browsertests_apk-RchFo_8uzwLoY5jHIGStww==/base.apk!/lib/x86_64, permitted_path=/data:/mnt/expand:/data/user/0/org.chromium.content_browsertests_apk
09-10 14:53:05.654 5344 5344 D ApplicationLoaders: Returning zygote-cached class loader: /system_ext/framework/androidx.window.extensions.jar
09-10 14:53:05.658 5344 5344 D nativeloader: Configuring clns-9 for other apk /data/app/~~Qgn2wqEAvH79GiouluTyOA==/org.chromium.content_browsertests_apk-RchFo_8uzwLoY5jHIGStww==/base.apk. target_sdk_version=35, uses_libraries=, library_path=/data/app/~~Qgn2wqEAvH79GiouluTyOA==/org.chromium.content_browsertests_apk-RchFo_8uzwLoY5jHIGStww==/lib/x86_64:/data/app/~~Qgn2wqEAvH79GiouluTyOA==/org.chromium.content_browsertests_apk-RchFo_8uzwLoY5jHIGStww==/base.apk!/lib/x86_64, permitted_path=/data:/mnt/expand:/data/user/0/org.chromium.content_browsertests_apk
09-10 14:53:05.658 5344 5344 D CompatChangeReporter: Compat change id reported: 202956589; UID 10208; state: ENABLED
09-10 14:53:05.664 5344 5344 V GraphicsEnvironment: Currently set values for:
09-10 14:53:05.664 5344 5344 V GraphicsEnvironment: angle_gl_driver_selection_pkgs=[]
09-10 14:53:05.664 5344 5344 V GraphicsEnvironment: angle_gl_driver_selection_values=[]
09-10 14:53:05.664 5344 5344 V GraphicsEnvironment: Global.Settings values are invalid: number of packages: 0, number of values: 0
09-10 14:53:05.664 5344 5344 V GraphicsEnvironment: Neither updatable production driver nor prerelease driver is supported.
09-10 14:53:05.669 583 1151 W OptProp : Cannot read opt property android.window.PROPERTY_COMPAT_ENABLE_FAKE_FOCUS
09-10 14:53:05.674 992 1420 V WindowManagerShell: onTransitionReady(transaction=2503965934176)
09-10 14:53:05.675 992 1046 V WindowManagerShell: onTransitionReady (#19) android.os.BinderProxy@b455534: {id=19 t=CLOSE f=0x0 trk=0 r=[0@Point(0, 0)] c=[{WCT{android.window.IWindowContainerToken$Stub$Proxy@11ff8f7} m=OPEN f=MOVE_TO_TOP leash=Surface(name=Task=10)/@0xb47d3b8 sb=Rect(0, 0 - 1080, 1920) eb=Rect(0, 0 - 1080, 1920) d=0 taskParent=-1},{WCT{android.window.IWindowContainerToken$Stub$Proxy@e827364} m=CLOSE f=NONE leash=Surface(name=Task=9)/@0x8676591 sb=Rect(0, 0 - 1080, 1920) eb=Rect(0, 0 - 1080, 1920) d=0 taskParent=-1}]}
09-10 14:53:05.675 992 1046 V WindowManagerShell: Playing animation for (#19) android.os.BinderProxy@b455534@0
09-10 14:53:05.675 992 1046 V WindowManagerShell: try handler com.android.wm.shell.transition.DefaultMixedHandler@f3e5596
09-10 14:53:05.675 992 1046 V WindowManagerShell: try handler com.android.wm.shell.keyguard.KeyguardTransitionHandler@3a25517
09-10 14:53:05.675 992 1046 V WindowManagerShell: try handler com.android.wm.shell.pip.PipTransition@8d56d04
09-10 14:53:05.675 992 1046 V WindowManagerShell: try handler com.android.wm.shell.activityembedding.ActivityEmbeddingController@f2ed2ed
09-10 14:53:05.675 992 1046 V WindowManagerShell: try handler com.android.wm.shell.recents.RecentsTransitionHandler@b823522
09-10 14:53:05.675 992 1046 V ShellRecents: RecentsTransitionHandler.startAnimation: no controller found
09-10 14:53:05.675 992 1046 V WindowManagerShell: try handler com.android.wm.shell.splitscreen.StageCoordinator@ced2bb3
09-10 14:53:05.675 992 1046 V WindowManagerShell: try handler com.android.wm.shell.transition.RemoteTransitionHandler@3be5570
09-10 14:53:05.675 992 1046 V WindowManagerShell: Transition doesn't have explicit remote, search filters for match for {id=19 t=CLOSE f=0x0 trk=0 r=[0@Point(0, 0)] c=[{WCT{android.window.IWindowContainerToken$Stub$Proxy@11ff8f7} m=OPEN f=MOVE_TO_TOP leash=Surface(name=Task=10)/@0xb47d3b8 sb=Rect(0, 0 - 1080, 1920) eb=Rect(0, 0 - 1080, 1920) d=0 taskParent=-1},{WCT{android.window.IWindowContainerToken$Stub$Proxy@e827364} m=CLOSE f=NONE leash=Surface(name=Task=9)/@0x8676591 sb=Rect(0, 0 - 1080, 1920) eb=Rect(0, 0 - 1080, 1920) d=0 taskParent=-1}]}
09-10 14:53:05.675 992 1046 V WindowManagerShell: Checking filter Pair{{types=[] flags=0x0] notFlags=0x0 checks=[{atype=undefined independent=true modes=[OPEN,TO_FRONT] flags=IN_TASK_WITH_EMBEDDED_ACTIVITY mustBeTask=false order=ANY topActivity=ComponentInfo{com.google.android.apps.nexuslauncher/com.google.android.apps.nexuslauncher.NexusLauncherActivity} launchCookie=null},{atype=undefined independent=true modes=[CLOSE,TO_BACK] flags=IN_TASK_WITH_EMBEDDED_ACTIVITY mustBeTask=false order=ANY topActivity=null launchCookie=null}]} RemoteTransition { remoteTransition = android.window.IRemoteTransition$Stub$Proxy@dc63f4e, appThread = android.app.IApplicationThread$Stub$Proxy@906e86f, debugName = OverlaySwipeBack }}
09-10 14:53:05.675 992 1046 V WindowManagerShell: Checking filter Pair{{types=[] flags=0x0] notFlags=0x0 checks=[{atype=dream independent=true modes=[OPEN,TO_FRONT] flags=NONE mustBeTask=false order=ANY topActivity=null launchCookie=null},{atype=home independent=true modes=[CLOSE,TO_BACK] flags=NONE mustBeTask=false order=ANY topActivity=null launchCookie=null}]} RemoteTransition { remoteTransition = android.window.IRemoteTransition$Stub$Proxy@79cf97c, appThread = android.app.IApplicationThread$Stub$Proxy@3c23205, debugName = LauncherToDream }}
09-10 14:53:05.676 992 1046 V WindowManagerShell: Checking filter Pair{{types=[] flags=0x0] notFlags=0x100 checks=[{atype=home independent=true modes=[OPEN,TO_FRONT] flags=NONE mustBeTask=false order=TOP topActivity=ComponentInfo{com.google.android.apps.nexuslauncher/com.google.android.apps.nexuslauncher.NexusLauncherActivity} launchCookie=null},{atype=standard independent=true modes=[CLOSE,TO_BACK] flags=NONE mustBeTask=false order=ANY topActivity=null launchCookie=null}]} RemoteTransition { remoteTransition = android.window.IRemoteTransition$Stub$Proxy@9cb025a, appThread = android.app.IApplicationThread$Stub$Proxy@1c39c8b, debugName = QuickstepLaunchHome }}
09-10 14:53:05.676 992 1046 V WindowManagerShell: Delegate animation for (#19) to null
09-10 14:53:05.676 992 1046 V WindowManagerShell: try handler com.android.wm.shell.transition.DefaultTransitionHandler@ab2b0e9
09-10 14:53:05.676 992 1046 V WindowManagerShell: start default transition animation, info = {id=19 t=CLOSE f=0x0 trk=0 r=[0@Point(0, 0)] c=[{WCT{android.window.IWindowContainerToken$Stub$Proxy@11ff8f7} m=OPEN f=MOVE_TO_TOP leash=Surface(name=Task=10)/@0xb47d3b8 sb=Rect(0, 0 - 1080, 1920) eb=Rect(0, 0 - 1080, 1920) d=0 taskParent=-1},{WCT{android.window.IWindowContainerToken$Stub$Proxy@e827364} m=CLOSE f=NONE leash=Surface(name=Task=9)/@0x8676591 sb=Rect(0, 0 - 1080, 1920) eb=Rect(0, 0 - 1080, 1920) d=0 taskParent=-1}]}
09-10 14:53:05.677 992 1046 V WindowManagerShell: loadAnimation: anim=android.view.animation.AnimationSet@dd12d93 animAttr=0xb type=CLOSE isEntrance=false
