09-10 14:53:53.415 583 1811 W PackageConfigPersister: App-specific configuration not found for packageName: org.chromium.content_browsertests_apk and userId: 0
09-10 14:53:53.416 1515 5201 W MediaProvider: isAppCloneUserPair for user 0: false
09-10 14:53:53.433 992 1091 W FrameTracker: Missed App frame:UNKNOWN: 264, 42567, 44097508, CUJ=J<SPLASHSCREEN_EXIT_ANIM>
09-10 14:53:53.433 992 1091 W FrameTracker: Missed SF frame:UNKNOWN: 66, 42589, 0, CUJ=J<SPLASHSCREEN_EXIT_ANIM>
09-10 14:53:53.433 992 1091 W FrameTracker: Missing HWUI jank callback for vsyncId: 42589, CUJ=J<SPLASHSCREEN_EXIT_ANIM>
09-10 14:53:53.433 992 1091 W FrameTracker: Missed App frame:UNKNOWN: 74, 42611, 0, CUJ=J<SPLASHSCREEN_EXIT_ANIM>
09-10 14:53:53.433 992 1091 W FrameTracker: Missed SF frame:UNKNOWN: 74, 42611, 0, CUJ=J<SPLASHSCREEN_EXIT_ANIM>
09-10 14:53:53.433 992 1091 W FrameTracker: Missing HWUI jank callback for vsyncId: 42611, CUJ=J<SPLASHSCREEN_EXIT_ANIM>
09-10 14:53:53.433 992 1091 W FrameTracker: Missed App frame:UNKNOWN: 72, 42619, 202028063, CUJ=J<SPLASHSCREEN_EXIT_ANIM>
09-10 14:53:53.433 992 1091 W FrameTracker: Missed App frame:UNKNOWN: 88, 42664, 0, CUJ=J<SPLASHSCREEN_EXIT_ANIM>
09-10 14:53:53.433 992 1091 W FrameTracker: Missed SF frame:UNKNOWN: 88, 42664, 0, CUJ=J<SPLASHSCREEN_EXIT_ANIM>
09-10 14:53:53.433 992 1091 W FrameTracker: Missing HWUI jank callback for vsyncId: 42664, CUJ=J<SPLASHSCREEN_EXIT_ANIM>
09-10 14:53:53.433 992 1067 V PerfettoTrigger: Not triggering com.android.telemetry.interaction-jank-monitor-39 - not enough time since last trigger
09-10 14:53:53.442 1515 5888 W MediaProvider: isAppCloneUserPair for user 0: false
09-10 14:53:53.477 1255 1255 D BaseDepthController: setSurface:
09-10 14:53:53.477 1255 1255 D BaseDepthController: mWaitingOnSurfaceValidity: false
09-10 14:53:53.477 1255 1255 D BaseDepthController: mSurface: null
09-10 14:53:53.480 1255 1255 D BaseDepthController: mSurface is null and mCurrentBlur is: 0
09-10 14:53:53.482 1255 1255 D StateManager: goToState - fromState: Normal, toState: Normal, partial trace:
09-10 14:53:53.482 1255 1255 D StateManager: at com.android.launcher3.statemanager.StateManager.moveToRestState(go/retraceme 31f9979659277bb965985aff1272c33e3c3c9e755b77166d20a2465454178f2c:4)
09-10 14:53:53.482 1255 1255 D StateManager: at com.android.launcher3.statemanager.StateManager.moveToRestState(go/retraceme 31f9979659277bb965985aff1272c33e3c3c9e755b77166d20a2465454178f2c:1)
09-10 14:53:53.482 1255 1255 D StateManager: at com.android.launcher3.statemanager.StatefulActivity.onStop(go/retraceme 31f9979659277bb965985aff1272c33e3c3c9e755b77166d20a2465454178f2c:34)
09-10 14:53:53.483 1255 1255 D StatsLog: LAUNCHER_ONSTOP
09-10 14:53:53.483 583 2343 I AppWidgetServiceImpl: setAppWidgetHidden() 0
09-10 14:53:53.486 1255 2183 D OneSearchSuggestProvider: Shut down the binder channel
09-10 14:53:53.489 1255 1255 D StatsLog: LAUNCHER_GOOGLE_SEARCH_RESTORE_LIST_SIZE_AFTER_ACTIVITY_RESTART
09-10 14:53:53.490 1255 1255 D NexusLauncherModelDelegate: notifySmartspaceEvent: SmartspaceTargetEvent{mSmartspaceTarget=null, mSmartspaceActionId='null', mEventType=7}
09-10 14:53:53.493 1255 1255 D NexusLauncherModelDelegate: notifySmartspaceEvent: SmartspaceTargetEvent{mSmartspaceTarget=null, mSmartspaceActionId='null', mEventType=7}
09-10 14:53:53.514 4025 5296 I IPCThreadState: oneway function results for code 2 on binder at 0x79edbcb83060 will be dropped but finished with status UNKNOWN_TRANSACTION
09-10 14:53:53.523 1515 2614 W MediaProvider: isAppCloneUserPair for user 0: false
09-10 14:53:53.544 1255 1668 I IPCThreadState: oneway function results for code 2 on binder at 0x79edbcb7c910 will be dropped but finished with status UNKNOWN_TRANSACTION
09-10 14:53:53.558 7235 7272 W cr_media: BLUETOOTH_CONNECT permission is missing.
09-10 14:53:53.558 7235 7272 W cr_media: getBluetoothAdapter() requires BLUETOOTH permission
09-10 14:53:53.559 7235 7272 W cr_media: registerBluetoothIntentsIfNeeded: Requires BLUETOOTH permission
09-10 14:53:53.568 7235 7235 I WindowExtensionsImpl: Initializing Window Extensions, vendor API level=6, activity embedding enabled=true
09-10 14:53:53.587 1515 5202 W MediaProvider: isAppCloneUserPair for user 0: false
09-10 14:53:53.611 1255 1927 D EGL_emulation: app_time_stats: avg=228.62ms min=3.41ms max=1486.90ms count=7
09-10 14:53:53.619 1515 5197 W MediaProvider: isAppCloneUserPair for user 0: false
09-10 14:53:53.645 583 600 V GrammaticalInflectionUtils: AttributionSource: AttributionSource { uid = 10208, packageName = null, attributionTag = null, token = android.os.Binder@7b78a50, deviceId = 0, next = null } does not have READ_SYSTEM_GRAMMATICAL_GENDER permission.
09-10 14:53:53.647 992 1139 D EGL_emulation: app_time_stats: avg=133.52ms min=4.73ms max=1255.45ms count=10
09-10 14:53:53.666 1515 5888 W MediaProvider: isAppCloneUserPair for user 0: false
09-10 14:53:53.667 382 382 D Zygote : Forked child process 7282
09-10 14:53:53.668 583 617 I ActivityManager: Start proc 7282:org.chromium.content_browsertests_apk:privileged_process0/u0a208 for service {org.chromium.content_browsertests_apk/org.chromium.content.app.PrivilegedProcessService0}
09-10 14:53:53.673 1515 1802 W MediaProvider: isAppCloneUserPair for user 0: false
09-10 14:53:53.681 583 2343 V GrammaticalInflectionUtils: AttributionSource: AttributionSource { uid = 99042, packageName = null, attributionTag = null, token = android.os.Binder@7b78a50, deviceId = 0, next = null } does not have READ_SYSTEM_GRAMMATICAL_GENDER permission.
09-10 14:53:53.694 7282 7282 I ileged_process0: Using CollectorTypeCMC GC.
09-10 14:53:53.700 7282 7282 W ileged_process0: Unexpected CPU variant for x86: x86_64.
09-10 14:53:53.700 7282 7282 W ileged_process0: Known variants: atom, sandybridge, silvermont, goldmont, goldmont-plus, goldmont-without-sha-xsaves, tremont, kabylake, default
09-10 14:53:53.710 7282 7282 E ileged_process0: Not starting debugger since process cannot load the jdwp agent.
09-10 14:53:53.722 382 382 D Zygote : Forked child process 7287
09-10 14:53:53.723 583 617 I ActivityManager: Start proc 7287:org.chromium.content_browsertests_apk:sandboxed_process0:org.chromium.content.app.SandboxedProcessService0:0/u0i42 for service {org.chromium.content_browsertests_apk/org.chromium.content.app.SandboxedProcessService0:0}
09-10 14:53:53.727 7282 7282 D nativeloader: Load libframework-connectivity-tiramisu-jni.so using APEX ns com_android_tethering for caller /apex/com.android.tethering/javalib/framework-connectivity-t.jar: ok
09-10 14:53:53.741 7287 7287 I ocessService0:0: Using CollectorTypeCMC GC.
09-10 14:53:53.742 7287 7287 W ocessService0:0: Unexpected CPU variant for x86: x86_64.
09-10 14:53:53.742 7287 7287 W ocessService0:0: Known variants: atom, sandybridge, silvermont, goldmont, goldmont-plus, goldmont-without-sha-xsaves, tremont, kabylake, default
09-10 14:53:53.745 7287 7287 E ocessService0:0: Not starting debugger since process cannot load the jdwp agent.
09-10 14:53:53.749 583 600 V GrammaticalInflectionUtils: AttributionSource: AttributionSource { uid = 99043, packageName = null, attributionTag = null, token = android.os.Binder@7b78a50, deviceId = 0, next = null } does not have READ_SYSTEM_GRAMMATICAL_GENDER permission.
09-10 14:53:53.751 7287 7287 D nativeloader: Load libframework-connectivity-tiramisu-jni.so using APEX ns com_android_tethering for caller /apex/com.android.tethering/javalib/framework-connectivity-t.jar: ok
09-10 14:53:53.762 382 382 D Zygote : Forked child process 7303
09-10 14:53:53.768 583 617 I ActivityManager: Start proc 7303:org.chromium.content_browsertests_apk:sandboxed_process0:org.chromium.content.app.SandboxedProcessService0:1/u0i43 for service {org.chromium.content_browsertests_apk/org.chromium.content.app.SandboxedProcessService0:1}
09-10 14:53:53.788 7303 7303 I ocessService0:1: Using CollectorTypeCMC GC.
09-10 14:53:53.789 7303 7303 W ocessService0:1: Unexpected CPU variant for x86: x86_64.
09-10 14:53:53.789 7303 7303 W ocessService0:1: Known variants: atom, sandybridge, silvermont, goldmont, goldmont-plus, goldmont-without-sha-xsaves, tremont, kabylake, default
09-10 14:53:53.791 7303 7303 E ocessService0:1: Not starting debugger since process cannot load the jdwp agent.
09-10 14:53:53.794 7303 7303 D nativeloader: Load libframework-connectivity-tiramisu-jni.so using APEX ns com_android_tethering for caller /apex/com.android.tethering/javalib/framework-connectivity-t.jar: ok
09-10 14:53:53.806 1515 2614 W MediaProvider: isAppCloneUserPair for user 0: false
09-10 14:53:53.810 1515 4876 W MediaProvider: isAppCloneUserPair for user 0: false
09-10 14:53:53.814 1515 5201 W MediaProvider: isAppCloneUserPair for user 0: false
09-10 14:53:54.110 0 0 W servicemanager: Isolated app with UID 99043 requested 'network_management', but the service is not allowed for isolated apps.
09-10 14:53:53.828 1515 5197 W MediaProvider: isAppCloneUserPair for user 0: false
09-10 14:53:53.830 7303 7303 D ApplicationLoaders: Returning zygote-cached class loader: /system/framework/android.test.base.jar
09-10 14:53:53.833 7287 7287 D ApplicationLoaders: Returning zygote-cached class loader: /system/framework/android.test.base.jar
09-10 14:53:54.121 0 0 W servicemanager: Isolated app with UID 99042 requested 'network_management', but the service is not allowed for isolated apps.
09-10 14:53:53.840 7303 7303 D nativeloader: Configuring clns-7 for other apk /system/framework/android.test.mock.jar. target_sdk_version=35, uses_libraries=ALL, library_path=/data/app/~~Qgn2wqEAvH79GiouluTyOA==/org.chromium.content_browsertests_apk-RchFo_8uzwLoY5jHIGStww==/lib/x86_64:/data/app/~~Qgn2wqEAvH79GiouluTyOA==/org.chromium.content_browsertests_apk-RchFo_8uzwLoY5jHIGStww==/base.apk!/lib/x86_64, permitted_path=/data:/mnt/expand:/data/user/0/org.chromium.content_browsertests_apk
09-10 14:53:53.842 7287 7287 D nativeloader: Configuring clns-7 for other apk /system/framework/android.test.mock.jar. target_sdk_version=35, uses_libraries=ALL, library_path=/data/app/~~Qgn2wqEAvH79GiouluTyOA==/org.chromium.content_browsertests_apk-RchFo_8uzwLoY5jHIGStww==/lib/x86_64:/data/app/~~Qgn2wqEAvH79GiouluTyOA==/org.chromium.content_browsertests_apk-RchFo_8uzwLoY5jHIGStww==/base.apk!/lib/x86_64, permitted_path=/data:/mnt/expand:/data/user/0/org.chromium.content_browsertests_apk
09-10 14:53:53.843 7287 7287 D ApplicationLoaders: Returning zygote-cached class loader: /system/framework/android.test.base.jar
09-10 14:53:53.843 7303 7303 D ApplicationLoaders: Returning zygote-cached class loader: /system/framework/android.test.base.jar
09-10 14:53:53.851 7287 7287 D nativeloader: Configuring clns-8 for other apk /system/framework/android.test.runner.jar. target_sdk_version=35, uses_libraries=ALL, library_path=/data/app/~~Qgn2wqEAvH79GiouluTyOA==/org.chromium.content_browsertests_apk-RchFo_8uzwLoY5jHIGStww==/lib/x86_64:/data/app/~~Qgn2wqEAvH79GiouluTyOA==/org.chromium.content_browsertests_apk-RchFo_8uzwLoY5jHIGStww==/base.apk!/lib/x86_64, permitted_path=/data:/mnt/expand:/data/user/0/org.chromium.content_browsertests_apk
09-10 14:53:53.853 7287 7287 D ApplicationLoaders: Returning zygote-cached class loader: /system_ext/framework/androidx.window.extensions.jar
09-10 14:53:53.853 7303 7303 D nativeloader: Configuring clns-8 for other apk /system/framework/android.test.runner.jar. target_sdk_version=35, uses_libraries=ALL, library_path=/data/app/~~Qgn2wqEAvH79GiouluTyOA==/org.chromium.content_browsertests_apk-RchFo_8uzwLoY5jHIGStww==/lib/x86_64:/data/app/~~Qgn2wqEAvH79GiouluTyOA==/org.chromium.content_browsertests_apk-RchFo_8uzwLoY5jHIGStww==/base.apk!/lib/x86_64, permitted_path=/data:/mnt/expand:/data/user/0/org.chromium.content_browsertests_apk
09-10 14:53:53.858 7303 7303 D ApplicationLoaders: Returning zygote-cached class loader: /system_ext/framework/androidx.window.extensions.jar
09-10 14:53:53.860 7303 7303 D nativeloader: Configuring clns-9 for other apk /data/app/~~Qgn2wqEAvH79GiouluTyOA==/org.chromium.content_browsertests_apk-RchFo_8uzwLoY5jHIGStww==/base.apk. target_sdk_version=35, uses_libraries=, library_path=/data/app/~~Qgn2wqEAvH79GiouluTyOA==/org.chromium.content_browsertests_apk-RchFo_8uzwLoY5jHIGStww==/lib/x86_64:/data/app/~~Qgn2wqEAvH79GiouluTyOA==/org.chromium.content_browsertests_apk-RchFo_8uzwLoY5jHIGStww==/base.apk!/lib/x86_64, permitted_path=/data:/mnt/expand:/data/user/0/org.chromium.content_browsertests_apk
09-10 14:53:53.861 7287 7287 D nativeloader: Configuring clns-9 for other apk /data/app/~~Qgn2wqEAvH79GiouluTyOA==/org.chromium.content_browsertests_apk-RchFo_8uzwLoY5jHIGStww==/base.apk. target_sdk_version=35, uses_libraries=, library_path=/data/app/~~Qgn2wqEAvH79GiouluTyOA==/org.chromium.content_browsertests_apk-RchFo_8uzwLoY5jHIGStww==/lib/x86_64:/data/app/~~Qgn2wqEAvH79GiouluTyOA==/org.chromium.content_browsertests_apk-RchFo_8uzwLoY5jHIGStww==/base.apk!/lib/x86_64, permitted_path=/data:/mnt/expand:/data/user/0/org.chromium.content_browsertests_apk
09-10 14:53:53.867 7287 7287 D CompatChangeReporter: Compat change id reported: 202956589; UID 99042; state: ENABLED
09-10 14:53:53.870 7282 7282 D ApplicationLoaders: Returning zygote-cached class loader: /system/framework/android.test.base.jar
09-10 14:53:53.871 7282 7282 D nativeloader: Configuring clns-7 for other apk /system/framework/android.test.mock.jar. target_sdk_version=35, uses_libraries=ALL, library_path=/data/app/~~Qgn2wqEAvH79GiouluTyOA==/org.chromium.content_browsertests_apk-RchFo_8uzwLoY5jHIGStww==/lib/x86_64:/data/app/~~Qgn2wqEAvH79GiouluTyOA==/org.chromium.content_browsertests_apk-RchFo_8uzwLoY5jHIGStww==/base.apk!/lib/x86_64, permitted_path=/data:/mnt/expand:/data/user/0/org.chromium.content_browsertests_apk
09-10 14:53:53.871 7303 7303 D CompatChangeReporter: Compat change id reported: 202956589; UID 99043; state: ENABLED
09-10 14:53:53.872 1515 1802 W MediaProvider: isAppCloneUserPair for user 0: false
09-10 14:53:53.879 7282 7282 D ApplicationLoaders: Returning zygote-cached class loader: /system/framework/android.test.base.jar
09-10 14:53:53.881 7282 7282 D nativeloader: Configuring clns-8 for other apk /system/framework/android.test.runner.jar. target_sdk_version=35, uses_libraries=ALL, library_path=/data/app/~~Qgn2wqEAvH79GiouluTyOA==/org.chromium.content_browsertests_apk-RchFo_8uzwLoY5jHIGStww==/lib/x86_64:/data/app/~~Qgn2wqEAvH79GiouluTyOA==/org.chromium.content_browsertests_apk-RchFo_8uzwLoY5jHIGStww==/base.apk!/lib/x86_64, permitted_path=/data:/mnt/expand:/data/user/0/org.chromium.content_browsertests_apk
09-10 14:53:53.886 7282 7282 D ApplicationLoaders: Returning zygote-cached class loader: /system_ext/framework/androidx.window.extensions.jar
09-10 14:53:54.175 0 0 W servicemanager: Isolated app with UID 99043 requested 'connectivity', but the service is not allowed for isolated apps.
09-10 14:53:54.183 0 0 W servicemanager: Isolated app with UID 99042 requested 'connectivity', but the service is not allowed for isolated apps.
09-10 14:53:53.890 7282 7282 D nativeloader: Configuring clns-9 for other apk /data/app/~~Qgn2wqEAvH79GiouluTyOA==/org.chromium.content_browsertests_apk-RchFo_8uzwLoY5jHIGStww==/base.apk. target_sdk_version=35, uses_libraries=, library_path=/data/app/~~Qgn2wqEAvH79GiouluTyOA==/org.chromium.content_browsertests_apk-RchFo_8uzwLoY5jHIGStww==/lib/x86_64:/data/app/~~Qgn2wqEAvH79GiouluTyOA==/org.chromium.content_browsertests_apk-RchFo_8uzwLoY5jHIGStww==/base.apk!/lib/x86_64, permitted_path=/data:/mnt/expand:/data/user/0/org.chromium.content_browsertests_apk
09-10 14:53:53.894 7282 7282 D CompatChangeReporter: Compat change id reported: 202956589; UID 10208; state: ENABLED
09-10 14:53:54.193 0 0 W servicemanager: Isolated app with UID 99043 requested 'content_capture', but the service is not allowed for isolated apps.
09-10 14:53:53.900 7303 7303 I cr_ChildProcessService: Creating new ChildProcessService pid=7303
09-10 14:53:53.901 7282 7282 V GraphicsEnvironment: Currently set values for:
09-10 14:53:53.901 7282 7282 V GraphicsEnvironment: angle_gl_driver_selection_pkgs=[]
09-10 14:53:53.901 7282 7282 V GraphicsEnvironment: angle_gl_driver_selection_values=[]
09-10 14:53:53.901 7282 7282 V GraphicsEnvironment: Global.Settings values are invalid: number of packages: 0, number of values: 0
09-10 14:53:53.901 7282 7282 V GraphicsEnvironment: Neither updatable production driver nor prerelease driver is supported.
09-10 14:53:54.202 0 0 W servicemanager: Isolated app with UID 99042 requested 'content_capture', but the service is not allowed for isolated apps.
09-10 14:53:53.907 7287 7287 I cr_ChildProcessService: Creating new ChildProcessService pid=7287
09-10 14:53:53.912 7282 7282 I cr_ChildProcessService: Creating new ChildProcessService pid=7282
09-10 14:53:53.917 7287 7317 D nativeloader: Load /data/app/~~Qgn2wqEAvH79GiouluTyOA==/org.chromium.content_browsertests_apk-RchFo_8uzwLoY5jHIGStww==/lib/x86_64/libtest_trace_processor.so using ns clns-9 from class loader (caller=/data/app/~~Qgn2wqEAvH79GiouluTyOA==/org.chromium.content_browsertests_apk-RchFo_8uzwLoY5jHIGStww==/base.apk): ok
09-10 14:53:53.921 7282 7318 D nativeloader: Load /data/app/~~Qgn2wqEAvH79GiouluTyOA==/org.chromium.content_browsertests_apk-RchFo_8uzwLoY5jHIGStww==/lib/x86_64/libtest_trace_processor.so using ns clns-9 from class loader (caller=/data/app/~~Qgn2wqEAvH79GiouluTyOA==/org.chromium.content_browsertests_apk-RchFo_8uzwLoY5jHIGStww==/base.apk): ok
09-10 14:53:53.923 7303 7316 D nativeloader: Load /data/app/~~Qgn2wqEAvH79GiouluTyOA==/org.chromium.content_browsertests_apk-RchFo_8uzwLoY5jHIGStww==/lib/x86_64/libtest_trace_processor.so using ns clns-9 from class loader (caller=/data/app/~~Qgn2wqEAvH79GiouluTyOA==/org.chromium.content_browsertests_apk-RchFo_8uzwLoY5jHIGStww==/base.apk): ok
09-10 14:53:53.976 7287 7317 D nativeloader: Load /data/app/~~Qgn2wqEAvH79GiouluTyOA==/org.chromium.content_browsertests_apk-RchFo_8uzwLoY5jHIGStww==/lib/x86_64/libcontent_browsertests__library.so using ns clns-9 from class loader (caller=/data/app/~~Qgn2wqEAvH79GiouluTyOA==/org.chromium.content_browsertests_apk-RchFo_8uzwLoY5jHIGStww==/base.apk): ok
09-10 14:53:53.980 7287 7317 I cr_LibraryLoader: Successfully loaded native library
09-10 14:53:53.980 7282 7318 D nativeloader: Load /data/app/~~Qgn2wqEAvH79GiouluTyOA==/org.chromium.content_browsertests_apk-RchFo_8uzwLoY5jHIGStww==/lib/x86_64/libcontent_browsertests__library.so using ns clns-9 from class loader (caller=/data/app/~~Qgn2wqEAvH79GiouluTyOA==/org.chromium.content_browsertests_apk-RchFo_8uzwLoY5jHIGStww==/base.apk): ok
09-10 14:53:53.981 7287 7317 I cr_CachingUmaRecorder: Flushed 2 samples from 2 histograms, 0 samples were dropped.
09-10 14:53:53.988 7282 7318 I cr_LibraryLoader: Successfully loaded native library
09-10 14:53:53.988 7282 7318 I cr_CachingUmaRecorder: Flushed 2 samples from 2 histograms, 0 samples were dropped.
09-10 14:53:54.005 7303 7316 D nativeloader: Load /data/app/~~Qgn2wqEAvH79GiouluTyOA==/org.chromium.content_browsertests_apk-RchFo_8uzwLoY5jHIGStww==/lib/x86_64/libcontent_browsertests__library.so using ns clns-9 from class loader (caller=/data/app/~~Qgn2wqEAvH79GiouluTyOA==/org.chromium.content_browsertests_apk-RchFo_8uzwLoY5jHIGStww==/base.apk): ok
09-10 14:53:54.008 7303 7316 I cr_LibraryLoader: Successfully loaded native library
09-10 14:53:54.008 7303 7316 I cr_CachingUmaRecorder: Flushed 2 samples from 2 histograms, 0 samples were dropped.
09-10 14:53:54.020 7287 7317 W SystemServiceRegistry: No service published for: uimode
09-10 14:53:54.312 0 0 W servicemanager: Isolated app with UID 99042 requested 'uimode', but the service is not allowed for isolated apps.
09-10 14:53:54.027 7303 7316 W SystemServiceRegistry: No service published for: uimode
09-10 14:53:54.325 0 0 W servicemanager: Isolated app with UID 99043 requested 'uimode', but the service is not allowed for isolated apps.
09-10 14:53:54.031 1515 1803 W MediaProvider: isAppCloneUserPair for user 0: false
09-10 14:53:54.033 1515 5202 W MediaProvider: isAppCloneUserPair for user 0: false
09-10 14:53:54.041 7282 7318 I EGL_emulation: Opening libGLESv1_CM_emulation.so
09-10 14:53:54.041 7282 7318 I EGL_emulation: Opening libGLESv2_emulation.so
09-10 14:53:54.045 1515 4568 W MediaProvider: isAppCloneUserPair for user 0: false
09-10 14:53:54.047 1515 2614 W MediaProvider: isAppCloneUserPair for user 0: false
09-10 14:53:54.052 1515 4876 W MediaProvider: isAppCloneUserPair for user 0: false
09-10 14:53:54.057 3670 4141 I FontLog : Received query name=Google Sans&weight=700&besteffort=false, URI content://com.google.android.gms.fonts [CONTEXT service_id=132 ]
09-10 14:53:54.057 3670 4141 I FontLog : Query [name=Google Sans&weight=700&besteffort=false] resolved to {Google Sans, wdth 100.0, wght 700, ital 0.0, bestEffort false} [CONTEXT service_id=132 ]
09-10 14:53:54.061 3670 4141 I FontLog : Font PFD returned from cache for {Google Sans, wdth 100.0, wght 700, ital 0.0, bestEffort false} [CONTEXT service_id=132 ]
09-10 14:53:54.061 3670 4141 I FontLog : Fetch {Google Sans, wdth 100.0, wght 700, ital 0.0, bestEffort false} end status Status{statusCode=SUCCESS, resolution=null} [CONTEXT service_id=132 ]
09-10 14:53:54.069 3670 4141 I FontLog : Pulling font file for id = 56, cache size = 52 [CONTEXT service_id=132 ]
09-10 14:53:54.072 7282 7318 E EGL_emulation: eglCreateContext: EGL_BAD_CONFIG: no ES 3.2 support
09-10 14:53:54.072 7282 7318 E EGL_emulation: tid 7318: eglCreateContext(1830): error 0x3005 (EGL_BAD_CONFIG)
09-10 14:53:54.072 7282 7318 E EGL_emulation: eglCreateContext: EGL_BAD_CONFIG: no ES 3.1 support
09-10 14:53:54.072 7282 7318 E EGL_emulation: tid 7318: eglCreateContext(1824): error 0x3005 (EGL_BAD_CONFIG)
09-10 14:53:54.075 3670 4141 I FontLog : Received query name=Noto Color Emoji Compat&weight=400&besteffort=false, URI content://com.google.android.gms.fonts [CONTEXT service_id=132 ]
09-10 14:53:54.075 3670 4141 I FontLog : Query [name=Noto Color Emoji Compat&weight=400&besteffort=false] resolved to {Noto Color Emoji Compat, wdth 100.0, wght 400, ital 0.0, bestEffort false} [CONTEXT service_id=132 ]
09-10 14:53:54.082 381 7340 I resolv : GetAddrInfoHandler::run: {0 786432 0 983040 10144 0}
09-10 14:53:54.086 1515 5199 W MediaProvider: isAppCloneUserPair for user 0: false
09-10 14:53:54.087 381 7341 I resolv : GetAddrInfoHandler::run: {0 786432 0 983040 10144 0}
09-10 14:53:54.088 3670 3790 I FontLog : Download failed for https://fonts.gstatic.com/s/a/directory025.pb [ERROR: UNUSED LOG ARGUMENTS] [CONTEXT service_id=132 ]
09-10 14:53:54.090 3670 3771 W FontLog : Connection failure for https://fonts.gstatic.com/s/a/directory025.pb [CONTEXT service_id=132 ]
09-10 14:53:54.090 3670 3771 W FontLog : java.util.concurrent.ExecutionException: bpsy: Failed to process request
09-10 14:53:54.090 3670 3771 W FontLog : at hkh.n(:com.google.android.gms@242632041@24.26.32 (190800-650348549):21)
09-10 14:53:54.090 3670 3771 W FontLog : at hkh.get(:com.google.android.gms@242632041@24.26.32 (190800-650348549):28)
09-10 14:53:54.090 3670 3771 W FontLog : at hkn.get(:com.google.android.gms@242632041@24.26.32 (190800-650348549):2)
09-10 14:53:54.090 3670 3771 W FontLog : at bbvj.run(:com.google.android.gms@242632041@24.26.32 (190800-650348549):13)
09-10 14:53:54.090 3670 3771 W FontLog : at anzz.c(:com.google.android.gms@242632041@24.26.32 (190800-650348549):50)
09-10 14:53:54.090 3670 3771 W FontLog : at anzz.run(:com.google.android.gms@242632041@24.26.32 (190800-650348549):76)
09-10 14:53:54.090 3670 3771 W FontLog : at java.util.concurrent.ThreadPoolExecutor.runWorker(ThreadPoolExecutor.java:1145)
09-10 14:53:54.090 3670 3771 W FontLog : at java.util.concurrent.ThreadPoolExecutor$Worker.run(ThreadPoolExecutor.java:644)
09-10 14:53:54.090 3670 3771 W FontLog : at aofk.run(:com.google.android.gms@242632041@24.26.32 (190800-650348549):8)
09-10 14:53:54.090 3670 3771 W FontLog : at java.lang.Thread.run(Thread.java:1012)
09-10 14:53:54.090 3670 3771 W FontLog : Caused by: bpsy: Failed to process request
09-10 14:53:54.090 3670 3771 W FontLog : at bpwp.b(:com.google.android.gms@242632041@24.26.32 (190800-650348549):19)
09-10 14:53:54.090 3670 3771 W FontLog : at bpxd.onFailed(:com.google.android.gms@242632041@24.26.32 (190800-650348549):15)
09-10 14:53:54.090 3670 3771 W FontLog : at m.ms.onFailed(:com.google.android.gms.dynamite_cronetdynamite@242632041@24.26.32 (190800-0):3)
09-10 14:53:54.090 3670 3771 W FontLog : at m.lt.run(:com.google.android.gms.dynamite_cronetdynamite@242632041@24.26.32 (190800-0):9)
09-10 14:53:54.090 3670 3771 W FontLog : ... 6 more
09-10 14:53:54.090 3670 3771 W FontLog : Caused by: m.mc: Exception in CronetUrlRequest: net::ERR_INTERNET_DISCONNECTED, ErrorCode=2, InternalErrorCode=-106, Retryable=false
09-10 14:53:54.090 3670 3771 W FontLog : at org.chromium.net.impl.CronetUrlRequest.onError(:com.google.android.gms.dynamite_cronetdynamite@242632041@24.26.32 (190800-0):4)
09-10 14:53:54.090 3670 3771 W FontLog : No resolver, short-circuit {Noto Color Emoji Compat, wdth 100.0, wght 400, ital 0.0, bestEffort false} for org.chromium.content_browsertests_apk to failure [CONTEXT service_id=132 ]
09-10 14:53:54.090 3670 4141 I FontLog : Fetch {Noto Color Emoji Compat, wdth 100.0, wght 400, ital 0.0, bestEffort false} end status Status{statusCode=Unavailable, resolution=null} [CONTEXT service_id=132 ]
09-10 14:53:54.092 3670 4141 I FontLog : Received query name=Google Sans Flex&weight=400&besteffort=false, URI content://com.google.android.gms.fonts [CONTEXT service_id=132 ]
09-10 14:53:54.092 3670 4141 I FontLog : Query [name=Google Sans Flex&weight=400&besteffort=false] resolved to {Google Sans Flex, wdth 100.0, wght 400, ital 0.0, bestEffort false} [CONTEXT service_id=132 ]
09-10 14:53:54.095 3670 4141 I FontLog : Font PFD returned from cache for {Google Sans Flex, wdth 100.0, wght 400, ital 0.0, bestEffort false} [CONTEXT service_id=132 ]
09-10 14:53:54.096 3670 4141 I FontLog : Fetch {Google Sans Flex, wdth 100.0, wght 400, ital 0.0, bestEffort false} end status Status{statusCode=SUCCESS, resolution=null} [CONTEXT service_id=132 ]
09-10 14:53:54.097 3670 4141 I FontLog : Pulling font file for id = 57, cache size = 53 [CONTEXT service_id=132 ]
09-10 14:53:54.100 3670 4141 I FontLog : Received query name=Google Sans&weight=400&besteffort=false, URI content://com.google.android.gms.fonts [CONTEXT service_id=132 ]
09-10 14:53:54.100 3670 4141 I FontLog : Query [name=Google Sans&weight=400&besteffort=false] resolved to {Google Sans, wdth 100.0, wght 400, ital 0.0, bestEffort false} [CONTEXT service_id=132 ]
09-10 14:53:54.100 3670 4141 I FontLog : Font PFD returned from cache for {Google Sans, wdth 100.0, wght 400, ital 0.0, bestEffort false} [CONTEXT service_id=132 ]
09-10 14:53:54.102 3670 4141 I FontLog : Fetch {Google Sans, wdth 100.0, wght 400, ital 0.0, bestEffort false} end status Status{statusCode=SUCCESS, resolution=null} [CONTEXT service_id=132 ]
09-10 14:53:54.107 3670 4141 I FontLog : Pulling font file for id = 58, cache size = 54 [CONTEXT service_id=132 ]
09-10 14:53:54.108 3670 4141 I FontLog : Received query name=Google Sans&weight=500&besteffort=false, URI content://com.google.android.gms.fonts [CONTEXT service_id=132 ]
09-10 14:53:54.109 3670 4141 I FontLog : Query [name=Google Sans&weight=500&besteffort=false] resolved to {Google Sans, wdth 100.0, wght 500, ital 0.0, bestEffort false} [CONTEXT service_id=132 ]
09-10 14:53:54.110 3670 4141 I FontLog : Font PFD returned from cache for {Google Sans, wdth 100.0, wght 500, ital 0.0, bestEffort false} [CONTEXT service_id=132 ]
09-10 14:53:54.110 3670 4141 I FontLog : Fetch {Google Sans, wdth 100.0, wght 500, ital 0.0, bestEffort false} end status Status{statusCode=SUCCESS, resolution=null} [CONTEXT service_id=132 ]
09-10 14:53:54.112 3670 4141 I FontLog : Pulling font file for id = 59, cache size = 55 [CONTEXT service_id=132 ]
09-10 14:53:54.135 1515 4876 W MediaProvider: isAppCloneUserPair for user 0: false
09-10 14:53:54.145 1515 5197 W MediaProvider: isAppCloneUserPair for user 0: false
09-10 14:53:54.150 1515 1802 W MediaProvider: isAppCloneUserPair for user 0: false
09-10 14:53:54.154 1515 5197 W MediaProvider: isAppCloneUserPair for user 0: false
09-10 14:53:54.157 7282 7318 E platform: Failed to open rendernode: No such file or directory
09-10 14:53:54.159 1515 2614 W MediaProvider: isAppCloneUserPair for user 0: false
09-10 14:53:54.166 7282 7318 D vulkan : searching for layers in '/data/app/~~Qgn2wqEAvH79GiouluTyOA==/org.chromium.content_browsertests_apk-RchFo_8uzwLoY5jHIGStww==/lib/x86_64'
09-10 14:53:54.168 1515 5888 W MediaProvider: isAppCloneUserPair for user 0: false
09-10 14:53:54.169 7282 7318 D vulkan : searching for layers in '/data/app/~~Qgn2wqEAvH79GiouluTyOA==/org.chromium.content_browsertests_apk-RchFo_8uzwLoY5jHIGStww==/base.apk!/lib/x86_64'
09-10 14:53:54.177 583 2343 V AutofillSession: Primary service component name: ComponentInfo{com.google.android.gms/com.google.android.gms.autofill.service.AutofillService}, secondary service component name: ComponentInfo{com.android.credentialmanager/com.android.credentialmanager.autofill.CredentialAutofillService}
09-10 14:53:54.177 583 2343 V SecondaryProviderHandler: Creating a secondary provider handler with component name, ComponentInfo{com.android.credentialmanager/com.android.credentialmanager.autofill.CredentialAutofillService}
09-10 14:53:54.178 583 2343 D RequestId: nextId(): requestId = 492
09-10 14:53:54.178 583 2343 W FillRequestEventLogger: Couldn't find packageName: com.google.android.inputmethod.latin
09-10 14:53:54.180 583 583 D AutofillInlineSuggestionsRequestSession: onCreateInlineSuggestionsRequestLocked called: 1073741824@2066206167
09-10 14:53:54.181 583 2343 W PresentationStatsEventLogger: Bad view state for: -1
09-10 14:53:54.181 583 600 D AutofillInlineSuggestionsRequestSession: onInlineSuggestionsSessionInvalidated() called.
09-10 14:53:54.185 7235 7235 I AssistStructure: Flattened final assist data: 1300 bytes, containing 1 windows, 6 views
09-10 14:53:54.185 583 2343 D AutofillSession: createPendingIntent for request 492
09-10 14:53:54.185 7282 7318 W chromium: [7282:7318:0910/145354.185225:WARNING:viz_main_impl.cc(85)] VizNullHypothesis is disabled (not a warning)
09-10 14:53:54.186 583 2343 D ContentCapturePerUserService: Notified activity assist data for activity: Token{cc6c793 ActivityRecord{8dd53cd u0 org.chromium.content_browsertests_apk/.ContentBrowserTestsActivity t23}} without a session Id
09-10 14:53:54.201 1515 4876 W MediaProvider: isAppCloneUserPair for user 0: false
09-10 14:53:54.262 7282 7358 E EGL_emulation: eglCreateContext: EGL_BAD_CONFIG: no ES 3.2 support
09-10 14:53:54.262 7282 7358 E EGL_emulation: tid 7358: eglCreateContext(1830): error 0x3005 (EGL_BAD_CONFIG)
09-10 14:53:54.262 7282 7358 E EGL_emulation: eglCreateContext: EGL_BAD_CONFIG: no ES 3.1 support
09-10 14:53:54.262 7282 7358 E EGL_emulation: tid 7358: eglCreateContext(1824): error 0x3005 (EGL_BAD_CONFIG)
09-10 14:53:54.272 7287 7287 I cr_ChildProcessService: Destroying ChildProcessService pid=7287
09-10 14:53:54.272 583 1810 I ActivityManager: Killing 7287:org.chromium.content_browsertests_apk:sandboxed_process0:org.chromium.content.app.SandboxedProcessService0:0/u0a208i42 (adj 0): isolated not needed
09-10 14:53:54.589 0 0 I binder : undelivered transaction 391620, process died.
09-10 14:53:54.591 0 0 I binder : send failed reply for transaction 391626 to 7235:7235
09-10 14:53:54.293 583 605 D DisplayManagerService: Drop pending events for gone uid 99042
09-10 14:53:54.296 382 382 I Zygote : Process 7287 exited due to signal 9 (Killed)
09-10 14:53:54.297 583 600 I ActivityManager: Killing 7303:org.chromium.content_browsertests_apk:sandboxed_process0:org.chromium.content.app.SandboxedProcessService0:1/u0a208i43 (adj 0): isolated not needed
09-10 14:53:54.298 583 618 I libprocessgroup: Removed cgroup /sys/fs/cgroup/uid_99042/pid_7287
09-10 14:53:54.616 0 0 I binder : release 7303:7342 transaction 391653 in, still active
09-10 14:53:54.618 0 0 I binder : send failed reply for transaction 391653 to 7235:7268
09-10 14:53:54.318 382 382 I Zygote : Process 7303 exited cleanly (0)
09-10 14:53:54.318 583 618 I libprocessgroup: Removed cgroup /sys/fs/cgroup/uid_99043/pid_7303
09-10 14:53:54.621 0 0 I binder : undelivered transaction 391673, process died.
09-10 14:53:54.325 583 605 D DisplayManagerService: Drop pending events for gone uid 99043
09-10 14:53:54.624 0 0 I binder : undelivered transaction 391675, process died.
09-10 14:53:54.626 0 0 I binder : undelivered transaction 391672, process died.
09-10 14:53:54.335 7235 7235 I ImeTracker: org.chromium.content_browsertests_apk:test_process:f1448d03: onRequestHide at ORIGIN_CLIENT reason HIDE_SOFT_INPUT_CLOSE_CURRENT_SESSION fromUser false
09-10 14:53:54.336 583 726 I ImeTracker: org.chromium.content_browsertests_apk:test_process:f1448d03: onCancelled at PHASE_SERVER_SHOULD_HIDE
09-10 14:53:54.344 1515 5199 W MediaProvider: isAppCloneUserPair for user 0: false
09-10 14:53:54.347 1515 5202 W MediaProvider: isAppCloneUserPair for user 0: false
09-10 14:53:54.356 1515 5197 W MediaProvider: isAppCloneUserPair for user 0: false
09-10 14:53:54.370 1515 1803 W MediaProvider: isAppCloneUserPair for user 0: false
09-10 14:53:54.381 1515 5202 W MediaProvider: isAppCloneUserPair for user 0: false
09-10 14:53:54.389 992 1046 V WindowManagerShell: Transition requested (#33): android.os.BinderProxy@7ebd3db TransitionRequestInfo { type = CLOSE, triggerTask = TaskInfo{userId=0 taskId=23 displayId=0 isRunning=false baseIntent=Intent { act=android.intent.action.MAIN flg=0x10000000 cmp=org.chromium.content_browsertests_apk/.ContentBrowserTestsActivity } baseActivity=null topActivity=null origActivity=null realActivity=ComponentInfo{org.chromium.content_browsertests_apk/org.chromium.content_browsertests_apk.ContentBrowserTestsActivity} numActivities=0 lastActiveTime=271992 supportsMultiWindow=true resizeMode=1 isResizeable=true minWidth=-1 minHeight=-1 defaultMinSize=220 token=WCT{android.window.IWindowContainerToken$Stub$Proxy@581e78} topActivityType=1 pictureInPictureParams=null shouldDockBigOverlays=false launchIntoPipHostTaskId=-1 lastParentTaskIdBeforePip=-1 displayCutoutSafeInsets=null topActivityInfo=null launchCookies=[] positionInParent=Point(0, 0) parentTaskId=-1 isFocused=true isVisible=true isVisibleRequested=true isSleeping=false locusId=null displayAreaFeatureId=1 isTopActivityTransparent=false appCompatTaskInfo=AppCompatTaskInfo { topActivityInSizeCompat=false topActivityEligibleForLetterboxEducation= falseisLetterboxEducationEnabled= false isLetterboxDoubleTapEnabled= false topActivityEligibleForUserAspectRatioButton= false topActivityBoundsLetterboxed= false isFromLetterboxDoubleTap= false topActivityLetterboxVerticalPosition= -1 topActivityLetterboxHorizontalPosition= -1 topActivityLetterboxWidth=-1 topActivityLetterboxHeight=-1 isUserFullscreenOverrideEnabled=false isSystemFullscreenOverrideEnabled=false cameraCompatTaskInfo=CameraCompatTaskInfo { cameraCompatControlState=hidden freeformCameraCompatMode=inactive}}}, pipTask = null, remoteTransition = null, displayChange = null, flags = 0, debugId = 33 }
09-10 14:53:54.393 1255 1255 I TopTaskTracker: onTaskMovedToFront: (moved taskInfo to front) taskId=7, baseIntent=Intent { act=android.intent.action.MAIN cat=[android.intent.category.HOME] flg=0x10000100 cmp=com.google.android.apps.nexuslauncher/.NexusLauncherActivity }
09-10 14:53:54.396 5120 5120 I Process : Sending signal. PID: 7235 SIG: 9
09-10 14:53:54.397 453 453 I BpBinder: onLastStrongRef automatically unlinking death recipients:
09-10 14:53:54.430 382 382 I Zygote : Process 7235 exited due to signal 9 (Killed)
09-10 14:53:54.431 583 1810 I ImeTracker: org.chromium.content_browsertests_apk:f082f7fa: onRequestHide at ORIGIN_SERVER reason HIDE_REMOVE_CLIENT fromUser false
09-10 14:53:54.431 583 1810 I ImeTracker: org.chromium.content_browsertests_apk:f082f7fa: onCancelled at PHASE_SERVER_SHOULD_HIDE
09-10 14:53:54.431 583 600 D AutofillSession: handling death of Token{cc6c793 ActivityRecord{8dd53cd u0 org.chromium.content_browsertests_apk/.ContentBrowserTestsActivity t23 f}}} when saving=false
09-10 14:53:54.432 583 605 D AutofillUI: destroySaveUiUiThread(): already destroyed
09-10 14:53:54.432 583 1811 I WindowManager: WIN DEATH: Window{63a3763 u0 org.chromium.content_browsertests_apk/org.chromium.content_browsertests_apk.ContentBrowserTestsActivity}
09-10 14:53:54.432 583 1811 W InputManager-JNI: Input channel object '63a3763 org.chromium.content_browsertests_apk/org.chromium.content_browsertests_apk.ContentBrowserTestsActivity (client)' was disposed without first being removed with the input manager!
09-10 14:53:54.432 583 917 D ConnectivityService: releasing NetworkRequest [ REQUEST id=197, [ Capabilities: INTERNET&NOT_RESTRICTED&TRUSTED&NOT_VCN_MANAGED&NOT_BANDWIDTH_CONSTRAINED Uid: 10208 RequestorUid: 10208 RequestorPkg: org.chromium.content_browsertests_apk UnderlyingNetworks: Null] ] (release request)
09-10 14:53:54.433 583 1815 I ActivityManager: Process org.chromium.content_browsertests_apk:test_process (pid 7235) has died: fg TOP
09-10 14:53:54.434 583 618 I libprocessgroup: Removed cgroup /sys/fs/cgroup/uid_10208/pid_7235
09-10 14:53:54.439 583 679 I AppWidgetServiceImpl: startListening() 0
09-10 14:53:54.439 583 607 W ActivityManager: setHasOverlayUi called on unknown pid: 7235
09-10 14:53:54.441 1255 1255 D StatsLog: LAUNCHER_ONRESUME
09-10 14:53:54.441 992 1046 D WindowManagerShell: setLauncherKeepClearAreaHeight: visible=true, height=525
09-10 14:53:54.444 583 1614 W AppSearchIcing: icing-search-engine.cc:321: Error: 5, Message: Document (com.google.android.googlequicksearchbox$OneSearchZeroStateGoogleSuggestions/default, zp) not found.
09-10 14:53:54.445 583 601 W OptProp : Cannot read opt property android.window.PROPERTY_COMPAT_ALLOW_USER_ASPECT_RATIO_OVERRIDE
09-10 14:53:54.445 1255 2183 D OneSearchSuggestProvider: AppSearch 0-state cache not available, fallback to AGA
09-10 14:53:54.445 1255 2183 D OneSearchSuggestProvider: java.util.concurrent.CompletionException: java.util.NoSuchElementException: No value present
09-10 14:53:54.445 1255 2183 D OneSearchSuggestProvider: at java.util.concurrent.CompletableFuture.encodeThrowable(CompletableFuture.java:308)
09-10 14:53:54.445 1255 2183 D OneSearchSuggestProvider: at java.util.concurrent.CompletableFuture.completeThrowable(CompletableFuture.java:323)
09-10 14:53:54.445 1255 2183 D OneSearchSuggestProvider: at java.util.concurrent.CompletableFuture$UniAccept.tryFire(CompletableFuture.java:684)
09-10 14:53:54.445 1255 2183 D OneSearchSuggestProvider: at java.util.concurrent.CompletableFuture.postComplete(CompletableFuture.java:486)
09-10 14:53:54.445 1255 2183 D OneSearchSuggestProvider: at java.util.concurrent.CompletableFuture.completeExceptionally(CompletableFuture.java:2138)
09-10 14:53:54.445 1255 2183 D OneSearchSuggestProvider: at com.google.android.apps.nexuslauncher.allapps.E0.onResult(go/retraceme 31f9979659277bb965985aff1272c33e3c3c9e755b77166d20a2465454178f2c:67)
09-10 14:53:54.445 1255 2183 D OneSearchSuggestProvider: at android.app.appsearch.SearchSessionUtil$1.lambda$onResult$0(go/retraceme 64eee9e9f568ff45978879ad2ff83146f2618ee8a88278736fbdf5fae931976e:144)
09-10 14:53:54.445 1255 2183 D OneSearchSuggestProvider: at android.app.appsearch.SearchSessionUtil$1.$r8$lambda$CEk3q8sDAQVhU3rQwVueB8FAj_M(go/retraceme 64eee9e9f568ff45978879ad2ff83146f2618ee8a88278736fbdf5fae931976e:1)
09-10 14:53:54.445 1255 2183 D OneSearchSuggestProvider: at android.app.appsearch.SearchSessionUtil$1$$ExternalSyntheticLambda0.run(go/retraceme 64eee9e9f568ff45978879ad2ff83146f2618ee8a88278736fbdf5fae931976e:22)
09-10 14:53:54.445 1255 2183 D OneSearchSuggestProvider: at android.os.Handler.handleCallback(Handler.java:959)
09-10 14:53:54.445 1255 2183 D OneSearchSuggestProvider: at android.os.Handler.dispatchMessage(Handler.java:100)
09-10 14:53:54.445 1255 2183 D OneSearchSuggestProvider: at android.os.Looper.loopOnce(Looper.java:232)
09-10 14:53:54.445 1255 2183 D OneSearchSuggestProvider: at android.os.Looper.loop(Looper.java:317)
09-10 14:53:54.445 1255 2183 D OneSearchSuggestProvider: at android.os.HandlerThread.run(HandlerThread.java:85)
09-10 14:53:54.445 1255 2183 D OneSearchSuggestProvider: Caused by: java.util.NoSuchElementException: No value present
09-10 14:53:54.445 1255 2183 D OneSearchSuggestProvider: at java.util.Optional.get(Optional.java:143)
09-10 14:53:54.445 1255 2183 D OneSearchSuggestProvider: at com.google.android.apps.nexuslauncher.allapps.E0.onResult(go/retraceme 31f9979659277bb965985aff1272c33e3c3c9e755b77166d20a2465454178f2c:28)
09-10 14:53:54.445 1255 2183 D OneSearchSuggestProvider: ... 8 more
09-10 14:53:54.445 583 601 W OptProp : Cannot read opt property android.window.PROPERTY_COMPAT_ALLOW_USER_ASPECT_RATIO_FULLSCREEN_OVERRIDE
09-10 14:53:54.445 583 601 W OptProp : Cannot read opt property android.window.PROPERTY_COMPAT_ALLOW_ORIENTATION_OVERRIDE
09-10 14:53:54.445 583 601 V GrammaticalInflectionUtils: AttributionSource: AttributionSource { uid = 10208, packageName = null, attributionTag = null, token = android.os.Binder@7b78a50, deviceId = 0, next = null } does not have READ_SYSTEM_GRAMMATICAL_GENDER permission.
09-10 14:53:54.445 583 601 W OptProp : Cannot read opt property android.window.PROPERTY_COMPAT_ALLOW_RESIZEABLE_ACTIVITY_OVERRIDES
09-10 14:53:54.446 583 601 W OptProp : Cannot read opt property android.window.PROPERTY_COMPAT_ALLOW_MIN_ASPECT_RATIO_OVERRIDE
09-10 14:53:54.451 1255 2183 D OneSearchSuggestProvider: Created the binder channel successfully for end point service =com.google.android.apps.search.googleapp.search.suggest.plugins.onesearch.server.OneSearchSuggestService , mChannel=i1{delegate=f{logId=55, target=directaddress:///AndroidComponentAddress%5BIntent%20%7B%20act=grpc.io.action.BIND%20cmp=com.google.android.googlequicksearchbox/com.google.android.apps.search.googleapp.search.suggest.plugins.onesearch.server.OneSearchSuggestService%20%7D%5D}} , mOneSearchConnection=l2.Z@514646d
09-10 14:53:54.460 382 382 I Zygote : Process 7282 exited cleanly (0)
09-10 14:53:54.462 583 601 V SplashScreenExceptionList: SplashScreen checking exception for package org.chromium.content_browsertests_apk (target sdk:35) -> false
09-10 14:53:54.761 0 0 I binder : undelivered transaction 392059, process died.
09-10 14:53:54.465 992 1092 D SplashScreenView: Build android.window.SplashScreenView{244c5b6 V.E...... ......ID 0,0-0,0}
09-10 14:53:54.465 992 1092 D SplashScreenView: Icon: view: null drawable: null size: 0
09-10 14:53:54.465 992 1092 D SplashScreenView: Branding: view: android.view.View{c49d2b7 G.ED..... ......I. 0,0-0,0 #1020503 android:id/splashscreen_branding_view} drawable: null size w: 0 h: 0
09-10 14:53:54.466 583 601 I ActivityTaskManager: Add Task{3535482 #23 type=standard A=10208:org.chromium.content_browsertests_apk} to hidden list because adding Task{f9dc02d #24 type=standard A=10208:org.chromium.content_browsertests_apk}
09-10 14:53:54.467 381 381 I netd : tetherGetStats() -> {[]} <3.96ms>
09-10 14:53:54.468 583 2432 I ActivityManager: Process org.chromium.content_browsertests_apk:privileged_process0 (pid 7282) has died: fg SVC
09-10 14:53:54.468 583 618 I libprocessgroup: Removed cgroup /sys/fs/cgroup/uid_10208/pid_7282
09-10 14:53:54.469 4025 4025 I A : (REDACTED) Created gRPC endpoint for service %s
09-10 14:53:54.471 1255 1303 D QuickstepModelDelegate: notifyAppTargetEvent action=1 launchLocation=workspace/0/[-1,-1]/[1,1]
09-10 14:53:54.477 583 601 I ActivityTaskManager: START u0 {act=android.intent.action.MAIN flg=0x10000000 cmp=org.chromium.content_browsertests_apk/.ContentBrowserTestsActivity (has extras)} with LAUNCH_SINGLE_TASK from uid 10208 (BAL_ALLOW_PERMISSION) result code=0
09-10 14:53:54.479 1255 1255 D VRI[NexusLauncherActivity]: visibilityChanged oldVisibility=false newVisibility=true
09-10 14:53:54.479 1255 1255 D NexusLauncherModelDelegate: notifySmartspaceEvent: SmartspaceTargetEvent{mSmartspaceTarget=null, mSmartspaceActionId='null', mEventType=6}
09-10 14:53:54.479 1537 1886 I AiAiEcho: Predicting[0]: [CONTEXT sampling_count=5 ]
09-10 14:53:54.479 1537 1886 I AiAiEcho: EchoTargets:
09-10 14:53:54.479 1537 1886 I AiAiEcho: Filtered by AiAi flag check:
09-10 14:53:54.479 1537 1886 I AiAiEcho: [CONTEXT ratelimit_period="10 SECONDS" ]
09-10 14:53:54.479 1537 1886 I AiAiEcho: Ranked targets strategy: SORT, count: 0, ranking metadata: [CONTEXT ratelimit_period="10 SECONDS" ]
09-10 14:53:54.480 1537 1886 I AiAiEcho: #remoteViewsTwiddler: feature disabled.
09-10 14:53:54.481 1537 1886 I AiAiEcho: #postPredictionTargets: Sending updates to UISurface home with targets# 0 (types=[])
09-10 14:53:54.487 1255 1255 D BaseDepthController: setSurface:
09-10 14:53:54.487 1255 1255 D BaseDepthController: mWaitingOnSurfaceValidity: false
09-10 14:53:54.487 1255 1255 D BaseDepthController: mSurface: Surface(name=com.google.android.apps.nexuslauncher/com.google.android.apps.nexuslauncher.NexusLauncherActivity)/@0x668f0d3
09-10 14:53:54.488 583 608 W ActivityTaskManager: Unable to send transaction to client proc org.chromium.content_browsertests_apk:test_process: no app thread
09-10 14:53:54.488 583 1832 D CoreBackPreview: Window{bbda8c8 u0 Splash Screen org.chromium.content_browsertests_apk}: Setting back callback OnBackInvokedCallbackInfo{mCallback=android.window.IOnBackInvokedCallback$Stub$Proxy@abea086, mPriority=0, mIsAnimationCallback=false}
09-10 14:53:54.495 583 607 V GrammaticalInflectionUtils: AttributionSource: AttributionSource { uid = 10208, packageName = null, attributionTag = null, token = android.os.Binder@7b78a50, deviceId = 0, next = null } does not have READ_SYSTEM_GRAMMATICAL_GENDER permission.
09-10 14:53:54.497 505 505 W IPCThreadState: Sending oneway calls to frozen process.
09-10 14:53:54.504 382 382 D Zygote : Forked child process 7366
09-10 14:53:54.505 583 617 I ActivityManager: Start proc 7366:org.chromium.content_browsertests_apk:test_process/u0a208 for next-top-activity {org.chromium.content_browsertests_apk/org.chromium.content_browsertests_apk.ContentBrowserTestsActivity}
09-10 14:53:54.522 7366 7366 I pk:test_process: Using CollectorTypeCMC GC.
09-10 14:53:54.523 7366 7366 W pk:test_process: Unexpected CPU variant for x86: x86_64.
09-10 14:53:54.523 7366 7366 W pk:test_process: Known variants: atom, sandybridge, silvermont, goldmont, goldmont-plus, goldmont-without-sha-xsaves, tremont, kabylake, default
09-10 14:53:54.526 7366 7366 E pk:test_process: Not starting debugger since process cannot load the jdwp agent.
09-10 14:53:54.531 1255 1255 W SplitSelectStateCtor: Missing session instanceIds
09-10 14:53:54.531 1255 1255 D StatsLog: LAUNCHER_SPLIT_SELECTION_EXIT_INTERRUPTED
09-10 14:53:54.533 992 1046 D WindowManagerShell: setLauncherKeepClearAreaHeight: visible=false, height=525
09-10 14:53:54.533 7366 7366 D nativeloader: Load libframework-connectivity-tiramisu-jni.so using APEX ns com_android_tethering for caller /apex/com.android.tethering/javalib/framework-connectivity-t.jar: ok
09-10 14:53:54.537 1255 1255 I TopTaskTracker: onTaskMovedToFront: (moved taskInfo to front) taskId=24, baseIntent=Intent { act=android.intent.action.MAIN flg=0x10000000 cmp=org.chromium.content_browsertests_apk/.ContentBrowserTestsActivity }
09-10 14:53:54.537 1255 1255 D SsBaseTemplateCard: No text view can be set up
09-10 14:53:54.537 1255 1255 D SsBaseTemplateCard: Passed-in item info is null
09-10 14:53:54.537 1255 1255 D SsBaseTemplateCard: Passed-in item info is null
09-10 14:53:54.537 1255 1255 D SsBaseTemplateCard: Passed-in item info is null
09-10 14:53:54.537 1255 1255 I SsBaseTemplateCard: Secondary card pane is null
09-10 14:53:54.558 7366 7366 D ApplicationLoaders: Returning zygote-cached class loader: /system/framework/android.test.base.jar
09-10 14:53:54.561 7366 7366 D nativeloader: Configuring clns-7 for other apk /system/framework/android.test.mock.jar. target_sdk_version=35, uses_libraries=ALL, library_path=/data/app/~~Qgn2wqEAvH79GiouluTyOA==/org.chromium.content_browsertests_apk-RchFo_8uzwLoY5jHIGStww==/lib/x86_64:/data/app/~~Qgn2wqEAvH79GiouluTyOA==/org.chromium.content_browsertests_apk-RchFo_8uzwLoY5jHIGStww==/base.apk!/lib/x86_64, permitted_path=/data:/mnt/expand:/data/user/0/org.chromium.content_browsertests_apk
09-10 14:53:54.563 7366 7366 D ApplicationLoaders: Returning zygote-cached class loader: /system/framework/android.test.base.jar
09-10 14:53:54.565 7366 7366 D nativeloader: Configuring clns-8 for other apk /system/framework/android.test.runner.jar. target_sdk_version=35, uses_libraries=ALL, library_path=/data/app/~~Qgn2wqEAvH79GiouluTyOA==/org.chromium.content_browsertests_apk-RchFo_8uzwLoY5jHIGStww==/lib/x86_64:/data/app/~~Qgn2wqEAvH79GiouluTyOA==/org.chromium.content_browsertests_apk-RchFo_8uzwLoY5jHIGStww==/base.apk!/lib/x86_64, permitted_path=/data:/mnt/expand:/data/user/0/org.chromium.content_browsertests_apk
09-10 14:53:54.565 7366 7366 D ApplicationLoaders: Returning zygote-cached class loader: /system_ext/framework/androidx.window.extensions.jar
09-10 14:53:54.569 381 7376 I resolv : GetAddrInfoHandler::run: {0 262144 0 983040 10143 0}
09-10 14:53:54.570 381 7377 I resolv : GetAddrInfoHandler::run: {0 262144 0 983040 10143 0}
09-10 14:53:54.573 4025 4139 W A : CompleteServer request has failed and can't show offline suggestions.
09-10 14:53:54.573 4025 4139 W A : com.google.frameworks.client.data.android.ac: Http networking stack error
09-10 14:53:54.573 4025 4139 W A : at com.google.frameworks.client.data.android.x.run(PG:36)
09-10 14:53:54.573 4025 4139 W A : at com.google.android.libraries.k.x.run(PG:3)
09-10 14:53:54.573 4025 4139 W A : at com.google.common.n.c.c.run(PG:50)
09-10 14:53:54.573 4025 4139 W A : at com.google.android.libraries.k.e.run(PG:8)
