09-10 14:53:21.280 5810 5842 W chromium: [5810:5842:0910/145321.279792:WARNING:dns_config_service_android.cc(81)] Failed to read DnsConfig.
09-10 14:53:21.333 1515 2614 W MediaProvider: isAppCloneUserPair for user 0: false
09-10 14:53:21.336 583 1151 D OomAdjuster: Not killing cached processes
09-10 14:53:21.344 505 505 W IPCThreadState: Sending oneway calls to frozen process.
09-10 14:53:21.350 1515 5199 W MediaProvider: isAppCloneUserPair for user 0: false
09-10 14:53:21.353 1515 5197 W MediaProvider: isAppCloneUserPair for user 0: false
09-10 14:53:21.356 1515 4876 W MediaProvider: isAppCloneUserPair for user 0: false
09-10 14:53:21.358 5810 5810 D CompatChangeReporter: Compat change id reported: 63938206; UID 10208; state: ENABLED
09-10 14:53:21.360 1515 1802 W MediaProvider: isAppCloneUserPair for user 0: false
09-10 14:53:21.361 992 1091 W WindowOnBackDispatcher: sendCancelIfRunning: isInProgress=false callback=android.view.ViewRootImpl$$ExternalSyntheticLambda11@73cdd13
09-10 14:53:21.362 583 1151 D CoreBackPreview: Window{7714532 u0 Splash Screen org.chromium.content_browsertests_apk EXITING}: Setting back callback null
09-10 14:53:21.363 583 678 W InputManager-JNI: Input channel object '7714532 Splash Screen org.chromium.content_browsertests_apk (client)' was disposed without first being removed with the input manager!
09-10 14:53:21.374 1515 5202 W MediaProvider: isAppCloneUserPair for user 0: false
09-10 14:53:21.382 5810 5810 D CompatChangeReporter: Compat change id reported: 303326708; UID 10208; state: ENABLED
09-10 14:53:21.386 1255 1255 D BaseDepthController: setSurface:
09-10 14:53:21.386 1255 1255 D BaseDepthController: mWaitingOnSurfaceValidity: false
09-10 14:53:21.386 1255 1255 D BaseDepthController: mSurface: null
09-10 14:53:21.386 1255 1255 D BaseDepthController: mSurface is null and mCurrentBlur is: 0
09-10 14:53:21.388 1255 1255 D StateManager: goToState - fromState: Normal, toState: Normal, partial trace:
09-10 14:53:21.388 1255 1255 D StateManager: at com.android.launcher3.statemanager.StateManager.moveToRestState(go/retraceme 31f9979659277bb965985aff1272c33e3c3c9e755b77166d20a2465454178f2c:4)
09-10 14:53:21.388 1255 1255 D StateManager: at com.android.launcher3.statemanager.StateManager.moveToRestState(go/retraceme 31f9979659277bb965985aff1272c33e3c3c9e755b77166d20a2465454178f2c:1)
09-10 14:53:21.388 1255 1255 D StateManager: at com.android.launcher3.statemanager.StatefulActivity.onStop(go/retraceme 31f9979659277bb965985aff1272c33e3c3c9e755b77166d20a2465454178f2c:34)
09-10 14:53:21.391 1255 1255 D StatsLog: LAUNCHER_ONSTOP
09-10 14:53:21.392 583 2342 I AppWidgetServiceImpl: setAppWidgetHidden() 0
09-10 14:53:21.393 1255 1255 D StatsLog: LAUNCHER_GOOGLE_SEARCH_RESTORE_LIST_SIZE_AFTER_ACTIVITY_RESTART
09-10 14:53:21.393 1255 1255 D NexusLauncherModelDelegate: notifySmartspaceEvent: SmartspaceTargetEvent{mSmartspaceTarget=null, mSmartspaceActionId='null', mEventType=7}
09-10 14:53:21.396 1515 5201 W MediaProvider: isAppCloneUserPair for user 0: false
09-10 14:53:21.398 1255 1255 D NexusLauncherModelDelegate: notifySmartspaceEvent: SmartspaceTargetEvent{mSmartspaceTarget=null, mSmartspaceActionId='null', mEventType=7}
09-10 14:53:21.399 381 381 I netd : tetherGetStats() -> {[]} <6.75ms>
09-10 14:53:21.405 1255 2183 D OneSearchSuggestProvider: Shut down the binder channel
09-10 14:53:21.410 992 1091 W FrameTracker: Missed App frame:UNKNOWN: 10, 23710, 0, CUJ=J<SPLASHSCREEN_EXIT_ANIM>
09-10 14:53:21.410 992 1091 W FrameTracker: Missed SF frame:UNKNOWN: 10, 23710, 0, CUJ=J<SPLASHSCREEN_EXIT_ANIM>
09-10 14:53:21.410 992 1091 W FrameTracker: Missing HWUI jank callback for vsyncId: 23710, CUJ=J<SPLASHSCREEN_EXIT_ANIM>
09-10 14:53:21.410 992 1091 W FrameTracker: Missed App frame:UNKNOWN: 328, 23731, 53604791, CUJ=J<SPLASHSCREEN_EXIT_ANIM>
09-10 14:53:21.410 992 1091 W FrameTracker: Missed App frame:UNKNOWN: 74, 23746, 0, CUJ=J<SPLASHSCREEN_EXIT_ANIM>
09-10 14:53:21.410 992 1091 W FrameTracker: Missed SF frame:UNKNOWN: 74, 23746, 0, CUJ=J<SPLASHSCREEN_EXIT_ANIM>
09-10 14:53:21.410 992 1091 W FrameTracker: Missing HWUI jank callback for vsyncId: 23746, CUJ=J<SPLASHSCREEN_EXIT_ANIM>
09-10 14:53:21.410 992 1091 W FrameTracker: Missed App frame:UNKNOWN: 328, 23754, 0, CUJ=J<SPLASHSCREEN_EXIT_ANIM>
09-10 14:53:21.410 992 1091 W FrameTracker: Missing HWUI jank callback for vsyncId: 23754, CUJ=J<SPLASHSCREEN_EXIT_ANIM>
09-10 14:53:21.410 992 1091 W FrameTracker: Missed App frame:UNKNOWN: 74, 23769, 139466038, CUJ=J<SPLASHSCREEN_EXIT_ANIM>
09-10 14:53:21.410 992 1091 W FrameTracker: Missed SF frame:UNKNOWN: 74, 23769, 139466038, CUJ=J<SPLASHSCREEN_EXIT_ANIM>
09-10 14:53:21.410 992 1091 W FrameTracker: Missed SF frame:UNKNOWN: 66, 23785, 137563806, CUJ=J<SPLASHSCREEN_EXIT_ANIM>
09-10 14:53:21.410 992 1091 W FrameTracker: Missed SF frame:UNKNOWN: 66, 23794, 145924012, CUJ=J<SPLASHSCREEN_EXIT_ANIM>
09-10 14:53:21.410 992 1091 W FrameTracker: Missed App frame:UNKNOWN: 72, 23818, 0, CUJ=J<SPLASHSCREEN_EXIT_ANIM>
09-10 14:53:21.410 992 1091 W FrameTracker: Missing HWUI jank callback for vsyncId: 23818, CUJ=J<SPLASHSCREEN_EXIT_ANIM>
09-10 14:53:21.410 992 1067 V PerfettoTrigger: Not triggering com.android.telemetry.interaction-jank-monitor-39 - not enough time since last trigger
09-10 14:53:21.415 1255 2739 I IPCThreadState: oneway function results for code 2 on binder at 0x79edbcb78e90 will be dropped but finished with status UNKNOWN_TRANSACTION
09-10 14:53:21.417 583 1151 D ConnectivityService: requestNetwork for uid/pid:10208/5810 activeRequest: null callbackRequest: 169 [NetworkRequest [ REQUEST id=170, [ Capabilities: INTERNET&NOT_RESTRICTED&TRUSTED&NOT_VCN_MANAGED&NOT_BANDWIDTH_CONSTRAINED Uid: 10208 RequestorUid: 10208 RequestorPkg: org.chromium.content_browsertests_apk UnderlyingNetworks: Null] ]] callback flags: 0 order: 2147483647 isUidTracked: false
09-10 14:53:21.421 583 910 D OemPaidWifiNetworkFactory: got request NetworkRequest [ REQUEST id=170, [ Capabilities: INTERNET&NOT_RESTRICTED&TRUSTED&NOT_VCN_MANAGED&NOT_BANDWIDTH_CONSTRAINED Uid: 10208 RequestorUid: 10208 RequestorPkg: org.chromium.content_browsertests_apk UnderlyingNetworks: Null] ]
09-10 14:53:21.421 583 910 D MultiInternetWifiNetworkFactory: got request NetworkRequest [ REQUEST id=170, [ Capabilities: INTERNET&NOT_RESTRICTED&TRUSTED&NOT_VCN_MANAGED&NOT_BANDWIDTH_CONSTRAINED Uid: 10208 RequestorUid: 10208 RequestorPkg: org.chromium.content_browsertests_apk UnderlyingNetworks: Null] ]
09-10 14:53:21.421 583 910 D WifiNetworkFactory: got request NetworkRequest [ REQUEST id=170, [ Capabilities: INTERNET&NOT_RESTRICTED&TRUSTED&NOT_VCN_MANAGED&NOT_BANDWIDTH_CONSTRAINED Uid: 10208 RequestorUid: 10208 RequestorPkg: org.chromium.content_browsertests_apk UnderlyingNetworks: Null] ]
09-10 14:53:21.421 583 910 D UntrustedWifiNetworkFactory: got request NetworkRequest [ REQUEST id=170, [ Capabilities: INTERNET&NOT_RESTRICTED&TRUSTED&NOT_VCN_MANAGED&NOT_BANDWIDTH_CONSTRAINED Uid: 10208 RequestorUid: 10208 RequestorPkg: org.chromium.content_browsertests_apk UnderlyingNetworks: Null] ]
09-10 14:53:21.429 583 917 D ConnectivityService: NetReassign [no changes] [c 0] [a 0] [i 0]
09-10 14:53:21.431 583 917 D ConnectivityService: NetReassign [no changes] [c 0] [a 0] [i 1]
09-10 14:53:21.431 1515 5198 W MediaProvider: isAppCloneUserPair for user 0: false
09-10 14:53:21.443 583 1812 I Telecom : TelecomServiceImpl$1: isInEmergencyCall: false: TSI.iIEC@AQ8🔒
09-10 14:53:21.444 583 726 I ImeTracker: org.chromium.content_browsertests_apk:ba980fe7: onRequestHide at ORIGIN_SERVER reason HIDE_UNSPECIFIED_WINDOW fromUser false
09-10 14:53:21.444 583 726 I ImeTracker: org.chromium.content_browsertests_apk:ba980fe7: onCancelled at PHASE_SERVER_SHOULD_HIDE
09-10 14:53:21.447 1515 5199 W MediaProvider: isAppCloneUserPair for user 0: false
09-10 14:53:21.453 5810 5810 D AutofillManager: notifyViewReadyInner:1073741824
09-10 14:53:21.455 1255 1927 D EGL_emulation: app_time_stats: avg=244.16ms min=7.44ms max=1579.00ms count=7
09-10 14:53:21.457 3955 3955 I GoogleInputMethodService: GoogleInputMethodService.onFinishInput():3157
09-10 14:53:21.465 3955 3955 I GoogleInputMethodService: GoogleInputMethodService.updateDeviceLockedStatus():2248 repeatCheckTimes = 0, locked = false
09-10 14:53:21.465 3955 3955 I GoogleInputMethodService: GoogleInputMethodService.onStartInput():1986 onStartInput(EditorInfo{EditorInfo{packageName=org.chromium.content_browsertests_apk, inputType=0, inputTypeString=NULL, enableLearning=false, autoCorrection=false, autoComplete=false, imeOptions=12000000, privateImeOptions=null, actionName=UNSPECIFIED, actionLabel=null, initialSelStart=-1, initialSelEnd=-1, initialCapsMode=0, label=null, fieldId=0, fieldName=null, extras=null, hintText=null, hintLocales=[]}}, false)
09-10 14:53:21.470 3955 3955 I GoogleInputMethodService: GoogleInputMethodService.updateDeviceLockedStatus():2248 repeatCheckTimes = 1, locked = false
09-10 14:53:21.472 3955 3955 I AndroidIME: InputBundleManager.loadActiveInputBundleId():450 loadActiveInputBundleId: und-Latn-x-password, password
09-10 14:53:21.479 1515 1802 W MediaProvider: isAppCloneUserPair for user 0: false
09-10 14:53:21.481 583 1812 W PackageConfigPersister: App-specific configuration not found for packageName: org.chromium.content_browsertests_apk and userId: 0
09-10 14:53:21.491 583 2342 V GrammaticalInflectionUtils: AttributionSource: AttributionSource { uid = 10208, packageName = null, attributionTag = null, token = android.os.Binder@7b78a50, deviceId = 0, next = null } does not have READ_SYSTEM_GRAMMATICAL_GENDER permission.
09-10 14:53:21.502 382 382 D Zygote : Forked child process 5855
09-10 14:53:21.507 583 617 I ActivityManager: Start proc 5855:org.chromium.content_browsertests_apk:privileged_process0/u0a208 for service {org.chromium.content_browsertests_apk/org.chromium.content.app.PrivilegedProcessService0}
09-10 14:53:21.555 5855 5855 I ileged_process0: Using CollectorTypeCMC GC.
09-10 14:53:21.557 5855 5855 W ileged_process0: Unexpected CPU variant for x86: x86_64.
09-10 14:53:21.557 5855 5855 W ileged_process0: Known variants: atom, sandybridge, silvermont, goldmont, goldmont-plus, goldmont-without-sha-xsaves, tremont, kabylake, default
09-10 14:53:21.565 5855 5855 E ileged_process0: Not starting debugger since process cannot load the jdwp agent.
09-10 14:53:21.591 5855 5855 D nativeloader: Load libframework-connectivity-tiramisu-jni.so using APEX ns com_android_tethering for caller /apex/com.android.tethering/javalib/framework-connectivity-t.jar: ok
09-10 14:53:21.611 5810 5847 W cr_media: BLUETOOTH_CONNECT permission is missing.
09-10 14:53:21.611 5810 5847 W cr_media: getBluetoothAdapter() requires BLUETOOTH permission
09-10 14:53:21.612 5810 5847 W cr_media: registerBluetoothIntentsIfNeeded: Requires BLUETOOTH permission
09-10 14:53:21.618 992 1139 D EGL_emulation: app_time_stats: avg=168.74ms min=5.35ms max=1414.77ms count=9
09-10 14:53:21.604 5810 5810 W ThreadPoolForeg: type=1400 audit(0.0:48): avc: denied { ioctl } for path=2F73746F726167652F656D756C617465642F302F6368726F6D69756D5F74657374735F726F6F742F636F6E74656E745F7368656C6C2F5368617265642044696374696F6E6172792F6462 dev="fuse" ino=148202 ioctlcmd=0xf50c scontext=u:r:untrusted_app:s0:c208,c256,c512,c768 tcontext=u:object_r:fuse:s0 tclass=file permissive=0 app=org.chromium.content_browsertests_apk
09-10 14:53:21.646 1515 4876 W MediaProvider: isAppCloneUserPair for user 0: false
09-10 14:53:21.659 1515 4876 W MediaProvider: isAppCloneUserPair for user 0: false
09-10 14:53:21.665 1515 5199 W MediaProvider: isAppCloneUserPair for user 0: false
09-10 14:53:21.668 583 2412 V GrammaticalInflectionUtils: AttributionSource: AttributionSource { uid = 99013, packageName = null, attributionTag = null, token = android.os.Binder@7b78a50, deviceId = 0, next = null } does not have READ_SYSTEM_GRAMMATICAL_GENDER permission.
09-10 14:53:21.678 583 2412 V GrammaticalInflectionUtils: AttributionSource: AttributionSource { uid = 99014, packageName = null, attributionTag = null, token = android.os.Binder@7b78a50, deviceId = 0, next = null } does not have READ_SYSTEM_GRAMMATICAL_GENDER permission.
09-10 14:53:21.680 382 382 D Zygote : Forked child process 5866
09-10 14:53:21.682 583 617 I ActivityManager: Start proc 5866:org.chromium.content_browsertests_apk:sandboxed_process0:org.chromium.content.app.SandboxedProcessService0:0/u0i13 for service {org.chromium.content_browsertests_apk/org.chromium.content.app.SandboxedProcessService0:0}
09-10 14:53:21.690 5810 5810 I WindowExtensionsImpl: Initializing Window Extensions, vendor API level=6, activity embedding enabled=true
09-10 14:53:21.692 1515 1803 W MediaProvider: isAppCloneUserPair for user 0: false
09-10 14:53:21.692 382 382 D Zygote : Forked child process 5867
09-10 14:53:21.696 583 617 I ActivityManager: Start proc 5867:org.chromium.content_browsertests_apk:sandboxed_process0:org.chromium.content.app.SandboxedProcessService0:1/u0i14 for service {org.chromium.content_browsertests_apk/org.chromium.content.app.SandboxedProcessService0:1}
09-10 14:53:21.698 5866 5866 I ocessService0:0: Using CollectorTypeCMC GC.
09-10 14:53:21.700 5866 5866 W ocessService0:0: Unexpected CPU variant for x86: x86_64.
09-10 14:53:21.700 5866 5866 W ocessService0:0: Known variants: atom, sandybridge, silvermont, goldmont, goldmont-plus, goldmont-without-sha-xsaves, tremont, kabylake, default
09-10 14:53:21.703 5867 5867 I ocessService0:1: Using CollectorTypeCMC GC.
09-10 14:53:21.705 5867 5867 W ocessService0:1: Unexpected CPU variant for x86: x86_64.
09-10 14:53:21.705 5867 5867 W ocessService0:1: Known variants: atom, sandybridge, silvermont, goldmont, goldmont-plus, goldmont-without-sha-xsaves, tremont, kabylake, default
09-10 14:53:21.707 5866 5866 E ocessService0:0: Not starting debugger since process cannot load the jdwp agent.
09-10 14:53:21.707 5867 5867 E ocessService0:1: Not starting debugger since process cannot load the jdwp agent.
09-10 14:53:21.711 5867 5867 D nativeloader: Load libframework-connectivity-tiramisu-jni.so using APEX ns com_android_tethering for caller /apex/com.android.tethering/javalib/framework-connectivity-t.jar: ok
09-10 14:53:21.713 5866 5866 D nativeloader: Load libframework-connectivity-tiramisu-jni.so using APEX ns com_android_tethering for caller /apex/com.android.tethering/javalib/framework-connectivity-t.jar: ok
09-10 14:53:21.722 1515 5201 W MediaProvider: isAppCloneUserPair for user 0: false
09-10 14:53:21.723 1515 1802 W MediaProvider: isAppCloneUserPair for user 0: false
09-10 14:53:21.724 1515 4876 W MediaProvider: isAppCloneUserPair for user 0: false
09-10 14:53:21.731 5855 5855 D ApplicationLoaders: Returning zygote-cached class loader: /system/framework/android.test.base.jar
09-10 14:53:21.733 5855 5855 D nativeloader: Configuring clns-7 for other apk /system/framework/android.test.mock.jar. target_sdk_version=35, uses_libraries=ALL, library_path=/data/app/~~Qgn2wqEAvH79GiouluTyOA==/org.chromium.content_browsertests_apk-RchFo_8uzwLoY5jHIGStww==/lib/x86_64:/data/app/~~Qgn2wqEAvH79GiouluTyOA==/org.chromium.content_browsertests_apk-RchFo_8uzwLoY5jHIGStww==/base.apk!/lib/x86_64, permitted_path=/data:/mnt/expand:/data/user/0/org.chromium.content_browsertests_apk
09-10 14:53:21.734 5855 5855 D ApplicationLoaders: Returning zygote-cached class loader: /system/framework/android.test.base.jar
09-10 14:53:21.739 5855 5855 D nativeloader: Configuring clns-8 for other apk /system/framework/android.test.runner.jar. target_sdk_version=35, uses_libraries=ALL, library_path=/data/app/~~Qgn2wqEAvH79GiouluTyOA==/org.chromium.content_browsertests_apk-RchFo_8uzwLoY5jHIGStww==/lib/x86_64:/data/app/~~Qgn2wqEAvH79GiouluTyOA==/org.chromium.content_browsertests_apk-RchFo_8uzwLoY5jHIGStww==/base.apk!/lib/x86_64, permitted_path=/data:/mnt/expand:/data/user/0/org.chromium.content_browsertests_apk
09-10 14:53:21.740 5855 5855 D ApplicationLoaders: Returning zygote-cached class loader: /system_ext/framework/androidx.window.extensions.jar
09-10 14:53:18.211 0 0 W servicemanager: Isolated app with UID 99014 requested 'network_management', but the service is not allowed for isolated apps.
09-10 14:53:21.744 5855 5855 D nativeloader: Configuring clns-9 for other apk /data/app/~~Qgn2wqEAvH79GiouluTyOA==/org.chromium.content_browsertests_apk-RchFo_8uzwLoY5jHIGStww==/base.apk. target_sdk_version=35, uses_libraries=, library_path=/data/app/~~Qgn2wqEAvH79GiouluTyOA==/org.chromium.content_browsertests_apk-RchFo_8uzwLoY5jHIGStww==/lib/x86_64:/data/app/~~Qgn2wqEAvH79GiouluTyOA==/org.chromium.content_browsertests_apk-RchFo_8uzwLoY5jHIGStww==/base.apk!/lib/x86_64, permitted_path=/data:/mnt/expand:/data/user/0/org.chromium.content_browsertests_apk
09-10 14:53:21.745 5855 5855 D CompatChangeReporter: Compat change id reported: 202956589; UID 10208; state: ENABLED
09-10 14:53:21.749 5867 5867 D ApplicationLoaders: Returning zygote-cached class loader: /system/framework/android.test.base.jar
09-10 14:53:21.753 5855 5855 V GraphicsEnvironment: Currently set values for:
09-10 14:53:21.753 5855 5855 V GraphicsEnvironment: angle_gl_driver_selection_pkgs=[]
09-10 14:53:21.753 5855 5855 V GraphicsEnvironment: angle_gl_driver_selection_values=[]
09-10 14:53:21.753 5855 5855 V GraphicsEnvironment: Global.Settings values are invalid: number of packages: 0, number of values: 0
09-10 14:53:21.753 5855 5855 V GraphicsEnvironment: Neither updatable production driver nor prerelease driver is supported.
09-10 14:53:21.760 5855 5855 I cr_ChildProcessService: Creating new ChildProcessService pid=5855
09-10 14:53:21.760 1515 2614 W MediaProvider: isAppCloneUserPair for user 0: false
09-10 14:53:21.761 1515 1803 W MediaProvider: isAppCloneUserPair for user 0: false
09-10 14:53:18.238 0 0 W servicemanager: Isolated app with UID 99013 requested 'network_management', but the service is not allowed for isolated apps.
09-10 14:53:21.775 5867 5867 D nativeloader: Configuring clns-7 for other apk /system/framework/android.test.mock.jar. target_sdk_version=35, uses_libraries=ALL, library_path=/data/app/~~Qgn2wqEAvH79GiouluTyOA==/org.chromium.content_browsertests_apk-RchFo_8uzwLoY5jHIGStww==/lib/x86_64:/data/app/~~Qgn2wqEAvH79GiouluTyOA==/org.chromium.content_browsertests_apk-RchFo_8uzwLoY5jHIGStww==/base.apk!/lib/x86_64, permitted_path=/data:/mnt/expand:/data/user/0/org.chromium.content_browsertests_apk
09-10 14:53:21.776 5866 5866 D ApplicationLoaders: Returning zygote-cached class loader: /system/framework/android.test.base.jar
09-10 14:53:21.776 5867 5867 D ApplicationLoaders: Returning zygote-cached class loader: /system/framework/android.test.base.jar
09-10 14:53:21.777 5866 5866 D nativeloader: Configuring clns-7 for other apk /system/framework/android.test.mock.jar. target_sdk_version=35, uses_libraries=ALL, library_path=/data/app/~~Qgn2wqEAvH79GiouluTyOA==/org.chromium.content_browsertests_apk-RchFo_8uzwLoY5jHIGStww==/lib/x86_64:/data/app/~~Qgn2wqEAvH79GiouluTyOA==/org.chromium.content_browsertests_apk-RchFo_8uzwLoY5jHIGStww==/base.apk!/lib/x86_64, permitted_path=/data:/mnt/expand:/data/user/0/org.chromium.content_browsertests_apk
09-10 14:53:21.780 1515 5198 W MediaProvider: isAppCloneUserPair for user 0: false
09-10 14:53:21.782 5866 5866 D ApplicationLoaders: Returning zygote-cached class loader: /system/framework/android.test.base.jar
09-10 14:53:21.783 5866 5866 D nativeloader: Configuring clns-8 for other apk /system/framework/android.test.runner.jar. target_sdk_version=35, uses_libraries=ALL, library_path=/data/app/~~Qgn2wqEAvH79GiouluTyOA==/org.chromium.content_browsertests_apk-RchFo_8uzwLoY5jHIGStww==/lib/x86_64:/data/app/~~Qgn2wqEAvH79GiouluTyOA==/org.chromium.content_browsertests_apk-RchFo_8uzwLoY5jHIGStww==/base.apk!/lib/x86_64, permitted_path=/data:/mnt/expand:/data/user/0/org.chromium.content_browsertests_apk
09-10 14:53:21.785 5867 5867 D nativeloader: Configuring clns-8 for other apk /system/framework/android.test.runner.jar. target_sdk_version=35, uses_libraries=ALL, library_path=/data/app/~~Qgn2wqEAvH79GiouluTyOA==/org.chromium.content_browsertests_apk-RchFo_8uzwLoY5jHIGStww==/lib/x86_64:/data/app/~~Qgn2wqEAvH79GiouluTyOA==/org.chromium.content_browsertests_apk-RchFo_8uzwLoY5jHIGStww==/base.apk!/lib/x86_64, permitted_path=/data:/mnt/expand:/data/user/0/org.chromium.content_browsertests_apk
09-10 14:53:21.786 5867 5867 D ApplicationLoaders: Returning zygote-cached class loader: /system_ext/framework/androidx.window.extensions.jar
09-10 14:53:21.788 5855 5890 D nativeloader: Load /data/app/~~Qgn2wqEAvH79GiouluTyOA==/org.chromium.content_browsertests_apk-RchFo_8uzwLoY5jHIGStww==/lib/x86_64/libtest_trace_processor.so using ns clns-9 from class loader (caller=/data/app/~~Qgn2wqEAvH79GiouluTyOA==/org.chromium.content_browsertests_apk-RchFo_8uzwLoY5jHIGStww==/base.apk): ok
09-10 14:53:21.789 5866 5866 D ApplicationLoaders: Returning zygote-cached class loader: /system_ext/framework/androidx.window.extensions.jar
09-10 14:53:21.791 5867 5867 D nativeloader: Configuring clns-9 for other apk /data/app/~~Qgn2wqEAvH79GiouluTyOA==/org.chromium.content_browsertests_apk-RchFo_8uzwLoY5jHIGStww==/base.apk. target_sdk_version=35, uses_libraries=, library_path=/data/app/~~Qgn2wqEAvH79GiouluTyOA==/org.chromium.content_browsertests_apk-RchFo_8uzwLoY5jHIGStww==/lib/x86_64:/data/app/~~Qgn2wqEAvH79GiouluTyOA==/org.chromium.content_browsertests_apk-RchFo_8uzwLoY5jHIGStww==/base.apk!/lib/x86_64, permitted_path=/data:/mnt/expand:/data/user/0/org.chromium.content_browsertests_apk
09-10 14:53:21.792 5866 5866 D nativeloader: Configuring clns-9 for other apk /data/app/~~Qgn2wqEAvH79GiouluTyOA==/org.chromium.content_browsertests_apk-RchFo_8uzwLoY5jHIGStww==/base.apk. target_sdk_version=35, uses_libraries=, library_path=/data/app/~~Qgn2wqEAvH79GiouluTyOA==/org.chromium.content_browsertests_apk-RchFo_8uzwLoY5jHIGStww==/lib/x86_64:/data/app/~~Qgn2wqEAvH79GiouluTyOA==/org.chromium.content_browsertests_apk-RchFo_8uzwLoY5jHIGStww==/base.apk!/lib/x86_64, permitted_path=/data:/mnt/expand:/data/user/0/org.chromium.content_browsertests_apk
09-10 14:53:21.792 5867 5867 D CompatChangeReporter: Compat change id reported: 202956589; UID 99014; state: ENABLED
09-10 14:53:21.792 5866 5866 D CompatChangeReporter: Compat change id reported: 202956589; UID 99013; state: ENABLED
09-10 14:53:21.798 1515 5201 W MediaProvider: isAppCloneUserPair for user 0: false
09-10 14:53:18.269 0 0 W servicemanager: Isolated app with UID 99014 requested 'connectivity', but the service is not allowed for isolated apps.
09-10 14:53:18.277 0 0 W servicemanager: Isolated app with UID 99013 requested 'connectivity', but the service is not allowed for isolated apps.
09-10 14:53:21.824 1515 1803 W MediaProvider: isAppCloneUserPair for user 0: false
09-10 14:53:21.825 5867 5867 I cr_ChildProcessService: Creating new ChildProcessService pid=5867
09-10 14:53:18.292 0 0 W servicemanager: Isolated app with UID 99014 requested 'content_capture', but the service is not allowed for isolated apps.
09-10 14:53:21.836 5866 5866 I cr_ChildProcessService: Creating new ChildProcessService pid=5866
09-10 14:53:18.303 0 0 W servicemanager: Isolated app with UID 99013 requested 'content_capture', but the service is not allowed for isolated apps.
09-10 14:53:21.854 5866 5894 D nativeloader: Load /data/app/~~Qgn2wqEAvH79GiouluTyOA==/org.chromium.content_browsertests_apk-RchFo_8uzwLoY5jHIGStww==/lib/x86_64/libtest_trace_processor.so using ns clns-9 from class loader (caller=/data/app/~~Qgn2wqEAvH79GiouluTyOA==/org.chromium.content_browsertests_apk-RchFo_8uzwLoY5jHIGStww==/base.apk): ok
09-10 14:53:21.855 1515 5199 W MediaProvider: isAppCloneUserPair for user 0: false
09-10 14:53:21.855 5867 5892 D nativeloader: Load /data/app/~~Qgn2wqEAvH79GiouluTyOA==/org.chromium.content_browsertests_apk-RchFo_8uzwLoY5jHIGStww==/lib/x86_64/libtest_trace_processor.so using ns clns-9 from class loader (caller=/data/app/~~Qgn2wqEAvH79GiouluTyOA==/org.chromium.content_browsertests_apk-RchFo_8uzwLoY5jHIGStww==/base.apk): ok
09-10 14:53:21.862 1515 5202 W MediaProvider: isAppCloneUserPair for user 0: false
09-10 14:53:21.875 1515 1803 W MediaProvider: isAppCloneUserPair for user 0: false
09-10 14:53:21.882 1515 4568 W MediaProvider: isAppCloneUserPair for user 0: false
09-10 14:53:21.888 1515 1803 W MediaProvider: isAppCloneUserPair for user 0: false
09-10 14:53:21.893 1515 1802 W MediaProvider: isAppCloneUserPair for user 0: false
09-10 14:53:21.900 1515 5202 W MediaProvider: isAppCloneUserPair for user 0: false
09-10 14:53:21.928 5867 5892 D nativeloader: Load /data/app/~~Qgn2wqEAvH79GiouluTyOA==/org.chromium.content_browsertests_apk-RchFo_8uzwLoY5jHIGStww==/lib/x86_64/libcontent_browsertests__library.so using ns clns-9 from class loader (caller=/data/app/~~Qgn2wqEAvH79GiouluTyOA==/org.chromium.content_browsertests_apk-RchFo_8uzwLoY5jHIGStww==/base.apk): ok
09-10 14:53:21.932 1515 5888 W MediaProvider: isAppCloneUserPair for user 0: false
09-10 14:53:21.938 5866 5894 D nativeloader: Load /data/app/~~Qgn2wqEAvH79GiouluTyOA==/org.chromium.content_browsertests_apk-RchFo_8uzwLoY5jHIGStww==/lib/x86_64/libcontent_browsertests__library.so using ns clns-9 from class loader (caller=/data/app/~~Qgn2wqEAvH79GiouluTyOA==/org.chromium.content_browsertests_apk-RchFo_8uzwLoY5jHIGStww==/base.apk): ok
09-10 14:53:21.941 5866 5894 I cr_LibraryLoader: Successfully loaded native library
09-10 14:53:21.941 5866 5894 I cr_CachingUmaRecorder: Flushed 2 samples from 2 histograms, 0 samples were dropped.
09-10 14:53:21.943 5867 5892 I cr_LibraryLoader: Successfully loaded native library
09-10 14:53:21.944 5867 5892 I cr_CachingUmaRecorder: Flushed 2 samples from 2 histograms, 0 samples were dropped.
09-10 14:53:21.951 1515 4876 W MediaProvider: isAppCloneUserPair for user 0: false
09-10 14:53:21.952 1515 5199 W MediaProvider: isAppCloneUserPair for user 0: false
09-10 14:53:21.955 1515 1803 W MediaProvider: isAppCloneUserPair for user 0: false
09-10 14:53:21.965 5866 5894 W SystemServiceRegistry: No service published for: uimode
09-10 14:53:18.434 0 0 W servicemanager: Isolated app with UID 99013 requested 'uimode', but the service is not allowed for isolated apps.
09-10 14:53:21.980 5855 5890 D nativeloader: Load /data/app/~~Qgn2wqEAvH79GiouluTyOA==/org.chromium.content_browsertests_apk-RchFo_8uzwLoY5jHIGStww==/lib/x86_64/libcontent_browsertests__library.so using ns clns-9 from class loader (caller=/data/app/~~Qgn2wqEAvH79GiouluTyOA==/org.chromium.content_browsertests_apk-RchFo_8uzwLoY5jHIGStww==/base.apk): ok
09-10 14:53:21.983 5855 5890 I cr_LibraryLoader: Successfully loaded native library
09-10 14:53:21.983 5855 5890 I cr_CachingUmaRecorder: Flushed 2 samples from 2 histograms, 0 samples were dropped.
09-10 14:53:21.990 381 5902 I resolv : GetAddrInfoHandler::run: {0 786432 0 983040 10144 0}
09-10 14:53:21.992 3717 4601 W gdnw : [{0}] Failed to resolve name. status={1}
09-10 14:53:21.998 5867 5892 W SystemServiceRegistry: No service published for: uimode
09-10 14:53:18.466 0 0 W servicemanager: Isolated app with UID 99014 requested 'uimode', but the service is not allowed for isolated apps.
09-10 14:53:22.004 3670 3766 I FontLog : Received query name=Google Sans&weight=700&besteffort=false, URI content://com.google.android.gms.fonts [CONTEXT service_id=132 ]
09-10 14:53:22.004 3670 3766 I FontLog : Query [name=Google Sans&weight=700&besteffort=false] resolved to {Google Sans, wdth 100.0, wght 700, ital 0.0, bestEffort false} [CONTEXT service_id=132 ]
09-10 14:53:22.007 3670 3766 I FontLog : Font PFD returned from cache for {Google Sans, wdth 100.0, wght 700, ital 0.0, bestEffort false} [CONTEXT service_id=132 ]
09-10 14:53:22.007 3670 3766 I FontLog : Fetch {Google Sans, wdth 100.0, wght 700, ital 0.0, bestEffort false} end status Status{statusCode=SUCCESS, resolution=null} [CONTEXT service_id=132 ]
09-10 14:53:22.027 3670 3766 I FontLog : Pulling font file for id = 20, cache size = 19 [CONTEXT service_id=132 ]
09-10 14:53:22.030 5855 5890 I EGL_emulation: Opening libGLESv1_CM_emulation.so
09-10 14:53:22.031 5855 5890 I EGL_emulation: Opening libGLESv2_emulation.so
09-10 14:53:22.031 3670 3766 I FontLog : Received query name=Noto Color Emoji Compat&weight=400&besteffort=false, URI content://com.google.android.gms.fonts [CONTEXT service_id=132 ]
09-10 14:53:22.031 3670 3766 I FontLog : Query [name=Noto Color Emoji Compat&weight=400&besteffort=false] resolved to {Noto Color Emoji Compat, wdth 100.0, wght 400, ital 0.0, bestEffort false} [CONTEXT service_id=132 ]
09-10 14:53:22.043 5855 5890 E EGL_emulation: eglCreateContext: EGL_BAD_CONFIG: no ES 3.2 support
09-10 14:53:22.043 5855 5890 E EGL_emulation: tid 5890: eglCreateContext(1830): error 0x3005 (EGL_BAD_CONFIG)
09-10 14:53:22.043 5855 5890 E EGL_emulation: eglCreateContext: EGL_BAD_CONFIG: no ES 3.1 support
09-10 14:53:22.043 5855 5890 E EGL_emulation: tid 5890: eglCreateContext(1824): error 0x3005 (EGL_BAD_CONFIG)
09-10 14:53:22.045 381 5920 I resolv : GetAddrInfoHandler::run: {0 786432 0 983040 10144 0}
09-10 14:53:22.058 381 5922 I resolv : GetAddrInfoHandler::run: {0 786432 0 983040 10144 0}
09-10 14:53:22.060 3670 3771 I FontLog : Download failed for https://fonts.gstatic.com/s/a/directory025.pb [ERROR: UNUSED LOG ARGUMENTS] [CONTEXT service_id=132 ]
09-10 14:53:22.060 3670 3836 W FontLog : Connection failure for https://fonts.gstatic.com/s/a/directory025.pb [CONTEXT service_id=132 ]
09-10 14:53:22.060 3670 3836 W FontLog : java.util.concurrent.ExecutionException: bpsy: Failed to process request
09-10 14:53:22.060 3670 3836 W FontLog : at hkh.n(:com.google.android.gms@242632041@24.26.32 (190800-650348549):21)
09-10 14:53:22.060 3670 3836 W FontLog : at hkh.get(:com.google.android.gms@242632041@24.26.32 (190800-650348549):28)
09-10 14:53:22.060 3670 3836 W FontLog : at hkn.get(:com.google.android.gms@242632041@24.26.32 (190800-650348549):2)
09-10 14:53:22.060 3670 3836 W FontLog : at bbvj.run(:com.google.android.gms@242632041@24.26.32 (190800-650348549):13)
09-10 14:53:22.060 3670 3836 W FontLog : at anzz.c(:com.google.android.gms@242632041@24.26.32 (190800-650348549):50)
09-10 14:53:22.060 3670 3836 W FontLog : at anzz.run(:com.google.android.gms@242632041@24.26.32 (190800-650348549):76)
09-10 14:53:22.060 3670 3836 W FontLog : at java.util.concurrent.ThreadPoolExecutor.runWorker(ThreadPoolExecutor.java:1145)
09-10 14:53:22.060 3670 3836 W FontLog : at java.util.concurrent.ThreadPoolExecutor$Worker.run(ThreadPoolExecutor.java:644)
09-10 14:53:22.060 3670 3836 W FontLog : at aofk.run(:com.google.android.gms@242632041@24.26.32 (190800-650348549):8)
09-10 14:53:22.060 3670 3836 W FontLog : at java.lang.Thread.run(Thread.java:1012)
09-10 14:53:22.060 3670 3836 W FontLog : Caused by: bpsy: Failed to process request
09-10 14:53:22.060 3670 3836 W FontLog : at bpwp.b(:com.google.android.gms@242632041@24.26.32 (190800-650348549):19)
09-10 14:53:22.060 3670 3836 W FontLog : at bpxd.onFailed(:com.google.android.gms@242632041@24.26.32 (190800-650348549):15)
09-10 14:53:22.060 3670 3836 W FontLog : at m.ms.onFailed(:com.google.android.gms.dynamite_cronetdynamite@242632041@24.26.32 (190800-0):3)
09-10 14:53:22.060 3670 3836 W FontLog : at m.lt.run(:com.google.android.gms.dynamite_cronetdynamite@242632041@24.26.32 (190800-0):9)
09-10 14:53:22.060 3670 3836 W FontLog : ... 6 more
09-10 14:53:22.060 3670 3836 W FontLog : Caused by: m.mc: Exception in CronetUrlRequest: net::ERR_INTERNET_DISCONNECTED, ErrorCode=2, InternalErrorCode=-106, Retryable=false
09-10 14:53:22.060 3670 3836 W FontLog : at org.chromium.net.impl.CronetUrlRequest.onError(:com.google.android.gms.dynamite_cronetdynamite@242632041@24.26.32 (190800-0):4)
09-10 14:53:22.063 3670 3790 W FontLog : No resolver, short-circuit {Noto Color Emoji Compat, wdth 100.0, wght 400, ital 0.0, bestEffort false} for org.chromium.content_browsertests_apk to failure [CONTEXT service_id=132 ]
09-10 14:53:22.067 3670 3766 I FontLog : Fetch {Noto Color Emoji Compat, wdth 100.0, wght 400, ital 0.0, bestEffort false} end status Status{statusCode=Unavailable, resolution=null} [CONTEXT service_id=132 ]
09-10 14:53:22.072 3670 3766 I FontLog : Received query name=Google Sans Flex&weight=400&besteffort=false, URI content://com.google.android.gms.fonts [CONTEXT service_id=132 ]
09-10 14:53:22.072 3670 3766 I FontLog : Query [name=Google Sans Flex&weight=400&besteffort=false] resolved to {Google Sans Flex, wdth 100.0, wght 400, ital 0.0, bestEffort false} [CONTEXT service_id=132 ]
09-10 14:53:22.073 3670 3766 I FontLog : Font PFD returned from cache for {Google Sans Flex, wdth 100.0, wght 400, ital 0.0, bestEffort false} [CONTEXT service_id=132 ]
09-10 14:53:22.073 3670 3766 I FontLog : Fetch {Google Sans Flex, wdth 100.0, wght 400, ital 0.0, bestEffort false} end status Status{statusCode=SUCCESS, resolution=null} [CONTEXT service_id=132 ]
09-10 14:53:22.077 3670 3766 I FontLog : Pulling font file for id = 21, cache size = 20 [CONTEXT service_id=132 ]
09-10 14:53:22.080 3670 3766 I FontLog : Received query name=Google Sans&weight=400&besteffort=false, URI content://com.google.android.gms.fonts [CONTEXT service_id=132 ]
09-10 14:53:22.080 3670 3766 I FontLog : Query [name=Google Sans&weight=400&besteffort=false] resolved to {Google Sans, wdth 100.0, wght 400, ital 0.0, bestEffort false} [CONTEXT service_id=132 ]
09-10 14:53:22.084 3670 3766 I FontLog : Font PFD returned from cache for {Google Sans, wdth 100.0, wght 400, ital 0.0, bestEffort false} [CONTEXT service_id=132 ]
09-10 14:53:22.084 3670 3766 I FontLog : Fetch {Google Sans, wdth 100.0, wght 400, ital 0.0, bestEffort false} end status Status{statusCode=SUCCESS, resolution=null} [CONTEXT service_id=132 ]
09-10 14:53:22.088 3670 3766 I FontLog : Pulling font file for id = 22, cache size = 21 [CONTEXT service_id=132 ]
09-10 14:53:22.090 5855 5890 E platform: Failed to open rendernode: No such file or directory
09-10 14:53:22.095 3670 3766 I FontLog : Received query name=Google Sans&weight=500&besteffort=false, URI content://com.google.android.gms.fonts [CONTEXT service_id=132 ]
09-10 14:53:22.096 3670 3766 I FontLog : Query [name=Google Sans&weight=500&besteffort=false] resolved to {Google Sans, wdth 100.0, wght 500, ital 0.0, bestEffort false} [CONTEXT service_id=132 ]
09-10 14:53:22.099 5855 5890 D vulkan : searching for layers in '/data/app/~~Qgn2wqEAvH79GiouluTyOA==/org.chromium.content_browsertests_apk-RchFo_8uzwLoY5jHIGStww==/lib/x86_64'
09-10 14:53:22.099 3670 3766 I FontLog : Font PFD returned from cache for {Google Sans, wdth 100.0, wght 500, ital 0.0, bestEffort false} [CONTEXT service_id=132 ]
09-10 14:53:22.100 3670 3766 I FontLog : Fetch {Google Sans, wdth 100.0, wght 500, ital 0.0, bestEffort false} end status Status{statusCode=SUCCESS, resolution=null} [CONTEXT service_id=132 ]
09-10 14:53:22.100 5855 5890 D vulkan : searching for layers in '/data/app/~~Qgn2wqEAvH79GiouluTyOA==/org.chromium.content_browsertests_apk-RchFo_8uzwLoY5jHIGStww==/base.apk!/lib/x86_64'
09-10 14:53:22.105 3670 3766 I FontLog : Pulling font file for id = 23, cache size = 22 [CONTEXT service_id=132 ]
09-10 14:53:22.112 5855 5890 W chromium: [5855:5890:0910/145322.112093:WARNING:viz_main_impl.cc(85)] VizNullHypothesis is disabled (not a warning)
09-10 14:53:22.153 5855 5935 E EGL_emulation: eglCreateContext: EGL_BAD_CONFIG: no ES 3.2 support
09-10 14:53:22.153 5855 5935 E EGL_emulation: tid 5935: eglCreateContext(1830): error 0x3005 (EGL_BAD_CONFIG)
09-10 14:53:22.153 5855 5935 E EGL_emulation: eglCreateContext: EGL_BAD_CONFIG: no ES 3.1 support
09-10 14:53:22.153 5855 5935 E EGL_emulation: tid 5935: eglCreateContext(1824): error 0x3005 (EGL_BAD_CONFIG)
09-10 14:53:22.156 583 2342 V AutofillSession: Primary service component name: ComponentInfo{com.google.android.gms/com.google.android.gms.autofill.service.AutofillService}, secondary service component name: ComponentInfo{com.android.credentialmanager/com.android.credentialmanager.autofill.CredentialAutofillService}
09-10 14:53:22.156 583 2342 V SecondaryProviderHandler: Creating a secondary provider handler with component name, ComponentInfo{com.android.credentialmanager/com.android.credentialmanager.autofill.CredentialAutofillService}
09-10 14:53:22.157 583 2342 D RequestId: nextId(): requestId = 474
09-10 14:53:22.157 583 2342 W FillRequestEventLogger: Couldn't find packageName: com.google.android.inputmethod.latin
09-10 14:53:22.158 583 2342 W PresentationStatsEventLogger: Bad view state for: -1
09-10 14:53:22.159 583 583 D AutofillInlineSuggestionsRequestSession: onCreateInlineSuggestionsRequestLocked called: 1073741824@717121721
09-10 14:53:22.159 583 2342 D AutofillInlineSuggestionsRequestSession: onInlineSuggestionsSessionInvalidated() called.
09-10 14:53:22.181 5810 5810 I AssistStructure: Flattened final assist data: 2484 bytes, containing 1 windows, 6 views
09-10 14:53:22.181 583 2342 D AutofillSession: createPendingIntent for request 474
09-10 14:53:22.181 583 2342 D ContentCapturePerUserService: Notified activity assist data for activity: Token{fb8f4da ActivityRecord{3a39ec9 u0 org.chromium.content_browsertests_apk/.ContentBrowserTestsActivity t14}} without a session Id
09-10 14:53:22.229 164 164 I hwservicemanager: getTransport: Cannot find entry android.hardware.graphics.mapper@4.0::IMapper/default in either framework or device VINTF manifest.
09-10 14:53:22.230 5855 5935 I Gralloc4: mapper 4.x is not supported
09-10 14:53:18.694 0 0 I servicemanager: Caller(pid=5855,uid=10208,sid=u:r:untrusted_app:s0:c208,c256,c512,c768) Could not find android.hardware.graphics.allocator.IAllocator/default in the VINTF manifest. No alternative instances declared in VINTF.
09-10 14:53:22.326 583 2342 I ActivityManager: Killing 5866:org.chromium.content_browsertests_apk:sandboxed_process0:org.chromium.content.app.SandboxedProcessService0:0/u0a208i13 (adj 0): isolated not needed
09-10 14:53:22.336 583 2342 I ActivityManager: Killing 5867:org.chromium.content_browsertests_apk:sandboxed_process0:org.chromium.content.app.SandboxedProcessService0:1/u0a208i14 (adj 0): isolated not needed
09-10 14:53:18.816 0 0 W binder_debug: 5 callbacks suppressed
09-10 14:53:18.816 0 0 I binder : send failed reply for transaction 299957 to 5810:5843
09-10 14:53:22.347 382 382 I Zygote : Process 5866 exited cleanly (0)
09-10 14:53:22.348 583 618 I libprocessgroup: Removed cgroup /sys/fs/cgroup/uid_99013/pid_5866
09-10 14:53:18.821 0 0 I binder : undelivered transaction 299953, process died.
09-10 14:53:18.823 0 0 I binder : undelivered transaction 299965, process died.
09-10 14:53:22.355 382 382 I Zygote : Process 5867 exited due to signal 9 (Killed)
09-10 14:53:22.355 583 605 D DisplayManagerService: Drop pending events for gone uid 99013
09-10 14:53:22.357 583 618 I libprocessgroup: Removed cgroup /sys/fs/cgroup/uid_99014/pid_5867
09-10 14:53:18.828 0 0 I binder : undelivered TRANSACTION_COMPLETE
09-10 14:53:18.830 0 0 I binder : undelivered transaction 299998, process died.
09-10 14:53:22.360 583 605 D DisplayManagerService: Drop pending events for gone uid 99014
09-10 14:53:18.832 0 0 I binder : send failed reply for transaction 300011 to 5855:5931
09-10 14:53:18.834 0 0 I binder : send failed reply for transaction 300020 to 5810:5843
09-10 14:53:22.376 381 381 I netd : tetherGetStats() -> {[]} <1.16ms>
09-10 14:53:22.395 5810 5810 I ImeTracker: org.chromium.content_browsertests_apk:test_process:3d44d0d5: onRequestHide at ORIGIN_CLIENT reason HIDE_SOFT_INPUT_CLOSE_CURRENT_SESSION fromUser false
09-10 14:53:22.396 583 726 I ImeTracker: org.chromium.content_browsertests_apk:test_process:3d44d0d5: onCancelled at PHASE_SERVER_SHOULD_HIDE
09-10 14:53:22.418 1515 5888 W MediaProvider: isAppCloneUserPair for user 0: false
09-10 14:53:22.437 1515 4876 W MediaProvider: isAppCloneUserPair for user 0: false
09-10 14:53:22.452 1515 5888 W MediaProvider: isAppCloneUserPair for user 0: false
09-10 14:53:22.479 1515 5197 W MediaProvider: isAppCloneUserPair for user 0: false
09-10 14:53:22.492 1515 5199 W MediaProvider: isAppCloneUserPair for user 0: false
09-10 14:53:22.505 992 1046 V WindowManagerShell: Transition requested (#24): android.os.BinderProxy@f36b657 TransitionRequestInfo { type = CLOSE, triggerTask = TaskInfo{userId=0 taskId=14 displayId=0 isRunning=false baseIntent=Intent { act=android.intent.action.MAIN flg=0x10000000 cmp=org.chromium.content_browsertests_apk/.ContentBrowserTestsActivity } baseActivity=null topActivity=null origActivity=null realActivity=ComponentInfo{org.chromium.content_browsertests_apk/org.chromium.content_browsertests_apk.ContentBrowserTestsActivity} numActivities=0 lastActiveTime=239855 supportsMultiWindow=true resizeMode=1 isResizeable=true minWidth=-1 minHeight=-1 defaultMinSize=220 token=WCT{android.window.IWindowContainerToken$Stub$Proxy@4245544} topActivityType=1 pictureInPictureParams=null shouldDockBigOverlays=false launchIntoPipHostTaskId=-1 lastParentTaskIdBeforePip=-1 displayCutoutSafeInsets=null topActivityInfo=null launchCookies=[] positionInParent=Point(0, 0) parentTaskId=-1 isFocused=true isVisible=true isVisibleRequested=true isSleeping=false locusId=null displayAreaFeatureId=1 isTopActivityTransparent=false appCompatTaskInfo=AppCompatTaskInfo { topActivityInSizeCompat=false topActivityEligibleForLetterboxEducation= falseisLetterboxEducationEnabled= false isLetterboxDoubleTapEnabled= false topActivityEligibleForUserAspectRatioButton= false topActivityBoundsLetterboxed= false isFromLetterboxDoubleTap= false topActivityLetterboxVerticalPosition= -1 topActivityLetterboxHorizontalPosition= -1 topActivityLetterboxWidth=-1 topActivityLetterboxHeight=-1 isUserFullscreenOverrideEnabled=false isSystemFullscreenOverrideEnabled=false cameraCompatTaskInfo=CameraCompatTaskInfo { cameraCompatControlState=hidden freeformCameraCompatMode=inactive}}}, pipTask = null, remoteTransition = null, displayChange = null, flags = 0, debugId = 24 }
09-10 14:53:22.507 5120 5120 I Process : Sending signal. PID: 5810 SIG: 9
09-10 14:53:22.509 1255 1255 I TopTaskTracker: onTaskMovedToFront: (moved taskInfo to front) taskId=7, baseIntent=Intent { act=android.intent.action.MAIN cat=[android.intent.category.HOME] flg=0x10000100 cmp=com.google.android.apps.nexuslauncher/.NexusLauncherActivity }
09-10 14:53:22.513 453 453 I BpBinder: onLastStrongRef automatically unlinking death recipients:
09-10 14:53:22.529 382 382 I Zygote : Process 5810 exited due to signal 9 (Killed)
09-10 14:53:19.003 0 0 I binder : undelivered TRANSACTION_COMPLETE
09-10 14:53:19.014 0 0 I binder : undelivered transaction 300328, process died.
09-10 14:53:22.543 583 2432 I WindowManager: WIN DEATH: Window{256e5b7 u0 org.chromium.content_browsertests_apk/org.chromium.content_browsertests_apk.ContentBrowserTestsActivity}
09-10 14:53:22.544 583 2432 W InputManager-JNI: Input channel object '256e5b7 org.chromium.content_browsertests_apk/org.chromium.content_browsertests_apk.ContentBrowserTestsActivity (client)' was disposed without first being removed with the input manager!
09-10 14:53:22.544 583 2444 I ImeTracker: org.chromium.content_browsertests_apk:ad2ed181: onRequestHide at ORIGIN_SERVER reason HIDE_REMOVE_CLIENT fromUser false
09-10 14:53:22.546 583 2444 I ImeTracker: org.chromium.content_browsertests_apk:ad2ed181: onCancelled at PHASE_SERVER_SHOULD_HIDE
09-10 14:53:22.546 583 678 I ActivityManager: Process org.chromium.content_browsertests_apk:test_process (pid 5810) has died: fg TOP
09-10 14:53:22.546 583 1494 D AutofillSession: handling death of Token{fb8f4da ActivityRecord{3a39ec9 u0 org.chromium.content_browsertests_apk/.ContentBrowserTestsActivity t14 f}}} when saving=false
09-10 14:53:22.557 583 618 I libprocessgroup: Removed cgroup /sys/fs/cgroup/uid_10208/pid_5810
09-10 14:53:22.557 583 605 D AutofillUI: destroySaveUiUiThread(): already destroyed
09-10 14:53:22.562 583 917 D ConnectivityService: releasing NetworkRequest [ REQUEST id=170, [ Capabilities: INTERNET&NOT_RESTRICTED&TRUSTED&NOT_VCN_MANAGED&NOT_BANDWIDTH_CONSTRAINED Uid: 10208 RequestorUid: 10208 RequestorPkg: org.chromium.content_browsertests_apk UnderlyingNetworks: Null] ] (release request)
09-10 14:53:22.565 583 607 W ActivityManager: setHasOverlayUi called on unknown pid: 5810
09-10 14:53:22.569 583 678 I AppWidgetServiceImpl: startListening() 0
09-10 14:53:22.573 992 1046 D WindowManagerShell: setLauncherKeepClearAreaHeight: visible=true, height=525
09-10 14:53:22.575 1255 1255 D StatsLog: LAUNCHER_ONRESUME
09-10 14:53:22.580 1255 1255 D NexusLauncherModelDelegate: notifySmartspaceEvent: SmartspaceTargetEvent{mSmartspaceTarget=null, mSmartspaceActionId='null', mEventType=6}
09-10 14:53:22.581 583 1494 W OptProp : Cannot read opt property android.window.PROPERTY_COMPAT_ALLOW_USER_ASPECT_RATIO_OVERRIDE
09-10 14:53:22.582 583 1494 W OptProp : Cannot read opt property android.window.PROPERTY_COMPAT_ALLOW_USER_ASPECT_RATIO_FULLSCREEN_OVERRIDE
09-10 14:53:22.582 583 1494 W OptProp : Cannot read opt property android.window.PROPERTY_COMPAT_ALLOW_ORIENTATION_OVERRIDE
09-10 14:53:22.582 583 1494 V GrammaticalInflectionUtils: AttributionSource: AttributionSource { uid = 10208, packageName = null, attributionTag = null, token = android.os.Binder@7b78a50, deviceId = 0, next = null } does not have READ_SYSTEM_GRAMMATICAL_GENDER permission.
09-10 14:53:22.582 583 1494 W OptProp : Cannot read opt property android.window.PROPERTY_COMPAT_ALLOW_RESIZEABLE_ACTIVITY_OVERRIDES
09-10 14:53:22.583 583 1494 W OptProp : Cannot read opt property android.window.PROPERTY_COMPAT_ALLOW_MIN_ASPECT_RATIO_OVERRIDE
09-10 14:53:22.585 583 1810 I ActivityManager: Process org.chromium.content_browsertests_apk:privileged_process0 (pid 5855) has died: fg SVC
09-10 14:53:19.053 0 0 I binder : undelivered transaction 300404, process died.
09-10 14:53:22.586 1255 1303 D QuickstepModelDelegate: notifyAppTargetEvent action=1 launchLocation=workspace/0/[-1,-1]/[1,1]
09-10 14:53:22.588 583 1614 W AppSearchIcing: icing-search-engine.cc:321: Error: 5, Message: Document (com.google.android.googlequicksearchbox$OneSearchZeroStateGoogleSuggestions/default, zp) not found.
09-10 14:53:22.589 1255 2183 D OneSearchSuggestProvider: AppSearch 0-state cache not available, fallback to AGA
09-10 14:53:22.589 1255 2183 D OneSearchSuggestProvider: java.util.concurrent.CompletionException: java.util.NoSuchElementException: No value present
09-10 14:53:22.589 1255 2183 D OneSearchSuggestProvider: at java.util.concurrent.CompletableFuture.encodeThrowable(CompletableFuture.java:308)
09-10 14:53:22.589 1255 2183 D OneSearchSuggestProvider: at java.util.concurrent.CompletableFuture.completeThrowable(CompletableFuture.java:323)
09-10 14:53:22.589 1255 2183 D OneSearchSuggestProvider: at java.util.concurrent.CompletableFuture$UniAccept.tryFire(CompletableFuture.java:684)
09-10 14:53:22.589 1255 2183 D OneSearchSuggestProvider: at java.util.concurrent.CompletableFuture.postComplete(CompletableFuture.java:486)
09-10 14:53:22.589 1255 2183 D OneSearchSuggestProvider: at java.util.concurrent.CompletableFuture.completeExceptionally(CompletableFuture.java:2138)
09-10 14:53:22.589 1255 2183 D OneSearchSuggestProvider: at com.google.android.apps.nexuslauncher.allapps.E0.onResult(go/retraceme 31f9979659277bb965985aff1272c33e3c3c9e755b77166d20a2465454178f2c:67)
09-10 14:53:22.589 1255 2183 D OneSearchSuggestProvider: at android.app.appsearch.SearchSessionUtil$1.lambda$onResult$0(go/retraceme 64eee9e9f568ff45978879ad2ff83146f2618ee8a88278736fbdf5fae931976e:144)
09-10 14:53:22.589 1255 2183 D OneSearchSuggestProvider: at android.app.appsearch.SearchSessionUtil$1.$r8$lambda$CEk3q8sDAQVhU3rQwVueB8FAj_M(go/retraceme 64eee9e9f568ff45978879ad2ff83146f2618ee8a88278736fbdf5fae931976e:1)
09-10 14:53:22.589 1255 2183 D OneSearchSuggestProvider: at android.app.appsearch.SearchSessionUtil$1$$ExternalSyntheticLambda0.run(go/retraceme 64eee9e9f568ff45978879ad2ff83146f2618ee8a88278736fbdf5fae931976e:22)
09-10 14:53:22.589 1255 2183 D OneSearchSuggestProvider: at android.os.Handler.handleCallback(Handler.java:959)
09-10 14:53:22.589 1255 2183 D OneSearchSuggestProvider: at android.os.Handler.dispatchMessage(Handler.java:100)
09-10 14:53:22.589 1255 2183 D OneSearchSuggestProvider: at android.os.Looper.loopOnce(Looper.java:232)
09-10 14:53:22.589 1255 2183 D OneSearchSuggestProvider: at android.os.Looper.loop(Looper.java:317)
09-10 14:53:22.589 1255 2183 D OneSearchSuggestProvider: at android.os.HandlerThread.run(HandlerThread.java:85)
09-10 14:53:22.589 1255 2183 D OneSearchSuggestProvider: Caused by: java.util.NoSuchElementException: No value present
09-10 14:53:22.589 1255 2183 D OneSearchSuggestProvider: at java.util.Optional.get(Optional.java:143)
09-10 14:53:22.589 1255 2183 D OneSearchSuggestProvider: at com.google.android.apps.nexuslauncher.allapps.E0.onResult(go/retraceme 31f9979659277bb965985aff1272c33e3c3c9e755b77166d20a2465454178f2c:28)
09-10 14:53:22.589 1255 2183 D OneSearchSuggestProvider: ... 8 more
09-10 14:53:22.590 583 618 I libprocessgroup: Removed cgroup /sys/fs/cgroup/uid_10208/pid_5855
09-10 14:53:22.593 382 382 I Zygote : Process 5855 exited cleanly (0)
09-10 14:53:22.595 1537 1886 I AiAiEcho: Predicting[0]: [CONTEXT sampling_count=5 ]
09-10 14:53:22.596 1537 1886 I AiAiEcho: EchoTargets:
09-10 14:53:22.596 1537 1886 I AiAiEcho: Filtered by AiAi flag check:
09-10 14:53:22.596 1537 1886 I AiAiEcho: [CONTEXT ratelimit_period="10 SECONDS" ]
09-10 14:53:22.596 1537 1886 I AiAiEcho: Ranked targets strategy: SORT, count: 0, ranking metadata: [CONTEXT ratelimit_period="10 SECONDS" ]
