09-10 14:53:33.696 583 617 I ActivityManager: Start proc 6436:org.chromium.content_browsertests_apk:sandboxed_process0:org.chromium.content.app.SandboxedProcessService0:5/u0i26 for service {org.chromium.content_browsertests_apk/org.chromium.content.app.SandboxedProcessService0:5}
09-10 14:53:33.716 6424 6435 D nativeloader: Load /data/app/~~Qgn2wqEAvH79GiouluTyOA==/org.chromium.content_browsertests_apk-RchFo_8uzwLoY5jHIGStww==/lib/x86_64/libcontent_browsertests__library.so using ns clns-9 from class loader (caller=/data/app/~~Qgn2wqEAvH79GiouluTyOA==/org.chromium.content_browsertests_apk-RchFo_8uzwLoY5jHIGStww==/base.apk): ok
09-10 14:53:33.718 6424 6435 I cr_LibraryLoader: Successfully loaded native library
09-10 14:53:33.719 6424 6435 I cr_CachingUmaRecorder: Flushed 2 samples from 2 histograms, 0 samples were dropped.
09-10 14:53:33.728 6436 6436 I ocessService0:5: Using CollectorTypeCMC GC.
09-10 14:53:33.730 6436 6436 W ocessService0:5: Unexpected CPU variant for x86: x86_64.
09-10 14:53:33.730 6436 6436 W ocessService0:5: Known variants: atom, sandybridge, silvermont, goldmont, goldmont-plus, goldmont-without-sha-xsaves, tremont, kabylake, default
09-10 14:53:33.730 6424 6435 W SystemServiceRegistry: No service published for: uimode
09-10 14:53:33.756 6436 6436 D ApplicationLoaders: Returning zygote-cached class loader: /system/framework/android.test.base.jar
09-10 14:53:34.054 0 0 W servicemanager: Isolated app with UID 99026 requested 'network_management', but the service is not allowed for isolated apps.
09-10 14:53:33.761 6436 6436 D nativeloader: Configuring clns-7 for other apk /system/framework/android.test.mock.jar. target_sdk_version=35, uses_libraries=ALL, library_path=/data/app/~~Qgn2wqEAvH79GiouluTyOA==/org.chromium.content_browsertests_apk-RchFo_8uzwLoY5jHIGStww==/lib/x86_64:/data/app/~~Qgn2wqEAvH79GiouluTyOA==/org.chromium.content_browsertests_apk-RchFo_8uzwLoY5jHIGStww==/base.apk!/lib/x86_64, permitted_path=/data:/mnt/expand:/data/user/0/org.chromium.content_browsertests_apk
09-10 14:53:33.761 6436 6436 D ApplicationLoaders: Returning zygote-cached class loader: /system/framework/android.test.base.jar
09-10 14:53:33.763 6436 6436 D nativeloader: Configuring clns-8 for other apk /system/framework/android.test.runner.jar. target_sdk_version=35, uses_libraries=ALL, library_path=/data/app/~~Qgn2wqEAvH79GiouluTyOA==/org.chromium.content_browsertests_apk-RchFo_8uzwLoY5jHIGStww==/lib/x86_64:/data/app/~~Qgn2wqEAvH79GiouluTyOA==/org.chromium.content_browsertests_apk-RchFo_8uzwLoY5jHIGStww==/base.apk!/lib/x86_64, permitted_path=/data:/mnt/expand:/data/user/0/org.chromium.content_browsertests_apk
09-10 14:53:33.764 6436 6436 D ApplicationLoaders: Returning zygote-cached class loader: /system_ext/framework/androidx.window.extensions.jar
09-10 14:53:33.765 6436 6436 D nativeloader: Configuring clns-9 for other apk /data/app/~~Qgn2wqEAvH79GiouluTyOA==/org.chromium.content_browsertests_apk-RchFo_8uzwLoY5jHIGStww==/base.apk. target_sdk_version=35, uses_libraries=, library_path=/data/app/~~Qgn2wqEAvH79GiouluTyOA==/org.chromium.content_browsertests_apk-RchFo_8uzwLoY5jHIGStww==/lib/x86_64:/data/app/~~Qgn2wqEAvH79GiouluTyOA==/org.chromium.content_browsertests_apk-RchFo_8uzwLoY5jHIGStww==/base.apk!/lib/x86_64, permitted_path=/data:/mnt/expand:/data/user/0/org.chromium.content_browsertests_apk
09-10 14:53:33.766 6436 6436 D CompatChangeReporter: Compat change id reported: 202956589; UID 99026; state: ENABLED
09-10 14:53:34.070 0 0 W servicemanager: Isolated app with UID 99026 requested 'connectivity', but the service is not allowed for isolated apps.
09-10 14:53:33.783 6436 6436 I cr_ChildProcessService: Creating new ChildProcessService pid=6436
09-10 14:53:34.079 0 0 W servicemanager: Isolated app with UID 99026 requested 'content_capture', but the service is not allowed for isolated apps.
09-10 14:53:33.789 6436 6458 D nativeloader: Load /data/app/~~Qgn2wqEAvH79GiouluTyOA==/org.chromium.content_browsertests_apk-RchFo_8uzwLoY5jHIGStww==/lib/x86_64/libtest_trace_processor.so using ns clns-9 from class loader (caller=/data/app/~~Qgn2wqEAvH79GiouluTyOA==/org.chromium.content_browsertests_apk-RchFo_8uzwLoY5jHIGStww==/base.apk): ok
09-10 14:53:33.800 583 1815 W PresentationStatsEventLogger: Bad view state for: -1
09-10 14:53:33.815 583 2498 I ActivityManager: Killing 6377:org.chromium.content_browsertests_apk:sandboxed_process0:org.chromium.content.app.SandboxedProcessService0:2/u0a208i23 (adj 0): isolated not needed
09-10 14:53:33.826 6436 6458 D nativeloader: Load /data/app/~~Qgn2wqEAvH79GiouluTyOA==/org.chromium.content_browsertests_apk-RchFo_8uzwLoY5jHIGStww==/lib/x86_64/libcontent_browsertests__library.so using ns clns-9 from class loader (caller=/data/app/~~Qgn2wqEAvH79GiouluTyOA==/org.chromium.content_browsertests_apk-RchFo_8uzwLoY5jHIGStww==/base.apk): ok
09-10 14:53:33.828 6436 6458 I cr_LibraryLoader: Successfully loaded native library
09-10 14:53:33.828 6436 6458 I cr_CachingUmaRecorder: Flushed 2 samples from 2 histograms, 0 samples were dropped.
09-10 14:53:33.831 583 618 I libprocessgroup: Removed cgroup /sys/fs/cgroup/uid_99023/pid_6377
09-10 14:53:33.833 583 605 D DisplayManagerService: Drop pending events for gone uid 99023
09-10 14:53:33.833 382 382 I Zygote : Process 6377 exited cleanly (0)
09-10 14:53:33.843 6436 6458 W SystemServiceRegistry: No service published for: uimode
09-10 14:53:34.141 0 0 W servicemanager: Isolated app with UID 99026 requested 'uimode', but the service is not allowed for isolated apps.
09-10 14:53:33.856 583 1815 W PresentationStatsEventLogger: Bad view state for: -1
09-10 14:53:33.861 583 1815 W PresentationStatsEventLogger: Bad view state for: -1
09-10 14:53:33.864 583 1815 W PresentationStatsEventLogger: Bad view state for: -1
09-10 14:53:33.867 6248 6248 D AutofillManager: notifyViewReadyInner:1073741842
09-10 14:53:33.883 583 1818 V GrammaticalInflectionUtils: AttributionSource: AttributionSource { uid = 99027, packageName = null, attributionTag = null, token = android.os.Binder@7b78a50, deviceId = 0, next = null } does not have READ_SYSTEM_GRAMMATICAL_GENDER permission.
09-10 14:53:33.892 382 382 D Zygote : Forked child process 6467
09-10 14:53:33.893 583 617 I ActivityManager: Start proc 6467:org.chromium.content_browsertests_apk:sandboxed_process0:org.chromium.content.app.SandboxedProcessService0:6/u0i27 for service {org.chromium.content_browsertests_apk/org.chromium.content.app.SandboxedProcessService0:6}
09-10 14:53:33.899 6248 6265 D EGL_emulation: app_time_stats: avg=147.74ms min=58.47ms max=427.43ms count=7
09-10 14:53:33.908 3955 3955 I GoogleInputMethodService: GoogleInputMethodService.onFinishInput():3157
09-10 14:53:33.913 3955 3955 I GoogleInputMethodService: GoogleInputMethodService.updateDeviceLockedStatus():2248 repeatCheckTimes = 0, locked = false
09-10 14:53:33.920 3955 3955 I GoogleInputMethodService: GoogleInputMethodService.onStartInput():1986 onStartInput(EditorInfo{EditorInfo{packageName=org.chromium.content_browsertests_apk, inputType=0, inputTypeString=NULL, enableLearning=false, autoCorrection=false, autoComplete=false, imeOptions=12000000, privateImeOptions=null, actionName=UNSPECIFIED, actionLabel=null, initialSelStart=-1, initialSelEnd=-1, initialCapsMode=0, label=null, fieldId=0, fieldName=null, extras=null, hintText=null, hintLocales=[]}}, false)
09-10 14:53:33.922 3955 3955 I GoogleInputMethodService: GoogleInputMethodService.updateDeviceLockedStatus():2248 repeatCheckTimes = 1, locked = false
09-10 14:53:33.923 3955 3955 I AndroidIME: InputBundleManager.loadActiveInputBundleId():450 loadActiveInputBundleId: und-Latn-x-password, password
09-10 14:53:33.924 583 1818 W PackageConfigPersister: App-specific configuration not found for packageName: org.chromium.content_browsertests_apk and userId: 0
09-10 14:53:33.939 6467 6467 I ocessService0:6: Using CollectorTypeCMC GC.
09-10 14:53:33.940 6467 6467 W ocessService0:6: Unexpected CPU variant for x86: x86_64.
09-10 14:53:33.940 6467 6467 W ocessService0:6: Known variants: atom, sandybridge, silvermont, goldmont, goldmont-plus, goldmont-without-sha-xsaves, tremont, kabylake, default
09-10 14:53:33.941 583 1818 W PresentationStatsEventLogger: Bad view state for: -1
09-10 14:53:33.943 6467 6467 E ocessService0:6: Not starting debugger since process cannot load the jdwp agent.
09-10 14:53:33.959 6467 6467 D nativeloader: Load libframework-connectivity-tiramisu-jni.so using APEX ns com_android_tethering for caller /apex/com.android.tethering/javalib/framework-connectivity-t.jar: ok
09-10 14:53:34.299 0 0 W servicemanager: Isolated app with UID 99027 requested 'network_management', but the service is not allowed for isolated apps.
09-10 14:53:34.004 6467 6467 D ApplicationLoaders: Returning zygote-cached class loader: /system/framework/android.test.base.jar
09-10 14:53:34.008 6467 6467 D nativeloader: Configuring clns-7 for other apk /system/framework/android.test.mock.jar. target_sdk_version=35, uses_libraries=ALL, library_path=/data/app/~~Qgn2wqEAvH79GiouluTyOA==/org.chromium.content_browsertests_apk-RchFo_8uzwLoY5jHIGStww==/lib/x86_64:/data/app/~~Qgn2wqEAvH79GiouluTyOA==/org.chromium.content_browsertests_apk-RchFo_8uzwLoY5jHIGStww==/base.apk!/lib/x86_64, permitted_path=/data:/mnt/expand:/data/user/0/org.chromium.content_browsertests_apk
09-10 14:53:34.010 6467 6467 D ApplicationLoaders: Returning zygote-cached class loader: /system/framework/android.test.base.jar
09-10 14:53:34.013 6467 6467 D nativeloader: Configuring clns-8 for other apk /system/framework/android.test.runner.jar. target_sdk_version=35, uses_libraries=ALL, library_path=/data/app/~~Qgn2wqEAvH79GiouluTyOA==/org.chromium.content_browsertests_apk-RchFo_8uzwLoY5jHIGStww==/lib/x86_64:/data/app/~~Qgn2wqEAvH79GiouluTyOA==/org.chromium.content_browsertests_apk-RchFo_8uzwLoY5jHIGStww==/base.apk!/lib/x86_64, permitted_path=/data:/mnt/expand:/data/user/0/org.chromium.content_browsertests_apk
09-10 14:53:34.014 6467 6467 D ApplicationLoaders: Returning zygote-cached class loader: /system_ext/framework/androidx.window.extensions.jar
09-10 14:53:34.016 6467 6467 D nativeloader: Configuring clns-9 for other apk /data/app/~~Qgn2wqEAvH79GiouluTyOA==/org.chromium.content_browsertests_apk-RchFo_8uzwLoY5jHIGStww==/base.apk. target_sdk_version=35, uses_libraries=, library_path=/data/app/~~Qgn2wqEAvH79GiouluTyOA==/org.chromium.content_browsertests_apk-RchFo_8uzwLoY5jHIGStww==/lib/x86_64:/data/app/~~Qgn2wqEAvH79GiouluTyOA==/org.chromium.content_browsertests_apk-RchFo_8uzwLoY5jHIGStww==/base.apk!/lib/x86_64, permitted_path=/data:/mnt/expand:/data/user/0/org.chromium.content_browsertests_apk
09-10 14:53:34.020 6467 6467 D CompatChangeReporter: Compat change id reported: 202956589; UID 99027; state: ENABLED
09-10 14:53:34.024 6248 6248 I ImeTracker: org.chromium.content_browsertests_apk:test_process:5079d4e8: onRequestHide at ORIGIN_CLIENT reason HIDE_SOFT_INPUT_CLOSE_CURRENT_SESSION fromUser false
09-10 14:53:34.026 583 726 I ImeTracker: org.chromium.content_browsertests_apk:test_process:5079d4e8: onCancelled at PHASE_SERVER_SHOULD_HIDE
09-10 14:53:34.035 583 1811 I ActivityManager: Killing 6436:org.chromium.content_browsertests_apk:sandboxed_process0:org.chromium.content.app.SandboxedProcessService0:5/u0a208i26 (adj 0): isolated not needed
09-10 14:53:34.328 0 0 W servicemanager: Isolated app with UID 99027 requested 'connectivity', but the service is not allowed for isolated apps.
09-10 14:53:34.348 0 0 W servicemanager: Isolated app with UID 99027 requested 'content_capture', but the service is not allowed for isolated apps.
09-10 14:53:34.061 6467 6467 I cr_ChildProcessService: Creating new ChildProcessService pid=6467
09-10 14:53:34.072 583 1815 V GrammaticalInflectionUtils: AttributionSource: AttributionSource { uid = 99028, packageName = null, attributionTag = null, token = android.os.Binder@7b78a50, deviceId = 0, next = null } does not have READ_SYSTEM_GRAMMATICAL_GENDER permission.
09-10 14:53:34.085 382 382 D Zygote : Forked child process 6481
09-10 14:53:34.086 583 618 I libprocessgroup: Removed cgroup /sys/fs/cgroup/uid_99026/pid_6436
09-10 14:53:34.086 382 382 I Zygote : Process 6436 exited due to signal 9 (Killed)
09-10 14:53:34.087 583 617 I ActivityManager: Start proc 6481:org.chromium.content_browsertests_apk:sandboxed_process0:org.chromium.content.app.SandboxedProcessService0:7/u0i28 for service {org.chromium.content_browsertests_apk/org.chromium.content.app.SandboxedProcessService0:7}
09-10 14:53:34.092 583 605 D DisplayManagerService: Drop pending events for gone uid 99026
09-10 14:53:34.097 6481 6481 I ocessService0:7: Using CollectorTypeCMC GC.
09-10 14:53:34.097 6467 6480 D nativeloader: Load /data/app/~~Qgn2wqEAvH79GiouluTyOA==/org.chromium.content_browsertests_apk-RchFo_8uzwLoY5jHIGStww==/lib/x86_64/libtest_trace_processor.so using ns clns-9 from class loader (caller=/data/app/~~Qgn2wqEAvH79GiouluTyOA==/org.chromium.content_browsertests_apk-RchFo_8uzwLoY5jHIGStww==/base.apk): ok
09-10 14:53:34.098 6481 6481 W ocessService0:7: Unexpected CPU variant for x86: x86_64.
09-10 14:53:34.098 6481 6481 W ocessService0:7: Known variants: atom, sandybridge, silvermont, goldmont, goldmont-plus, goldmont-without-sha-xsaves, tremont, kabylake, default
09-10 14:53:34.100 6481 6481 E ocessService0:7: Not starting debugger since process cannot load the jdwp agent.
09-10 14:53:34.103 6481 6481 D nativeloader: Load libframework-connectivity-tiramisu-jni.so using APEX ns com_android_tethering for caller /apex/com.android.tethering/javalib/framework-connectivity-t.jar: ok
09-10 14:53:34.116 6481 6481 D ApplicationLoaders: Returning zygote-cached class loader: /system/framework/android.test.base.jar
09-10 14:53:34.118 6481 6481 D nativeloader: Configuring clns-7 for other apk /system/framework/android.test.mock.jar. target_sdk_version=35, uses_libraries=ALL, library_path=/data/app/~~Qgn2wqEAvH79GiouluTyOA==/org.chromium.content_browsertests_apk-RchFo_8uzwLoY5jHIGStww==/lib/x86_64:/data/app/~~Qgn2wqEAvH79GiouluTyOA==/org.chromium.content_browsertests_apk-RchFo_8uzwLoY5jHIGStww==/base.apk!/lib/x86_64, permitted_path=/data:/mnt/expand:/data/user/0/org.chromium.content_browsertests_apk
09-10 14:53:34.118 6481 6481 D ApplicationLoaders: Returning zygote-cached class loader: /system/framework/android.test.base.jar
09-10 14:53:34.120 6481 6481 D nativeloader: Configuring clns-8 for other apk /system/framework/android.test.runner.jar. target_sdk_version=35, uses_libraries=ALL, library_path=/data/app/~~Qgn2wqEAvH79GiouluTyOA==/org.chromium.content_browsertests_apk-RchFo_8uzwLoY5jHIGStww==/lib/x86_64:/data/app/~~Qgn2wqEAvH79GiouluTyOA==/org.chromium.content_browsertests_apk-RchFo_8uzwLoY5jHIGStww==/base.apk!/lib/x86_64, permitted_path=/data:/mnt/expand:/data/user/0/org.chromium.content_browsertests_apk
09-10 14:53:34.120 6481 6481 D ApplicationLoaders: Returning zygote-cached class loader: /system_ext/framework/androidx.window.extensions.jar
09-10 14:53:34.122 6481 6481 D nativeloader: Configuring clns-9 for other apk /data/app/~~Qgn2wqEAvH79GiouluTyOA==/org.chromium.content_browsertests_apk-RchFo_8uzwLoY5jHIGStww==/base.apk. target_sdk_version=35, uses_libraries=, library_path=/data/app/~~Qgn2wqEAvH79GiouluTyOA==/org.chromium.content_browsertests_apk-RchFo_8uzwLoY5jHIGStww==/lib/x86_64:/data/app/~~Qgn2wqEAvH79GiouluTyOA==/org.chromium.content_browsertests_apk-RchFo_8uzwLoY5jHIGStww==/base.apk!/lib/x86_64, permitted_path=/data:/mnt/expand:/data/user/0/org.chromium.content_browsertests_apk
09-10 14:53:34.414 0 0 W servicemanager: Isolated app with UID 99028 requested 'network_management', but the service is not allowed for isolated apps.
09-10 14:53:34.122 6481 6481 D CompatChangeReporter: Compat change id reported: 202956589; UID 99028; state: ENABLED
09-10 14:53:34.426 0 0 W servicemanager: Isolated app with UID 99028 requested 'connectivity', but the service is not allowed for isolated apps.
09-10 14:53:34.133 6467 6480 D nativeloader: Load /data/app/~~Qgn2wqEAvH79GiouluTyOA==/org.chromium.content_browsertests_apk-RchFo_8uzwLoY5jHIGStww==/lib/x86_64/libcontent_browsertests__library.so using ns clns-9 from class loader (caller=/data/app/~~Qgn2wqEAvH79GiouluTyOA==/org.chromium.content_browsertests_apk-RchFo_8uzwLoY5jHIGStww==/base.apk): ok
09-10 14:53:34.136 6467 6480 I cr_LibraryLoader: Successfully loaded native library
09-10 14:53:34.136 6467 6480 I cr_CachingUmaRecorder: Flushed 2 samples from 2 histograms, 0 samples were dropped.
09-10 14:53:34.436 0 0 W servicemanager: Isolated app with UID 99028 requested 'content_capture', but the service is not allowed for isolated apps.
09-10 14:53:34.139 6481 6481 I cr_ChildProcessService: Creating new ChildProcessService pid=6481
09-10 14:53:34.143 6481 6492 D nativeloader: Load /data/app/~~Qgn2wqEAvH79GiouluTyOA==/org.chromium.content_browsertests_apk-RchFo_8uzwLoY5jHIGStww==/lib/x86_64/libtest_trace_processor.so using ns clns-9 from class loader (caller=/data/app/~~Qgn2wqEAvH79GiouluTyOA==/org.chromium.content_browsertests_apk-RchFo_8uzwLoY5jHIGStww==/base.apk): ok
09-10 14:53:34.146 6467 6480 W SystemServiceRegistry: No service published for: uimode
09-10 14:53:34.444 0 0 W servicemanager: Isolated app with UID 99027 requested 'uimode', but the service is not allowed for isolated apps.
09-10 14:53:34.178 6481 6492 D nativeloader: Load /data/app/~~Qgn2wqEAvH79GiouluTyOA==/org.chromium.content_browsertests_apk-RchFo_8uzwLoY5jHIGStww==/lib/x86_64/libcontent_browsertests__library.so using ns clns-9 from class loader (caller=/data/app/~~Qgn2wqEAvH79GiouluTyOA==/org.chromium.content_browsertests_apk-RchFo_8uzwLoY5jHIGStww==/base.apk): ok
09-10 14:53:34.180 6481 6492 I cr_LibraryLoader: Successfully loaded native library
09-10 14:53:34.181 6481 6492 I cr_CachingUmaRecorder: Flushed 2 samples from 2 histograms, 0 samples were dropped.
09-10 14:53:34.191 6481 6492 W SystemServiceRegistry: No service published for: uimode
09-10 14:53:34.489 0 0 W servicemanager: Isolated app with UID 99028 requested 'uimode', but the service is not allowed for isolated apps.
09-10 14:53:34.202 583 1095 W PresentationStatsEventLogger: Bad view state for: -1
09-10 14:53:34.219 583 1095 I ActivityManager: Killing 6424:org.chromium.content_browsertests_apk:sandboxed_process0:org.chromium.content.app.SandboxedProcessService0:4/u0a208i25 (adj 0): isolated not needed
09-10 14:53:34.238 382 382 I Zygote : Process 6424 exited due to signal 9 (Killed)
09-10 14:53:34.238 583 618 I libprocessgroup: Removed cgroup /sys/fs/cgroup/uid_99025/pid_6424
09-10 14:53:34.242 583 605 D DisplayManagerService: Drop pending events for gone uid 99025
09-10 14:53:34.268 583 1815 W PresentationStatsEventLogger: Bad view state for: -1
09-10 14:53:34.270 583 1815 W PresentationStatsEventLogger: Bad view state for: -1
09-10 14:53:34.272 583 1815 W PresentationStatsEventLogger: Bad view state for: -1
09-10 14:53:34.280 6248 6248 D AutofillManager: notifyViewReadyInner:1073741844
09-10 14:53:34.310 3955 3955 I GoogleInputMethodService: GoogleInputMethodService.onFinishInput():3157
09-10 14:53:34.312 3955 3955 I GoogleInputMethodService: GoogleInputMethodService.updateDeviceLockedStatus():2248 repeatCheckTimes = 0, locked = false
09-10 14:53:34.312 3955 3955 I GoogleInputMethodService: GoogleInputMethodService.onStartInput():1986 onStartInput(EditorInfo{EditorInfo{packageName=org.chromium.content_browsertests_apk, inputType=0, inputTypeString=NULL, enableLearning=false, autoCorrection=false, autoComplete=false, imeOptions=12000000, privateImeOptions=null, actionName=UNSPECIFIED, actionLabel=null, initialSelStart=-1, initialSelEnd=-1, initialCapsMode=0, label=null, fieldId=0, fieldName=null, extras=null, hintText=null, hintLocales=[]}}, false)
09-10 14:53:34.313 3955 3955 I GoogleInputMethodService: GoogleInputMethodService.updateDeviceLockedStatus():2248 repeatCheckTimes = 1, locked = false
09-10 14:53:34.313 3955 3955 I AndroidIME: InputBundleManager.loadActiveInputBundleId():450 loadActiveInputBundleId: und-Latn-x-password, password
09-10 14:53:34.314 583 1095 W PackageConfigPersister: App-specific configuration not found for packageName: org.chromium.content_browsertests_apk and userId: 0
09-10 14:53:34.320 583 1815 W PresentationStatsEventLogger: Bad view state for: -1
09-10 14:53:34.371 6248 6248 I ImeTracker: org.chromium.content_browsertests_apk:test_process:8fe884ad: onRequestHide at ORIGIN_CLIENT reason HIDE_SOFT_INPUT_CLOSE_CURRENT_SESSION fromUser false
09-10 14:53:34.373 583 726 I ImeTracker: org.chromium.content_browsertests_apk:test_process:8fe884ad: onCancelled at PHASE_SERVER_SHOULD_HIDE
09-10 14:53:34.455 583 1815 W PresentationStatsEventLogger: Bad view state for: -1
09-10 14:53:34.459 583 1815 W PresentationStatsEventLogger: Bad view state for: -1
09-10 14:53:34.464 6248 6248 D AutofillManager: notifyViewReadyInner:1073741846
09-10 14:53:34.464 583 1095 W PresentationStatsEventLogger: Bad view state for: -1
09-10 14:53:34.466 583 1811 V GrammaticalInflectionUtils: AttributionSource: AttributionSource { uid = 99029, packageName = null, attributionTag = null, token = android.os.Binder@7b78a50, deviceId = 0, next = null } does not have READ_SYSTEM_GRAMMATICAL_GENDER permission.
09-10 14:53:34.473 382 382 D Zygote : Forked child process 6513
09-10 14:53:34.473 583 617 I ActivityManager: Start proc 6513:org.chromium.content_browsertests_apk:sandboxed_process0:org.chromium.content.app.SandboxedProcessService0:8/u0i29 for service {org.chromium.content_browsertests_apk/org.chromium.content.app.SandboxedProcessService0:8}
09-10 14:53:34.509 6513 6513 I ocessService0:8: Using CollectorTypeCMC GC.
09-10 14:53:34.510 6513 6513 W ocessService0:8: Unexpected CPU variant for x86: x86_64.
09-10 14:53:34.510 6513 6513 W ocessService0:8: Known variants: atom, sandybridge, silvermont, goldmont, goldmont-plus, goldmont-without-sha-xsaves, tremont, kabylake, default
09-10 14:53:34.517 6513 6513 E ocessService0:8: Not starting debugger since process cannot load the jdwp agent.
09-10 14:53:34.523 6513 6513 D nativeloader: Load libframework-connectivity-tiramisu-jni.so using APEX ns com_android_tethering for caller /apex/com.android.tethering/javalib/framework-connectivity-t.jar: ok
09-10 14:53:34.537 583 1095 W PresentationStatsEventLogger: Bad view state for: -1
09-10 14:53:34.539 3955 3955 I GoogleInputMethodService: GoogleInputMethodService.onFinishInput():3157
09-10 14:53:34.543 3955 3955 I GoogleInputMethodService: GoogleInputMethodService.updateDeviceLockedStatus():2248 repeatCheckTimes = 0, locked = false
09-10 14:53:34.543 3955 3955 I GoogleInputMethodService: GoogleInputMethodService.onStartInput():1986 onStartInput(EditorInfo{EditorInfo{packageName=org.chromium.content_browsertests_apk, inputType=0, inputTypeString=NULL, enableLearning=false, autoCorrection=false, autoComplete=false, imeOptions=12000000, privateImeOptions=null, actionName=UNSPECIFIED, actionLabel=null, initialSelStart=-1, initialSelEnd=-1, initialCapsMode=0, label=null, fieldId=0, fieldName=null, extras=null, hintText=null, hintLocales=[]}}, false)
09-10 14:53:34.543 3955 3955 I GoogleInputMethodService: GoogleInputMethodService.updateDeviceLockedStatus():2248 repeatCheckTimes = 1, locked = false
09-10 14:53:34.544 3955 3955 I AndroidIME: InputBundleManager.loadActiveInputBundleId():450 loadActiveInputBundleId: und-Latn-x-password, password
09-10 14:53:34.544 583 1095 W PackageConfigPersister: App-specific configuration not found for packageName: org.chromium.content_browsertests_apk and userId: 0
09-10 14:53:34.864 0 0 W servicemanager: Isolated app with UID 99029 requested 'network_management', but the service is not allowed for isolated apps.
09-10 14:53:34.569 6513 6513 D ApplicationLoaders: Returning zygote-cached class loader: /system/framework/android.test.base.jar
09-10 14:53:34.571 6513 6513 D nativeloader: Configuring clns-7 for other apk /system/framework/android.test.mock.jar. target_sdk_version=35, uses_libraries=ALL, library_path=/data/app/~~Qgn2wqEAvH79GiouluTyOA==/org.chromium.content_browsertests_apk-RchFo_8uzwLoY5jHIGStww==/lib/x86_64:/data/app/~~Qgn2wqEAvH79GiouluTyOA==/org.chromium.content_browsertests_apk-RchFo_8uzwLoY5jHIGStww==/base.apk!/lib/x86_64, permitted_path=/data:/mnt/expand:/data/user/0/org.chromium.content_browsertests_apk
09-10 14:53:34.571 6513 6513 D ApplicationLoaders: Returning zygote-cached class loader: /system/framework/android.test.base.jar
09-10 14:53:34.572 6513 6513 D nativeloader: Configuring clns-8 for other apk /system/framework/android.test.runner.jar. target_sdk_version=35, uses_libraries=ALL, library_path=/data/app/~~Qgn2wqEAvH79GiouluTyOA==/org.chromium.content_browsertests_apk-RchFo_8uzwLoY5jHIGStww==/lib/x86_64:/data/app/~~Qgn2wqEAvH79GiouluTyOA==/org.chromium.content_browsertests_apk-RchFo_8uzwLoY5jHIGStww==/base.apk!/lib/x86_64, permitted_path=/data:/mnt/expand:/data/user/0/org.chromium.content_browsertests_apk
09-10 14:53:34.573 6513 6513 D ApplicationLoaders: Returning zygote-cached class loader: /system_ext/framework/androidx.window.extensions.jar
09-10 14:53:34.575 6513 6513 D nativeloader: Configuring clns-9 for other apk /data/app/~~Qgn2wqEAvH79GiouluTyOA==/org.chromium.content_browsertests_apk-RchFo_8uzwLoY5jHIGStww==/base.apk. target_sdk_version=35, uses_libraries=, library_path=/data/app/~~Qgn2wqEAvH79GiouluTyOA==/org.chromium.content_browsertests_apk-RchFo_8uzwLoY5jHIGStww==/lib/x86_64:/data/app/~~Qgn2wqEAvH79GiouluTyOA==/org.chromium.content_browsertests_apk-RchFo_8uzwLoY5jHIGStww==/base.apk!/lib/x86_64, permitted_path=/data:/mnt/expand:/data/user/0/org.chromium.content_browsertests_apk
09-10 14:53:34.575 6513 6513 D CompatChangeReporter: Compat change id reported: 202956589; UID 99029; state: ENABLED
09-10 14:53:34.581 6248 6248 I ImeTracker: org.chromium.content_browsertests_apk:test_process:ea7775d1: onRequestHide at ORIGIN_CLIENT reason HIDE_SOFT_INPUT_CLOSE_CURRENT_SESSION fromUser false
09-10 14:53:34.884 0 0 W servicemanager: Isolated app with UID 99029 requested 'connectivity', but the service is not allowed for isolated apps.
09-10 14:53:34.586 583 726 I ImeTracker: org.chromium.content_browsertests_apk:test_process:ea7775d1: onCancelled at PHASE_SERVER_SHOULD_HIDE
09-10 14:53:34.590 583 1811 I ActivityManager: Killing 6481:org.chromium.content_browsertests_apk:sandboxed_process0:org.chromium.content.app.SandboxedProcessService0:7/u0a208i28 (adj 0): isolated not needed
09-10 14:53:34.590 6481 6481 I cr_ChildProcessService: Destroying ChildProcessService pid=6481
09-10 14:53:34.596 583 1815 I ActivityManager: Killing 6467:org.chromium.content_browsertests_apk:sandboxed_process0:org.chromium.content.app.SandboxedProcessService0:6/u0a208i27 (adj 0): isolated not needed
09-10 14:53:34.600 1515 5201 W MediaProvider: isAppCloneUserPair for user 0: false
09-10 14:53:34.602 6513 6513 I cr_ChildProcessService: Creating new ChildProcessService pid=6513
09-10 14:53:34.896 0 0 W servicemanager: Isolated app with UID 99029 requested 'content_capture', but the service is not allowed for isolated apps.
09-10 14:53:34.608 1515 5888 W MediaProvider: Database update failed while renaming /storage/emulated/0/chromium_tests_root/content_shell/GPUCache/index-dir/temp-index
09-10 14:53:34.608 1515 5888 W MediaProvider: android.database.sqlite.SQLiteConstraintException: UNIQUE constraint failed: files._data (code 2067 SQLITE_CONSTRAINT_UNIQUE)
09-10 14:53:34.608 1515 5888 W MediaProvider: at android.database.sqlite.SQLiteConnection.nativeExecuteForChangedRowCount(Native Method)
09-10 14:53:34.608 1515 5888 W MediaProvider: at android.database.sqlite.SQLiteConnection.executeForChangedRowCount(SQLiteConnection.java:926)
09-10 14:53:34.608 1515 5888 W MediaProvider: at android.database.sqlite.SQLiteSession.executeForChangedRowCount(SQLiteSession.java:780)
09-10 14:53:34.608 1515 5888 W MediaProvider: at android.database.sqlite.SQLiteStatement.executeUpdateDelete(SQLiteStatement.java:67)
09-10 14:53:34.608 1515 5888 W MediaProvider: at com.android.providers.media.util.DatabaseUtils.executeUpdateDelete(DatabaseUtils.java:499)
09-10 14:53:34.608 1515 5888 W MediaProvider: at com.android.providers.media.util.SQLiteQueryBuilder.update(SQLiteQueryBuilder.java:726)
09-10 14:53:34.608 1515 5888 W MediaProvider: at com.android.providers.media.util.SQLiteQueryBuilder.lambda$update$2(SQLiteQueryBuilder.java:648)
09-10 14:53:34.608 1515 5888 W MediaProvider: at com.android.providers.media.util.SQLiteQueryBuilder.$r8$lambda$V5i8aaD8hBMOL_-PCdDrUiXRenE(SQLiteQueryBuilder.java:0)
09-10 14:53:34.608 1515 5888 W MediaProvider: at com.android.providers.media.util.SQLiteQueryBuilder$$ExternalSyntheticLambda1.apply(R8$$SyntheticClass:0)
09-10 14:53:34.608 1515 5888 W MediaProvider: at com.android.providers.media.DatabaseHelper.runWithTransaction(DatabaseHelper.java:891)
09-10 14:53:34.608 1515 5888 W MediaProvider: at com.android.providers.media.util.SQLiteQueryBuilder.update(SQLiteQueryBuilder.java:647)
09-10 14:53:34.608 1515 5888 W MediaProvider: at com.android.providers.media.MediaProvider.lambda$updateDatabaseForFuseRename$18(MediaProvider.java:3084)
09-10 14:53:34.608 1515 5888 W MediaProvider: at com.android.providers.media.MediaProvider.$r8$lambda$SsJLM9omZuZqR6R57GeVw8lP7d0(MediaProvider.java:0)
09-10 14:53:34.608 1515 5888 W MediaProvider: at com.android.providers.media.MediaProvider$$ExternalSyntheticLambda36.apply(R8$$SyntheticClass:0)
09-10 14:53:34.608 1515 5888 W MediaProvider: at com.android.providers.media.DatabaseHelper.runWithTransaction(DatabaseHelper.java:891)
09-10 14:53:34.608 1515 5888 W MediaProvider: at com.android.providers.media.MediaProvider.updateDatabaseForFuseRename(MediaProvider.java:3076)
09-10 14:53:34.608 1515 5888 W MediaProvider: at com.android.providers.media.MediaProvider.updateDatabaseForFuseRename(MediaProvider.java:3043)
09-10 14:53:34.608 1515 5888 W MediaProvider: at com.android.providers.media.MediaProvider.updateDatabaseForFuseRename(MediaProvider.java:3037)
09-10 14:53:34.608 1515 5888 W MediaProvider: at com.android.providers.media.MediaProvider.renameFileForFuse(MediaProvider.java:3408)
09-10 14:53:34.608 1515 5888 W MediaProvider: at com.android.providers.media.MediaProvider.renameFileUncheckedForFuse(MediaProvider.java:3388)
09-10 14:53:34.608 1515 5888 W MediaProvider: at com.android.providers.media.MediaProvider.renameUncheckedForFuse(MediaProvider.java:3475)
09-10 14:53:34.608 1515 5888 W MediaProvider: at com.android.providers.media.MediaProvider.renameForFuse(MediaProvider.java:3523)
09-10 14:53:34.910 0 0 W binder_debug: 18 callbacks suppressed
09-10 14:53:34.910 0 0 I binder : send failed reply for transaction 340734 to 6248:6281
09-10 14:53:34.610 583 618 I libprocessgroup: Removed cgroup /sys/fs/cgroup/uid_99028/pid_6481
09-10 14:53:34.613 382 382 I Zygote : Process 6481 exited due to signal 9 (Killed)
09-10 14:53:34.615 1515 5888 I MediaProvider: Retrying database update after deleting conflicting entry
09-10 14:53:34.619 583 605 D DisplayManagerService: Drop pending events for gone uid 99028
09-10 14:53:34.620 382 382 I Zygote : Process 6467 exited due to signal 9 (Killed)
09-10 14:53:34.917 0 0 I binder : send failed reply for transaction 340840 to 6248:6248
09-10 14:53:34.919 0 0 I binder : undelivered transaction 340816, process died.
09-10 14:53:34.621 583 618 I libprocessgroup: Removed cgroup /sys/fs/cgroup/uid_99027/pid_6467
09-10 14:53:34.923 0 0 I binder : undelivered transaction 340818, process died.
09-10 14:53:34.931 0 0 I binder : undelivered transaction 340819, process died.
09-10 14:53:34.632 381 381 I netd : tetherGetStats() -> {[]} <2.26ms>
09-10 14:53:34.636 6513 6526 D nativeloader: Load /data/app/~~Qgn2wqEAvH79GiouluTyOA==/org.chromium.content_browsertests_apk-RchFo_8uzwLoY5jHIGStww==/lib/x86_64/libtest_trace_processor.so using ns clns-9 from class loader (caller=/data/app/~~Qgn2wqEAvH79GiouluTyOA==/org.chromium.content_browsertests_apk-RchFo_8uzwLoY5jHIGStww==/base.apk): ok
09-10 14:53:34.636 583 605 D DisplayManagerService: Drop pending events for gone uid 99027
09-10 14:53:34.657 992 1046 V WindowManagerShell: Transition requested (#27): android.os.BinderProxy@cf5d4d0 TransitionRequestInfo { type = CLOSE, triggerTask = TaskInfo{userId=0 taskId=17 displayId=0 isRunning=false baseIntent=Intent { act=android.intent.action.MAIN flg=0x10000000 cmp=org.chromium.content_browsertests_apk/.ContentBrowserTestsActivity } baseActivity=null topActivity=null origActivity=null realActivity=ComponentInfo{org.chromium.content_browsertests_apk/org.chromium.content_browsertests_apk.ContentBrowserTestsActivity} numActivities=0 lastActiveTime=250181 supportsMultiWindow=true resizeMode=1 isResizeable=true minWidth=-1 minHeight=-1 defaultMinSize=220 token=WCT{android.window.IWindowContainerToken$Stub$Proxy@4632cc9} topActivityType=1 pictureInPictureParams=null shouldDockBigOverlays=false launchIntoPipHostTaskId=-1 lastParentTaskIdBeforePip=-1 displayCutoutSafeInsets=null topActivityInfo=null launchCookies=[] positionInParent=Point(0, 0) parentTaskId=-1 isFocused=true isVisible=true isVisibleRequested=true isSleeping=false locusId=null displayAreaFeatureId=1 isTopActivityTransparent=false appCompatTaskInfo=AppCompatTaskInfo { topActivityInSizeCompat=false topActivityEligibleForLetterboxEducation= falseisLetterboxEducationEnabled= false isLetterboxDoubleTapEnabled= false topActivityEligibleForUserAspectRatioButton= false topActivityBoundsLetterboxed= false isFromLetterboxDoubleTap= false topActivityLetterboxVerticalPosition= -1 topActivityLetterboxHorizontalPosition= -1 topActivityLetterboxWidth=-1 topActivityLetterboxHeight=-1 isUserFullscreenOverrideEnabled=false isSystemFullscreenOverrideEnabled=false cameraCompatTaskInfo=CameraCompatTaskInfo { cameraCompatControlState=hidden freeformCameraCompatMode=inactive}}}, pipTask = null, remoteTransition = null, displayChange = null, flags = 0, debugId = 27 }
09-10 14:53:34.663 5120 5120 I Process : Sending signal. PID: 6248 SIG: 9
09-10 14:53:34.664 453 453 I BpBinder: onLastStrongRef automatically unlinking death recipients:
09-10 14:53:34.668 1255 1255 I TopTaskTracker: onTaskMovedToFront: (moved taskInfo to front) taskId=7, baseIntent=Intent { act=android.intent.action.MAIN cat=[android.intent.category.HOME] flg=0x10000100 cmp=com.google.android.apps.nexuslauncher/.NexusLauncherActivity }
09-10 14:53:34.687 6513 6526 D nativeloader: Load /data/app/~~Qgn2wqEAvH79GiouluTyOA==/org.chromium.content_browsertests_apk-RchFo_8uzwLoY5jHIGStww==/lib/x86_64/libcontent_browsertests__library.so using ns clns-9 from class loader (caller=/data/app/~~Qgn2wqEAvH79GiouluTyOA==/org.chromium.content_browsertests_apk-RchFo_8uzwLoY5jHIGStww==/base.apk): ok
09-10 14:53:34.689 6513 6526 I cr_LibraryLoader: Successfully loaded native library
09-10 14:53:34.690 6513 6526 I cr_CachingUmaRecorder: Flushed 2 samples from 2 histograms, 0 samples were dropped.
09-10 14:53:34.994 0 0 I binder_alloc: 6248: binder_alloc_buf, no vma
09-10 14:53:34.997 0 0 I binder : cannot allocate buffer: vma cleared, target dead or dying
09-10 14:53:34.997 0 0 I binder : 6513:6526 transaction call to 6248:0 failed 341034/29189/-3, size 0-0 line 3465
09-10 14:53:34.701 6513 6526 E IPCThreadState: Binder transaction failure. id: 341034, BR_*: 29189, error: -3 (No such process)
09-10 14:53:34.701 6513 6526 E ocessService0:8: associateClass: Cannot associate class 'BinderBoxInterface:../../base/android/binder_box.cc:22' to dead binder with cached descriptor ''.
09-10 14:53:35.004 0 0 I binder : undelivered TRANSACTION_COMPLETE
09-10 14:53:35.007 0 0 I binder : undelivered transaction 341019, process died.
09-10 14:53:34.708 583 1815 I ImeTracker: org.chromium.content_browsertests_apk:e86d1d76: onRequestHide at ORIGIN_SERVER reason HIDE_REMOVE_CLIENT fromUser false
09-10 14:53:34.708 583 1815 I ImeTracker: org.chromium.content_browsertests_apk:e86d1d76: onCancelled at PHASE_SERVER_SHOULD_HIDE
09-10 14:53:34.709 583 1095 I WindowManager: WIN DEATH: Window{c770833 u0 org.chromium.content_browsertests_apk/org.chromium.content_browsertests_apk.ContentBrowserTestsActivity}
09-10 14:53:34.709 583 1832 I ActivityManager: Process org.chromium.content_browsertests_apk:test_process (pid 6248) has died: fg TOP
09-10 14:53:34.710 583 1811 D AutofillSession: handling death of Token{f769ac7 ActivityRecord{fc49ee1 u0 org.chromium.content_browsertests_apk/.ContentBrowserTestsActivity t17 f}}} when saving=false
09-10 14:53:34.711 583 1095 W InputManager-JNI: Input channel object 'c770833 org.chromium.content_browsertests_apk/org.chromium.content_browsertests_apk.ContentBrowserTestsActivity (client)' was disposed without first being removed with the input manager!
09-10 14:53:35.009 0 0 W servicemanager: Isolated app with UID 99029 requested 'uimode', but the service is not allowed for isolated apps.
09-10 14:53:34.712 6513 6526 W SystemServiceRegistry: No service published for: uimode
09-10 14:53:34.713 382 382 I Zygote : Process 6248 exited due to signal 9 (Killed)
09-10 14:53:34.713 583 917 D ConnectivityService: releasing NetworkRequest [ REQUEST id=179, [ Capabilities: INTERNET&NOT_RESTRICTED&TRUSTED&NOT_VCN_MANAGED&NOT_BANDWIDTH_CONSTRAINED Uid: 10208 RequestorUid: 10208 RequestorPkg: org.chromium.content_browsertests_apk UnderlyingNetworks: Null] ] (release request)
09-10 14:53:34.713 583 618 I libprocessgroup: Removed cgroup /sys/fs/cgroup/uid_10208/pid_6248
09-10 14:53:34.714 583 605 D AutofillUI: destroySaveUiUiThread(): already destroyed
09-10 14:53:34.722 583 1832 I ActivityManager: Killing 6513:org.chromium.content_browsertests_apk:sandboxed_process0:org.chromium.content.app.SandboxedProcessService0:8/u0a208i29 (adj 0): isolated not needed
09-10 14:53:34.731 583 607 W ActivityManager: setHasOverlayUi called on unknown pid: 6248
09-10 14:53:34.733 583 1832 I AppWidgetServiceImpl: startListening() 0
09-10 14:53:34.736 1255 1255 D StatsLog: LAUNCHER_ONRESUME
09-10 14:53:34.739 583 1816 W OptProp : Cannot read opt property android.window.PROPERTY_COMPAT_ALLOW_USER_ASPECT_RATIO_OVERRIDE
09-10 14:53:34.739 583 1816 W OptProp : Cannot read opt property android.window.PROPERTY_COMPAT_ALLOW_USER_ASPECT_RATIO_FULLSCREEN_OVERRIDE
09-10 14:53:34.739 992 1046 D WindowManagerShell: setLauncherKeepClearAreaHeight: visible=true, height=525
09-10 14:53:34.739 583 1816 W OptProp : Cannot read opt property android.window.PROPERTY_COMPAT_ALLOW_ORIENTATION_OVERRIDE
09-10 14:53:34.740 583 1816 V GrammaticalInflectionUtils: AttributionSource: AttributionSource { uid = 10208, packageName = null, attributionTag = null, token = android.os.Binder@7b78a50, deviceId = 0, next = null } does not have READ_SYSTEM_GRAMMATICAL_GENDER permission.
09-10 14:53:34.740 583 1816 W OptProp : Cannot read opt property android.window.PROPERTY_COMPAT_ALLOW_RESIZEABLE_ACTIVITY_OVERRIDES
09-10 14:53:34.740 583 1816 W OptProp : Cannot read opt property android.window.PROPERTY_COMPAT_ALLOW_MIN_ASPECT_RATIO_OVERRIDE
09-10 14:53:34.747 1255 1255 D NexusLauncherModelDelegate: notifySmartspaceEvent: SmartspaceTargetEvent{mSmartspaceTarget=null, mSmartspaceActionId='null', mEventType=6}
09-10 14:53:35.049 0 0 I binder : undelivered transaction 341091, process died.
09-10 14:53:34.753 382 382 I Zygote : Process 6295 exited cleanly (0)
09-10 14:53:34.754 583 1822 I ActivityManager: Process org.chromium.content_browsertests_apk:privileged_process0 (pid 6295) has died: fg SVC
09-10 14:53:34.756 583 1816 V SplashScreenExceptionList: SplashScreen checking exception for package org.chromium.content_browsertests_apk (target sdk:35) -> false
09-10 14:53:34.758 583 1614 W AppSearchIcing: icing-search-engine.cc:321: Error: 5, Message: Document (com.google.android.googlequicksearchbox$OneSearchZeroStateGoogleSuggestions/default, zp) not found.
09-10 14:53:34.761 1255 1303 D QuickstepModelDelegate: notifyAppTargetEvent action=1 launchLocation=workspace/0/[-1,-1]/[1,1]
09-10 14:53:34.761 583 1816 I ActivityTaskManager: Add Task{2266406 #17 type=standard A=10208:org.chromium.content_browsertests_apk} to hidden list because adding Task{12f3e80 #18 type=standard A=10208:org.chromium.content_browsertests_apk}
09-10 14:53:34.763 1255 2183 D OneSearchSuggestProvider: AppSearch 0-state cache not available, fallback to AGA
09-10 14:53:34.763 1255 2183 D OneSearchSuggestProvider: java.util.concurrent.CompletionException: java.util.NoSuchElementException: No value present
09-10 14:53:34.763 1255 2183 D OneSearchSuggestProvider: at java.util.concurrent.CompletableFuture.encodeThrowable(CompletableFuture.java:308)
09-10 14:53:34.763 1255 2183 D OneSearchSuggestProvider: at java.util.concurrent.CompletableFuture.completeThrowable(CompletableFuture.java:323)
09-10 14:53:34.763 1255 2183 D OneSearchSuggestProvider: at java.util.concurrent.CompletableFuture$UniAccept.tryFire(CompletableFuture.java:684)
09-10 14:53:34.763 1255 2183 D OneSearchSuggestProvider: at java.util.concurrent.CompletableFuture.postComplete(CompletableFuture.java:486)
09-10 14:53:34.763 1255 2183 D OneSearchSuggestProvider: at java.util.concurrent.CompletableFuture.completeExceptionally(CompletableFuture.java:2138)
09-10 14:53:34.763 1255 2183 D OneSearchSuggestProvider: at com.google.android.apps.nexuslauncher.allapps.E0.onResult(go/retraceme 31f9979659277bb965985aff1272c33e3c3c9e755b77166d20a2465454178f2c:67)
09-10 14:53:34.763 1255 2183 D OneSearchSuggestProvider: at android.app.appsearch.SearchSessionUtil$1.lambda$onResult$0(go/retraceme 64eee9e9f568ff45978879ad2ff83146f2618ee8a88278736fbdf5fae931976e:144)
09-10 14:53:34.763 1255 2183 D OneSearchSuggestProvider: at android.app.appsearch.SearchSessionUtil$1.$r8$lambda$CEk3q8sDAQVhU3rQwVueB8FAj_M(go/retraceme 64eee9e9f568ff45978879ad2ff83146f2618ee8a88278736fbdf5fae931976e:1)
09-10 14:53:34.763 1255 2183 D OneSearchSuggestProvider: at android.app.appsearch.SearchSessionUtil$1$$ExternalSyntheticLambda0.run(go/retraceme 64eee9e9f568ff45978879ad2ff83146f2618ee8a88278736fbdf5fae931976e:22)
09-10 14:53:34.763 1255 2183 D OneSearchSuggestProvider: at android.os.Handler.handleCallback(Handler.java:959)
09-10 14:53:34.763 1255 2183 D OneSearchSuggestProvider: at android.os.Handler.dispatchMessage(Handler.java:100)
09-10 14:53:34.763 1255 2183 D OneSearchSuggestProvider: at android.os.Looper.loopOnce(Looper.java:232)
09-10 14:53:34.763 1255 2183 D OneSearchSuggestProvider: at android.os.Looper.loop(Looper.java:317)
09-10 14:53:34.763 1255 2183 D OneSearchSuggestProvider: at android.os.HandlerThread.run(HandlerThread.java:85)
09-10 14:53:34.763 1255 2183 D OneSearchSuggestProvider: Caused by: java.util.NoSuchElementException: No value present
09-10 14:53:34.763 1255 2183 D OneSearchSuggestProvider: at java.util.Optional.get(Optional.java:143)
09-10 14:53:34.763 1255 2183 D OneSearchSuggestProvider: at com.google.android.apps.nexuslauncher.allapps.E0.onResult(go/retraceme 31f9979659277bb965985aff1272c33e3c3c9e755b77166d20a2465454178f2c:28)
09-10 14:53:34.763 1255 2183 D OneSearchSuggestProvider: ... 8 more
09-10 14:53:34.765 583 618 I libprocessgroup: Removed cgroup /sys/fs/cgroup/uid_99029/pid_6513
09-10 14:53:34.765 1255 2183 D OneSearchSuggestProvider: Created the binder channel successfully for end point service =com.google.android.apps.search.googleapp.search.suggest.plugins.onesearch.server.OneSearchSuggestService , mChannel=i1{delegate=f{logId=35, target=directaddress:///AndroidComponentAddress%5BIntent%20%7B%20act=grpc.io.action.BIND%20cmp=com.google.android.googlequicksearchbox/com.google.android.apps.search.googleapp.search.suggest.plugins.onesearch.server.OneSearchSuggestService%20%7D%5D}} , mOneSearchConnection=l2.Z@27d7ce6
09-10 14:53:34.765 583 618 I libprocessgroup: Removed cgroup /sys/fs/cgroup/uid_10208/pid_6295
09-10 14:53:34.766 382 382 I Zygote : Process 6513 exited due to signal 9 (Killed)
09-10 14:53:34.767 1537 1886 I AiAiEcho: Predicting[0]: [CONTEXT sampling_count=5 ]
09-10 14:53:34.767 583 1816 I ActivityTaskManager: START u0 {act=android.intent.action.MAIN flg=0x10000000 cmp=org.chromium.content_browsertests_apk/.ContentBrowserTestsActivity (has extras)} with LAUNCH_SINGLE_TASK from uid 10208 (BAL_ALLOW_PERMISSION) result code=0
09-10 14:53:34.767 1537 1886 I AiAiEcho: EchoTargets:
09-10 14:53:34.767 1537 1886 I AiAiEcho: Filtered by AiAi flag check:
09-10 14:53:34.767 1537 1886 I AiAiEcho: [CONTEXT ratelimit_period="10 SECONDS" ]
09-10 14:53:34.767 1537 1886 I AiAiEcho: Ranked targets strategy: SORT, count: 0, ranking metadata: [CONTEXT ratelimit_period="10 SECONDS" ]
09-10 14:53:34.767 1537 1886 I AiAiEcho: #remoteViewsTwiddler: feature disabled.
09-10 14:53:34.769 992 1092 D SplashScreenView: Build android.window.SplashScreenView{2ac5eef V.E...... ......ID 0,0-0,0}
09-10 14:53:34.769 992 1092 D SplashScreenView: Icon: view: null drawable: null size: 0
09-10 14:53:34.769 992 1092 D SplashScreenView: Branding: view: android.view.View{42b6dfc G.ED..... ......I. 0,0-0,0 #1020503 android:id/splashscreen_branding_view} drawable: null size w: 0 h: 0
09-10 14:53:34.775 1255 1255 D BaseDepthController: setSurface:
09-10 14:53:34.775 1255 1255 D BaseDepthController: mWaitingOnSurfaceValidity: false
09-10 14:53:34.775 1255 1255 D BaseDepthController: mSurface: Surface(name=com.google.android.apps.nexuslauncher/com.google.android.apps.nexuslauncher.NexusLauncherActivity)/@0x668f0d3
09-10 14:53:34.777 1537 1886 I AiAiEcho: #postPredictionTargets: Sending updates to UISurface home with targets# 0 (types=[])
09-10 14:53:34.779 583 605 D DisplayManagerService: Drop pending events for gone uid 99029
09-10 14:53:34.781 583 608 W ActivityTaskManager: Unable to send transaction to client proc org.chromium.content_browsertests_apk:test_process: no app thread
09-10 14:53:34.783 583 1822 D CoreBackPreview: Window{265d98 u0 Splash Screen org.chromium.content_browsertests_apk}: Setting back callback OnBackInvokedCallbackInfo{mCallback=android.window.IOnBackInvokedCallback$Stub$Proxy@5b9a42d, mPriority=0, mIsAnimationCallback=false}
09-10 14:53:34.784 583 607 V GrammaticalInflectionUtils: AttributionSource: AttributionSource { uid = 10208, packageName = null, attributionTag = null, token = android.os.Binder@7b78a50, deviceId = 0, next = null } does not have READ_SYSTEM_GRAMMATICAL_GENDER permission.
09-10 14:53:34.785 4025 4025 I A : (REDACTED) Created gRPC endpoint for service %s
09-10 14:53:34.790 505 505 W IPCThreadState: Sending oneway calls to frozen process.
09-10 14:53:34.792 382 382 D Zygote : Forked child process 6533
09-10 14:53:34.792 583 617 I ActivityManager: Start proc 6533:org.chromium.content_browsertests_apk:test_process/u0a208 for next-top-activity {org.chromium.content_browsertests_apk/org.chromium.content_browsertests_apk.ContentBrowserTestsActivity}
09-10 14:53:34.803 6533 6533 I pk:test_process: Using CollectorTypeCMC GC.
09-10 14:53:34.804 6533 6533 W pk:test_process: Unexpected CPU variant for x86: x86_64.
09-10 14:53:34.804 6533 6533 W pk:test_process: Known variants: atom, sandybridge, silvermont, goldmont, goldmont-plus, goldmont-without-sha-xsaves, tremont, kabylake, default
09-10 14:53:34.807 6533 6533 E pk:test_process: Not starting debugger since process cannot load the jdwp agent.
09-10 14:53:34.809 6533 6533 D nativeloader: Load libframework-connectivity-tiramisu-jni.so using APEX ns com_android_tethering for caller /apex/com.android.tethering/javalib/framework-connectivity-t.jar: ok
09-10 14:53:34.827 1255 1255 W SplitSelectStateCtor: Missing session instanceIds
09-10 14:53:34.830 1255 1255 D StatsLog: LAUNCHER_SPLIT_SELECTION_EXIT_INTERRUPTED
09-10 14:53:34.830 992 1046 D WindowManagerShell: setLauncherKeepClearAreaHeight: visible=false, height=525
09-10 14:53:34.841 583 1832 W OptProp : Cannot read opt property android.window.PROPERTY_COMPAT_ENABLE_FAKE_FOCUS
09-10 14:53:34.843 6533 6533 D ApplicationLoaders: Returning zygote-cached class loader: /system/framework/android.test.base.jar
09-10 14:53:34.847 6533 6533 D nativeloader: Configuring clns-7 for other apk /system/framework/android.test.mock.jar. target_sdk_version=35, uses_libraries=ALL, library_path=/data/app/~~Qgn2wqEAvH79GiouluTyOA==/org.chromium.content_browsertests_apk-RchFo_8uzwLoY5jHIGStww==/lib/x86_64:/data/app/~~Qgn2wqEAvH79GiouluTyOA==/org.chromium.content_browsertests_apk-RchFo_8uzwLoY5jHIGStww==/base.apk!/lib/x86_64, permitted_path=/data:/mnt/expand:/data/user/0/org.chromium.content_browsertests_apk
09-10 14:53:34.848 6533 6533 D ApplicationLoaders: Returning zygote-cached class loader: /system/framework/android.test.base.jar
09-10 14:53:34.849 6533 6533 D nativeloader: Configuring clns-8 for other apk /system/framework/android.test.runner.jar. target_sdk_version=35, uses_libraries=ALL, library_path=/data/app/~~Qgn2wqEAvH79GiouluTyOA==/org.chromium.content_browsertests_apk-RchFo_8uzwLoY5jHIGStww==/lib/x86_64:/data/app/~~Qgn2wqEAvH79GiouluTyOA==/org.chromium.content_browsertests_apk-RchFo_8uzwLoY5jHIGStww==/base.apk!/lib/x86_64, permitted_path=/data:/mnt/expand:/data/user/0/org.chromium.content_browsertests_apk
09-10 14:53:34.850 1255 1255 I TopTaskTracker: onTaskMovedToFront: (moved taskInfo to front) taskId=18, baseIntent=Intent { act=android.intent.action.MAIN flg=0x10000000 cmp=org.chromium.content_browsertests_apk/.ContentBrowserTestsActivity }
09-10 14:53:34.850 6533 6533 D ApplicationLoaders: Returning zygote-cached class loader: /system_ext/framework/androidx.window.extensions.jar
09-10 14:53:34.850 1255 1255 D SsBaseTemplateCard: No text view can be set up
09-10 14:53:34.851 1255 1255 D SsBaseTemplateCard: Passed-in item info is null
09-10 14:53:34.851 1255 1255 D SsBaseTemplateCard: Passed-in item info is null
09-10 14:53:34.851 1255 1255 D SsBaseTemplateCard: Passed-in item info is null
09-10 14:53:34.851 1255 1255 I SsBaseTemplateCard: Secondary card pane is null
