09-10 14:54:11.788 1515 5199 I MediaProvider: Deleted 1 0 0 0 0 0 0 items on external_primary due to org.chromium.content_browsertests_apk
09-10 14:54:11.792 992 1046 V WindowManagerShell: All active transition animations finished
09-10 14:54:11.792 992 1046 W Looper : Slow dispatch took 52ms wmshell.main h=android.os.Handler c=com.android.wm.shell.transition.DefaultTransitionHandler$$ExternalSyntheticLambda0@1de8e73 m=0
09-10 14:54:11.792 992 1046 W Looper : Slow delivery took 32ms wmshell.main h=android.os.Handler c=android.window.TaskOrganizer$1$$ExternalSyntheticLambda4@b1be130 m=0
09-10 14:54:11.793 992 1046 W Looper : Drained
09-10 14:54:11.796 583 2412 W UserManagerService: Requested status bar icon for non-badged user 0
09-10 14:54:11.811 1515 2614 W MediaProvider: Ignoring param:deletedata post U for external apps
09-10 14:54:11.812 583 2412 W UserManagerService: Requested status bar icon for non-badged user 0
09-10 14:54:11.828 1515 2614 I MediaProvider: Deleted 1 0 0 0 0 0 0 items on external_primary due to org.chromium.content_browsertests_apk
09-10 14:54:11.834 453 453 E BpTransactionCompletedListener: Failed to transact (-32)
09-10 14:54:11.846 1515 1803 W MediaProvider: Ignoring param:deletedata post U for external apps
09-10 14:54:11.848 583 2412 W UserManagerService: Requested status bar icon for non-badged user 0
09-10 14:54:11.854 1515 1803 I MediaProvider: Deleted 1 0 0 0 0 0 0 items on external_primary due to org.chromium.content_browsertests_apk
09-10 14:54:11.855 1515 5202 W MediaProvider: Ignoring param:deletedata post U for external apps
09-10 14:54:11.858 992 1139 D EGL_emulation: app_time_stats: avg=229.81ms min=7.15ms max=1478.16ms count=7
09-10 14:54:11.860 1255 1255 I TopTaskTracker: onTaskRemoved: taskId=28
09-10 14:54:11.860 1255 1255 I TopTaskTracker: onTaskRemoved: taskId=28
09-10 14:54:11.860 1515 5202 I MediaProvider: Deleted 1 0 0 0 0 0 0 items on external_primary due to org.chromium.content_browsertests_apk
09-10 14:54:11.861 1515 5202 W MediaProvider: Ignoring param:deletedata post U for external apps
09-10 14:54:11.869 1515 5202 I MediaProvider: Deleted 1 0 0 0 0 0 0 items on external_primary due to org.chromium.content_browsertests_apk
09-10 14:54:11.871 1515 5201 W MediaProvider: Ignoring param:deletedata post U for external apps
09-10 14:54:11.929 1515 5201 I MediaProvider: Deleted 1 0 0 0 0 0 0 items on external_primary due to org.chromium.content_browsertests_apk
09-10 14:54:11.951 1515 1803 W MediaProvider: Ignoring param:deletedata post U for external apps
09-10 14:54:11.967 1515 1803 I MediaProvider: Deleted 1 0 0 0 0 0 0 items on external_primary due to org.chromium.content_browsertests_apk
09-10 14:54:11.970 1515 4876 W MediaProvider: Ignoring param:deletedata post U for external apps
09-10 14:54:11.972 1515 4876 I MediaProvider: Deleted 1 0 0 0 0 0 0 items on external_primary due to org.chromium.content_browsertests_apk
09-10 14:54:11.976 1515 5199 W MediaProvider: Ignoring param:deletedata post U for external apps
09-10 14:54:11.978 1515 5199 I MediaProvider: Deleted 1 0 0 0 0 0 0 items on external_primary due to org.chromium.content_browsertests_apk
09-10 14:54:11.979 1515 1802 W MediaProvider: Ignoring param:deletedata post U for external apps
09-10 14:54:11.981 1515 1802 I MediaProvider: Deleted 1 0 0 0 0 0 0 items on external_primary due to org.chromium.content_browsertests_apk
09-10 14:54:11.992 1515 5202 W MediaProvider: Ignoring param:deletedata post U for external apps
09-10 14:54:11.994 1515 5202 I MediaProvider: Deleted 1 0 0 0 0 0 0 items on external_primary due to org.chromium.content_browsertests_apk
09-10 14:54:11.996 1515 1803 W MediaProvider: Ignoring param:deletedata post U for external apps
09-10 14:54:12.000 1515 1803 I MediaProvider: Deleted 1 0 0 0 0 0 0 items on external_primary due to org.chromium.content_browsertests_apk
09-10 14:54:12.008 1515 2614 W MediaProvider: Ignoring param:deletedata post U for external apps
09-10 14:54:12.012 1515 2614 I MediaProvider: Deleted 1 0 0 0 0 0 0 items on external_primary due to org.chromium.content_browsertests_apk
09-10 14:54:12.019 1515 5197 W MediaProvider: Ignoring param:deletedata post U for external apps
09-10 14:54:12.021 1515 5197 I MediaProvider: Deleted 1 0 0 0 0 0 0 items on external_primary due to org.chromium.content_browsertests_apk
09-10 14:54:12.022 1515 5199 W MediaProvider: Ignoring param:deletedata post U for external apps
09-10 14:54:12.026 1515 5199 I MediaProvider: Deleted 1 0 0 0 0 0 0 items on external_primary due to org.chromium.content_browsertests_apk
09-10 14:54:12.038 8064 8064 D nativeloader: Load /data/app/~~Qgn2wqEAvH79GiouluTyOA==/org.chromium.content_browsertests_apk-RchFo_8uzwLoY5jHIGStww==/lib/x86_64/libtest_trace_processor.so using ns clns-9 from class loader (caller=/data/app/~~Qgn2wqEAvH79GiouluTyOA==/org.chromium.content_browsertests_apk-RchFo_8uzwLoY5jHIGStww==/base.apk): ok
09-10 14:54:12.098 8064 8064 D nativeloader: Load /data/app/~~Qgn2wqEAvH79GiouluTyOA==/org.chromium.content_browsertests_apk-RchFo_8uzwLoY5jHIGStww==/lib/x86_64/libcontent_browsertests__library.so using ns clns-9 from class loader (caller=/data/app/~~Qgn2wqEAvH79GiouluTyOA==/org.chromium.content_browsertests_apk-RchFo_8uzwLoY5jHIGStww==/base.apk): ok
09-10 14:54:12.104 8064 8064 I cr_LibraryLoader: Successfully loaded native library
09-10 14:54:12.104 8064 8064 I cr_CachingUmaRecorder: Flushed 2 samples from 2 histograms, 0 samples were dropped.
09-10 14:54:12.209 8064 8064 W HWUI : Unknown dataspace 0
09-10 14:54:12.242 583 1815 D CoreBackPreview: Window{9b3b0c1 u0 org.chromium.content_browsertests_apk/org.chromium.content_browsertests_apk.ContentBrowserTestsActivity}: Setting back callback OnBackInvokedCallbackInfo{mCallback=android.window.IOnBackInvokedCallback$Stub$Proxy@305afa7, mPriority=0, mIsAnimationCallback=false}
09-10 14:54:12.249 8064 8081 I EGL_emulation: Opening libGLESv1_CM_emulation.so
09-10 14:54:12.250 8064 8081 I EGL_emulation: Opening libGLESv2_emulation.so
09-10 14:54:12.258 8064 8081 W HWUI : Failed to initialize 101010-2 format, error = EGL_SUCCESS
09-10 14:54:12.282 164 164 I hwservicemanager: getTransport: Cannot find entry android.hardware.graphics.mapper@4.0::IMapper/default in either framework or device VINTF manifest.
09-10 14:54:12.282 8064 8081 I Gralloc4: mapper 4.x is not supported
09-10 14:54:12.577 0 0 I servicemanager: Caller(pid=8064,uid=10208,sid=u:r:untrusted_app:s0:c208,c256,c512,c768) Could not find android.hardware.graphics.allocator.IAllocator/default in the VINTF manifest. No alternative instances declared in VINTF.
09-10 14:54:12.717 8064 8064 I chromium: Redirecting stdout to file: /sdcard/Download/temp_file-8c9235bba0aea.gtest_out
09-10 14:54:12.726 583 604 I ActivityTaskManager: Displayed org.chromium.content_browsertests_apk/.ContentBrowserTestsActivity for user 0: +1s672ms
09-10 14:54:12.817 8064 8064 W chromium: [8064:8064:0910/145412.817506:WARNING:field_trial_util.cc(109)] Field trial config study skipped: RenderDocumentWithNavigationQueueing.EnabledSubframeWithQueueing_20240108 (some of its features are already overridden)
09-10 14:54:12.825 1515 4876 W MediaProvider: isAppCloneUserPair for user 0: false
09-10 14:54:12.864 8064 8094 W chromium: [8064:8094:0910/145412.864161:WARNING:dns_config_service_android.cc(81)] Failed to read DnsConfig.
09-10 14:54:12.881 1515 5888 W MediaProvider: isAppCloneUserPair for user 0: false
09-10 14:54:12.935 1515 5888 W MediaProvider: isAppCloneUserPair for user 0: false
09-10 14:54:12.937 1515 7638 W MediaProvider: isAppCloneUserPair for user 0: false
09-10 14:54:12.941 1515 2614 W MediaProvider: isAppCloneUserPair for user 0: false
09-10 14:54:12.948 1515 5201 W MediaProvider: isAppCloneUserPair for user 0: false
09-10 14:54:12.950 8064 8064 D CompatChangeReporter: Compat change id reported: 63938206; UID 10208; state: ENABLED
09-10 14:54:12.962 1515 5197 W MediaProvider: isAppCloneUserPair for user 0: false
09-10 14:54:12.963 1515 5202 W MediaProvider: isAppCloneUserPair for user 0: false
09-10 14:54:12.971 8064 8064 D CompatChangeReporter: Compat change id reported: 303326708; UID 10208; state: ENABLED
09-10 14:54:12.981 1515 5199 W MediaProvider: isAppCloneUserPair for user 0: false
09-10 14:54:13.003 583 1815 D ConnectivityService: requestNetwork for uid/pid:10208/8064 activeRequest: null callbackRequest: 214 [NetworkRequest [ REQUEST id=215, [ Capabilities: INTERNET&NOT_RESTRICTED&TRUSTED&NOT_VCN_MANAGED&NOT_BANDWIDTH_CONSTRAINED Uid: 10208 RequestorUid: 10208 RequestorPkg: org.chromium.content_browsertests_apk UnderlyingNetworks: Null] ]] callback flags: 0 order: 2147483647 isUidTracked: false
09-10 14:54:13.009 1515 1803 W MediaProvider: isAppCloneUserPair for user 0: false
09-10 14:54:13.014 1515 1802 W MediaProvider: isAppCloneUserPair for user 0: false
09-10 14:54:13.015 583 917 D ConnectivityService: NetReassign [no changes] [c 0] [a 0] [i 3]
09-10 14:54:13.015 583 917 D ConnectivityService: NetReassign [no changes] [c 0] [a 0] [i 0]
09-10 14:54:13.016 583 910 D OemPaidWifiNetworkFactory: got request NetworkRequest [ REQUEST id=215, [ Capabilities: INTERNET&NOT_RESTRICTED&TRUSTED&NOT_VCN_MANAGED&NOT_BANDWIDTH_CONSTRAINED Uid: 10208 RequestorUid: 10208 RequestorPkg: org.chromium.content_browsertests_apk UnderlyingNetworks: Null] ]
09-10 14:54:13.016 583 910 D MultiInternetWifiNetworkFactory: got request NetworkRequest [ REQUEST id=215, [ Capabilities: INTERNET&NOT_RESTRICTED&TRUSTED&NOT_VCN_MANAGED&NOT_BANDWIDTH_CONSTRAINED Uid: 10208 RequestorUid: 10208 RequestorPkg: org.chromium.content_browsertests_apk UnderlyingNetworks: Null] ]
09-10 14:54:13.016 583 910 D WifiNetworkFactory: got request NetworkRequest [ REQUEST id=215, [ Capabilities: INTERNET&NOT_RESTRICTED&TRUSTED&NOT_VCN_MANAGED&NOT_BANDWIDTH_CONSTRAINED Uid: 10208 RequestorUid: 10208 RequestorPkg: org.chromium.content_browsertests_apk UnderlyingNetworks: Null] ]
09-10 14:54:13.016 583 910 D UntrustedWifiNetworkFactory: got request NetworkRequest [ REQUEST id=215, [ Capabilities: INTERNET&NOT_RESTRICTED&TRUSTED&NOT_VCN_MANAGED&NOT_BANDWIDTH_CONSTRAINED Uid: 10208 RequestorUid: 10208 RequestorPkg: org.chromium.content_browsertests_apk UnderlyingNetworks: Null] ]
09-10 14:54:12.980 8064 8064 W ThreadPoolForeg: type=1400 audit(0.0:67): avc: denied { ioctl } for path=2F73746F726167652F656D756C617465642F302F6368726F6D69756D5F74657374735F726F6F742F636F6E74656E745F7368656C6C2F5368617265642044696374696F6E6172792F6462 dev="fuse" ino=148199 ioctlcmd=0xf50c scontext=u:r:untrusted_app:s0:c208,c256,c512,c768 tcontext=u:object_r:fuse:s0 tclass=file permissive=0 app=org.chromium.content_browsertests_apk
09-10 14:54:13.028 583 1811 I Telecom : TelecomServiceImpl$1: isInEmergencyCall: false: TSI.iIEC@AR4🔒
09-10 14:54:13.046 583 726 I ImeTracker: org.chromium.content_browsertests_apk:e6d53547: onRequestHide at ORIGIN_SERVER reason HIDE_UNSPECIFIED_WINDOW fromUser false
09-10 14:54:13.047 583 726 I ImeTracker: org.chromium.content_browsertests_apk:e6d53547: onCancelled at PHASE_SERVER_SHOULD_HIDE
09-10 14:54:13.048 1567 2161 I BistoHotwordHelper: (REDACTED) getHotwordActive::active query: %s, watch: %s, devices connected: %s
09-10 14:54:13.054 505 505 W IPCThreadState: Sending oneway calls to frozen process.
09-10 14:54:13.060 8064 8064 D AutofillManager: notifyViewReadyInner:1073741824
09-10 14:54:13.064 3955 3955 I GoogleInputMethodService: GoogleInputMethodService.onFinishInput():3157
09-10 14:54:13.066 3955 3955 I GoogleInputMethodService: GoogleInputMethodService.updateDeviceLockedStatus():2248 repeatCheckTimes = 0, locked = false
09-10 14:54:13.067 3955 3955 I GoogleInputMethodService: GoogleInputMethodService.onStartInput():1986 onStartInput(EditorInfo{EditorInfo{packageName=org.chromium.content_browsertests_apk, inputType=0, inputTypeString=NULL, enableLearning=false, autoCorrection=false, autoComplete=false, imeOptions=12000000, privateImeOptions=null, actionName=UNSPECIFIED, actionLabel=null, initialSelStart=-1, initialSelEnd=-1, initialCapsMode=0, label=null, fieldId=0, fieldName=null, extras=null, hintText=null, hintLocales=[]}}, false)
09-10 14:54:13.074 1515 4876 W MediaProvider: isAppCloneUserPair for user 0: false
09-10 14:54:13.077 1515 5197 W MediaProvider: isAppCloneUserPair for user 0: false
09-10 14:54:13.078 1515 1802 W MediaProvider: isAppCloneUserPair for user 0: false
09-10 14:54:13.080 381 381 I netd : tetherGetStats() -> {[]} <2.30ms>
09-10 14:54:13.087 3955 3955 I GoogleInputMethodService: GoogleInputMethodService.updateDeviceLockedStatus():2248 repeatCheckTimes = 1, locked = false
09-10 14:54:13.087 3955 3955 I AndroidIME: InputBundleManager.loadActiveInputBundleId():450 loadActiveInputBundleId: und-Latn-x-password, password
09-10 14:54:13.090 583 1815 W PackageConfigPersister: App-specific configuration not found for packageName: org.chromium.content_browsertests_apk and userId: 0
09-10 14:54:13.091 992 1091 W WindowOnBackDispatcher: sendCancelIfRunning: isInProgress=false callback=android.view.ViewRootImpl$$ExternalSyntheticLambda11@c00d0a6
09-10 14:54:13.091 1515 2614 W MediaProvider: isAppCloneUserPair for user 0: false
09-10 14:54:13.094 583 1811 W InputManager-JNI: Input channel object '19013fb Splash Screen org.chromium.content_browsertests_apk (client)' was disposed without first being removed with the input manager!
09-10 14:54:13.114 1255 1927 D EGL_emulation: app_time_stats: avg=455.86ms min=33.22ms max=1264.73ms count=3
09-10 14:54:13.114 583 1815 D CoreBackPreview: Window{19013fb u0 Splash Screen org.chromium.content_browsertests_apk EXITING}: Setting back callback null
09-10 14:54:13.144 992 1091 W FrameTracker: Missed App frame:UNKNOWN: 24, 54396, 0, CUJ=J<SPLASHSCREEN_EXIT_ANIM>
09-10 14:54:13.144 992 1091 W FrameTracker: Missed SF frame:UNKNOWN: 24, 54396, 0, CUJ=J<SPLASHSCREEN_EXIT_ANIM>
09-10 14:54:13.144 992 1091 W FrameTracker: Missing HWUI jank callback for vsyncId: 54396, CUJ=J<SPLASHSCREEN_EXIT_ANIM>
09-10 14:54:13.145 992 1091 W FrameTracker: Missed App frame:UNKNOWN: 74, 54417, 0, CUJ=J<SPLASHSCREEN_EXIT_ANIM>
09-10 14:54:13.145 992 1091 W FrameTracker: Missed SF frame:UNKNOWN: 74, 54417, 0, CUJ=J<SPLASHSCREEN_EXIT_ANIM>
09-10 14:54:13.145 992 1091 W FrameTracker: Missing HWUI jank callback for vsyncId: 54417, CUJ=J<SPLASHSCREEN_EXIT_ANIM>
09-10 14:54:13.145 992 1091 W FrameTracker: Missed App frame:UNKNOWN: 74, 54438, 66889670, CUJ=J<SPLASHSCREEN_EXIT_ANIM>
09-10 14:54:13.145 992 1091 W FrameTracker: Missed SF frame:UNKNOWN: 74, 54438, 66889670, CUJ=J<SPLASHSCREEN_EXIT_ANIM>
09-10 14:54:13.145 992 1091 W FrameTracker: Missed App frame:UNKNOWN: 74, 54453, 83337424, CUJ=J<SPLASHSCREEN_EXIT_ANIM>
09-10 14:54:13.145 992 1091 W FrameTracker: Missed SF frame:UNKNOWN: 74, 54453, 83337424, CUJ=J<SPLASHSCREEN_EXIT_ANIM>
09-10 14:54:13.145 992 1091 W FrameTracker: Missed App frame:UNKNOWN: 74, 54468, 98118922, CUJ=J<SPLASHSCREEN_EXIT_ANIM>
09-10 14:54:13.145 992 1091 W FrameTracker: Missed SF frame:UNKNOWN: 74, 54468, 98118922, CUJ=J<SPLASHSCREEN_EXIT_ANIM>
09-10 14:54:13.145 992 1091 W FrameTracker: Missed App frame:UNKNOWN: 74, 54498, 0, CUJ=J<SPLASHSCREEN_EXIT_ANIM>
09-10 14:54:13.145 992 1091 W FrameTracker: Missed SF frame:UNKNOWN: 74, 54498, 0, CUJ=J<SPLASHSCREEN_EXIT_ANIM>
09-10 14:54:13.145 992 1091 W FrameTracker: Missing HWUI jank callback for vsyncId: 54498, CUJ=J<SPLASHSCREEN_EXIT_ANIM>
09-10 14:54:13.145 992 1091 W FrameTracker: Missed App frame:UNKNOWN: 74, 54520, 0, CUJ=J<SPLASHSCREEN_EXIT_ANIM>
09-10 14:54:13.145 992 1091 W FrameTracker: Missed SF frame:UNKNOWN: 74, 54520, 0, CUJ=J<SPLASHSCREEN_EXIT_ANIM>
09-10 14:54:13.145 992 1091 W FrameTracker: Missing HWUI jank callback for vsyncId: 54520, CUJ=J<SPLASHSCREEN_EXIT_ANIM>
09-10 14:54:13.145 992 1091 W FrameTracker: Missed App frame:UNKNOWN: 88, 54535, 104546213, CUJ=J<SPLASHSCREEN_EXIT_ANIM>
09-10 14:54:13.145 992 1091 W FrameTracker: Missed SF frame:UNKNOWN: 88, 54535, 104546213, CUJ=J<SPLASHSCREEN_EXIT_ANIM>
09-10 14:54:13.145 992 1091 W FrameTracker: Missed App frame:UNKNOWN: 72, 54557, 0, CUJ=J<SPLASHSCREEN_EXIT_ANIM>
09-10 14:54:13.145 992 1091 W FrameTracker: Missing HWUI jank callback for vsyncId: 54557, CUJ=J<SPLASHSCREEN_EXIT_ANIM>
09-10 14:54:13.149 992 1067 V PerfettoTrigger: Not triggering com.android.telemetry.interaction-jank-monitor-39 - not enough time since last trigger
09-10 14:54:13.180 583 2879 E TaskPersister: File error accessing recents directory (directory doesn't exist?).
09-10 14:54:13.185 1515 1802 W MediaProvider: isAppCloneUserPair for user 0: false
09-10 14:54:13.192 1255 1255 D BaseDepthController: setSurface:
09-10 14:54:13.192 1255 1255 D BaseDepthController: mWaitingOnSurfaceValidity: false
09-10 14:54:13.192 1255 1255 D BaseDepthController: mSurface: null
09-10 14:54:13.193 1255 1255 D BaseDepthController: mSurface is null and mCurrentBlur is: 0
09-10 14:54:13.194 1255 1255 D StateManager: goToState - fromState: Normal, toState: Normal, partial trace:
09-10 14:54:13.194 1255 1255 D StateManager: at com.android.launcher3.statemanager.StateManager.moveToRestState(go/retraceme 31f9979659277bb965985aff1272c33e3c3c9e755b77166d20a2465454178f2c:4)
09-10 14:54:13.194 1255 1255 D StateManager: at com.android.launcher3.statemanager.StateManager.moveToRestState(go/retraceme 31f9979659277bb965985aff1272c33e3c3c9e755b77166d20a2465454178f2c:1)
09-10 14:54:13.194 1255 1255 D StateManager: at com.android.launcher3.statemanager.StatefulActivity.onStop(go/retraceme 31f9979659277bb965985aff1272c33e3c3c9e755b77166d20a2465454178f2c:34)
09-10 14:54:13.194 1255 1255 D StatsLog: LAUNCHER_ONSTOP
09-10 14:54:13.198 583 1815 I AppWidgetServiceImpl: setAppWidgetHidden() 0
09-10 14:54:13.199 1255 1255 D StatsLog: LAUNCHER_GOOGLE_SEARCH_RESTORE_LIST_SIZE_AFTER_ACTIVITY_RESTART
09-10 14:54:13.200 1255 1255 D NexusLauncherModelDelegate: notifySmartspaceEvent: SmartspaceTargetEvent{mSmartspaceTarget=null, mSmartspaceActionId='null', mEventType=7}
09-10 14:54:13.200 1255 1255 D NexusLauncherModelDelegate: notifySmartspaceEvent: SmartspaceTargetEvent{mSmartspaceTarget=null, mSmartspaceActionId='null', mEventType=7}
09-10 14:54:13.200 3955 3962 I putmethod.latin: JIT allocated 52KB for compiled code of boolean fjt.a(kwp, java.lang.Object[])
09-10 14:54:13.201 3955 3962 I putmethod.latin: Compiler allocated 4802KB to compile boolean fjt.a(kwp, java.lang.Object[])
09-10 14:54:13.203 583 1815 V GrammaticalInflectionUtils: AttributionSource: AttributionSource { uid = 10208, packageName = null, attributionTag = null, token = android.os.Binder@7b78a50, deviceId = 0, next = null } does not have READ_SYSTEM_GRAMMATICAL_GENDER permission.
09-10 14:54:13.211 1255 2183 D OneSearchSuggestProvider: Shut down the binder channel
09-10 14:54:13.215 1515 1803 W MediaProvider: isAppCloneUserPair for user 0: false
09-10 14:54:13.228 382 382 D Zygote : Forked child process 8110
09-10 14:54:13.231 583 617 I ActivityManager: Start proc 8110:org.chromium.content_browsertests_apk:privileged_process0/u0a208 for service {org.chromium.content_browsertests_apk/org.chromium.content.app.PrivilegedProcessService0}
09-10 14:54:13.252 1255 5027 I IPCThreadState: oneway function results for code 2 on binder at 0x79edbcb77360 will be dropped but finished with status UNKNOWN_TRANSACTION
09-10 14:54:13.263 8110 8110 I ileged_process0: Using CollectorTypeCMC GC.
09-10 14:54:13.267 8110 8110 W ileged_process0: Unexpected CPU variant for x86: x86_64.
09-10 14:54:13.267 8110 8110 W ileged_process0: Known variants: atom, sandybridge, silvermont, goldmont, goldmont-plus, goldmont-without-sha-xsaves, tremont, kabylake, default
09-10 14:54:13.281 8110 8110 E ileged_process0: Not starting debugger since process cannot load the jdwp agent.
09-10 14:54:13.297 583 2412 D OomAdjuster: Not killing cached processes
09-10 14:54:13.305 1515 1803 W MediaProvider: isAppCloneUserPair for user 0: false
09-10 14:54:13.360 992 1139 D EGL_emulation: app_time_stats: avg=208.86ms min=13.06ms max=1345.76ms count=7
09-10 14:54:13.364 8110 8110 D nativeloader: Load libframework-connectivity-tiramisu-jni.so using APEX ns com_android_tethering for caller /apex/com.android.tethering/javalib/framework-connectivity-t.jar: ok
09-10 14:54:13.393 1172 1181 I m.android.phone: Background concurrent mark compact GC freed 4036KB AllocSpace bytes, 0(0B) LOS objects, 49% free, 3557KB/7114KB, paused 295us,1.900ms total 361.720ms
09-10 14:54:13.394 8110 8110 D ApplicationLoaders: Returning zygote-cached class loader: /system/framework/android.test.base.jar
09-10 14:54:13.398 8110 8110 D nativeloader: Configuring clns-7 for other apk /system/framework/android.test.mock.jar. target_sdk_version=35, uses_libraries=ALL, library_path=/data/app/~~Qgn2wqEAvH79GiouluTyOA==/org.chromium.content_browsertests_apk-RchFo_8uzwLoY5jHIGStww==/lib/x86_64:/data/app/~~Qgn2wqEAvH79GiouluTyOA==/org.chromium.content_browsertests_apk-RchFo_8uzwLoY5jHIGStww==/base.apk!/lib/x86_64, permitted_path=/data:/mnt/expand:/data/user/0/org.chromium.content_browsertests_apk
09-10 14:54:13.399 8110 8110 D ApplicationLoaders: Returning zygote-cached class loader: /system/framework/android.test.base.jar
09-10 14:54:13.402 8110 8110 D nativeloader: Configuring clns-8 for other apk /system/framework/android.test.runner.jar. target_sdk_version=35, uses_libraries=ALL, library_path=/data/app/~~Qgn2wqEAvH79GiouluTyOA==/org.chromium.content_browsertests_apk-RchFo_8uzwLoY5jHIGStww==/lib/x86_64:/data/app/~~Qgn2wqEAvH79GiouluTyOA==/org.chromium.content_browsertests_apk-RchFo_8uzwLoY5jHIGStww==/base.apk!/lib/x86_64, permitted_path=/data:/mnt/expand:/data/user/0/org.chromium.content_browsertests_apk
09-10 14:54:13.406 8110 8110 D ApplicationLoaders: Returning zygote-cached class loader: /system_ext/framework/androidx.window.extensions.jar
09-10 14:54:13.409 8110 8110 D nativeloader: Configuring clns-9 for other apk /data/app/~~Qgn2wqEAvH79GiouluTyOA==/org.chromium.content_browsertests_apk-RchFo_8uzwLoY5jHIGStww==/base.apk. target_sdk_version=35, uses_libraries=, library_path=/data/app/~~Qgn2wqEAvH79GiouluTyOA==/org.chromium.content_browsertests_apk-RchFo_8uzwLoY5jHIGStww==/lib/x86_64:/data/app/~~Qgn2wqEAvH79GiouluTyOA==/org.chromium.content_browsertests_apk-RchFo_8uzwLoY5jHIGStww==/base.apk!/lib/x86_64, permitted_path=/data:/mnt/expand:/data/user/0/org.chromium.content_browsertests_apk
09-10 14:54:13.410 8110 8110 D CompatChangeReporter: Compat change id reported: 202956589; UID 10208; state: ENABLED
09-10 14:54:13.428 8110 8110 V GraphicsEnvironment: Currently set values for:
09-10 14:54:13.429 8110 8110 V GraphicsEnvironment: angle_gl_driver_selection_pkgs=[]
09-10 14:54:13.429 8110 8110 V GraphicsEnvironment: angle_gl_driver_selection_values=[]
09-10 14:54:13.429 8110 8110 V GraphicsEnvironment: Global.Settings values are invalid: number of packages: 0, number of values: 0
09-10 14:54:13.429 8110 8110 V GraphicsEnvironment: Neither updatable production driver nor prerelease driver is supported.
09-10 14:54:13.443 8110 8110 I cr_ChildProcessService: Creating new ChildProcessService pid=8110
09-10 14:54:13.444 8064 8099 W cr_media: BLUETOOTH_CONNECT permission is missing.
09-10 14:54:13.445 8064 8099 W cr_media: getBluetoothAdapter() requires BLUETOOTH permission
09-10 14:54:13.445 8064 8099 W cr_media: registerBluetoothIntentsIfNeeded: Requires BLUETOOTH permission
09-10 14:54:13.450 583 1811 V GrammaticalInflectionUtils: AttributionSource: AttributionSource { uid = 99056, packageName = null, attributionTag = null, token = android.os.Binder@7b78a50, deviceId = 0, next = null } does not have READ_SYSTEM_GRAMMATICAL_GENDER permission.
09-10 14:54:13.454 583 1815 V GrammaticalInflectionUtils: AttributionSource: AttributionSource { uid = 99057, packageName = null, attributionTag = null, token = android.os.Binder@7b78a50, deviceId = 0, next = null } does not have READ_SYSTEM_GRAMMATICAL_GENDER permission.
09-10 14:54:13.466 382 382 D Zygote : Forked child process 8125
09-10 14:54:13.469 583 617 I ActivityManager: Start proc 8125:org.chromium.content_browsertests_apk:sandboxed_process0:org.chromium.content.app.SandboxedProcessService0:0/u0i56 for service {org.chromium.content_browsertests_apk/org.chromium.content.app.SandboxedProcessService0:0}
09-10 14:54:13.486 8110 8124 D nativeloader: Load /data/app/~~Qgn2wqEAvH79GiouluTyOA==/org.chromium.content_browsertests_apk-RchFo_8uzwLoY5jHIGStww==/lib/x86_64/libtest_trace_processor.so using ns clns-9 from class loader (caller=/data/app/~~Qgn2wqEAvH79GiouluTyOA==/org.chromium.content_browsertests_apk-RchFo_8uzwLoY5jHIGStww==/base.apk): ok
09-10 14:54:13.487 8125 8125 I ocessService0:0: Using CollectorTypeCMC GC.
09-10 14:54:13.488 8125 8125 W ocessService0:0: Unexpected CPU variant for x86: x86_64.
09-10 14:54:13.488 8125 8125 W ocessService0:0: Known variants: atom, sandybridge, silvermont, goldmont, goldmont-plus, goldmont-without-sha-xsaves, tremont, kabylake, default
09-10 14:54:13.489 1515 2614 W MediaProvider: isAppCloneUserPair for user 0: false
09-10 14:54:13.493 382 382 D Zygote : Forked child process 8127
09-10 14:54:13.498 583 617 I ActivityManager: Start proc 8127:org.chromium.content_browsertests_apk:sandboxed_process0:org.chromium.content.app.SandboxedProcessService0:1/u0i57 for service {org.chromium.content_browsertests_apk/org.chromium.content.app.SandboxedProcessService0:1}
09-10 14:54:13.501 8125 8125 E ocessService0:0: Not starting debugger since process cannot load the jdwp agent.
09-10 14:54:13.503 1515 1803 W MediaProvider: isAppCloneUserPair for user 0: false
09-10 14:54:13.504 8127 8127 I ocessService0:1: Using CollectorTypeCMC GC.
09-10 14:54:13.506 8127 8127 W ocessService0:1: Unexpected CPU variant for x86: x86_64.
09-10 14:54:13.506 8127 8127 W ocessService0:1: Known variants: atom, sandybridge, silvermont, goldmont, goldmont-plus, goldmont-without-sha-xsaves, tremont, kabylake, default
09-10 14:54:13.506 8064 8064 I WindowExtensionsImpl: Initializing Window Extensions, vendor API level=6, activity embedding enabled=true
09-10 14:54:13.507 1515 4876 W MediaProvider: isAppCloneUserPair for user 0: false
09-10 14:54:13.509 8127 8127 E ocessService0:1: Not starting debugger since process cannot load the jdwp agent.
09-10 14:54:13.512 8125 8125 D nativeloader: Load libframework-connectivity-tiramisu-jni.so using APEX ns com_android_tethering for caller /apex/com.android.tethering/javalib/framework-connectivity-t.jar: ok
09-10 14:54:13.512 8127 8127 D nativeloader: Load libframework-connectivity-tiramisu-jni.so using APEX ns com_android_tethering for caller /apex/com.android.tethering/javalib/framework-connectivity-t.jar: ok
09-10 14:54:13.539 1515 7638 W MediaProvider: isAppCloneUserPair for user 0: false
09-10 14:54:13.548 1515 1802 W MediaProvider: isAppCloneUserPair for user 0: false
09-10 14:54:13.554 1515 5197 W MediaProvider: isAppCloneUserPair for user 0: false
09-10 14:54:13.864 0 0 W servicemanager: Isolated app with UID 99057 requested 'network_management', but the service is not allowed for isolated apps.
09-10 14:54:13.869 0 0 W servicemanager: Isolated app with UID 99056 requested 'network_management', but the service is not allowed for isolated apps.
09-10 14:54:13.572 8110 8124 D nativeloader: Load /data/app/~~Qgn2wqEAvH79GiouluTyOA==/org.chromium.content_browsertests_apk-RchFo_8uzwLoY5jHIGStww==/lib/x86_64/libcontent_browsertests__library.so using ns clns-9 from class loader (caller=/data/app/~~Qgn2wqEAvH79GiouluTyOA==/org.chromium.content_browsertests_apk-RchFo_8uzwLoY5jHIGStww==/base.apk): ok
09-10 14:54:13.573 8125 8125 D ApplicationLoaders: Returning zygote-cached class loader: /system/framework/android.test.base.jar
09-10 14:54:13.575 8110 8124 I cr_LibraryLoader: Successfully loaded native library
09-10 14:54:13.575 8110 8124 I cr_CachingUmaRecorder: Flushed 2 samples from 2 histograms, 0 samples were dropped.
09-10 14:54:13.577 8125 8125 D nativeloader: Configuring clns-7 for other apk /system/framework/android.test.mock.jar. target_sdk_version=35, uses_libraries=ALL, library_path=/data/app/~~Qgn2wqEAvH79GiouluTyOA==/org.chromium.content_browsertests_apk-RchFo_8uzwLoY5jHIGStww==/lib/x86_64:/data/app/~~Qgn2wqEAvH79GiouluTyOA==/org.chromium.content_browsertests_apk-RchFo_8uzwLoY5jHIGStww==/base.apk!/lib/x86_64, permitted_path=/data:/mnt/expand:/data/user/0/org.chromium.content_browsertests_apk
09-10 14:54:13.578 8125 8125 D ApplicationLoaders: Returning zygote-cached class loader: /system/framework/android.test.base.jar
09-10 14:54:13.580 1515 4876 W MediaProvider: isAppCloneUserPair for user 0: false
09-10 14:54:13.581 8125 8125 D nativeloader: Configuring clns-8 for other apk /system/framework/android.test.runner.jar. target_sdk_version=35, uses_libraries=ALL, library_path=/data/app/~~Qgn2wqEAvH79GiouluTyOA==/org.chromium.content_browsertests_apk-RchFo_8uzwLoY5jHIGStww==/lib/x86_64:/data/app/~~Qgn2wqEAvH79GiouluTyOA==/org.chromium.content_browsertests_apk-RchFo_8uzwLoY5jHIGStww==/base.apk!/lib/x86_64, permitted_path=/data:/mnt/expand:/data/user/0/org.chromium.content_browsertests_apk
09-10 14:54:13.582 8125 8125 D ApplicationLoaders: Returning zygote-cached class loader: /system_ext/framework/androidx.window.extensions.jar
09-10 14:54:13.583 8127 8127 D ApplicationLoaders: Returning zygote-cached class loader: /system/framework/android.test.base.jar
09-10 14:54:13.584 8125 8125 D nativeloader: Configuring clns-9 for other apk /data/app/~~Qgn2wqEAvH79GiouluTyOA==/org.chromium.content_browsertests_apk-RchFo_8uzwLoY5jHIGStww==/base.apk. target_sdk_version=35, uses_libraries=, library_path=/data/app/~~Qgn2wqEAvH79GiouluTyOA==/org.chromium.content_browsertests_apk-RchFo_8uzwLoY5jHIGStww==/lib/x86_64:/data/app/~~Qgn2wqEAvH79GiouluTyOA==/org.chromium.content_browsertests_apk-RchFo_8uzwLoY5jHIGStww==/base.apk!/lib/x86_64, permitted_path=/data:/mnt/expand:/data/user/0/org.chromium.content_browsertests_apk
09-10 14:54:13.584 8125 8125 D CompatChangeReporter: Compat change id reported: 202956589; UID 99056; state: ENABLED
09-10 14:54:13.588 8127 8127 D nativeloader: Configuring clns-7 for other apk /system/framework/android.test.mock.jar. target_sdk_version=35, uses_libraries=ALL, library_path=/data/app/~~Qgn2wqEAvH79GiouluTyOA==/org.chromium.content_browsertests_apk-RchFo_8uzwLoY5jHIGStww==/lib/x86_64:/data/app/~~Qgn2wqEAvH79GiouluTyOA==/org.chromium.content_browsertests_apk-RchFo_8uzwLoY5jHIGStww==/base.apk!/lib/x86_64, permitted_path=/data:/mnt/expand:/data/user/0/org.chromium.content_browsertests_apk
09-10 14:54:13.591 8127 8127 D ApplicationLoaders: Returning zygote-cached class loader: /system/framework/android.test.base.jar
09-10 14:54:13.593 8127 8127 D nativeloader: Configuring clns-8 for other apk /system/framework/android.test.runner.jar. target_sdk_version=35, uses_libraries=ALL, library_path=/data/app/~~Qgn2wqEAvH79GiouluTyOA==/org.chromium.content_browsertests_apk-RchFo_8uzwLoY5jHIGStww==/lib/x86_64:/data/app/~~Qgn2wqEAvH79GiouluTyOA==/org.chromium.content_browsertests_apk-RchFo_8uzwLoY5jHIGStww==/base.apk!/lib/x86_64, permitted_path=/data:/mnt/expand:/data/user/0/org.chromium.content_browsertests_apk
09-10 14:54:13.889 0 0 W servicemanager: Isolated app with UID 99056 requested 'connectivity', but the service is not allowed for isolated apps.
09-10 14:54:13.594 8127 8127 D ApplicationLoaders: Returning zygote-cached class loader: /system_ext/framework/androidx.window.extensions.jar
09-10 14:54:13.596 8127 8127 D nativeloader: Configuring clns-9 for other apk /data/app/~~Qgn2wqEAvH79GiouluTyOA==/org.chromium.content_browsertests_apk-RchFo_8uzwLoY5jHIGStww==/base.apk. target_sdk_version=35, uses_libraries=, library_path=/data/app/~~Qgn2wqEAvH79GiouluTyOA==/org.chromium.content_browsertests_apk-RchFo_8uzwLoY5jHIGStww==/lib/x86_64:/data/app/~~Qgn2wqEAvH79GiouluTyOA==/org.chromium.content_browsertests_apk-RchFo_8uzwLoY5jHIGStww==/base.apk!/lib/x86_64, permitted_path=/data:/mnt/expand:/data/user/0/org.chromium.content_browsertests_apk
09-10 14:54:13.597 8127 8127 D CompatChangeReporter: Compat change id reported: 202956589; UID 99057; state: ENABLED
09-10 14:54:13.901 0 0 W servicemanager: Isolated app with UID 99057 requested 'connectivity', but the service is not allowed for isolated apps.
09-10 14:54:13.907 0 0 W servicemanager: Isolated app with UID 99056 requested 'content_capture', but the service is not allowed for isolated apps.
09-10 14:54:13.911 0 0 W servicemanager: Isolated app with UID 99057 requested 'content_capture', but the service is not allowed for isolated apps.
09-10 14:54:13.616 8125 8125 I cr_ChildProcessService: Creating new ChildProcessService pid=8125
09-10 14:54:13.616 8127 8127 I cr_ChildProcessService: Creating new ChildProcessService pid=8127
09-10 14:54:13.624 8127 8149 D nativeloader: Load /data/app/~~Qgn2wqEAvH79GiouluTyOA==/org.chromium.content_browsertests_apk-RchFo_8uzwLoY5jHIGStww==/lib/x86_64/libtest_trace_processor.so using ns clns-9 from class loader (caller=/data/app/~~Qgn2wqEAvH79GiouluTyOA==/org.chromium.content_browsertests_apk-RchFo_8uzwLoY5jHIGStww==/base.apk): ok
09-10 14:54:13.638 1515 5202 W MediaProvider: isAppCloneUserPair for user 0: false
09-10 14:54:13.640 1515 5199 W MediaProvider: isAppCloneUserPair for user 0: false
09-10 14:54:13.643 1515 4876 W MediaProvider: isAppCloneUserPair for user 0: false
09-10 14:54:13.644 1515 5201 W MediaProvider: isAppCloneUserPair for user 0: false
09-10 14:54:13.660 8125 8150 D nativeloader: Load /data/app/~~Qgn2wqEAvH79GiouluTyOA==/org.chromium.content_browsertests_apk-RchFo_8uzwLoY5jHIGStww==/lib/x86_64/libtest_trace_processor.so using ns clns-9 from class loader (caller=/data/app/~~Qgn2wqEAvH79GiouluTyOA==/org.chromium.content_browsertests_apk-RchFo_8uzwLoY5jHIGStww==/base.apk): ok
09-10 14:54:13.663 8110 8124 I EGL_emulation: Opening libGLESv1_CM_emulation.so
09-10 14:54:13.663 8110 8124 I EGL_emulation: Opening libGLESv2_emulation.so
09-10 14:54:13.678 8110 8124 E EGL_emulation: eglCreateContext: EGL_BAD_CONFIG: no ES 3.2 support
09-10 14:54:13.678 8110 8124 E EGL_emulation: tid 8124: eglCreateContext(1830): error 0x3005 (EGL_BAD_CONFIG)
09-10 14:54:13.678 8110 8124 E EGL_emulation: eglCreateContext: EGL_BAD_CONFIG: no ES 3.1 support
09-10 14:54:13.678 8110 8124 E EGL_emulation: tid 8124: eglCreateContext(1824): error 0x3005 (EGL_BAD_CONFIG)
09-10 14:54:13.685 1515 5202 W MediaProvider: isAppCloneUserPair for user 0: false
09-10 14:54:13.689 1515 5201 W MediaProvider: isAppCloneUserPair for user 0: false
09-10 14:54:13.715 1515 2614 W MediaProvider: isAppCloneUserPair for user 0: false
09-10 14:54:13.715 8127 8149 D nativeloader: Load /data/app/~~Qgn2wqEAvH79GiouluTyOA==/org.chromium.content_browsertests_apk-RchFo_8uzwLoY5jHIGStww==/lib/x86_64/libcontent_browsertests__library.so using ns clns-9 from class loader (caller=/data/app/~~Qgn2wqEAvH79GiouluTyOA==/org.chromium.content_browsertests_apk-RchFo_8uzwLoY5jHIGStww==/base.apk): ok
09-10 14:54:13.716 8110 8124 E platform: Failed to open rendernode: No such file or directory
09-10 14:54:13.720 8127 8149 I cr_LibraryLoader: Successfully loaded native library
09-10 14:54:13.720 8127 8149 I cr_CachingUmaRecorder: Flushed 2 samples from 2 histograms, 0 samples were dropped.
09-10 14:54:13.720 1515 4876 W MediaProvider: isAppCloneUserPair for user 0: false
09-10 14:54:13.724 1515 5888 W MediaProvider: isAppCloneUserPair for user 0: false
09-10 14:54:13.724 8110 8124 D vulkan : searching for layers in '/data/app/~~Qgn2wqEAvH79GiouluTyOA==/org.chromium.content_browsertests_apk-RchFo_8uzwLoY5jHIGStww==/lib/x86_64'
09-10 14:54:13.724 8110 8124 D vulkan : searching for layers in '/data/app/~~Qgn2wqEAvH79GiouluTyOA==/org.chromium.content_browsertests_apk-RchFo_8uzwLoY5jHIGStww==/base.apk!/lib/x86_64'
09-10 14:54:13.732 1515 5202 W MediaProvider: isAppCloneUserPair for user 0: false
09-10 14:54:13.734 1515 5197 W MediaProvider: isAppCloneUserPair for user 0: false
09-10 14:54:13.740 8110 8124 W chromium: [8110:8124:0910/145413.739941:WARNING:viz_main_impl.cc(85)] VizNullHypothesis is disabled (not a warning)
09-10 14:54:13.741 8125 8150 D nativeloader: Load /data/app/~~Qgn2wqEAvH79GiouluTyOA==/org.chromium.content_browsertests_apk-RchFo_8uzwLoY5jHIGStww==/lib/x86_64/libcontent_browsertests__library.so using ns clns-9 from class loader (caller=/data/app/~~Qgn2wqEAvH79GiouluTyOA==/org.chromium.content_browsertests_apk-RchFo_8uzwLoY5jHIGStww==/base.apk): ok
09-10 14:54:14.036 0 0 W servicemanager: Isolated app with UID 99057 requested 'uimode', but the service is not allowed for isolated apps.
09-10 14:54:13.742 8127 8149 W SystemServiceRegistry: No service published for: uimode
09-10 14:54:13.747 8125 8150 I cr_LibraryLoader: Successfully loaded native library
09-10 14:54:13.747 8125 8150 I cr_CachingUmaRecorder: Flushed 2 samples from 2 histograms, 0 samples were dropped.
09-10 14:54:13.754 1515 2614 W MediaProvider: isAppCloneUserPair for user 0: false
09-10 14:54:13.759 8125 8150 W SystemServiceRegistry: No service published for: uimode
09-10 14:54:14.057 0 0 W servicemanager: Isolated app with UID 99056 requested 'uimode', but the service is not allowed for isolated apps.
09-10 14:54:13.772 1515 1802 W MediaProvider: isAppCloneUserPair for user 0: false
09-10 14:54:13.776 8110 8166 E EGL_emulation: eglCreateContext: EGL_BAD_CONFIG: no ES 3.2 support
09-10 14:54:13.776 8110 8166 E EGL_emulation: tid 8166: eglCreateContext(1830): error 0x3005 (EGL_BAD_CONFIG)
09-10 14:54:13.776 8110 8166 E EGL_emulation: eglCreateContext: EGL_BAD_CONFIG: no ES 3.1 support
09-10 14:54:13.776 8110 8166 E EGL_emulation: tid 8166: eglCreateContext(1824): error 0x3005 (EGL_BAD_CONFIG)
09-10 14:54:13.809 1515 4876 W MediaProvider: isAppCloneUserPair for user 0: false
09-10 14:54:13.811 3670 3686 I FontLog : Received query name=Google Sans&weight=700&besteffort=false, URI content://com.google.android.gms.fonts [CONTEXT service_id=132 ]
09-10 14:54:13.814 3670 3686 I FontLog : Query [name=Google Sans&weight=700&besteffort=false] resolved to {Google Sans, wdth 100.0, wght 700, ital 0.0, bestEffort false} [CONTEXT service_id=132 ]
09-10 14:54:13.821 3670 3686 I FontLog : Font PFD returned from cache for {Google Sans, wdth 100.0, wght 700, ital 0.0, bestEffort false} [CONTEXT service_id=132 ]
09-10 14:54:13.822 3670 3686 I FontLog : Fetch {Google Sans, wdth 100.0, wght 700, ital 0.0, bestEffort false} end status Status{statusCode=SUCCESS, resolution=null} [CONTEXT service_id=132 ]
09-10 14:54:13.830 3670 3823 I FontLog : Pulling font file for id = 80, cache size = 71 [CONTEXT service_id=132 ]
09-10 14:54:13.836 3670 3823 I FontLog : Received query name=Noto Color Emoji Compat&weight=400&besteffort=false, URI content://com.google.android.gms.fonts [CONTEXT service_id=132 ]
09-10 14:54:13.836 3670 3823 I FontLog : Query [name=Noto Color Emoji Compat&weight=400&besteffort=false] resolved to {Noto Color Emoji Compat, wdth 100.0, wght 400, ital 0.0, bestEffort false} [CONTEXT service_id=132 ]
09-10 14:54:13.845 381 8193 I resolv : GetAddrInfoHandler::run: {0 786432 0 983040 10144 0}
09-10 14:54:13.847 381 8194 I resolv : GetAddrInfoHandler::run: {0 786432 0 983040 10144 0}
09-10 14:54:13.849 3670 3771 I FontLog : Download failed for https://fonts.gstatic.com/s/a/directory025.pb [ERROR: UNUSED LOG ARGUMENTS] [CONTEXT service_id=132 ]
09-10 14:54:13.850 3670 3836 W FontLog : Connection failure for https://fonts.gstatic.com/s/a/directory025.pb [CONTEXT service_id=132 ]
09-10 14:54:13.850 3670 3836 W FontLog : java.util.concurrent.ExecutionException: bpsy: Failed to process request
09-10 14:54:13.850 3670 3836 W FontLog : at hkh.n(:com.google.android.gms@242632041@24.26.32 (190800-650348549):21)
09-10 14:54:13.850 3670 3836 W FontLog : at hkh.get(:com.google.android.gms@242632041@24.26.32 (190800-650348549):28)
09-10 14:54:13.850 3670 3836 W FontLog : at hkn.get(:com.google.android.gms@242632041@24.26.32 (190800-650348549):2)
09-10 14:54:13.850 3670 3836 W FontLog : at bbvj.run(:com.google.android.gms@242632041@24.26.32 (190800-650348549):13)
09-10 14:54:13.850 3670 3836 W FontLog : at anzz.c(:com.google.android.gms@242632041@24.26.32 (190800-650348549):50)
09-10 14:54:13.850 3670 3836 W FontLog : at anzz.run(:com.google.android.gms@242632041@24.26.32 (190800-650348549):76)
09-10 14:54:13.850 3670 3836 W FontLog : at java.util.concurrent.ThreadPoolExecutor.runWorker(ThreadPoolExecutor.java:1145)
09-10 14:54:13.850 3670 3836 W FontLog : at java.util.concurrent.ThreadPoolExecutor$Worker.run(ThreadPoolExecutor.java:644)
09-10 14:54:13.850 3670 3836 W FontLog : at aofk.run(:com.google.android.gms@242632041@24.26.32 (190800-650348549):8)
09-10 14:54:13.850 3670 3836 W FontLog : at java.lang.Thread.run(Thread.java:1012)
09-10 14:54:13.850 3670 3836 W FontLog : Caused by: bpsy: Failed to process request
09-10 14:54:13.850 3670 3836 W FontLog : at bpwp.b(:com.google.android.gms@242632041@24.26.32 (190800-650348549):19)
09-10 14:54:13.850 3670 3836 W FontLog : at bpxd.onFailed(:com.google.android.gms@242632041@24.26.32 (190800-650348549):15)
09-10 14:54:13.850 3670 3836 W FontLog : at m.ms.onFailed(:com.google.android.gms.dynamite_cronetdynamite@242632041@24.26.32 (190800-0):3)
09-10 14:54:13.850 3670 3836 W FontLog : at m.lt.run(:com.google.android.gms.dynamite_cronetdynamite@242632041@24.26.32 (190800-0):9)
09-10 14:54:13.850 3670 3836 W FontLog : ... 6 more
09-10 14:54:13.850 3670 3836 W FontLog : Caused by: m.mc: Exception in CronetUrlRequest: net::ERR_INTERNET_DISCONNECTED, ErrorCode=2, InternalErrorCode=-106, Retryable=false
09-10 14:54:13.850 3670 3836 W FontLog : at org.chromium.net.impl.CronetUrlRequest.onError(:com.google.android.gms.dynamite_cronetdynamite@242632041@24.26.32 (190800-0):4)
09-10 14:54:13.851 3670 3785 W FontLog : No resolver, short-circuit {Noto Color Emoji Compat, wdth 100.0, wght 400, ital 0.0, bestEffort false} for org.chromium.content_browsertests_apk to failure [CONTEXT service_id=132 ]
09-10 14:54:13.852 583 1810 V AutofillSession: Primary service component name: ComponentInfo{com.google.android.gms/com.google.android.gms.autofill.service.AutofillService}, secondary service component name: ComponentInfo{com.android.credentialmanager/com.android.credentialmanager.autofill.CredentialAutofillService}
09-10 14:54:13.852 583 1810 V SecondaryProviderHandler: Creating a secondary provider handler with component name, ComponentInfo{com.android.credentialmanager/com.android.credentialmanager.autofill.CredentialAutofillService}
09-10 14:54:13.853 583 1810 D RequestId: nextId(): requestId = 504
09-10 14:54:13.853 583 1810 W FillRequestEventLogger: Couldn't find packageName: com.google.android.inputmethod.latin
09-10 14:54:13.855 583 1810 W PresentationStatsEventLogger: Bad view state for: -1
09-10 14:54:13.855 3670 3823 I FontLog : Fetch {Noto Color Emoji Compat, wdth 100.0, wght 400, ital 0.0, bestEffort false} end status Status{statusCode=Unavailable, resolution=null} [CONTEXT service_id=132 ]
09-10 14:54:13.855 583 583 D AutofillInlineSuggestionsRequestSession: onCreateInlineSuggestionsRequestLocked called: 1073741824@1751107085
09-10 14:54:13.858 583 1810 D AutofillInlineSuggestionsRequestSession: onInlineSuggestionsSessionInvalidated() called.
09-10 14:54:13.867 8064 8064 I AssistStructure: Flattened final assist data: 1268 bytes, containing 1 windows, 6 views
09-10 14:54:13.867 583 1810 D AutofillSession: createPendingIntent for request 504
09-10 14:54:13.868 583 1810 D ContentCapturePerUserService: Notified activity assist data for activity: Token{5b8bd00 ActivityRecord{7cace32 u0 org.chromium.content_browsertests_apk/.ContentBrowserTestsActivity t29}} without a session Id
09-10 14:54:13.878 3670 3823 I FontLog : Received query name=Google Sans Flex&weight=400&besteffort=false, URI content://com.google.android.gms.fonts [CONTEXT service_id=132 ]
09-10 14:54:13.879 3670 3823 I FontLog : Query [name=Google Sans Flex&weight=400&besteffort=false] resolved to {Google Sans Flex, wdth 100.0, wght 400, ital 0.0, bestEffort false} [CONTEXT service_id=132 ]
09-10 14:54:13.879 164 164 I hwservicemanager: getTransport: Cannot find entry android.hardware.graphics.mapper@4.0::IMapper/default in either framework or device VINTF manifest.
09-10 14:54:13.880 8110 8166 I Gralloc4: mapper 4.x is not supported
09-10 14:54:13.882 3670 3823 I FontLog : Font PFD returned from cache for {Google Sans Flex, wdth 100.0, wght 400, ital 0.0, bestEffort false} [CONTEXT service_id=132 ]
09-10 14:54:13.882 3670 3823 I FontLog : Fetch {Google Sans Flex, wdth 100.0, wght 400, ital 0.0, bestEffort false} end status Status{statusCode=SUCCESS, resolution=null} [CONTEXT service_id=132 ]
09-10 14:54:14.171 0 0 I servicemanager: Caller(pid=8110,uid=10208,sid=u:r:untrusted_app:s0:c208,c256,c512,c768) Could not find android.hardware.graphics.allocator.IAllocator/default in the VINTF manifest. No alternative instances declared in VINTF.
09-10 14:54:13.972 3670 3823 I FontLog : Pulling font file for id = 81, cache size = 71 [CONTEXT service_id=132 ]
09-10 14:54:14.010 3670 3823 I FontLog : Received query name=Google Sans&weight=400&besteffort=false, URI content://com.google.android.gms.fonts [CONTEXT service_id=132 ]
09-10 14:54:14.011 3670 3823 I FontLog : Query [name=Google Sans&weight=400&besteffort=false] resolved to {Google Sans, wdth 100.0, wght 400, ital 0.0, bestEffort false} [CONTEXT service_id=132 ]
09-10 14:54:14.013 3670 3823 I FontLog : Font PFD returned from cache for {Google Sans, wdth 100.0, wght 400, ital 0.0, bestEffort false} [CONTEXT service_id=132 ]
09-10 14:54:14.015 3670 3823 I FontLog : Fetch {Google Sans, wdth 100.0, wght 400, ital 0.0, bestEffort false} end status Status{statusCode=SUCCESS, resolution=null} [CONTEXT service_id=132 ]
09-10 14:54:14.020 3670 3823 I FontLog : Pulling font file for id = 82, cache size = 72 [CONTEXT service_id=132 ]
09-10 14:54:14.022 3670 3823 I FontLog : Received query name=Google Sans&weight=500&besteffort=false, URI content://com.google.android.gms.fonts [CONTEXT service_id=132 ]
09-10 14:54:14.022 3670 3823 I FontLog : Query [name=Google Sans&weight=500&besteffort=false] resolved to {Google Sans, wdth 100.0, wght 500, ital 0.0, bestEffort false} [CONTEXT service_id=132 ]
09-10 14:54:14.023 3670 3823 I FontLog : Font PFD returned from cache for {Google Sans, wdth 100.0, wght 500, ital 0.0, bestEffort false} [CONTEXT service_id=132 ]
09-10 14:54:14.024 3670 3823 I FontLog : Fetch {Google Sans, wdth 100.0, wght 500, ital 0.0, bestEffort false} end status Status{statusCode=SUCCESS, resolution=null} [CONTEXT service_id=132 ]
09-10 14:54:14.025 3670 3823 I FontLog : Pulling font file for id = 83, cache size = 73 [CONTEXT service_id=132 ]
09-10 14:54:14.054 583 1811 V GrammaticalInflectionUtils: AttributionSource: AttributionSource { uid = 99058, packageName = null, attributionTag = null, token = android.os.Binder@7b78a50, deviceId = 0, next = null } does not have READ_SYSTEM_GRAMMATICAL_GENDER permission.
09-10 14:54:14.065 382 382 D Zygote : Forked child process 8196
09-10 14:54:14.066 583 617 I ActivityManager: Start proc 8196:org.chromium.content_browsertests_apk:sandboxed_process0:org.chromium.content.app.SandboxedProcessService0:2/u0i58 for service {org.chromium.content_browsertests_apk/org.chromium.content.app.SandboxedProcessService0:2}
09-10 14:54:14.076 381 381 I netd : tetherGetStats() -> {[]} <1.14ms>
09-10 14:54:14.085 8196 8196 I ocessService0:2: Using CollectorTypeCMC GC.
09-10 14:54:14.087 8196 8196 W ocessService0:2: Unexpected CPU variant for x86: x86_64.
09-10 14:54:14.087 8196 8196 W ocessService0:2: Known variants: atom, sandybridge, silvermont, goldmont, goldmont-plus, goldmont-without-sha-xsaves, tremont, kabylake, default
09-10 14:54:14.089 8196 8196 E ocessService0:2: Not starting debugger since process cannot load the jdwp agent.
09-10 14:54:14.093 8196 8196 D nativeloader: Load libframework-connectivity-tiramisu-jni.so using APEX ns com_android_tethering for caller /apex/com.android.tethering/javalib/framework-connectivity-t.jar: ok
09-10 14:54:14.116 8196 8196 D ApplicationLoaders: Returning zygote-cached class loader: /system/framework/android.test.base.jar
09-10 14:54:14.118 8196 8196 D nativeloader: Configuring clns-7 for other apk /system/framework/android.test.mock.jar. target_sdk_version=35, uses_libraries=ALL, library_path=/data/app/~~Qgn2wqEAvH79GiouluTyOA==/org.chromium.content_browsertests_apk-RchFo_8uzwLoY5jHIGStww==/lib/x86_64:/data/app/~~Qgn2wqEAvH79GiouluTyOA==/org.chromium.content_browsertests_apk-RchFo_8uzwLoY5jHIGStww==/base.apk!/lib/x86_64, permitted_path=/data:/mnt/expand:/data/user/0/org.chromium.content_browsertests_apk
09-10 14:54:14.412 0 0 W servicemanager: Isolated app with UID 99058 requested 'network_management', but the service is not allowed for isolated apps.
09-10 14:54:14.122 8196 8196 D ApplicationLoaders: Returning zygote-cached class loader: /system/framework/android.test.base.jar
09-10 14:54:14.123 8196 8196 D nativeloader: Configuring clns-8 for other apk /system/framework/android.test.runner.jar. target_sdk_version=35, uses_libraries=ALL, library_path=/data/app/~~Qgn2wqEAvH79GiouluTyOA==/org.chromium.content_browsertests_apk-RchFo_8uzwLoY5jHIGStww==/lib/x86_64:/data/app/~~Qgn2wqEAvH79GiouluTyOA==/org.chromium.content_browsertests_apk-RchFo_8uzwLoY5jHIGStww==/base.apk!/lib/x86_64, permitted_path=/data:/mnt/expand:/data/user/0/org.chromium.content_browsertests_apk
09-10 14:54:14.124 8196 8196 D ApplicationLoaders: Returning zygote-cached class loader: /system_ext/framework/androidx.window.extensions.jar
