09-10 14:53:45.394 992 1091 W FrameTracker: Missing HWUI jank callback for vsyncId: 38728, CUJ=J<SPLASHSCREEN_EXIT_ANIM>
09-10 14:53:45.396 992 1091 W FrameTracker: Missed App frame:UNKNOWN: 74, 38750, 0, CUJ=J<SPLASHSCREEN_EXIT_ANIM>
09-10 14:53:45.396 992 1091 W FrameTracker: Missed SF frame:UNKNOWN: 74, 38750, 0, CUJ=J<SPLASHSCREEN_EXIT_ANIM>
09-10 14:53:45.396 992 1091 W FrameTracker: Missing HWUI jank callback for vsyncId: 38750, CUJ=J<SPLASHSCREEN_EXIT_ANIM>
09-10 14:53:45.396 992 1091 W FrameTracker: Missed App frame:UNKNOWN: 74, 38772, 0, CUJ=J<SPLASHSCREEN_EXIT_ANIM>
09-10 14:53:45.396 992 1091 W FrameTracker: Missed SF frame:UNKNOWN: 74, 38772, 0, CUJ=J<SPLASHSCREEN_EXIT_ANIM>
09-10 14:53:45.396 992 1091 W FrameTracker: Missing HWUI jank callback for vsyncId: 38772, CUJ=J<SPLASHSCREEN_EXIT_ANIM>
09-10 14:53:45.396 992 1091 W FrameTracker: Missed App frame:UNKNOWN: 72, 38794, 92024203, CUJ=J<SPLASHSCREEN_EXIT_ANIM>
09-10 14:53:45.396 992 1091 W FrameTracker: Missed App frame:UNKNOWN: 88, 38816, 0, CUJ=J<SPLASHSCREEN_EXIT_ANIM>
09-10 14:53:45.396 992 1091 W FrameTracker: Missed SF frame:UNKNOWN: 88, 38816, 0, CUJ=J<SPLASHSCREEN_EXIT_ANIM>
09-10 14:53:45.396 992 1091 W FrameTracker: Missing HWUI jank callback for vsyncId: 38816, CUJ=J<SPLASHSCREEN_EXIT_ANIM>
09-10 14:53:45.401 992 1067 V PerfettoTrigger: Not triggering com.android.telemetry.interaction-jank-monitor-39 - not enough time since last trigger
09-10 14:53:45.426 1515 5199 W MediaProvider: isAppCloneUserPair for user 0: false
09-10 14:53:45.494 6937 6968 W cr_media: BLUETOOTH_CONNECT permission is missing.
09-10 14:53:45.500 6937 6968 W cr_media: getBluetoothAdapter() requires BLUETOOTH permission
09-10 14:53:45.500 6937 6968 W cr_media: registerBluetoothIntentsIfNeeded: Requires BLUETOOTH permission
09-10 14:53:45.505 1515 1552 W FuseDaemon: Suspending all threads took: 48.732ms
09-10 14:53:45.543 6937 6937 I WindowExtensionsImpl: Initializing Window Extensions, vendor API level=6, activity embedding enabled=true
09-10 14:53:45.545 1515 1802 W MediaProvider: isAppCloneUserPair for user 0: false
09-10 14:53:45.550 1515 5197 W MediaProvider: isAppCloneUserPair for user 0: false
09-10 14:53:45.560 1515 1552 I FuseDaemon: Background concurrent mark compact GC freed 3468KB AllocSpace bytes, 0(0B) LOS objects, 49% free, 3519KB/7039KB, paused 49.677ms,21.100ms total 154.115ms
09-10 14:53:45.576 1515 5197 W MediaProvider: isAppCloneUserPair for user 0: false
09-10 14:53:45.597 583 1744 V GrammaticalInflectionUtils: AttributionSource: AttributionSource { uid = 10208, packageName = null, attributionTag = null, token = android.os.Binder@7b78a50, deviceId = 0, next = null } does not have READ_SYSTEM_GRAMMATICAL_GENDER permission.
09-10 14:53:45.599 992 1139 D EGL_emulation: app_time_stats: avg=131.76ms min=5.84ms max=971.82ms count=8
09-10 14:53:45.607 1515 1802 W MediaProvider: isAppCloneUserPair for user 0: false
09-10 14:53:45.619 1515 4876 W MediaProvider: isAppCloneUserPair for user 0: false
09-10 14:53:45.626 382 382 D Zygote : Forked child process 6978
09-10 14:53:45.626 583 617 I ActivityManager: Start proc 6978:org.chromium.content_browsertests_apk:privileged_process0/u0a208 for service {org.chromium.content_browsertests_apk/org.chromium.content.app.PrivilegedProcessService0}
09-10 14:53:45.645 1515 5197 W MediaProvider: isAppCloneUserPair for user 0: false
09-10 14:53:45.660 1515 5202 W MediaProvider: isAppCloneUserPair for user 0: false
09-10 14:53:45.666 583 1744 V GrammaticalInflectionUtils: AttributionSource: AttributionSource { uid = 99036, packageName = null, attributionTag = null, token = android.os.Binder@7b78a50, deviceId = 0, next = null } does not have READ_SYSTEM_GRAMMATICAL_GENDER permission.
09-10 14:53:45.677 382 382 D Zygote : Forked child process 6979
09-10 14:53:45.679 583 1744 V GrammaticalInflectionUtils: AttributionSource: AttributionSource { uid = 99037, packageName = null, attributionTag = null, token = android.os.Binder@7b78a50, deviceId = 0, next = null } does not have READ_SYSTEM_GRAMMATICAL_GENDER permission.
09-10 14:53:45.687 6979 6979 I ocessService0:0: Using CollectorTypeCMC GC.
09-10 14:53:45.689 6979 6979 W ocessService0:0: Unexpected CPU variant for x86: x86_64.
09-10 14:53:45.689 6979 6979 W ocessService0:0: Known variants: atom, sandybridge, silvermont, goldmont, goldmont-plus, goldmont-without-sha-xsaves, tremont, kabylake, default
09-10 14:53:45.689 6978 6978 I ileged_process0: Using CollectorTypeCMC GC.
09-10 14:53:45.690 6978 6978 W ileged_process0: Unexpected CPU variant for x86: x86_64.
09-10 14:53:45.690 6978 6978 W ileged_process0: Known variants: atom, sandybridge, silvermont, goldmont, goldmont-plus, goldmont-without-sha-xsaves, tremont, kabylake, default
09-10 14:53:45.692 6979 6979 E ocessService0:0: Not starting debugger since process cannot load the jdwp agent.
09-10 14:53:45.694 1515 5888 W MediaProvider: isAppCloneUserPair for user 0: false
09-10 14:53:45.695 6978 6978 E ileged_process0: Not starting debugger since process cannot load the jdwp agent.
09-10 14:53:45.697 6979 6979 D nativeloader: Load libframework-connectivity-tiramisu-jni.so using APEX ns com_android_tethering for caller /apex/com.android.tethering/javalib/framework-connectivity-t.jar: ok
09-10 14:53:45.698 6978 6978 D nativeloader: Load libframework-connectivity-tiramisu-jni.so using APEX ns com_android_tethering for caller /apex/com.android.tethering/javalib/framework-connectivity-t.jar: ok
09-10 14:53:45.702 583 617 I ActivityManager: Start proc 6979:org.chromium.content_browsertests_apk:sandboxed_process0:org.chromium.content.app.SandboxedProcessService0:0/u0i36 for service {org.chromium.content_browsertests_apk/org.chromium.content.app.SandboxedProcessService0:0}
09-10 14:53:45.708 1515 2614 W MediaProvider: isAppCloneUserPair for user 0: false
09-10 14:53:45.708 382 382 D Zygote : Forked child process 6996
09-10 14:53:45.722 6996 6996 I ocessService0:1: Using CollectorTypeCMC GC.
09-10 14:53:45.724 6996 6996 W ocessService0:1: Unexpected CPU variant for x86: x86_64.
09-10 14:53:45.724 6996 6996 W ocessService0:1: Known variants: atom, sandybridge, silvermont, goldmont, goldmont-plus, goldmont-without-sha-xsaves, tremont, kabylake, default
09-10 14:53:45.724 6979 6979 D ApplicationLoaders: Returning zygote-cached class loader: /system/framework/android.test.base.jar
09-10 14:53:46.019 0 0 W servicemanager: Isolated app with UID 99036 requested 'network_management', but the service is not allowed for isolated apps.
09-10 14:53:45.729 6996 6996 E ocessService0:1: Not starting debugger since process cannot load the jdwp agent.
09-10 14:53:45.730 6979 6979 D nativeloader: Configuring clns-7 for other apk /system/framework/android.test.mock.jar. target_sdk_version=35, uses_libraries=ALL, library_path=/data/app/~~Qgn2wqEAvH79GiouluTyOA==/org.chromium.content_browsertests_apk-RchFo_8uzwLoY5jHIGStww==/lib/x86_64:/data/app/~~Qgn2wqEAvH79GiouluTyOA==/org.chromium.content_browsertests_apk-RchFo_8uzwLoY5jHIGStww==/base.apk!/lib/x86_64, permitted_path=/data:/mnt/expand:/data/user/0/org.chromium.content_browsertests_apk
09-10 14:53:45.732 6979 6979 D ApplicationLoaders: Returning zygote-cached class loader: /system/framework/android.test.base.jar
09-10 14:53:45.732 6996 6996 D nativeloader: Load libframework-connectivity-tiramisu-jni.so using APEX ns com_android_tethering for caller /apex/com.android.tethering/javalib/framework-connectivity-t.jar: ok
09-10 14:53:45.735 6979 6979 D nativeloader: Configuring clns-8 for other apk /system/framework/android.test.runner.jar. target_sdk_version=35, uses_libraries=ALL, library_path=/data/app/~~Qgn2wqEAvH79GiouluTyOA==/org.chromium.content_browsertests_apk-RchFo_8uzwLoY5jHIGStww==/lib/x86_64:/data/app/~~Qgn2wqEAvH79GiouluTyOA==/org.chromium.content_browsertests_apk-RchFo_8uzwLoY5jHIGStww==/base.apk!/lib/x86_64, permitted_path=/data:/mnt/expand:/data/user/0/org.chromium.content_browsertests_apk
09-10 14:53:45.736 6979 6979 D ApplicationLoaders: Returning zygote-cached class loader: /system_ext/framework/androidx.window.extensions.jar
09-10 14:53:45.738 6979 6979 D nativeloader: Configuring clns-9 for other apk /data/app/~~Qgn2wqEAvH79GiouluTyOA==/org.chromium.content_browsertests_apk-RchFo_8uzwLoY5jHIGStww==/base.apk. target_sdk_version=35, uses_libraries=, library_path=/data/app/~~Qgn2wqEAvH79GiouluTyOA==/org.chromium.content_browsertests_apk-RchFo_8uzwLoY5jHIGStww==/lib/x86_64:/data/app/~~Qgn2wqEAvH79GiouluTyOA==/org.chromium.content_browsertests_apk-RchFo_8uzwLoY5jHIGStww==/base.apk!/lib/x86_64, permitted_path=/data:/mnt/expand:/data/user/0/org.chromium.content_browsertests_apk
09-10 14:53:45.739 6979 6979 D CompatChangeReporter: Compat change id reported: 202956589; UID 99036; state: ENABLED
09-10 14:53:45.752 1515 4568 W MediaProvider: isAppCloneUserPair for user 0: false
09-10 14:53:46.047 0 0 W servicemanager: Isolated app with UID 99036 requested 'connectivity', but the service is not allowed for isolated apps.
09-10 14:53:45.754 583 617 W ActivityManager: Slow operation: 75ms so far, now at startProcess: returned from zygote!
09-10 14:53:45.756 583 617 W ActivityManager: Slow operation: 77ms so far, now at startProcess: done updating battery stats
09-10 14:53:45.756 583 617 W ActivityManager: Slow operation: 77ms so far, now at startProcess: building log message
09-10 14:53:45.756 583 617 I ActivityManager: Start proc 6996:org.chromium.content_browsertests_apk:sandboxed_process0:org.chromium.content.app.SandboxedProcessService0:1/u0i37 for service {org.chromium.content_browsertests_apk/org.chromium.content.app.SandboxedProcessService0:1}
09-10 14:53:45.756 583 617 W ActivityManager: Slow operation: 77ms so far, now at startProcess: starting to update pids map
09-10 14:53:45.757 583 617 W ActivityManager: Slow operation: 77ms so far, now at startProcess: done updating pids map
09-10 14:53:45.762 6978 6978 D ApplicationLoaders: Returning zygote-cached class loader: /system/framework/android.test.base.jar
09-10 14:53:45.766 6978 6978 D nativeloader: Configuring clns-7 for other apk /system/framework/android.test.mock.jar. target_sdk_version=35, uses_libraries=ALL, library_path=/data/app/~~Qgn2wqEAvH79GiouluTyOA==/org.chromium.content_browsertests_apk-RchFo_8uzwLoY5jHIGStww==/lib/x86_64:/data/app/~~Qgn2wqEAvH79GiouluTyOA==/org.chromium.content_browsertests_apk-RchFo_8uzwLoY5jHIGStww==/base.apk!/lib/x86_64, permitted_path=/data:/mnt/expand:/data/user/0/org.chromium.content_browsertests_apk
09-10 14:53:45.767 6978 6978 D ApplicationLoaders: Returning zygote-cached class loader: /system/framework/android.test.base.jar
09-10 14:53:45.781 6978 6978 D nativeloader: Configuring clns-8 for other apk /system/framework/android.test.runner.jar. target_sdk_version=35, uses_libraries=ALL, library_path=/data/app/~~Qgn2wqEAvH79GiouluTyOA==/org.chromium.content_browsertests_apk-RchFo_8uzwLoY5jHIGStww==/lib/x86_64:/data/app/~~Qgn2wqEAvH79GiouluTyOA==/org.chromium.content_browsertests_apk-RchFo_8uzwLoY5jHIGStww==/base.apk!/lib/x86_64, permitted_path=/data:/mnt/expand:/data/user/0/org.chromium.content_browsertests_apk
09-10 14:53:45.782 6978 6978 D ApplicationLoaders: Returning zygote-cached class loader: /system_ext/framework/androidx.window.extensions.jar
09-10 14:53:46.076 0 0 W servicemanager: Isolated app with UID 99036 requested 'content_capture', but the service is not allowed for isolated apps.
09-10 14:53:45.783 6979 6979 I cr_ChildProcessService: Creating new ChildProcessService pid=6979
09-10 14:53:45.785 6978 6978 D nativeloader: Configuring clns-9 for other apk /data/app/~~Qgn2wqEAvH79GiouluTyOA==/org.chromium.content_browsertests_apk-RchFo_8uzwLoY5jHIGStww==/base.apk. target_sdk_version=35, uses_libraries=, library_path=/data/app/~~Qgn2wqEAvH79GiouluTyOA==/org.chromium.content_browsertests_apk-RchFo_8uzwLoY5jHIGStww==/lib/x86_64:/data/app/~~Qgn2wqEAvH79GiouluTyOA==/org.chromium.content_browsertests_apk-RchFo_8uzwLoY5jHIGStww==/base.apk!/lib/x86_64, permitted_path=/data:/mnt/expand:/data/user/0/org.chromium.content_browsertests_apk
09-10 14:53:45.787 6978 6978 D CompatChangeReporter: Compat change id reported: 202956589; UID 10208; state: ENABLED
09-10 14:53:45.792 6978 6978 V GraphicsEnvironment: Currently set values for:
09-10 14:53:45.792 6978 6978 V GraphicsEnvironment: angle_gl_driver_selection_pkgs=[]
09-10 14:53:45.792 6978 6978 V GraphicsEnvironment: angle_gl_driver_selection_values=[]
09-10 14:53:45.792 6978 6978 V GraphicsEnvironment: Global.Settings values are invalid: number of packages: 0, number of values: 0
09-10 14:53:45.792 6978 6978 V GraphicsEnvironment: Neither updatable production driver nor prerelease driver is supported.
09-10 14:53:45.798 6996 6996 D ApplicationLoaders: Returning zygote-cached class loader: /system/framework/android.test.base.jar
09-10 14:53:46.093 0 0 W servicemanager: Isolated app with UID 99037 requested 'network_management', but the service is not allowed for isolated apps.
09-10 14:53:45.802 6996 6996 D nativeloader: Configuring clns-7 for other apk /system/framework/android.test.mock.jar. target_sdk_version=35, uses_libraries=ALL, library_path=/data/app/~~Qgn2wqEAvH79GiouluTyOA==/org.chromium.content_browsertests_apk-RchFo_8uzwLoY5jHIGStww==/lib/x86_64:/data/app/~~Qgn2wqEAvH79GiouluTyOA==/org.chromium.content_browsertests_apk-RchFo_8uzwLoY5jHIGStww==/base.apk!/lib/x86_64, permitted_path=/data:/mnt/expand:/data/user/0/org.chromium.content_browsertests_apk
09-10 14:53:45.802 1515 2614 W MediaProvider: isAppCloneUserPair for user 0: false
09-10 14:53:45.803 6996 6996 D ApplicationLoaders: Returning zygote-cached class loader: /system/framework/android.test.base.jar
09-10 14:53:45.805 6996 6996 D nativeloader: Configuring clns-8 for other apk /system/framework/android.test.runner.jar. target_sdk_version=35, uses_libraries=ALL, library_path=/data/app/~~Qgn2wqEAvH79GiouluTyOA==/org.chromium.content_browsertests_apk-RchFo_8uzwLoY5jHIGStww==/lib/x86_64:/data/app/~~Qgn2wqEAvH79GiouluTyOA==/org.chromium.content_browsertests_apk-RchFo_8uzwLoY5jHIGStww==/base.apk!/lib/x86_64, permitted_path=/data:/mnt/expand:/data/user/0/org.chromium.content_browsertests_apk
09-10 14:53:45.805 6996 6996 D ApplicationLoaders: Returning zygote-cached class loader: /system_ext/framework/androidx.window.extensions.jar
09-10 14:53:45.807 6979 7010 D nativeloader: Load /data/app/~~Qgn2wqEAvH79GiouluTyOA==/org.chromium.content_browsertests_apk-RchFo_8uzwLoY5jHIGStww==/lib/x86_64/libtest_trace_processor.so using ns clns-9 from class loader (caller=/data/app/~~Qgn2wqEAvH79GiouluTyOA==/org.chromium.content_browsertests_apk-RchFo_8uzwLoY5jHIGStww==/base.apk): ok
09-10 14:53:45.807 6978 6978 I cr_ChildProcessService: Creating new ChildProcessService pid=6978
09-10 14:53:45.811 6996 6996 D nativeloader: Configuring clns-9 for other apk /data/app/~~Qgn2wqEAvH79GiouluTyOA==/org.chromium.content_browsertests_apk-RchFo_8uzwLoY5jHIGStww==/base.apk. target_sdk_version=35, uses_libraries=, library_path=/data/app/~~Qgn2wqEAvH79GiouluTyOA==/org.chromium.content_browsertests_apk-RchFo_8uzwLoY5jHIGStww==/lib/x86_64:/data/app/~~Qgn2wqEAvH79GiouluTyOA==/org.chromium.content_browsertests_apk-RchFo_8uzwLoY5jHIGStww==/base.apk!/lib/x86_64, permitted_path=/data:/mnt/expand:/data/user/0/org.chromium.content_browsertests_apk
09-10 14:53:45.812 1515 5202 W MediaProvider: isAppCloneUserPair for user 0: false
09-10 14:53:45.813 6996 6996 D CompatChangeReporter: Compat change id reported: 202956589; UID 99037; state: ENABLED
09-10 14:53:45.815 6978 7011 D nativeloader: Load /data/app/~~Qgn2wqEAvH79GiouluTyOA==/org.chromium.content_browsertests_apk-RchFo_8uzwLoY5jHIGStww==/lib/x86_64/libtest_trace_processor.so using ns clns-9 from class loader (caller=/data/app/~~Qgn2wqEAvH79GiouluTyOA==/org.chromium.content_browsertests_apk-RchFo_8uzwLoY5jHIGStww==/base.apk): ok
09-10 14:53:45.822 1515 5199 W MediaProvider: isAppCloneUserPair for user 0: false
09-10 14:53:46.118 0 0 W servicemanager: Isolated app with UID 99037 requested 'connectivity', but the service is not allowed for isolated apps.
09-10 14:53:45.826 1515 5199 W MediaProvider: isAppCloneUserPair for user 0: false
09-10 14:53:45.837 6996 6996 I cr_ChildProcessService: Creating new ChildProcessService pid=6996
09-10 14:53:46.133 0 0 W servicemanager: Isolated app with UID 99037 requested 'content_capture', but the service is not allowed for isolated apps.
09-10 14:53:45.839 1515 4876 W MediaProvider: isAppCloneUserPair for user 0: false
09-10 14:53:45.853 6996 7013 D nativeloader: Load /data/app/~~Qgn2wqEAvH79GiouluTyOA==/org.chromium.content_browsertests_apk-RchFo_8uzwLoY5jHIGStww==/lib/x86_64/libtest_trace_processor.so using ns clns-9 from class loader (caller=/data/app/~~Qgn2wqEAvH79GiouluTyOA==/org.chromium.content_browsertests_apk-RchFo_8uzwLoY5jHIGStww==/base.apk): ok
09-10 14:53:45.863 1515 4568 W MediaProvider: isAppCloneUserPair for user 0: false
09-10 14:53:45.868 6978 7011 D nativeloader: Load /data/app/~~Qgn2wqEAvH79GiouluTyOA==/org.chromium.content_browsertests_apk-RchFo_8uzwLoY5jHIGStww==/lib/x86_64/libcontent_browsertests__library.so using ns clns-9 from class loader (caller=/data/app/~~Qgn2wqEAvH79GiouluTyOA==/org.chromium.content_browsertests_apk-RchFo_8uzwLoY5jHIGStww==/base.apk): ok
09-10 14:53:45.871 6978 7011 I cr_LibraryLoader: Successfully loaded native library
09-10 14:53:45.872 6978 7011 I cr_CachingUmaRecorder: Flushed 2 samples from 2 histograms, 0 samples were dropped.
09-10 14:53:45.877 6979 7010 D nativeloader: Load /data/app/~~Qgn2wqEAvH79GiouluTyOA==/org.chromium.content_browsertests_apk-RchFo_8uzwLoY5jHIGStww==/lib/x86_64/libcontent_browsertests__library.so using ns clns-9 from class loader (caller=/data/app/~~Qgn2wqEAvH79GiouluTyOA==/org.chromium.content_browsertests_apk-RchFo_8uzwLoY5jHIGStww==/base.apk): ok
09-10 14:53:45.881 6979 7010 I cr_LibraryLoader: Successfully loaded native library
09-10 14:53:45.882 6979 7010 I cr_CachingUmaRecorder: Flushed 2 samples from 2 histograms, 0 samples were dropped.
09-10 14:53:45.893 6979 7010 W SystemServiceRegistry: No service published for: uimode
09-10 14:53:46.191 0 0 W servicemanager: Isolated app with UID 99036 requested 'uimode', but the service is not allowed for isolated apps.
09-10 14:53:45.910 6978 7011 I EGL_emulation: Opening libGLESv1_CM_emulation.so
09-10 14:53:45.910 6978 7011 I EGL_emulation: Opening libGLESv2_emulation.so
09-10 14:53:45.928 6996 7013 D nativeloader: Load /data/app/~~Qgn2wqEAvH79GiouluTyOA==/org.chromium.content_browsertests_apk-RchFo_8uzwLoY5jHIGStww==/lib/x86_64/libcontent_browsertests__library.so using ns clns-9 from class loader (caller=/data/app/~~Qgn2wqEAvH79GiouluTyOA==/org.chromium.content_browsertests_apk-RchFo_8uzwLoY5jHIGStww==/base.apk): ok
09-10 14:53:45.932 1515 4876 W MediaProvider: isAppCloneUserPair for user 0: false
09-10 14:53:45.935 6996 7013 I cr_LibraryLoader: Successfully loaded native library
09-10 14:53:45.936 6996 7013 I cr_CachingUmaRecorder: Flushed 2 samples from 2 histograms, 0 samples were dropped.
09-10 14:53:45.939 1515 4876 W MediaProvider: isAppCloneUserPair for user 0: false
09-10 14:53:45.953 1515 1685 E StorageManager: Failed to open /storage/emulated/0/chromium_tests_root/content_shell/DawnWebGPUCache/index-dir/temp-index to set project id.: No such file or directory
09-10 14:53:45.956 6978 7011 E EGL_emulation: eglCreateContext: EGL_BAD_CONFIG: no ES 3.2 support
09-10 14:53:45.956 6978 7011 E EGL_emulation: tid 7011: eglCreateContext(1830): error 0x3005 (EGL_BAD_CONFIG)
09-10 14:53:45.956 6978 7011 E EGL_emulation: eglCreateContext: EGL_BAD_CONFIG: no ES 3.1 support
09-10 14:53:45.956 6978 7011 E EGL_emulation: tid 7011: eglCreateContext(1824): error 0x3005 (EGL_BAD_CONFIG)
09-10 14:53:45.959 1515 4876 W MediaProvider: isAppCloneUserPair for user 0: false
09-10 14:53:45.960 1515 1685 W MediaProvider: Failed to update quota type for /storage/emulated/0/chromium_tests_root/content_shell/DawnWebGPUCache/index-dir/temp-index
09-10 14:53:45.960 1515 1685 W MediaProvider: java.io.IOException: Failed to update quota type for /storage/emulated/0/chromium_tests_root/content_shell/DawnWebGPUCache/index-dir/temp-index
09-10 14:53:45.960 1515 1685 W MediaProvider: at android.os.storage.StorageManager.updateExternalStorageFileQuotaType(StorageManager.java:2598)
09-10 14:53:45.960 1515 1685 W MediaProvider: at com.android.providers.media.MediaProvider.updateQuotaTypeForFileInternal(MediaProvider.java:976)
09-10 14:53:45.960 1515 1685 W MediaProvider: at com.android.providers.media.MediaProvider.updateQuotaTypeForUri(MediaProvider.java:951)
09-10 14:53:45.960 1515 1685 W MediaProvider: at com.android.providers.media.MediaProvider$5.lambda$onInsert$0(MediaProvider.java:1010)
09-10 14:53:45.960 1515 1685 W MediaProvider: at com.android.providers.media.MediaProvider$5.$r8$lambda$4KU7YPdO1inr9tOLVzprJ5YcfCE(MediaProvider.java:0)
09-10 14:53:45.960 1515 1685 W MediaProvider: at com.android.providers.media.MediaProvider$5$$ExternalSyntheticLambda2.run(R8$$SyntheticClass:0)
09-10 14:53:45.960 1515 1685 W MediaProvider: at android.os.Handler.handleCallback(Handler.java:959)
09-10 14:53:45.960 1515 1685 W MediaProvider: at android.os.Handler.dispatchMessage(Handler.java:100)
09-10 14:53:45.960 1515 1685 W MediaProvider: at android.os.Looper.loopOnce(Looper.java:232)
09-10 14:53:45.960 1515 1685 W MediaProvider: at android.os.Looper.loop(Looper.java:317)
09-10 14:53:45.960 1515 1685 W MediaProvider: at android.os.HandlerThread.run(HandlerThread.java:85)
09-10 14:53:45.961 3670 3823 I FontLog : Received query name=Google Sans&weight=700&besteffort=false, URI content://com.google.android.gms.fonts [CONTEXT service_id=132 ]
09-10 14:53:45.961 3670 3823 I FontLog : Query [name=Google Sans&weight=700&besteffort=false] resolved to {Google Sans, wdth 100.0, wght 700, ital 0.0, bestEffort false} [CONTEXT service_id=132 ]
09-10 14:53:45.962 3670 3823 I FontLog : Font PFD returned from cache for {Google Sans, wdth 100.0, wght 700, ital 0.0, bestEffort false} [CONTEXT service_id=132 ]
09-10 14:53:45.962 3670 3823 I FontLog : Fetch {Google Sans, wdth 100.0, wght 700, ital 0.0, bestEffort false} end status Status{statusCode=SUCCESS, resolution=null} [CONTEXT service_id=132 ]
09-10 14:53:45.964 3670 3823 I FontLog : Pulling font file for id = 48, cache size = 44 [CONTEXT service_id=132 ]
09-10 14:53:45.971 6996 7013 W SystemServiceRegistry: No service published for: uimode
09-10 14:53:45.972 3670 4141 I FontLog : Received query name=Noto Color Emoji Compat&weight=400&besteffort=false, URI content://com.google.android.gms.fonts [CONTEXT service_id=132 ]
09-10 14:53:45.973 3670 4141 I FontLog : Query [name=Noto Color Emoji Compat&weight=400&besteffort=false] resolved to {Noto Color Emoji Compat, wdth 100.0, wght 400, ital 0.0, bestEffort false} [CONTEXT service_id=132 ]
09-10 14:53:46.263 0 0 W servicemanager: Isolated app with UID 99037 requested 'uimode', but the service is not allowed for isolated apps.
09-10 14:53:45.983 1515 5197 W MediaProvider: isAppCloneUserPair for user 0: false
09-10 14:53:46.000 1515 1803 W MediaProvider: isAppCloneUserPair for user 0: false
09-10 14:53:46.001 381 7035 I resolv : GetAddrInfoHandler::run: {0 786432 0 983040 10144 0}
09-10 14:53:46.005 381 7039 I resolv : GetAddrInfoHandler::run: {0 786432 0 983040 10144 0}
09-10 14:53:46.007 583 607 W ProcessStats: Tracking association SourceState{c278c78 system/1000 BFgs #3754} whose proc state 4 is better than process ProcessState{381231f com.google.android.ext.services/10187 pkg=com.google.android.ext.services} proc state 14 (11 skipped)
09-10 14:53:46.009 6978 7011 E platform: Failed to open rendernode: No such file or directory
09-10 14:53:46.010 3670 3771 I FontLog : Download failed for https://fonts.gstatic.com/s/a/directory025.pb [ERROR: UNUSED LOG ARGUMENTS] [CONTEXT service_id=132 ]
09-10 14:53:46.014 3670 3790 W FontLog : Connection failure for https://fonts.gstatic.com/s/a/directory025.pb [CONTEXT service_id=132 ]
09-10 14:53:46.014 3670 3790 W FontLog : java.util.concurrent.ExecutionException: bpsy: Failed to process request
09-10 14:53:46.014 3670 3790 W FontLog : at hkh.n(:com.google.android.gms@242632041@24.26.32 (190800-650348549):21)
09-10 14:53:46.014 3670 3790 W FontLog : at hkh.get(:com.google.android.gms@242632041@24.26.32 (190800-650348549):28)
09-10 14:53:46.014 3670 3790 W FontLog : at hkn.get(:com.google.android.gms@242632041@24.26.32 (190800-650348549):2)
09-10 14:53:46.014 3670 3790 W FontLog : at bbvj.run(:com.google.android.gms@242632041@24.26.32 (190800-650348549):13)
09-10 14:53:46.014 3670 3790 W FontLog : at anzz.c(:com.google.android.gms@242632041@24.26.32 (190800-650348549):50)
09-10 14:53:46.014 3670 3790 W FontLog : at anzz.run(:com.google.android.gms@242632041@24.26.32 (190800-650348549):76)
09-10 14:53:46.014 3670 3790 W FontLog : at java.util.concurrent.ThreadPoolExecutor.runWorker(ThreadPoolExecutor.java:1145)
09-10 14:53:46.014 3670 3790 W FontLog : at java.util.concurrent.ThreadPoolExecutor$Worker.run(ThreadPoolExecutor.java:644)
09-10 14:53:46.014 3670 3790 W FontLog : at aofk.run(:com.google.android.gms@242632041@24.26.32 (190800-650348549):8)
09-10 14:53:46.014 3670 3790 W FontLog : at java.lang.Thread.run(Thread.java:1012)
09-10 14:53:46.014 3670 3790 W FontLog : Caused by: bpsy: Failed to process request
09-10 14:53:46.014 3670 3790 W FontLog : at bpwp.b(:com.google.android.gms@242632041@24.26.32 (190800-650348549):19)
09-10 14:53:46.014 3670 3790 W FontLog : at bpxd.onFailed(:com.google.android.gms@242632041@24.26.32 (190800-650348549):15)
09-10 14:53:46.014 3670 3790 W FontLog : at m.ms.onFailed(:com.google.android.gms.dynamite_cronetdynamite@242632041@24.26.32 (190800-0):3)
09-10 14:53:46.014 3670 3790 W FontLog : at m.lt.run(:com.google.android.gms.dynamite_cronetdynamite@242632041@24.26.32 (190800-0):9)
09-10 14:53:46.014 3670 3790 W FontLog : ... 6 more
09-10 14:53:46.014 3670 3790 W FontLog : Caused by: m.mc: Exception in CronetUrlRequest: net::ERR_INTERNET_DISCONNECTED, ErrorCode=2, InternalErrorCode=-106, Retryable=false
09-10 14:53:46.014 3670 3790 W FontLog : at org.chromium.net.impl.CronetUrlRequest.onError(:com.google.android.gms.dynamite_cronetdynamite@242632041@24.26.32 (190800-0):4)
09-10 14:53:46.016 1515 1802 W MediaProvider: isAppCloneUserPair for user 0: false
09-10 14:53:46.016 3670 3790 W FontLog : No resolver, short-circuit {Noto Color Emoji Compat, wdth 100.0, wght 400, ital 0.0, bestEffort false} for org.chromium.content_browsertests_apk to failure [CONTEXT service_id=132 ]
09-10 14:53:46.017 3670 4141 I FontLog : Fetch {Noto Color Emoji Compat, wdth 100.0, wght 400, ital 0.0, bestEffort false} end status Status{statusCode=Unavailable, resolution=null} [CONTEXT service_id=132 ]
09-10 14:53:46.020 6978 7011 D vulkan : searching for layers in '/data/app/~~Qgn2wqEAvH79GiouluTyOA==/org.chromium.content_browsertests_apk-RchFo_8uzwLoY5jHIGStww==/lib/x86_64'
09-10 14:53:46.021 6978 7011 D vulkan : searching for layers in '/data/app/~~Qgn2wqEAvH79GiouluTyOA==/org.chromium.content_browsertests_apk-RchFo_8uzwLoY5jHIGStww==/base.apk!/lib/x86_64'
09-10 14:53:46.028 3670 4141 I FontLog : Received query name=Google Sans Flex&weight=400&besteffort=false, URI content://com.google.android.gms.fonts [CONTEXT service_id=132 ]
09-10 14:53:46.028 3670 4141 I FontLog : Query [name=Google Sans Flex&weight=400&besteffort=false] resolved to {Google Sans Flex, wdth 100.0, wght 400, ital 0.0, bestEffort false} [CONTEXT service_id=132 ]
09-10 14:53:46.030 3670 4141 I FontLog : Font PFD returned from cache for {Google Sans Flex, wdth 100.0, wght 400, ital 0.0, bestEffort false} [CONTEXT service_id=132 ]
09-10 14:53:46.030 3670 4141 I FontLog : Fetch {Google Sans Flex, wdth 100.0, wght 400, ital 0.0, bestEffort false} end status Status{statusCode=SUCCESS, resolution=null} [CONTEXT service_id=132 ]
09-10 14:53:46.035 1515 4876 W MediaProvider: isAppCloneUserPair for user 0: false
09-10 14:53:46.038 3670 4141 I FontLog : Pulling font file for id = 49, cache size = 45 [CONTEXT service_id=132 ]
09-10 14:53:46.039 6978 7011 W chromium: [6978:7011:0910/145346.039313:WARNING:viz_main_impl.cc(85)] VizNullHypothesis is disabled (not a warning)
09-10 14:53:46.046 3670 4141 I FontLog : Received query name=Google Sans&weight=400&besteffort=false, URI content://com.google.android.gms.fonts [CONTEXT service_id=132 ]
09-10 14:53:46.047 3670 4141 I FontLog : Query [name=Google Sans&weight=400&besteffort=false] resolved to {Google Sans, wdth 100.0, wght 400, ital 0.0, bestEffort false} [CONTEXT service_id=132 ]
09-10 14:53:46.048 3670 4141 I FontLog : Font PFD returned from cache for {Google Sans, wdth 100.0, wght 400, ital 0.0, bestEffort false} [CONTEXT service_id=132 ]
09-10 14:53:46.048 3670 4141 I FontLog : Fetch {Google Sans, wdth 100.0, wght 400, ital 0.0, bestEffort false} end status Status{statusCode=SUCCESS, resolution=null} [CONTEXT service_id=132 ]
09-10 14:53:46.053 3670 4141 I FontLog : Pulling font file for id = 50, cache size = 46 [CONTEXT service_id=132 ]
09-10 14:53:46.060 583 2879 E TaskPersister: File error accessing recents directory (directory doesn't exist?).
09-10 14:53:46.064 3670 4141 I FontLog : Received query name=Google Sans&weight=500&besteffort=false, URI content://com.google.android.gms.fonts [CONTEXT service_id=132 ]
09-10 14:53:46.065 3670 4141 I FontLog : Query [name=Google Sans&weight=500&besteffort=false] resolved to {Google Sans, wdth 100.0, wght 500, ital 0.0, bestEffort false} [CONTEXT service_id=132 ]
09-10 14:53:46.066 1515 5201 W MediaProvider: isAppCloneUserPair for user 0: false
09-10 14:53:46.067 3670 4141 I FontLog : Font PFD returned from cache for {Google Sans, wdth 100.0, wght 500, ital 0.0, bestEffort false} [CONTEXT service_id=132 ]
09-10 14:53:46.067 3670 4141 I FontLog : Fetch {Google Sans, wdth 100.0, wght 500, ital 0.0, bestEffort false} end status Status{statusCode=SUCCESS, resolution=null} [CONTEXT service_id=132 ]
09-10 14:53:46.075 3670 4141 I FontLog : Pulling font file for id = 51, cache size = 47 [CONTEXT service_id=132 ]
09-10 14:53:46.102 1515 5888 W MediaProvider: isAppCloneUserPair for user 0: false
09-10 14:53:46.121 583 1744 V AutofillSession: Primary service component name: ComponentInfo{com.google.android.gms/com.google.android.gms.autofill.service.AutofillService}, secondary service component name: ComponentInfo{com.android.credentialmanager/com.android.credentialmanager.autofill.CredentialAutofillService}
09-10 14:53:46.121 583 1744 V SecondaryProviderHandler: Creating a secondary provider handler with component name, ComponentInfo{com.android.credentialmanager/com.android.credentialmanager.autofill.CredentialAutofillService}
09-10 14:53:46.122 583 1744 D RequestId: nextId(): requestId = 488
09-10 14:53:46.122 583 1744 W FillRequestEventLogger: Couldn't find packageName: com.google.android.inputmethod.latin
09-10 14:53:46.124 583 1744 W PresentationStatsEventLogger: Bad view state for: -1
09-10 14:53:46.125 6978 7054 E EGL_emulation: eglCreateContext: EGL_BAD_CONFIG: no ES 3.2 support
09-10 14:53:46.125 6978 7054 E EGL_emulation: tid 7054: eglCreateContext(1830): error 0x3005 (EGL_BAD_CONFIG)
09-10 14:53:46.125 6978 7054 E EGL_emulation: eglCreateContext: EGL_BAD_CONFIG: no ES 3.1 support
09-10 14:53:46.125 6978 7054 E EGL_emulation: tid 7054: eglCreateContext(1824): error 0x3005 (EGL_BAD_CONFIG)
09-10 14:53:46.126 583 583 D AutofillInlineSuggestionsRequestSession: onCreateInlineSuggestionsRequestLocked called: 1073741824@1873831909
09-10 14:53:46.127 583 1744 D AutofillInlineSuggestionsRequestSession: onInlineSuggestionsSessionInvalidated() called.
09-10 14:53:46.138 6937 6937 I AssistStructure: Flattened final assist data: 1244 bytes, containing 1 windows, 6 views
09-10 14:53:46.138 583 1744 D AutofillSession: createPendingIntent for request 488
09-10 14:53:46.139 583 1744 D ContentCapturePerUserService: Notified activity assist data for activity: Token{7e3ab9 ActivityRecord{16b0d03 u0 org.chromium.content_browsertests_apk/.ContentBrowserTestsActivity t21}} without a session Id
09-10 14:53:46.190 1515 1802 W MediaProvider: isAppCloneUserPair for user 0: false
09-10 14:53:46.208 164 164 I hwservicemanager: getTransport: Cannot find entry android.hardware.graphics.mapper@4.0::IMapper/default in either framework or device VINTF manifest.
09-10 14:53:46.208 6978 7054 I Gralloc4: mapper 4.x is not supported
09-10 14:53:46.502 0 0 I servicemanager: Caller(pid=6978,uid=10208,sid=u:r:untrusted_app:s0:c208,c256,c512,c768) Could not find android.hardware.graphics.allocator.IAllocator/default in the VINTF manifest. No alternative instances declared in VINTF.
09-10 14:53:46.324 1515 5202 W MediaProvider: isAppCloneUserPair for user 0: false
09-10 14:53:46.342 583 1744 V GrammaticalInflectionUtils: AttributionSource: AttributionSource { uid = 99038, packageName = null, attributionTag = null, token = android.os.Binder@7b78a50, deviceId = 0, next = null } does not have READ_SYSTEM_GRAMMATICAL_GENDER permission.
09-10 14:53:46.367 382 382 D Zygote : Forked child process 7061
09-10 14:53:46.373 381 381 I netd : tetherGetStats() -> {[]} <1.07ms>
09-10 14:53:46.373 583 617 I ActivityManager: Start proc 7061:org.chromium.content_browsertests_apk:sandboxed_process0:org.chromium.content.app.SandboxedProcessService0:2/u0i38 for service {org.chromium.content_browsertests_apk/org.chromium.content.app.SandboxedProcessService0:2}
09-10 14:53:46.400 1515 2614 W MediaProvider: isAppCloneUserPair for user 0: false
09-10 14:53:46.412 7061 7061 I ocessService0:2: Using CollectorTypeCMC GC.
09-10 14:53:46.415 7061 7061 W ocessService0:2: Unexpected CPU variant for x86: x86_64.
09-10 14:53:46.415 7061 7061 W ocessService0:2: Known variants: atom, sandybridge, silvermont, goldmont, goldmont-plus, goldmont-without-sha-xsaves, tremont, kabylake, default
09-10 14:53:46.418 6937 6937 V chromium: [6937:6937:0910/145346.418080:VERBOSE1:back_forward_cache_impl.cc(726)] BackForwardCacheImpl::GetCurrentBackForwardCacheEligibility: http://a.com:33691/cross_site_iframe_factory.html?a(b) : Yes
09-10 14:53:46.420 7061 7061 E ocessService0:2: Not starting debugger since process cannot load the jdwp agent.
09-10 14:53:46.422 583 2412 W PresentationStatsEventLogger: Bad view state for: -1
09-10 14:53:46.432 6937 6937 V chromium: [6937:6937:0910/145346.432830:VERBOSE1:back_forward_cache_impl.cc(726)] BackForwardCacheImpl::GetCurrentBackForwardCacheEligibility: http://a.com:33691/cross_site_iframe_factory.html?a(b) : Yes
09-10 14:53:46.478 6937 6937 V chromium: [6937:6937:0910/145346.478646:VERBOSE1:back_forward_cache_impl.cc(726)] BackForwardCacheImpl::GetCurrentBackForwardCacheEligibility: http://a.com:33691/cross_site_iframe_factory.html?a(b) : Yes
09-10 14:53:46.479 6937 6937 V chromium: [6937:6937:0910/145346.479411:VERBOSE1:back_forward_cache_impl.cc(726)] BackForwardCacheImpl::GetCurrentBackForwardCacheEligibility: http://a.com:33691/cross_site_iframe_factory.html?a(b) : Yes
09-10 14:53:46.479 6937 6937 V chromium: [6937:6937:0910/145346.479657:VERBOSE1:back_forward_cache_impl.cc(726)] BackForwardCacheImpl::GetCurrentBackForwardCacheEligibility: http://a.com:33691/cross_site_iframe_factory.html?a(b) : Yes
09-10 14:53:46.500 7061 7061 D ApplicationLoaders: Returning zygote-cached class loader: /system/framework/android.test.base.jar
09-10 14:53:46.502 6937 6937 V chromium: [6937:6937:0910/145346.502454:VERBOSE1:back_forward_cache_impl.cc(726)] BackForwardCacheImpl::GetCurrentBackForwardCacheEligibility: http://a.com:33691/cross_site_iframe_factory.html?a(b) : Yes
09-10 14:53:46.781 0 0 W servicemanager: Isolated app with UID 99038 requested 'network_management', but the service is not allowed for isolated apps.
09-10 14:53:46.507 6937 6937 V chromium: [6937:6937:0910/145346.507246:VERBOSE1:back_forward_cache_impl.cc(726)] BackForwardCacheImpl::GetCurrentBackForwardCacheEligibility: http://a.com:33691/cross_site_iframe_factory.html?a(b) : Yes
09-10 14:53:46.510 7061 7061 D nativeloader: Configuring clns-7 for other apk /system/framework/android.test.mock.jar. target_sdk_version=35, uses_libraries=ALL, library_path=/data/app/~~Qgn2wqEAvH79GiouluTyOA==/org.chromium.content_browsertests_apk-RchFo_8uzwLoY5jHIGStww==/lib/x86_64:/data/app/~~Qgn2wqEAvH79GiouluTyOA==/org.chromium.content_browsertests_apk-RchFo_8uzwLoY5jHIGStww==/base.apk!/lib/x86_64, permitted_path=/data:/mnt/expand:/data/user/0/org.chromium.content_browsertests_apk
09-10 14:53:46.513 7061 7061 D ApplicationLoaders: Returning zygote-cached class loader: /system/framework/android.test.base.jar
09-10 14:53:46.513 6937 6937 V chromium: [6937:6937:0910/145346.513708:VERBOSE1:back_forward_cache_impl.cc(726)] BackForwardCacheImpl::GetCurrentBackForwardCacheEligibility: http://a.com:33691/cross_site_iframe_factory.html?a(b) : Yes
09-10 14:53:46.515 7061 7061 D nativeloader: Configuring clns-8 for other apk /system/framework/android.test.runner.jar. target_sdk_version=35, uses_libraries=ALL, library_path=/data/app/~~Qgn2wqEAvH79GiouluTyOA==/org.chromium.content_browsertests_apk-RchFo_8uzwLoY5jHIGStww==/lib/x86_64:/data/app/~~Qgn2wqEAvH79GiouluTyOA==/org.chromium.content_browsertests_apk-RchFo_8uzwLoY5jHIGStww==/base.apk!/lib/x86_64, permitted_path=/data:/mnt/expand:/data/user/0/org.chromium.content_browsertests_apk
09-10 14:53:46.516 7061 7061 D ApplicationLoaders: Returning zygote-cached class loader: /system_ext/framework/androidx.window.extensions.jar
09-10 14:53:46.518 7061 7061 D nativeloader: Configuring clns-9 for other apk /data/app/~~Qgn2wqEAvH79GiouluTyOA==/org.chromium.content_browsertests_apk-RchFo_8uzwLoY5jHIGStww==/base.apk. target_sdk_version=35, uses_libraries=, library_path=/data/app/~~Qgn2wqEAvH79GiouluTyOA==/org.chromium.content_browsertests_apk-RchFo_8uzwLoY5jHIGStww==/lib/x86_64:/data/app/~~Qgn2wqEAvH79GiouluTyOA==/org.chromium.content_browsertests_apk-RchFo_8uzwLoY5jHIGStww==/base.apk!/lib/x86_64, permitted_path=/data:/mnt/expand:/data/user/0/org.chromium.content_browsertests_apk
09-10 14:53:46.520 7061 7061 D CompatChangeReporter: Compat change id reported: 202956589; UID 99038; state: ENABLED
09-10 14:53:46.523 6937 6937 V chromium: [6937:6937:0910/145346.523374:VERBOSE1:back_forward_cache_impl.cc(726)] BackForwardCacheImpl::GetCurrentBackForwardCacheEligibility: http://b.com:33691/title2.html : Yes
09-10 14:53:46.531 583 2498 W PresentationStatsEventLogger: Bad view state for: -1
09-10 14:53:46.540 6937 6937 V chromium: [6937:6937:0910/145346.540002:VERBOSE1:back_forward_cache_impl.cc(726)] BackForwardCacheImpl::CreateEvictionBackForwardCacheCanStoreTreeResult: http://b.com:33691/title2.html : No: renderer process is killed
09-10 14:53:46.543 583 1744 I ActivityManager: Killing 6979:org.chromium.content_browsertests_apk:sandboxed_process0:org.chromium.content.app.SandboxedProcessService0:0/u0a208i36 (adj 0): isolated not needed
09-10 14:53:46.825 0 0 W servicemanager: Isolated app with UID 99038 requested 'connectivity', but the service is not allowed for isolated apps.
09-10 14:53:46.850 0 0 W servicemanager: Isolated app with UID 99038 requested 'content_capture', but the service is not allowed for isolated apps.
09-10 14:53:46.556 7061 7061 I cr_ChildProcessService: Creating new ChildProcessService pid=7061
09-10 14:53:46.562 382 382 I Zygote : Process 6979 exited cleanly (0)
09-10 14:53:46.563 583 618 I libprocessgroup: Removed cgroup /sys/fs/cgroup/uid_99036/pid_6979
09-10 14:53:46.564 7061 7071 D nativeloader: Load /data/app/~~Qgn2wqEAvH79GiouluTyOA==/org.chromium.content_browsertests_apk-RchFo_8uzwLoY5jHIGStww==/lib/x86_64/libtest_trace_processor.so using ns clns-9 from class loader (caller=/data/app/~~Qgn2wqEAvH79GiouluTyOA==/org.chromium.content_browsertests_apk-RchFo_8uzwLoY5jHIGStww==/base.apk): ok
09-10 14:53:46.863 0 0 W binder_debug: 21 callbacks suppressed
09-10 14:53:46.863 0 0 I binder : send failed reply for transaction 374885 to 6937:6965
09-10 14:53:46.570 583 605 D DisplayManagerService: Drop pending events for gone uid 99036
09-10 14:53:46.619 7061 7071 D nativeloader: Load /data/app/~~Qgn2wqEAvH79GiouluTyOA==/org.chromium.content_browsertests_apk-RchFo_8uzwLoY5jHIGStww==/lib/x86_64/libcontent_browsertests__library.so using ns clns-9 from class loader (caller=/data/app/~~Qgn2wqEAvH79GiouluTyOA==/org.chromium.content_browsertests_apk-RchFo_8uzwLoY5jHIGStww==/base.apk): ok
09-10 14:53:46.623 7061 7071 I cr_LibraryLoader: Successfully loaded native library
09-10 14:53:46.623 7061 7071 I cr_CachingUmaRecorder: Flushed 2 samples from 2 histograms, 0 samples were dropped.
09-10 14:53:46.635 7061 7071 W SystemServiceRegistry: No service published for: uimode
09-10 14:53:46.933 0 0 W servicemanager: Isolated app with UID 99038 requested 'uimode', but the service is not allowed for isolated apps.
09-10 14:53:46.650 583 1744 I ActivityManager: Process org.chromium.content_browsertests_apk:sandboxed_process0:org.chromium.content.app.SandboxedProcessService0:2 (pid 7061) has died: vis BTOP
09-10 14:53:46.650 6937 6975 W cr_ChildProcessConn: onServiceDisconnected (crash or killed by oom): pid=7061 bindings:WV
09-10 14:53:46.650 583 1744 W ActivityManager: Scheduling restart of crashed service org.chromium.content_browsertests_apk/org.chromium.content.app.SandboxedProcessService0:2 in 1000ms for connection
09-10 14:53:46.652 583 605 D DisplayManagerService: Drop pending events for gone uid 99038
09-10 14:53:46.653 382 382 I Zygote : Process 7061 exited cleanly (0)
09-10 14:53:46.653 583 618 I libprocessgroup: Removed cgroup /sys/fs/cgroup/uid_99038/pid_7061
09-10 14:53:48.048 583 1821 D OomAdjuster: Not killing cached processes
09-10 14:53:48.054 6937 6937 I ImeTracker: org.chromium.content_browsertests_apk:test_process:6f6d6c69: onRequestHide at ORIGIN_CLIENT reason HIDE_SOFT_INPUT_CLOSE_CURRENT_SESSION fromUser false
09-10 14:53:48.055 583 726 I ImeTracker: org.chromium.content_browsertests_apk:test_process:6f6d6c69: onCancelled at PHASE_SERVER_SHOULD_HIDE
09-10 14:53:48.060 583 1821 E ProcessStats: Executing service ServiceState{1ae6484 org.chromium.content.app.SandboxedProcessService0 pkg=org.chromium.content_browsertests_apk proc=2239cf7} without owner
09-10 14:53:48.061 583 1821 E ProcessStats: Binding service ServiceState{1ae6484 org.chromium.content.app.SandboxedProcessService0 pkg=org.chromium.content_browsertests_apk proc=2239cf7} without owner
09-10 14:53:48.061 6996 6996 I cr_ChildProcessService: Destroying ChildProcessService pid=6996
09-10 14:53:48.062 6937 6937 I Choreographer: Skipped 91 frames! The application may be doing too much work on its main thread.
09-10 14:53:48.062 583 1821 E ProcessStats: Starting service ServiceState{1ae6484 org.chromium.content.app.SandboxedProcessService0 pkg=org.chromium.content_browsertests_apk proc=2239cf7} without owner
09-10 14:53:48.063 583 1821 E ProcessStats: Binding service ServiceState{1ae6484 org.chromium.content.app.SandboxedProcessService0 pkg=org.chromium.content_browsertests_apk proc=2239cf7} without owner
09-10 14:53:48.068 1515 4876 W MediaProvider: isAppCloneUserPair for user 0: false
09-10 14:53:48.074 583 1821 I ActivityManager: Killing 6996:org.chromium.content_browsertests_apk:sandboxed_process0:org.chromium.content.app.SandboxedProcessService0:1/u0a208i37 (adj 0): isolated not needed
09-10 14:53:48.080 381 381 I netd : tetherGetStats() -> {[]} <1.94ms>
09-10 14:53:48.087 1515 5888 W MediaProvider: isAppCloneUserPair for user 0: false
09-10 14:53:48.099 6937 6951 D EGL_emulation: app_time_stats: avg=308.44ms min=16.88ms max=1577.64ms count=10
09-10 14:53:48.105 1515 2614 W MediaProvider: Database update failed while renaming /storage/emulated/0/chromium_tests_root/content_shell/GPUCache/index-dir/temp-index
09-10 14:53:48.105 1515 2614 W MediaProvider: android.database.sqlite.SQLiteConstraintException: UNIQUE constraint failed: files._data (code 2067 SQLITE_CONSTRAINT_UNIQUE)
09-10 14:53:48.105 1515 2614 W MediaProvider: at android.database.sqlite.SQLiteConnection.nativeExecuteForChangedRowCount(Native Method)
09-10 14:53:48.105 1515 2614 W MediaProvider: at android.database.sqlite.SQLiteConnection.executeForChangedRowCount(SQLiteConnection.java:926)
09-10 14:53:48.105 1515 2614 W MediaProvider: at android.database.sqlite.SQLiteSession.executeForChangedRowCount(SQLiteSession.java:780)
09-10 14:53:48.105 1515 2614 W MediaProvider: at android.database.sqlite.SQLiteStatement.executeUpdateDelete(SQLiteStatement.java:67)
09-10 14:53:48.105 1515 2614 W MediaProvider: at com.android.providers.media.util.DatabaseUtils.executeUpdateDelete(DatabaseUtils.java:499)
09-10 14:53:48.105 1515 2614 W MediaProvider: at com.android.providers.media.util.SQLiteQueryBuilder.update(SQLiteQueryBuilder.java:726)
09-10 14:53:48.105 1515 2614 W MediaProvider: at com.android.providers.media.util.SQLiteQueryBuilder.lambda$update$2(SQLiteQueryBuilder.java:648)
09-10 14:53:48.105 1515 2614 W MediaProvider: at com.android.providers.media.util.SQLiteQueryBuilder.$r8$lambda$V5i8aaD8hBMOL_-PCdDrUiXRenE(SQLiteQueryBuilder.java:0)
09-10 14:53:48.105 1515 2614 W MediaProvider: at com.android.providers.media.util.SQLiteQueryBuilder$$ExternalSyntheticLambda1.apply(R8$$SyntheticClass:0)
09-10 14:53:48.105 1515 2614 W MediaProvider: at com.android.providers.media.DatabaseHelper.runWithTransaction(DatabaseHelper.java:891)
09-10 14:53:48.105 1515 2614 W MediaProvider: at com.android.providers.media.util.SQLiteQueryBuilder.update(SQLiteQueryBuilder.java:647)
09-10 14:53:48.105 1515 2614 W MediaProvider: at com.android.providers.media.MediaProvider.lambda$updateDatabaseForFuseRename$18(MediaProvider.java:3084)
09-10 14:53:48.105 1515 2614 W MediaProvider: at com.android.providers.media.MediaProvider.$r8$lambda$SsJLM9omZuZqR6R57GeVw8lP7d0(MediaProvider.java:0)
09-10 14:53:48.105 1515 2614 W MediaProvider: at com.android.providers.media.MediaProvider$$ExternalSyntheticLambda36.apply(R8$$SyntheticClass:0)
09-10 14:53:48.105 1515 2614 W MediaProvider: at com.android.providers.media.DatabaseHelper.runWithTransaction(DatabaseHelper.java:891)
09-10 14:53:48.105 1515 2614 W MediaProvider: at com.android.providers.media.MediaProvider.updateDatabaseForFuseRename(MediaProvider.java:3076)
09-10 14:53:48.105 1515 2614 W MediaProvider: at com.android.providers.media.MediaProvider.updateDatabaseForFuseRename(MediaProvider.java:3043)
09-10 14:53:48.105 1515 2614 W MediaProvider: at com.android.providers.media.MediaProvider.updateDatabaseForFuseRename(MediaProvider.java:3037)
09-10 14:53:48.105 1515 2614 W MediaProvider: at com.android.providers.media.MediaProvider.renameFileForFuse(MediaProvider.java:3408)
09-10 14:53:48.105 1515 2614 W MediaProvider: at com.android.providers.media.MediaProvider.renameFileUncheckedForFuse(MediaProvider.java:3388)
09-10 14:53:48.105 1515 2614 W MediaProvider: at com.android.providers.media.MediaProvider.renameUncheckedForFuse(MediaProvider.java:3475)
09-10 14:53:48.105 1515 2614 W MediaProvider: at com.android.providers.media.MediaProvider.renameForFuse(MediaProvider.java:3523)
09-10 14:53:48.107 583 618 I libprocessgroup: Removed cgroup /sys/fs/cgroup/uid_99037/pid_6996
09-10 14:53:48.110 583 605 D DisplayManagerService: Drop pending events for gone uid 99037
09-10 14:53:48.111 1515 2614 I MediaProvider: Retrying database update after deleting conflicting entry
09-10 14:53:48.112 382 382 I Zygote : Process 6996 exited cleanly (0)
09-10 14:53:48.407 0 0 I binder : send failed reply for transaction 375586 to 6937:6972
09-10 14:53:48.410 0 0 I binder : send failed reply for transaction 375607 to 6978:7051
09-10 14:53:48.132 6937 7056 I HWUI : Davey! duration=1582ms; Flags=0, FrameTimelineVsyncId=39783, IntendedVsync=266923432247, Vsync=268440098853, InputEventId=0, HandleInputStart=268456195020, AnimationStart=268456195994, PerformTraversalsStart=268456196303, DrawStart=268457259663, FrameDeadline=266956765579, FrameInterval=268455485432, FrameStartTime=16666666, SyncQueued=268457361045, SyncStart=268458524173, IssueDrawCommandsStart=268458736476, SwapBuffers=268460259373, FrameCompleted=268507150740, DequeueBufferDuration=7584, QueueBufferDuration=309963, GpuCompleted=268507150740, SwapBuffersCompleted=268494417105, DisplayPresentTime=72904454231491274, CommandSubmissionCompleted=268460259373,
