09-10 14:53:51.400 453 453 I BpBinder: onLastStrongRef automatically unlinking death recipients:
09-10 14:53:51.425 382 382 I Zygote : Process 7083 exited due to signal 9 (Killed)
09-10 14:53:51.425 583 2234 I ActivityManager: Process org.chromium.content_browsertests_apk:test_process (pid 7083) has died: fg TOP
09-10 14:53:51.425 583 1832 D AutofillSession: handling death of Token{93dc4a7 ActivityRecord{f767dc1 u0 org.chromium.content_browsertests_apk/.ContentBrowserTestsActivity t22 f}}} when saving=false
09-10 14:53:51.425 583 601 I ImeTracker: org.chromium.content_browsertests_apk:41b98389: onRequestHide at ORIGIN_SERVER reason HIDE_REMOVE_CLIENT fromUser false
09-10 14:53:51.426 583 601 I ImeTracker: org.chromium.content_browsertests_apk:41b98389: onCancelled at PHASE_SERVER_SHOULD_HIDE
09-10 14:53:51.427 583 605 D AutofillUI: destroySaveUiUiThread(): already destroyed
09-10 14:53:51.427 7131 7131 I cr_ChildProcessService: Destroying ChildProcessService pid=7131
09-10 14:53:51.430 583 917 D ConnectivityService: releasing NetworkRequest [ REQUEST id=194, [ Capabilities: INTERNET&NOT_RESTRICTED&TRUSTED&NOT_VCN_MANAGED&NOT_BANDWIDTH_CONSTRAINED Uid: 10208 RequestorUid: 10208 RequestorPkg: org.chromium.content_browsertests_apk UnderlyingNetworks: Null] ] (release request)
09-10 14:53:51.442 583 1818 I AppWidgetServiceImpl: startListening() 0
09-10 14:53:51.443 583 618 I libprocessgroup: Removed cgroup /sys/fs/cgroup/uid_10208/pid_7083
09-10 14:53:51.445 992 1046 D WindowManagerShell: setLauncherKeepClearAreaHeight: visible=true, height=525
09-10 14:53:51.446 1255 1255 D StatsLog: LAUNCHER_ONRESUME
09-10 14:53:51.447 1255 1255 D NexusLauncherModelDelegate: notifySmartspaceEvent: SmartspaceTargetEvent{mSmartspaceTarget=null, mSmartspaceActionId='null', mEventType=6}
09-10 14:53:51.447 583 2343 I WindowManager: WIN DEATH: Window{5301caa u0 org.chromium.content_browsertests_apk/org.chromium.content_browsertests_apk.ContentBrowserTestsActivity}
09-10 14:53:51.448 583 2343 W InputManager-JNI: Input channel object '5301caa org.chromium.content_browsertests_apk/org.chromium.content_browsertests_apk.ContentBrowserTestsActivity (client)' was disposed without first being removed with the input manager!
09-10 14:53:51.450 583 607 V WindowManager: Unknown focus tokens, dropping reportFocusChanged
09-10 14:53:51.451 583 1614 W AppSearchIcing: icing-search-engine.cc:321: Error: 5, Message: Document (com.google.android.googlequicksearchbox$OneSearchZeroStateGoogleSuggestions/default, zp) not found.
09-10 14:53:51.453 1255 2183 D OneSearchSuggestProvider: AppSearch 0-state cache not available, fallback to AGA
09-10 14:53:51.453 1255 2183 D OneSearchSuggestProvider: java.util.concurrent.CompletionException: java.util.NoSuchElementException: No value present
09-10 14:53:51.453 1255 2183 D OneSearchSuggestProvider: at java.util.concurrent.CompletableFuture.encodeThrowable(CompletableFuture.java:308)
09-10 14:53:51.453 1255 2183 D OneSearchSuggestProvider: at java.util.concurrent.CompletableFuture.completeThrowable(CompletableFuture.java:323)
09-10 14:53:51.453 1255 2183 D OneSearchSuggestProvider: at java.util.concurrent.CompletableFuture$UniAccept.tryFire(CompletableFuture.java:684)
09-10 14:53:51.453 1255 2183 D OneSearchSuggestProvider: at java.util.concurrent.CompletableFuture.postComplete(CompletableFuture.java:486)
09-10 14:53:51.453 1255 2183 D OneSearchSuggestProvider: at java.util.concurrent.CompletableFuture.completeExceptionally(CompletableFuture.java:2138)
09-10 14:53:51.453 1255 2183 D OneSearchSuggestProvider: at com.google.android.apps.nexuslauncher.allapps.E0.onResult(go/retraceme 31f9979659277bb965985aff1272c33e3c3c9e755b77166d20a2465454178f2c:67)
09-10 14:53:51.453 1255 2183 D OneSearchSuggestProvider: at android.app.appsearch.SearchSessionUtil$1.lambda$onResult$0(go/retraceme 64eee9e9f568ff45978879ad2ff83146f2618ee8a88278736fbdf5fae931976e:144)
09-10 14:53:51.453 1255 2183 D OneSearchSuggestProvider: at android.app.appsearch.SearchSessionUtil$1.$r8$lambda$CEk3q8sDAQVhU3rQwVueB8FAj_M(go/retraceme 64eee9e9f568ff45978879ad2ff83146f2618ee8a88278736fbdf5fae931976e:1)
09-10 14:53:51.453 1255 2183 D OneSearchSuggestProvider: at android.app.appsearch.SearchSessionUtil$1$$ExternalSyntheticLambda0.run(go/retraceme 64eee9e9f568ff45978879ad2ff83146f2618ee8a88278736fbdf5fae931976e:22)
09-10 14:53:51.453 1255 2183 D OneSearchSuggestProvider: at android.os.Handler.handleCallback(Handler.java:959)
09-10 14:53:51.453 1255 2183 D OneSearchSuggestProvider: at android.os.Handler.dispatchMessage(Handler.java:100)
09-10 14:53:51.453 1255 2183 D OneSearchSuggestProvider: at android.os.Looper.loopOnce(Looper.java:232)
09-10 14:53:51.453 1255 2183 D OneSearchSuggestProvider: at android.os.Looper.loop(Looper.java:317)
09-10 14:53:51.453 1255 2183 D OneSearchSuggestProvider: at android.os.HandlerThread.run(HandlerThread.java:85)
09-10 14:53:51.453 1255 2183 D OneSearchSuggestProvider: Caused by: java.util.NoSuchElementException: No value present
09-10 14:53:51.453 1255 2183 D OneSearchSuggestProvider: at java.util.Optional.get(Optional.java:143)
09-10 14:53:51.453 1255 2183 D OneSearchSuggestProvider: at com.google.android.apps.nexuslauncher.allapps.E0.onResult(go/retraceme 31f9979659277bb965985aff1272c33e3c3c9e755b77166d20a2465454178f2c:28)
09-10 14:53:51.453 1255 2183 D OneSearchSuggestProvider: ... 8 more
09-10 14:53:51.453 1255 1303 D QuickstepModelDelegate: notifyAppTargetEvent action=1 launchLocation=workspace/0/[-1,-1]/[1,1]
09-10 14:53:51.455 583 607 W ActivityManager: setHasOverlayUi called on unknown pid: 7083
09-10 14:53:51.455 1255 2183 D OneSearchSuggestProvider: Created the binder channel successfully for end point service =com.google.android.apps.search.googleapp.search.suggest.plugins.onesearch.server.OneSearchSuggestService , mChannel=i1{delegate=f{logId=51, target=directaddress:///AndroidComponentAddress%5BIntent%20%7B%20act=grpc.io.action.BIND%20cmp=com.google.android.googlequicksearchbox/com.google.android.apps.search.googleapp.search.suggest.plugins.onesearch.server.OneSearchSuggestService%20%7D%5D}} , mOneSearchConnection=l2.Z@d423553
09-10 14:53:51.457 583 608 W ActivityTaskManager: Unable to send transaction to client proc org.chromium.content_browsertests_apk:test_process: no app thread
09-10 14:53:51.460 583 679 W OptProp : Cannot read opt property android.window.PROPERTY_COMPAT_ALLOW_USER_ASPECT_RATIO_OVERRIDE
09-10 14:53:51.460 583 679 W OptProp : Cannot read opt property android.window.PROPERTY_COMPAT_ALLOW_USER_ASPECT_RATIO_FULLSCREEN_OVERRIDE
09-10 14:53:51.460 583 679 W OptProp : Cannot read opt property android.window.PROPERTY_COMPAT_ALLOW_ORIENTATION_OVERRIDE
09-10 14:53:51.460 1255 1255 D BaseDepthController: setSurface:
09-10 14:53:51.460 1255 1255 D BaseDepthController: mWaitingOnSurfaceValidity: false
09-10 14:53:51.460 1255 1255 D BaseDepthController: mSurface: Surface(name=com.google.android.apps.nexuslauncher/com.google.android.apps.nexuslauncher.NexusLauncherActivity)/@0x668f0d3
09-10 14:53:51.460 583 679 V GrammaticalInflectionUtils: AttributionSource: AttributionSource { uid = 10208, packageName = null, attributionTag = null, token = android.os.Binder@7b78a50, deviceId = 0, next = null } does not have READ_SYSTEM_GRAMMATICAL_GENDER permission.
09-10 14:53:51.461 583 679 W OptProp : Cannot read opt property android.window.PROPERTY_COMPAT_ALLOW_RESIZEABLE_ACTIVITY_OVERRIDES
09-10 14:53:51.461 583 679 W OptProp : Cannot read opt property android.window.PROPERTY_COMPAT_ALLOW_MIN_ASPECT_RATIO_OVERRIDE
09-10 14:53:51.465 1537 1886 I AiAiEcho: Predicting[0]: [CONTEXT sampling_count=5 ]
09-10 14:53:51.469 583 679 V SplashScreenExceptionList: SplashScreen checking exception for package org.chromium.content_browsertests_apk (target sdk:35) -> false
09-10 14:53:51.470 583 679 I ActivityTaskManager: Add Task{40a8966 #22 type=standard A=10208:org.chromium.content_browsertests_apk} to hidden list because adding Task{3535482 #23 type=standard A=10208:org.chromium.content_browsertests_apk}
09-10 14:53:51.471 583 679 I ActivityTaskManager: START u0 {act=android.intent.action.MAIN flg=0x10000000 cmp=org.chromium.content_browsertests_apk/.ContentBrowserTestsActivity (has extras)} with LAUNCH_SINGLE_TASK from uid 10208 (BAL_ALLOW_PERMISSION) result code=0
09-10 14:53:51.472 1537 1886 I AiAiEcho: EchoTargets:
09-10 14:53:51.472 1537 1886 I AiAiEcho: Filtered by AiAi flag check:
09-10 14:53:51.472 1537 1886 I AiAiEcho: [CONTEXT ratelimit_period="10 SECONDS" ]
09-10 14:53:51.472 1537 1886 I AiAiEcho: Ranked targets strategy: SORT, count: 0, ranking metadata: [CONTEXT ratelimit_period="10 SECONDS" ]
09-10 14:53:51.472 1537 1886 I AiAiEcho: #remoteViewsTwiddler: feature disabled.
09-10 14:53:51.474 1537 1886 I AiAiEcho: #postPredictionTargets: Sending updates to UISurface home with targets# 0 (types=[])
09-10 14:53:51.479 583 607 V GrammaticalInflectionUtils: AttributionSource: AttributionSource { uid = 10208, packageName = null, attributionTag = null, token = android.os.Binder@7b78a50, deviceId = 0, next = null } does not have READ_SYSTEM_GRAMMATICAL_GENDER permission.
09-10 14:53:51.489 992 1092 D SplashScreenView: Build android.window.SplashScreenView{7ac398a V.E...... ......ID 0,0-0,0}
09-10 14:53:51.489 992 1092 D SplashScreenView: Icon: view: null drawable: null size: 0
09-10 14:53:51.489 992 1092 D SplashScreenView: Branding: view: android.view.View{898bbfb G.ED..... ......I. 0,0-0,0 #1020503 android:id/splashscreen_branding_view} drawable: null size w: 0 h: 0
09-10 14:53:51.496 4025 4025 I A : (REDACTED) Created gRPC endpoint for service %s
09-10 14:53:51.501 583 1810 I ActivityManager: Process org.chromium.content_browsertests_apk:privileged_process0 (pid 7131) has died: fg SVC
09-10 14:53:51.502 583 618 I libprocessgroup: Removed cgroup /sys/fs/cgroup/uid_10208/pid_7131
09-10 14:53:51.517 1255 1255 W SplitSelectStateCtor: Missing session instanceIds
09-10 14:53:51.517 1255 1255 D StatsLog: LAUNCHER_SPLIT_SELECTION_EXIT_INTERRUPTED
09-10 14:53:51.518 992 1046 D WindowManagerShell: setLauncherKeepClearAreaHeight: visible=false, height=525
09-10 14:53:51.520 382 382 D Zygote : Forked child process 7235
09-10 14:53:51.522 382 382 I Zygote : Process 7131 exited cleanly (0)
09-10 14:53:51.524 505 505 W IPCThreadState: Sending oneway calls to frozen process.
09-10 14:53:51.526 1255 1255 D SsBaseTemplateCard: No text view can be set up
09-10 14:53:51.527 1255 1255 D SsBaseTemplateCard: Passed-in item info is null
09-10 14:53:51.529 1255 1255 D SsBaseTemplateCard: Passed-in item info is null
09-10 14:53:51.529 1255 1255 D SsBaseTemplateCard: Passed-in item info is null
09-10 14:53:51.529 1255 1255 I SsBaseTemplateCard: Secondary card pane is null
09-10 14:53:51.529 1255 1255 I TopTaskTracker: onTaskMovedToFront: (moved taskInfo to front) taskId=23, baseIntent=Intent { act=android.intent.action.MAIN flg=0x10000000 cmp=org.chromium.content_browsertests_apk/.ContentBrowserTestsActivity }
09-10 14:53:51.532 7235 7235 I pk:test_process: Using CollectorTypeCMC GC.
09-10 14:53:51.533 7235 7235 W pk:test_process: Unexpected CPU variant for x86: x86_64.
09-10 14:53:51.533 7235 7235 W pk:test_process: Known variants: atom, sandybridge, silvermont, goldmont, goldmont-plus, goldmont-without-sha-xsaves, tremont, kabylake, default
09-10 14:53:51.541 7235 7235 E pk:test_process: Not starting debugger since process cannot load the jdwp agent.
09-10 14:53:51.546 7235 7235 D nativeloader: Load libframework-connectivity-tiramisu-jni.so using APEX ns com_android_tethering for caller /apex/com.android.tethering/javalib/framework-connectivity-t.jar: ok
09-10 14:53:51.546 583 2234 D CoreBackPreview: Window{40c49ef u0 Splash Screen org.chromium.content_browsertests_apk}: Setting back callback OnBackInvokedCallbackInfo{mCallback=android.window.IOnBackInvokedCallback$Stub$Proxy@25e51a6, mPriority=0, mIsAnimationCallback=false}
09-10 14:53:51.546 583 617 W ActivityManager: Slow operation: 55ms so far, now at startProcess: done updating battery stats
09-10 14:53:51.546 583 617 W ActivityManager: Slow operation: 55ms so far, now at startProcess: building log message
09-10 14:53:51.546 583 617 I ActivityManager: Start proc 7235:org.chromium.content_browsertests_apk:test_process/u0a208 for next-top-activity {org.chromium.content_browsertests_apk/org.chromium.content_browsertests_apk.ContentBrowserTestsActivity}
09-10 14:53:51.546 583 617 W ActivityManager: Slow operation: 55ms so far, now at startProcess: starting to update pids map
09-10 14:53:51.548 583 608 W ActivityTaskManager: Unable to send transaction to client proc org.chromium.content_browsertests_apk:test_process: no app thread
09-10 14:53:51.549 583 617 W ActivityManager: Slow operation: 57ms so far, now at startProcess: done updating pids map
09-10 14:53:51.572 7235 7235 D ApplicationLoaders: Returning zygote-cached class loader: /system/framework/android.test.base.jar
09-10 14:53:51.574 7235 7235 D nativeloader: Configuring clns-7 for other apk /system/framework/android.test.mock.jar. target_sdk_version=35, uses_libraries=ALL, library_path=/data/app/~~Qgn2wqEAvH79GiouluTyOA==/org.chromium.content_browsertests_apk-RchFo_8uzwLoY5jHIGStww==/lib/x86_64:/data/app/~~Qgn2wqEAvH79GiouluTyOA==/org.chromium.content_browsertests_apk-RchFo_8uzwLoY5jHIGStww==/base.apk!/lib/x86_64, permitted_path=/data:/mnt/expand:/data/user/0/org.chromium.content_browsertests_apk
09-10 14:53:51.575 7235 7235 D ApplicationLoaders: Returning zygote-cached class loader: /system/framework/android.test.base.jar
09-10 14:53:51.577 7235 7235 D nativeloader: Configuring clns-8 for other apk /system/framework/android.test.runner.jar. target_sdk_version=35, uses_libraries=ALL, library_path=/data/app/~~Qgn2wqEAvH79GiouluTyOA==/org.chromium.content_browsertests_apk-RchFo_8uzwLoY5jHIGStww==/lib/x86_64:/data/app/~~Qgn2wqEAvH79GiouluTyOA==/org.chromium.content_browsertests_apk-RchFo_8uzwLoY5jHIGStww==/base.apk!/lib/x86_64, permitted_path=/data:/mnt/expand:/data/user/0/org.chromium.content_browsertests_apk
09-10 14:53:51.577 7235 7235 D ApplicationLoaders: Returning zygote-cached class loader: /system_ext/framework/androidx.window.extensions.jar
09-10 14:53:51.581 7235 7235 D nativeloader: Configuring clns-9 for other apk /data/app/~~Qgn2wqEAvH79GiouluTyOA==/org.chromium.content_browsertests_apk-RchFo_8uzwLoY5jHIGStww==/base.apk. target_sdk_version=35, uses_libraries=, library_path=/data/app/~~Qgn2wqEAvH79GiouluTyOA==/org.chromium.content_browsertests_apk-RchFo_8uzwLoY5jHIGStww==/lib/x86_64:/data/app/~~Qgn2wqEAvH79GiouluTyOA==/org.chromium.content_browsertests_apk-RchFo_8uzwLoY5jHIGStww==/base.apk!/lib/x86_64, permitted_path=/data:/mnt/expand:/data/user/0/org.chromium.content_browsertests_apk
09-10 14:53:51.581 7235 7235 D CompatChangeReporter: Compat change id reported: 202956589; UID 10208; state: ENABLED
09-10 14:53:51.583 381 7248 I resolv : GetAddrInfoHandler::run: {0 262144 0 983040 10143 0}
09-10 14:53:51.589 381 7250 I resolv : GetAddrInfoHandler::run: {0 262144 0 983040 10143 0}
09-10 14:53:51.592 7235 7235 V GraphicsEnvironment: Currently set values for:
09-10 14:53:51.592 7235 7235 V GraphicsEnvironment: angle_gl_driver_selection_pkgs=[]
09-10 14:53:51.592 7235 7235 V GraphicsEnvironment: angle_gl_driver_selection_values=[]
09-10 14:53:51.592 7235 7235 V GraphicsEnvironment: Global.Settings values are invalid: number of packages: 0, number of values: 0
09-10 14:53:51.592 7235 7235 V GraphicsEnvironment: Neither updatable production driver nor prerelease driver is supported.
09-10 14:53:51.593 4025 4139 W A : CompleteServer request has failed and can't show offline suggestions.
09-10 14:53:51.593 4025 4139 W A : com.google.frameworks.client.data.android.ac: Http networking stack error
09-10 14:53:51.593 4025 4139 W A : at com.google.frameworks.client.data.android.x.run(PG:36)
09-10 14:53:51.593 4025 4139 W A : at com.google.android.libraries.k.x.run(PG:3)
09-10 14:53:51.593 4025 4139 W A : at com.google.common.n.c.c.run(PG:50)
09-10 14:53:51.593 4025 4139 W A : at com.google.android.libraries.k.e.run(PG:8)
09-10 14:53:51.593 4025 4139 W A : at java.lang.Thread.run(Thread.java:1012)
09-10 14:53:51.593 4025 4139 W A : at com.google.android.libraries.k.d.b.run(PG:74)
09-10 14:53:51.593 4025 4139 W A : Caused by: m.mc: Exception in CronetUrlRequest: net::ERR_INTERNET_DISCONNECTED, ErrorCode=2, InternalErrorCode=-106, Retryable=false
09-10 14:53:51.593 4025 4139 W A : at org.chromium.net.impl.CronetUrlRequest.onError(:com.google.android.gms.dynamite_cronetdynamite@242632041@24.26.32 (190800-0):4)
09-10 14:53:51.593 4025 4139 W A : #getSuggestions failed
09-10 14:53:51.593 4025 4139 W A : com.google.frameworks.client.data.android.ac: Http networking stack error
09-10 14:53:51.593 4025 4139 W A : at com.google.frameworks.client.data.android.x.run(PG:36)
09-10 14:53:51.593 4025 4139 W A : at com.google.android.libraries.k.x.run(PG:3)
09-10 14:53:51.593 4025 4139 W A : at com.google.common.n.c.c.run(PG:50)
09-10 14:53:51.593 4025 4139 W A : at com.google.android.libraries.k.e.run(PG:8)
09-10 14:53:51.593 4025 4139 W A : at java.lang.Thread.run(Thread.java:1012)
09-10 14:53:51.593 4025 4139 W A : at com.google.android.libraries.k.d.b.run(PG:74)
09-10 14:53:51.593 4025 4139 W A : Caused by: m.mc: Exception in CronetUrlRequest: net::ERR_INTERNET_DISCONNECTED, ErrorCode=2, InternalErrorCode=-106, Retryable=false
09-10 14:53:51.593 4025 4139 W A : at org.chromium.net.impl.CronetUrlRequest.onError(:com.google.android.gms.dynamite_cronetdynamite@242632041@24.26.32 (190800-0):4)
09-10 14:53:51.594 1255 7244 E OneSearchSuggestProvider: Unable to get suggestions from AGA
09-10 14:53:51.594 1255 7244 E OneSearchSuggestProvider: io.grpc.StatusRuntimeException: UNKNOWN
09-10 14:53:51.594 1255 7244 E OneSearchSuggestProvider: at k3.e.a(go/retraceme 31f9979659277bb965985aff1272c33e3c3c9e755b77166d20a2465454178f2c:77)
09-10 14:53:51.594 1255 7244 E OneSearchSuggestProvider: at i3.l.b(go/retraceme 31f9979659277bb965985aff1272c33e3c3c9e755b77166d20a2465454178f2c:43)
09-10 14:53:51.594 1255 7244 E OneSearchSuggestProvider: at i3.l.a(go/retraceme 31f9979659277bb965985aff1272c33e3c3c9e755b77166d20a2465454178f2c:27)
09-10 14:53:51.594 1255 7244 E OneSearchSuggestProvider: at i3.z.run(go/retraceme 31f9979659277bb965985aff1272c33e3c3c9e755b77166d20a2465454178f2c:7)
09-10 14:53:51.594 1255 7244 E OneSearchSuggestProvider: at i3.m2.run(go/retraceme 31f9979659277bb965985aff1272c33e3c3c9e755b77166d20a2465454178f2c:19)
09-10 14:53:51.594 1255 7244 E OneSearchSuggestProvider: at java.util.concurrent.ThreadPoolExecutor.runWorker(ThreadPoolExecutor.java:1145)
09-10 14:53:51.594 1255 7244 E OneSearchSuggestProvider: at java.util.concurrent.ThreadPoolExecutor$Worker.run(ThreadPoolExecutor.java:644)
09-10 14:53:51.594 1255 7244 E OneSearchSuggestProvider: at java.lang.Thread.run(Thread.java:1012)
09-10 14:53:51.597 1255 1255 D SearchTargetUtil: query= size=0
09-10 14:53:51.598 583 1811 W OptProp : Cannot read opt property android.window.PROPERTY_COMPAT_ENABLE_FAKE_FOCUS
09-10 14:53:51.605 992 1014 V WindowManagerShell: onTransitionReady(transaction=2503965934940)
09-10 14:53:51.606 992 1046 V WindowManagerShell: onTransitionReady (#32) android.os.BinderProxy@2bbf0df: {id=32 t=CLOSE f=0x0 trk=0 r=[0@Point(0, 0)] c=[{WCT{android.window.IWindowContainerToken$Stub$Proxy@d28cfcf} m=OPEN f=MOVE_TO_TOP leash=Surface(name=Task=23)/@0x13caf73 sb=Rect(0, 0 - 1080, 1920) eb=Rect(0, 0 - 1080, 1920) d=0 taskParent=-1},{WCT{android.window.IWindowContainerToken$Stub$Proxy@2cbbd5c} m=CLOSE f=NONE leash=Surface(name=Task=22)/@0xa3dee30 sb=Rect(0, 0 - 1080, 1920) eb=Rect(0, 0 - 1080, 1920) d=0 taskParent=-1},{null m=TO_FRONT f=IS_WALLPAPER leash=Surface(name=WallpaperWindowToken{c93c71e token=android.os.Binder@33bbf59})/@0x4113aa9 sb=Rect(0, 0 - 1080, 1920) eb=Rect(0, 0 - 1080, 1920) d=0}]}
09-10 14:53:51.606 992 1046 V WindowManagerShell: Playing animation for (#32) android.os.BinderProxy@2bbf0df@0
09-10 14:53:51.606 992 1046 V WindowManagerShell: try handler com.android.wm.shell.transition.DefaultMixedHandler@f3e5596
09-10 14:53:51.606 992 1046 V WindowManagerShell: try handler com.android.wm.shell.keyguard.KeyguardTransitionHandler@3a25517
09-10 14:53:51.606 992 1046 V WindowManagerShell: try handler com.android.wm.shell.pip.PipTransition@8d56d04
09-10 14:53:51.606 992 1046 V WindowManagerShell: try handler com.android.wm.shell.activityembedding.ActivityEmbeddingController@f2ed2ed
09-10 14:53:51.606 992 1046 V WindowManagerShell: try handler com.android.wm.shell.recents.RecentsTransitionHandler@b823522
09-10 14:53:51.606 992 1046 V ShellRecents: RecentsTransitionHandler.startAnimation: no controller found
09-10 14:53:51.606 992 1046 V WindowManagerShell: try handler com.android.wm.shell.splitscreen.StageCoordinator@ced2bb3
09-10 14:53:51.606 992 1046 V WindowManagerShell: try handler com.android.wm.shell.transition.RemoteTransitionHandler@3be5570
09-10 14:53:51.607 992 1046 V WindowManagerShell: Transition doesn't have explicit remote, search filters for match for {id=32 t=CLOSE f=0x0 trk=0 r=[0@Point(0, 0)] c=[{WCT{android.window.IWindowContainerToken$Stub$Proxy@d28cfcf} m=OPEN f=MOVE_TO_TOP leash=Surface(name=Task=23)/@0x13caf73 sb=Rect(0, 0 - 1080, 1920) eb=Rect(0, 0 - 1080, 1920) d=0 taskParent=-1},{WCT{android.window.IWindowContainerToken$Stub$Proxy@2cbbd5c} m=CLOSE f=NONE leash=Surface(name=Task=22)/@0xa3dee30 sb=Rect(0, 0 - 1080, 1920) eb=Rect(0, 0 - 1080, 1920) d=0 taskParent=-1},{null m=TO_FRONT f=IS_WALLPAPER leash=Surface(name=WallpaperWindowToken{c93c71e token=android.os.Binder@33bbf59})/@0x4113aa9 sb=Rect(0, 0 - 1080, 1920) eb=Rect(0, 0 - 1080, 1920) d=0}]}
09-10 14:53:51.608 992 1046 V WindowManagerShell: Checking filter Pair{{types=[] flags=0x0] notFlags=0x0 checks=[{atype=undefined independent=true modes=[OPEN,TO_FRONT] flags=IN_TASK_WITH_EMBEDDED_ACTIVITY mustBeTask=false order=ANY topActivity=ComponentInfo{com.google.android.apps.nexuslauncher/com.google.android.apps.nexuslauncher.NexusLauncherActivity} launchCookie=null},{atype=undefined independent=true modes=[CLOSE,TO_BACK] flags=IN_TASK_WITH_EMBEDDED_ACTIVITY mustBeTask=false order=ANY topActivity=null launchCookie=null}]} RemoteTransition { remoteTransition = android.window.IRemoteTransition$Stub$Proxy@dc63f4e, appThread = android.app.IApplicationThread$Stub$Proxy@906e86f, debugName = OverlaySwipeBack }}
09-10 14:53:51.608 992 1046 V WindowManagerShell: Checking filter Pair{{types=[] flags=0x0] notFlags=0x0 checks=[{atype=dream independent=true modes=[OPEN,TO_FRONT] flags=NONE mustBeTask=false order=ANY topActivity=null launchCookie=null},{atype=home independent=true modes=[CLOSE,TO_BACK] flags=NONE mustBeTask=false order=ANY topActivity=null launchCookie=null}]} RemoteTransition { remoteTransition = android.window.IRemoteTransition$Stub$Proxy@79cf97c, appThread = android.app.IApplicationThread$Stub$Proxy@3c23205, debugName = LauncherToDream }}
09-10 14:53:51.608 992 1046 V WindowManagerShell: Checking filter Pair{{types=[] flags=0x0] notFlags=0x100 checks=[{atype=home independent=true modes=[OPEN,TO_FRONT] flags=NONE mustBeTask=false order=TOP topActivity=ComponentInfo{com.google.android.apps.nexuslauncher/com.google.android.apps.nexuslauncher.NexusLauncherActivity} launchCookie=null},{atype=standard independent=true modes=[CLOSE,TO_BACK] flags=NONE mustBeTask=false order=ANY topActivity=null launchCookie=null}]} RemoteTransition { remoteTransition = android.window.IRemoteTransition$Stub$Proxy@9cb025a, appThread = android.app.IApplicationThread$Stub$Proxy@1c39c8b, debugName = QuickstepLaunchHome }}
09-10 14:53:51.609 992 1046 V WindowManagerShell: Delegate animation for (#32) to null
09-10 14:53:51.609 992 1046 V WindowManagerShell: try handler com.android.wm.shell.transition.DefaultTransitionHandler@ab2b0e9
09-10 14:53:51.609 992 1046 V WindowManagerShell: start default transition animation, info = {id=32 t=CLOSE f=0x0 trk=0 r=[0@Point(0, 0)] c=[{WCT{android.window.IWindowContainerToken$Stub$Proxy@d28cfcf} m=OPEN f=MOVE_TO_TOP leash=Surface(name=Task=23)/@0x13caf73 sb=Rect(0, 0 - 1080, 1920) eb=Rect(0, 0 - 1080, 1920) d=0 taskParent=-1},{WCT{android.window.IWindowContainerToken$Stub$Proxy@2cbbd5c} m=CLOSE f=NONE leash=Surface(name=Task=22)/@0xa3dee30 sb=Rect(0, 0 - 1080, 1920) eb=Rect(0, 0 - 1080, 1920) d=0 taskParent=-1},{null m=TO_FRONT f=IS_WALLPAPER leash=Surface(name=WallpaperWindowToken{c93c71e token=android.os.Binder@33bbf59})/@0x4113aa9 sb=Rect(0, 0 - 1080, 1920) eb=Rect(0, 0 - 1080, 1920) d=0}]}
09-10 14:53:51.609 992 1046 V WindowManagerShell: loadAnimation: anim=android.view.animation.AnimationSet@599d865 animAttr=0xb type=CLOSE isEntrance=false
09-10 14:53:51.610 992 1046 V WindowManagerShell: loadAnimation: anim=android.view.animation.AnimationSet@58e193a animAttr=0xa type=CLOSE isEntrance=true
09-10 14:53:51.612 992 1046 V WindowManagerShell: animated by com.android.wm.shell.transition.DefaultTransitionHandler@ab2b0e9
09-10 14:53:51.615 583 604 V WindowManager: Sent Transition (#32) createdAt=09-10 07:53:51.381 via request=TransitionRequestInfo { type = CLOSE, triggerTask = TaskInfo{userId=0 taskId=22 displayId=0 isRunning=false baseIntent=Intent { act=android.intent.action.MAIN flg=0x10000000 cmp=org.chromium.content_browsertests_apk/.ContentBrowserTestsActivity } baseActivity=null topActivity=null origActivity=null realActivity=ComponentInfo{org.chromium.content_browsertests_apk/org.chromium.content_browsertests_apk.ContentBrowserTestsActivity} numActivities=0 lastActiveTime=268741 supportsMultiWindow=true resizeMode=1 isResizeable=true minWidth=-1 minHeight=-1 defaultMinSize=220 token=WCT{RemoteToken{ed9576d Task{40a8966 #22 type=standard A=10208:org.chromium.content_browsertests_apk}}} topActivityType=1 pictureInPictureParams=null shouldDockBigOverlays=false launchIntoPipHostTaskId=-1 lastParentTaskIdBeforePip=-1 displayCutoutSafeInsets=null topActivityInfo=null launchCookies=[] positionInParent=Point(0, 0) parentTaskId=-1 isFocused=true isVisible=true isVisibleRequested=true isSleeping=false locusId=null displayAreaFeatureId=1 isTopActivityTransparent=false appCompatTaskInfo=AppCompatTaskInfo { topActivityInSizeCompat=false topActivityEligibleForLetterboxEducation= falseisLetterboxEducationEnabled= false isLetterboxDoubleTapEnabled= false topActivityEligibleForUserAspectRatioButton= false topActivityBoundsLetterboxed= false isFromLetterboxDoubleTap= false topActivityLetterboxVerticalPosition= -1 topActivityLetterboxHorizontalPosition= -1 topActivityLetterboxWidth=-1 topActivityLetterboxHeight=-1 isUserFullscreenOverrideEnabled=false isSystemFullscreenOverrideEnabled=false cameraCompatTaskInfo=CameraCompatTaskInfo { cameraCompatControlState=hidden freeformCameraCompatMode=inactive}}}, pipTask = null, remoteTransition = null, displayChange = null, flags = 0, debugId = 32 }
09-10 14:53:51.615 583 604 V WindowManager: startWCT=WindowContainerTransaction { changes = {} hops = [] errorCallbackToken=null taskFragmentOrganizer=null }
09-10 14:53:51.615 583 604 V WindowManager: info={id=32 t=CLOSE f=0x0 trk=0 r=[0@Point(0, 0)] c=[
09-10 14:53:51.615 583 604 V WindowManager: {WCT{RemoteToken{ab3ef7e Task{3535482 #23 type=standard A=10208:org.chromium.content_browsertests_apk}}} m=OPEN f=MOVE_TO_TOP leash=Surface(name=Task=23)/@0xa43f100 sb=Rect(0, 0 - 1080, 1920) eb=Rect(0, 0 - 1080, 1920) d=0 taskParent=-1},
09-10 14:53:51.615 583 604 V WindowManager: {WCT{RemoteToken{ed9576d Task{40a8966 #22 type=standard A=10208:org.chromium.content_browsertests_apk}}} m=CLOSE f=NONE leash=Surface(name=Task=22)/@0x4b2597 sb=Rect(0, 0 - 1080, 1920) eb=Rect(0, 0 - 1080, 1920) d=0 taskParent=-1},
09-10 14:53:51.615 583 604 V WindowManager: {null m=TO_FRONT f=IS_WALLPAPER leash=Surface(name=WallpaperWindowToken{c93c71e token=android.os.Binder@33bbf59})/@0xe8d88da sb=Rect(0, 0 - 1080, 1920) eb=Rect(0, 0 - 1080, 1920) d=0}
09-10 14:53:51.615 583 604 V WindowManager: ]}
09-10 14:53:51.616 583 2343 W UserManagerService: Requested status bar icon for non-badged user 0
09-10 14:53:51.660 7235 7235 I cr_NativeTest: Extras:
09-10 14:53:51.660 7235 7235 I cr_NativeTest: org.chromium.native_test.NativeTest.GtestFilter
09-10 14:53:51.660 7235 7235 I cr_NativeTest: org.chromium.native_test.NativeTest.StdoutFile
09-10 14:53:51.671 7235 7235 D CompatChangeReporter: Compat change id reported: 279646685; UID 10208; state: ENABLED
09-10 14:53:51.673 7235 7235 D CompatChangeReporter: Compat change id reported: 309578419; UID 10208; state: ENABLED
09-10 14:53:51.688 1515 4876 W MediaProvider: Ignoring param:deletedata post U for external apps
09-10 14:53:51.690 1515 4876 I MediaProvider: Deleted 1 0 0 0 0 0 0 items on external_primary due to org.chromium.content_browsertests_apk
09-10 14:53:51.711 1515 1803 W MediaProvider: Ignoring param:deletedata post U for external apps
09-10 14:53:51.713 1515 1803 I MediaProvider: Deleted 1 0 0 0 0 0 0 items on external_primary due to org.chromium.content_browsertests_apk
09-10 14:53:51.720 1515 5202 W MediaProvider: Ignoring param:deletedata post U for external apps
09-10 14:53:51.791 1515 5202 I MediaProvider: Deleted 1 0 0 0 0 0 0 items on external_primary due to org.chromium.content_browsertests_apk
09-10 14:53:51.795 1515 4568 W MediaProvider: Ignoring param:deletedata post U for external apps
09-10 14:53:51.801 1515 4568 I MediaProvider: Deleted 1 0 0 0 0 0 0 items on external_primary due to org.chromium.content_browsertests_apk
09-10 14:53:51.803 1515 5199 W MediaProvider: Ignoring param:deletedata post U for external apps
09-10 14:53:51.814 1515 5199 I MediaProvider: Deleted 1 0 0 0 0 0 0 items on external_primary due to org.chromium.content_browsertests_apk
09-10 14:53:51.820 1515 5199 W MediaProvider: Ignoring param:deletedata post U for external apps
09-10 14:53:51.822 1515 5199 I MediaProvider: Deleted 1 0 0 0 0 0 0 items on external_primary due to org.chromium.content_browsertests_apk
09-10 14:53:51.825 1515 5197 W MediaProvider: Ignoring param:deletedata post U for external apps
09-10 14:53:51.827 1515 5197 I MediaProvider: Deleted 1 0 0 0 0 0 0 items on external_primary due to org.chromium.content_browsertests_apk
09-10 14:53:51.835 1515 5202 W MediaProvider: Ignoring param:deletedata post U for external apps
09-10 14:53:51.848 1515 5202 I MediaProvider: Deleted 1 0 0 0 0 0 0 items on external_primary due to org.chromium.content_browsertests_apk
09-10 14:53:51.853 1515 5888 W MediaProvider: Ignoring param:deletedata post U for external apps
09-10 14:53:51.865 1515 5888 I MediaProvider: Deleted 1 0 0 0 0 0 0 items on external_primary due to org.chromium.content_browsertests_apk
09-10 14:53:51.877 1515 4876 W MediaProvider: Ignoring param:deletedata post U for external apps
09-10 14:53:51.880 1515 4876 I MediaProvider: Deleted 1 0 0 0 0 0 0 items on external_primary due to org.chromium.content_browsertests_apk
09-10 14:53:51.882 1515 1803 W MediaProvider: Ignoring param:deletedata post U for external apps
09-10 14:53:51.890 1515 1803 I MediaProvider: Deleted 1 0 0 0 0 0 0 items on external_primary due to org.chromium.content_browsertests_apk
09-10 14:53:51.891 1515 5199 W MediaProvider: Ignoring param:deletedata post U for external apps
09-10 14:53:51.893 1515 5199 I MediaProvider: Deleted 1 0 0 0 0 0 0 items on external_primary due to org.chromium.content_browsertests_apk
09-10 14:53:51.895 1515 1802 W MediaProvider: Ignoring param:deletedata post U for external apps
09-10 14:53:51.899 1515 1802 I MediaProvider: Deleted 1 0 0 0 0 0 0 items on external_primary due to org.chromium.content_browsertests_apk
09-10 14:53:51.912 1515 5202 W MediaProvider: Ignoring param:deletedata post U for external apps
09-10 14:53:51.914 1515 5202 I MediaProvider: Deleted 1 0 0 0 0 0 0 items on external_primary due to org.chromium.content_browsertests_apk
09-10 14:53:51.922 1515 5199 W MediaProvider: Ignoring param:deletedata post U for external apps
09-10 14:53:51.944 1515 5199 I MediaProvider: Deleted 1 0 0 0 0 0 0 items on external_primary due to org.chromium.content_browsertests_apk
09-10 14:53:51.954 1515 1803 W MediaProvider: Ignoring param:deletedata post U for external apps
09-10 14:53:51.959 1515 1803 I MediaProvider: Deleted 1 0 0 0 0 0 0 items on external_primary due to org.chromium.content_browsertests_apk
09-10 14:53:51.960 1515 5199 W MediaProvider: Ignoring param:deletedata post U for external apps
09-10 14:53:51.968 1515 5199 I MediaProvider: Deleted 1 0 0 0 0 0 0 items on external_primary due to org.chromium.content_browsertests_apk
09-10 14:53:51.971 1255 1927 D EGL_emulation: app_time_stats: avg=477.09ms min=2.80ms max=1847.53ms count=4
09-10 14:53:51.972 1515 5202 W MediaProvider: Ignoring param:deletedata post U for external apps
09-10 14:53:51.975 1515 5202 I MediaProvider: Deleted 1 0 0 0 0 0 0 items on external_primary due to org.chromium.content_browsertests_apk
09-10 14:53:51.980 1515 5199 W MediaProvider: Ignoring param:deletedata post U for external apps
09-10 14:53:51.983 1515 5199 I MediaProvider: Deleted 1 0 0 0 0 0 0 items on external_primary due to org.chromium.content_browsertests_apk
09-10 14:53:51.985 1515 5199 W MediaProvider: Ignoring param:deletedata post U for external apps
09-10 14:53:52.000 1515 5199 I MediaProvider: Deleted 1 0 0 0 0 0 0 items on external_primary due to org.chromium.content_browsertests_apk
09-10 14:53:52.005 1515 1803 W MediaProvider: Ignoring param:deletedata post U for external apps
09-10 14:53:52.011 1515 1803 I MediaProvider: Deleted 1 0 0 0 0 0 0 items on external_primary due to org.chromium.content_browsertests_apk
09-10 14:53:52.013 1515 5888 W MediaProvider: Ignoring param:deletedata post U for external apps
09-10 14:53:52.015 1515 5888 I MediaProvider: Deleted 1 0 0 0 0 0 0 items on external_primary due to org.chromium.content_browsertests_apk
09-10 14:53:52.015 1515 1802 W MediaProvider: Ignoring param:deletedata post U for external apps
09-10 14:53:52.021 1515 1802 I MediaProvider: Deleted 1 0 0 0 0 0 0 items on external_primary due to org.chromium.content_browsertests_apk
09-10 14:53:52.027 1515 1803 W MediaProvider: Ignoring param:deletedata post U for external apps
09-10 14:53:52.029 1515 1803 I MediaProvider: Deleted 1 0 0 0 0 0 0 items on external_primary due to org.chromium.content_browsertests_apk
09-10 14:53:52.030 1515 2614 W MediaProvider: Ignoring param:deletedata post U for external apps
09-10 14:53:52.032 1515 2614 I MediaProvider: Deleted 1 0 0 0 0 0 0 items on external_primary due to org.chromium.content_browsertests_apk
09-10 14:53:52.035 1515 1803 W MediaProvider: Ignoring param:deletedata post U for external apps
09-10 14:53:52.069 1515 1803 I MediaProvider: Deleted 1 0 0 0 0 0 0 items on external_primary due to org.chromium.content_browsertests_apk
09-10 14:53:52.075 1515 1802 W MediaProvider: Ignoring param:deletedata post U for external apps
09-10 14:53:52.077 1515 1802 I MediaProvider: Deleted 1 0 0 0 0 0 0 items on external_primary due to org.chromium.content_browsertests_apk
09-10 14:53:52.097 1515 5199 W MediaProvider: Ignoring param:deletedata post U for external apps
09-10 14:53:52.116 1515 5199 I MediaProvider: Deleted 1 0 0 0 0 0 0 items on external_primary due to org.chromium.content_browsertests_apk
09-10 14:53:52.121 1515 1803 W MediaProvider: Ignoring param:deletedata post U for external apps
09-10 14:53:52.124 1515 1803 I MediaProvider: Deleted 1 0 0 0 0 0 0 items on external_primary due to org.chromium.content_browsertests_apk
09-10 14:53:52.127 1515 1802 W MediaProvider: Ignoring param:deletedata post U for external apps
09-10 14:53:52.128 1515 1802 I MediaProvider: Deleted 1 0 0 0 0 0 0 items on external_primary due to org.chromium.content_browsertests_apk
09-10 14:53:52.131 1515 2614 W MediaProvider: Ignoring param:deletedata post U for external apps
09-10 14:53:52.134 992 1046 V WindowManagerShell: Transition animation finished (aborted=false), notifying core (#32) android.os.BinderProxy@2bbf0df@0
09-10 14:53:52.138 583 604 V WindowManager: Finish Transition (#32): created at
09-10 07:53:51.381 collect-started=0.081ms request-sent=0.284ms started=6.852ms ready=218.266ms sent=221.743ms finished=756.19ms
09-10 14:53:52.145 1515 2614 I MediaProvider: Deleted 1 0 0 0 0 0 0 items on external_primary due to org.chromium.content_browsertests_apk
09-10 14:53:52.146 1515 4568 W MediaProvider: Ignoring param:deletedata post U for external apps
09-10 14:53:52.448 0 0 W binder_debug: 7 callbacks suppressed
09-10 14:53:52.448 0 0 I binder : 600:583 cannot find target node
09-10 14:53:52.156 1515 4568 I MediaProvider: Deleted 1 0 0 0 0 0 0 items on external_primary due to org.chromium.content_browsertests_apk
09-10 14:53:52.456 0 0 I binder : 583:600 transaction async to 0:0 failed 385761/29189/-22, size 64-0 line 3265
09-10 14:53:52.168 583 600 E IPCThreadState: Binder transaction failure. id: 385761, BR_*: 29189, error: -22 (Invalid argument)
09-10 14:53:52.168 583 600 W ActivityManager: pid 583 system sent binder code 7 with flags 1 to frozen apps and got error -32
09-10 14:53:52.168 583 600 D ActivityManager: Too many transaction errors, throttling freezer binder callback.
09-10 14:53:52.169 583 600 W WindowManager: Exception thrown during dispatchAppVisibility Window{5301caa u0 org.chromium.content_browsertests_apk/org.chromium.content_browsertests_apk.ContentBrowserTestsActivity EXITING}
09-10 14:53:52.169 583 600 W WindowManager: android.os.DeadObjectException
09-10 14:53:52.169 583 600 W WindowManager: at android.os.BinderProxy.transactNative(Native Method)
09-10 14:53:52.169 583 600 W WindowManager: at android.os.BinderProxy.transact(BinderProxy.java:586)
09-10 14:53:52.169 583 600 W WindowManager: at android.view.IWindow$Stub$Proxy.dispatchAppVisibility(IWindow.java:553)
09-10 14:53:52.169 583 600 W WindowManager: at com.android.server.wm.WindowState.sendAppVisibilityToClients(WindowState.java:3253)
09-10 14:53:52.169 583 600 W WindowManager: at com.android.server.wm.WindowContainer.sendAppVisibilityToClients(WindowContainer.java:1289)
09-10 14:53:52.169 583 600 W WindowManager: at com.android.server.wm.WindowToken.setClientVisible(WindowToken.java:403)
09-10 14:53:52.169 583 600 W WindowManager: at com.android.server.wm.ActivityRecord.setClientVisible(ActivityRecord.java:7166)
09-10 14:53:52.169 583 600 W WindowManager: at com.android.server.wm.ActivityRecord.postApplyAnimation(ActivityRecord.java:5881)
09-10 14:53:52.169 583 600 W WindowManager: at com.android.server.wm.ActivityRecord.commitVisibility(ActivityRecord.java:5823)
09-10 14:53:52.169 583 600 W WindowManager: at com.android.server.wm.Transition.finishTransition(Transition.java:1286)
09-10 14:53:52.169 583 600 W WindowManager: at com.android.server.wm.TransitionController.finishTransition(TransitionController.java:937)
09-10 14:53:52.169 583 600 W WindowManager: at com.android.server.wm.WindowOrganizerController.finishTransition(WindowOrganizerController.java:494)
09-10 14:53:52.169 583 600 W WindowManager: at android.window.IWindowOrganizerController$Stub.onTransact(IWindowOrganizerController.java:289)
09-10 14:53:52.169 583 600 W WindowManager: at com.android.server.wm.WindowOrganizerController.onTransact(WindowOrganizerController.java:204)
09-10 14:53:52.169 583 600 W WindowManager: at android.os.Binder.execTransactInternal(Binder.java:1505)
09-10 14:53:52.169 583 600 W WindowManager: at android.os.Binder.execTransact(Binder.java:1444)
09-10 14:53:52.169 583 600 W Process : Unable to open /proc/7083/status
09-10 14:53:52.177 1515 5201 W MediaProvider: Ignoring param:deletedata post U for external apps
09-10 14:53:52.179 1515 5201 I MediaProvider: Deleted 1 0 0 0 0 0 0 items on external_primary due to org.chromium.content_browsertests_apk
09-10 14:53:52.180 1515 5201 W MediaProvider: Ignoring param:deletedata post U for external apps
09-10 14:53:52.186 1515 5201 I MediaProvider: Deleted 1 0 0 0 0 0 0 items on external_primary due to org.chromium.content_browsertests_apk
09-10 14:53:52.192 1515 5201 W MediaProvider: Ignoring param:deletedata post U for external apps
09-10 14:53:52.194 1515 5201 I MediaProvider: Deleted 1 0 0 0 0 0 0 items on external_primary due to org.chromium.content_browsertests_apk
09-10 14:53:52.194 1515 5201 W MediaProvider: Ignoring param:deletedata post U for external apps
09-10 14:53:52.196 1515 5201 I MediaProvider: Deleted 1 0 0 0 0 0 0 items on external_primary due to org.chromium.content_browsertests_apk
09-10 14:53:52.202 1515 1803 W MediaProvider: Ignoring param:deletedata post U for external apps
09-10 14:53:52.203 1255 1255 I TopTaskTracker: onTaskRemoved: taskId=22
09-10 14:53:52.203 1255 1255 I TopTaskTracker: onTaskRemoved: taskId=22
09-10 14:53:52.221 583 600 W UserManagerService: Requested status bar icon for non-badged user 0
09-10 14:53:52.224 583 2343 W UserManagerService: Requested status bar icon for non-badged user 0
09-10 14:53:52.226 992 1046 V WindowManagerShell: Track 0 became idle
09-10 14:53:52.227 992 1046 V WindowManagerShell: All active transition animations finished
09-10 14:53:52.227 992 1046 W Looper : Slow dispatch took 94ms wmshell.main h=android.os.Handler c=com.android.wm.shell.transition.DefaultTransitionHandler$$ExternalSyntheticLambda0@f814360 m=0
09-10 14:53:52.227 992 1046 W Looper : Slow delivery took 40ms wmshell.main h=android.os.Handler c=android.window.TaskOrganizer$1$$ExternalSyntheticLambda4@8d12019 m=0
09-10 14:53:52.229 583 2343 W UserManagerService: Requested status bar icon for non-badged user 0
09-10 14:53:52.230 1515 1803 I MediaProvider: Deleted 1 0 0 0 0 0 0 items on external_primary due to org.chromium.content_browsertests_apk
09-10 14:53:52.232 1515 1803 W MediaProvider: Ignoring param:deletedata post U for external apps
09-10 14:53:52.233 1515 1803 I MediaProvider: Deleted 1 0 0 0 0 0 0 items on external_primary due to org.chromium.content_browsertests_apk
09-10 14:53:52.235 992 1139 D EGL_emulation: app_time_stats: avg=419.52ms min=7.00ms max=1996.07ms count=5
09-10 14:53:52.239 453 453 E BpTransactionCompletedListener: Failed to transact (-32)
09-10 14:53:52.244 1515 1802 W MediaProvider: Ignoring param:deletedata post U for external apps
09-10 14:53:52.246 1515 1802 I MediaProvider: Deleted 1 0 0 0 0 0 0 items on external_primary due to org.chromium.content_browsertests_apk
09-10 14:53:52.247 1515 1802 W MediaProvider: Ignoring param:deletedata post U for external apps
09-10 14:53:52.249 1515 1802 I MediaProvider: Deleted 1 0 0 0 0 0 0 items on external_primary due to org.chromium.content_browsertests_apk
09-10 14:53:52.257 1515 1802 W MediaProvider: Ignoring param:deletedata post U for external apps
09-10 14:53:52.259 1515 1802 I MediaProvider: Deleted 1 0 0 0 0 0 0 items on external_primary due to org.chromium.content_browsertests_apk
09-10 14:53:52.260 1515 5201 W MediaProvider: Ignoring param:deletedata post U for external apps
09-10 14:53:52.263 1515 5201 I MediaProvider: Deleted 1 0 0 0 0 0 0 items on external_primary due to org.chromium.content_browsertests_apk
09-10 14:53:52.283 7235 7235 D nativeloader: Load /data/app/~~Qgn2wqEAvH79GiouluTyOA==/org.chromium.content_browsertests_apk-RchFo_8uzwLoY5jHIGStww==/lib/x86_64/libtest_trace_processor.so using ns clns-9 from class loader (caller=/data/app/~~Qgn2wqEAvH79GiouluTyOA==/org.chromium.content_browsertests_apk-RchFo_8uzwLoY5jHIGStww==/base.apk): ok
09-10 14:53:52.336 7235 7235 D nativeloader: Load /data/app/~~Qgn2wqEAvH79GiouluTyOA==/org.chromium.content_browsertests_apk-RchFo_8uzwLoY5jHIGStww==/lib/x86_64/libcontent_browsertests__library.so using ns clns-9 from class loader (caller=/data/app/~~Qgn2wqEAvH79GiouluTyOA==/org.chromium.content_browsertests_apk-RchFo_8uzwLoY5jHIGStww==/base.apk): ok
09-10 14:53:52.342 7235 7235 I cr_LibraryLoader: Successfully loaded native library
09-10 14:53:52.343 7235 7235 I cr_CachingUmaRecorder: Flushed 2 samples from 2 histograms, 0 samples were dropped.
09-10 14:53:52.377 7235 7235 W HWUI : Unknown dataspace 0
09-10 14:53:52.394 583 2343 D CoreBackPreview: Window{63a3763 u0 org.chromium.content_browsertests_apk/org.chromium.content_browsertests_apk.ContentBrowserTestsActivity}: Setting back callback OnBackInvokedCallbackInfo{mCallback=android.window.IOnBackInvokedCallback$Stub$Proxy@ba5a0d5, mPriority=0, mIsAnimationCallback=false}
09-10 14:53:52.396 7235 7253 I EGL_emulation: Opening libGLESv1_CM_emulation.so
09-10 14:53:52.396 7235 7253 I EGL_emulation: Opening libGLESv2_emulation.so
09-10 14:53:52.419 7235 7253 W HWUI : Failed to initialize 101010-2 format, error = EGL_SUCCESS
09-10 14:53:52.452 164 164 I hwservicemanager: getTransport: Cannot find entry android.hardware.graphics.mapper@4.0::IMapper/default in either framework or device VINTF manifest.
09-10 14:53:52.452 7235 7253 I Gralloc4: mapper 4.x is not supported
09-10 14:53:52.747 0 0 I servicemanager: Caller(pid=7235,uid=10208,sid=u:r:untrusted_app:s0:c208,c256,c512,c768) Could not find android.hardware.graphics.allocator.IAllocator/default in the VINTF manifest. No alternative instances declared in VINTF.
09-10 14:53:53.042 1255 1927 D EGL_emulation: app_time_stats: avg=104.65ms min=7.96ms max=707.33ms count=14
09-10 14:53:53.044 7235 7235 I chromium: Redirecting stdout to file: /sdcard/Download/temp_file-8c9235bba0aea.gtest_out
09-10 14:53:53.052 992 1046 W Looper : Drained
09-10 14:53:53.053 583 604 I ActivityTaskManager: Displayed org.chromium.content_browsertests_apk/.ContentBrowserTestsActivity for user 0: +1s594ms
09-10 14:53:53.103 583 615 D OomAdjuster: Not killing cached processes
09-10 14:53:53.195 1515 1802 W MediaProvider: isAppCloneUserPair for user 0: false
09-10 14:53:53.222 1515 4568 W MediaProvider: isAppCloneUserPair for user 0: false
09-10 14:53:53.273 583 2879 E TaskPersister: File error accessing recents directory (directory doesn't exist?).
09-10 14:53:53.284 1515 2614 W MediaProvider: isAppCloneUserPair for user 0: false
09-10 14:53:53.288 7235 7235 D CompatChangeReporter: Compat change id reported: 63938206; UID 10208; state: ENABLED
09-10 14:53:53.308 7235 7271 W chromium: [7235:7271:0910/145353.269869:WARNING:dns_config_service_android.cc(81)] Failed to read DnsConfig.
09-10 14:53:53.316 1515 1803 W MediaProvider: isAppCloneUserPair for user 0: false
09-10 14:53:53.319 1515 4568 W MediaProvider: isAppCloneUserPair for user 0: false
09-10 14:53:53.333 7235 7235 D CompatChangeReporter: Compat change id reported: 303326708; UID 10208; state: ENABLED
09-10 14:53:53.316 7235 7235 W ThreadPoolForeg: type=1400 audit(0.0:58): avc: denied { ioctl } for path=2F73746F726167652F656D756C617465642F302F6368726F6D69756D5F74657374735F726F6F742F636F6E74656E745F7368656C6C2F5368617265642044696374696F6E6172792F6462 dev="fuse" ino=148189 ioctlcmd=0xf50c scontext=u:r:untrusted_app:s0:c208,c256,c512,c768 tcontext=u:object_r:fuse:s0 tclass=file permissive=0 app=org.chromium.content_browsertests_apk
09-10 14:53:53.332 1515 1802 W MediaProvider: isAppCloneUserPair for user 0: false
09-10 14:53:53.351 505 505 W IPCThreadState: Sending oneway calls to frozen process.
09-10 14:53:53.352 1515 5202 W MediaProvider: isAppCloneUserPair for user 0: false
09-10 14:53:53.352 1515 5201 W MediaProvider: isAppCloneUserPair for user 0: false
09-10 14:53:53.354 1515 1803 W MediaProvider: isAppCloneUserPair for user 0: false
09-10 14:53:53.355 1515 5197 W MediaProvider: isAppCloneUserPair for user 0: false
09-10 14:53:53.358 381 381 I netd : tetherGetStats() -> {[]} <1.01ms>
09-10 14:53:53.362 583 2343 D ConnectivityService: requestNetwork for uid/pid:10208/7235 activeRequest: null callbackRequest: 196 [NetworkRequest [ REQUEST id=197, [ Capabilities: INTERNET&NOT_RESTRICTED&TRUSTED&NOT_VCN_MANAGED&NOT_BANDWIDTH_CONSTRAINED Uid: 10208 RequestorUid: 10208 RequestorPkg: org.chromium.content_browsertests_apk UnderlyingNetworks: Null] ]] callback flags: 0 order: 2147483647 isUidTracked: false
09-10 14:53:53.372 583 910 D OemPaidWifiNetworkFactory: got request NetworkRequest [ REQUEST id=197, [ Capabilities: INTERNET&NOT_RESTRICTED&TRUSTED&NOT_VCN_MANAGED&NOT_BANDWIDTH_CONSTRAINED Uid: 10208 RequestorUid: 10208 RequestorPkg: org.chromium.content_browsertests_apk UnderlyingNetworks: Null] ]
09-10 14:53:53.387 583 917 D ConnectivityService: NetReassign [no changes] [c 0] [a 0] [i 0]
09-10 14:53:53.396 583 1811 I Telecom : TelecomServiceImpl$1: isInEmergencyCall: false: TSI.iIEC@ARg🔒
09-10 14:53:53.401 583 726 I ImeTracker: org.chromium.content_browsertests_apk:6805017d: onRequestHide at ORIGIN_SERVER reason HIDE_UNSPECIFIED_WINDOW fromUser false
09-10 14:53:53.401 583 726 I ImeTracker: org.chromium.content_browsertests_apk:6805017d: onCancelled at PHASE_SERVER_SHOULD_HIDE
09-10 14:53:53.408 3955 3955 I GoogleInputMethodService: GoogleInputMethodService.onFinishInput():3157
09-10 14:53:53.410 3955 3955 I GoogleInputMethodService: GoogleInputMethodService.updateDeviceLockedStatus():2248 repeatCheckTimes = 0, locked = false
09-10 14:53:53.411 3955 3955 I GoogleInputMethodService: GoogleInputMethodService.onStartInput():1986 onStartInput(EditorInfo{EditorInfo{packageName=org.chromium.content_browsertests_apk, inputType=0, inputTypeString=NULL, enableLearning=false, autoCorrection=false, autoComplete=false, imeOptions=12000000, privateImeOptions=null, actionName=UNSPECIFIED, actionLabel=null, initialSelStart=-1, initialSelEnd=-1, initialCapsMode=0, label=null, fieldId=0, fieldName=null, extras=null, hintText=null, hintLocales=[]}}, false)
09-10 14:53:53.412 3955 3955 I GoogleInputMethodService: GoogleInputMethodService.updateDeviceLockedStatus():2248 repeatCheckTimes = 1, locked = false
09-10 14:53:53.413 7235 7235 D AutofillManager: notifyViewReadyInner:1073741824
09-10 14:53:53.414 3955 3955 I AndroidIME: InputBundleManager.loadActiveInputBundleId():450 loadActiveInputBundleId: und-Latn-x-password, password
